-- https://www.phpmyadmin.net/
--

START TRANSACTION;



--
-- Database: `mdisdp`
--

-- --------------------------------------------------------

--
-- Table structure for table `bdedu_academic_session`
--

CREATE TABLE `bdedu_academic_session` (
  `academic_session_row_id` int(3) NOT NULL,
  `academic_session_title` varchar(50) CHARACTER SET utf8 COLLATE utf8_unicode_ci NOT NULL,
  `academic_session_year` int(5) NOT NULL,
  `school_row_id` int(11) NOT NULL,
  `is_active` tinyint(1) NOT NULL DEFAULT '0',
  `created_by` int(3) NOT NULL,
  `updated_by` int(3) NOT NULL,
  `created_at` datetime NOT NULL DEFAULT CURRENT_TIMESTAMP,
  `updated_at` datetime NOT NULL DEFAULT CURRENT_TIMESTAMP
) ENGINE=InnoDB DEFAULT CHARSET=latin1;

--
-- Dumping data for table `bdedu_academic_session`
--

INSERT INTO `bdedu_academic_session` (`academic_session_row_id`, `academic_session_title`, `academic_session_year`, `school_row_id`, `is_active`, `created_by`, `updated_by`, `created_at`, `updated_at`) VALUES
(1, '2019', 2019, 1, 1, 2, 2, '2019-04-28 07:10:46', '2019-04-28 07:10:46');

-- --------------------------------------------------------

--
-- Table structure for table `bdedu_admins`
--

CREATE TABLE `bdedu_admins` (
  `admin_row_id` int(10) UNSIGNED NOT NULL,
  `admin_name` varchar(255) COLLATE utf8_unicode_ci NOT NULL,
  `admin_id` int(11) DEFAULT NULL,
  `employee_id` varchar(100) COLLATE utf8_unicode_ci DEFAULT NULL,
  `school_row_id` int(5) NOT NULL,
  `admin_name_bangla` varchar(255) COLLATE utf8_unicode_ci DEFAULT NULL,
  `admin_email` varchar(255) COLLATE utf8_unicode_ci DEFAULT NULL,
  `password` varchar(255) COLLATE utf8_unicode_ci DEFAULT NULL,
  `sort_order` int(11) DEFAULT NULL,
  `photo_name` varchar(255) COLLATE utf8_unicode_ci DEFAULT NULL,
  `signature_image_name` varchar(255) COLLATE utf8_unicode_ci DEFAULT NULL,
  `active_status` tinyint(1) NOT NULL DEFAULT '1',
  `admin_type` tinyint(1) NOT NULL COMMENT '1=central_staff, 2=school_staff',
  `is_super_admin` tinyint(1) DEFAULT '0' COMMENT '1=yes, 2=No',
  `access_info` text COLLATE utf8_unicode_ci,
  `designation_category_row_id` int(11) DEFAULT NULL,
  `designation_row_id` int(11) DEFAULT NULL,
  `school_department_row_id` int(11) DEFAULT NULL,
  `default_language` varchar(10) COLLATE utf8_unicode_ci NOT NULL DEFAULT 'en',
  `created_by` int(11) NOT NULL,
  `updated_by` int(11) DEFAULT NULL,
  `plain_password` varchar(100) COLLATE utf8_unicode_ci DEFAULT NULL,
  `remember_token` varchar(100) COLLATE utf8_unicode_ci DEFAULT NULL,
  `created_at` timestamp NULL DEFAULT NULL,
  `updated_at` timestamp NULL DEFAULT NULL
) ENGINE=InnoDB DEFAULT CHARSET=utf8 COLLATE=utf8_unicode_ci;

--
-- Dumping data for table `bdedu_admins`
--

INSERT INTO `bdedu_admins` (`admin_row_id`, `admin_name`, `admin_id`, `employee_id`, `school_row_id`, `admin_name_bangla`, `admin_email`, `password`, `sort_order`, `photo_name`, `signature_image_name`, `active_status`, `admin_type`, `is_super_admin`, `access_info`, `designation_category_row_id`, `designation_row_id`, `school_department_row_id`, `default_language`, `created_by`, `updated_by`, `plain_password`, `remember_token`, `created_at`, `updated_at`) VALUES
(1, 'Super Admin', 1, NULL, 0, NULL, 'admin@bdeducation.org', '$2y$10$HT/ZIhgTP3Zw9F8erNKZ4uGZjDX9RaXHDd7dSGAyTU3OH40aaAZLm', NULL, NULL, NULL, 1, 1, 1, NULL, NULL, NULL, NULL, 'en', 1, 1, '123456', '6sDZgiBn3CSPku0u8MuZmeZYB3p8zzRNI1Jl5gYcpL6TySkkA60Hyh1DMzjh', '2017-02-19 18:00:00', '2017-04-24 21:15:55'),
(2, 'School Super Admin', 2, NULL, 1, NULL, 'info@bdeducation.org', '$2y$10$ScVbeexlpUOiWoU8B1Gl5OYk/Aw5YmmnMx.r3EGjHJV9jxII1b9YO', NULL, NULL, NULL, 1, 2, 1, NULL, NULL, NULL, NULL, 'en', 1, 1, 'ab123..*', 'IY4cqBVUNkAFKpVCDdFkeeJsS2AO66KylKYTvVLSdQTcQdoYd0VFjoRi3Gag', '2017-02-19 22:12:13', '2018-08-02 07:12:21'),
(3, 'M Humayun Kabir', 3, NULL, 1, 'এম হুমায়ুন কবির', 'asiyabarischool@gmail.com', '$2y$10$hRPZke5s/WN81jUiYR4Y9uzkSBiyeDbFjRaKVppgGPZu6nhkK/29.', 1, 'MHUMAYUNKABIR_1489919053.png', '', 1, 2, 2, NULL, 3, 2, 1, 'en', 2, 2, '123456', 'xMNSbhO4zceaSPU59Suf3HJ56UI0LeXZOAjL6ezTVo9oGnZ5XhTRgp042mqC', '2017-03-19 15:36:40', '2018-03-27 08:36:49'),
(4, 'Mohammad Jahangir Alam', 4, NULL, 1, 'মোহাম্মদ জাহাঙ্গীর আলম', 'jahangiralam8415@gmail.com', '$2y$10$XqX9floJ4hlDjnDMzvYlpeCvaxyLgsxPtzOBlmHxHRecQ9HSIEgRK', 2, 'MOHAMMADJAHANGIRALAM_1495439324.jpg', '', 1, 2, 2, NULL, 3, 7, 1, 'en', 2, 2, '123456', 'kQkmYg8cRYPpD1yWXVh4eIGaacweCFIrgHQN5Oflcn2wgmvZajRczQ4H4pVK', '2017-03-19 17:36:59', '2018-08-02 09:47:00'),
(5, 'Md. Abdul Hamid (Monsur)', 5, NULL, 1, 'মোঃ আবদুল হামিদ ', 'monsurabdulhamid@gmail.com', '$2y$10$w7RrNJjALgJLRIBLkpM/V.R3Hzu.tbgKJBpUlEbx3jnUqPHuitM4i', 12, 'MD.ABDULHAMID_1489921252.png', 'MD.ABDULHAMID_1493804177.png', 1, 2, 2, NULL, 3, 3, 1, 'en', 2, 2, '123456', 'wQkouTsiW9gBfM1rqdpAqKDwo4k45lqIRltL4d1cm8wOumFV2dmPO8Nv9Loj', '2017-03-19 18:00:53', '2018-08-02 08:16:46'),
(6, 'Al Mamun', 6, NULL, 1, 'আল মামুন', 'mamunrima2018@gmail.com', '$2y$10$CvMgFYDkJLm8xVTMhn8nbu4986ivS444iwt6SHnB2cTvVehyL2Tz6', 8, 'ALMAMUN_1495439440.jpg', '', 1, 2, 2, NULL, 3, 3, 1, 'en', 2, 2, '123456', 'BfemodsrSxmxFYdsDvmXnKK7cCta2hGvevBIwknAXxyYO2JzfX6JkJf8imZu', '2017-03-20 12:37:05', '2018-08-02 06:50:39'),
(17, 'Marium Sultana', 17, NULL, 1, 'মরিয়ম সুলতানা', 'mariumsultana481@gmail.com', '$2y$10$FS.YrWEWn8ZWwll8JFNTgeGJwjl0X3k4fWR1DhUNwy8yieXPZCNh.', 16, 'MARIUMSULTANA_1490000903.png', '', 1, 2, 2, NULL, 3, 3, 1, 'en', 2, 2, '123456', 's3ArkJ90tWWFwu4F6x5EbLGkCHYn3rtmE2OsEKuoYMDObKZ0yoInNOV9Iv4B', '2017-03-20 16:08:23', '2018-08-02 07:16:07'),
(18, 'Md. Azharul Hoq', 18, NULL, 1, 'মোঃ আজহারুল হক', 'ahtarun5087@gmail.com', '$2y$10$/1txVmR72VnjYxX1uDL60Osntfoh40uPCoRy7mnJKMPH3Nl0jfsUK', 17, 'MD.AZHARULHOQ_1518064360.jpg', '', 1, 2, 2, NULL, 3, 3, 1, 'en', 2, 2, '123456', 'fWpdAxsWoPsEhw8nBZ23tkyv2WBTNzFCDJIiypf8LfSAlMTh9kOFs8JEs0FK', '2017-03-20 16:33:24', '2018-04-21 10:12:30'),
(19, 'Md. Usman Gone', 19, NULL, 1, 'মোঃ ওসমান গনি', 'usmangone1986@gmail.com', '$2y$10$l74VfQtqCMO0CC6UJYnYIezeSW3u/h9bf4exJR4hBD0sh0gmz22by', 5, 'MD.USMANGONE_1495439384.jpg', '', 1, 2, 2, NULL, 3, 3, 1, 'en', 2, 2, '123456', 'y8V8CQwwJhwIRTCf7hcRR9ydSD2171IYjjf2oqQXa3uOHD69wEMK1cdqFi2m', '2017-03-20 16:42:05', '2018-08-02 05:01:32'),
(20, 'Md. Mizanur Rahman', 20, NULL, 1, 'মোঃ মিজানুর রহমান', 'mizanurabis@gmail.com', '$2y$10$3DAiE6t2KbYT4nse2WwLX.Xp/8XXlDvj1WhC.CWY64a1ElBMno4V2', 13, 'MD.MIZANURRAHMAN_1495439413.jpg', '', 1, 2, 2, NULL, 4, 9, 1, 'en', 2, 2, '123456', 'MT9mevv5l8ccEMay628FlbM9FmT3wStp8hfPh2Hydg8XIeYQ8Qi9DqpMxUXg', '2017-03-20 16:49:23', '2018-03-22 06:35:53'),
(21, 'Md. Babor Ali', 21, NULL, 1, 'মোঃ বাবোর আলী', '', '$2y$10$BEk7zV48GI6GFv9b3axxLuWZKfpEVE19CRDETPNRrlNP5/j4e.CT.', 25, 'MD.BABORALI_1490003839.png', '', 1, 2, 2, NULL, 5, 5, 1, 'en', 2, 2, '', NULL, '2017-03-20 16:57:19', '2018-03-22 06:36:21');

-- --------------------------------------------------------

--
-- Table structure for table `bdedu_admin_details`
--

CREATE TABLE `bdedu_admin_details` (
  `admin_details_row_id` int(11) NOT NULL,
  `admin_row_id` int(11) NOT NULL,
  `contact_1` varchar(255) CHARACTER SET utf8 COLLATE utf8_unicode_ci DEFAULT NULL,
  `contact_2` varchar(255) CHARACTER SET utf8 COLLATE utf8_unicode_ci DEFAULT NULL,
  `gender` tinyint(1) DEFAULT NULL,
  `blood_group` varchar(255) CHARACTER SET utf8 COLLATE utf8_unicode_ci DEFAULT NULL,
  `nid` varchar(255) CHARACTER SET utf8 COLLATE utf8_unicode_ci DEFAULT NULL,
  `dob` date DEFAULT '2010-10-10',
  `date_of_joining` date DEFAULT NULL,
  `religion` tinyint(1) DEFAULT NULL,
  `next_of_kin` varchar(255) CHARACTER SET utf8 COLLATE utf8_unicode_ci DEFAULT NULL,
  `kin_relationship` int(2) DEFAULT NULL,
  `nationality` varchar(255) CHARACTER SET utf8 COLLATE utf8_unicode_ci DEFAULT NULL,
  `present_address` text CHARACTER SET utf8 COLLATE utf8_unicode_ci,
  `present_address_bangla` text CHARACTER SET utf8 COLLATE utf8_unicode_ci,
  `present_division_id` int(5) DEFAULT NULL,
  `present_district_id` int(5) DEFAULT NULL,
  `present_upazila_id` int(5) DEFAULT NULL,
  `present_post_code` varchar(255) CHARACTER SET utf8 COLLATE utf8_unicode_ci DEFAULT NULL,
  `permanent_address` text CHARACTER SET utf8 COLLATE utf8_unicode_ci,
  `permanent_address_bangla` text CHARACTER SET utf8 COLLATE utf8_unicode_ci NOT NULL,
  `permanent_division_id` int(5) DEFAULT NULL,
  `permanent_district_id` int(5) DEFAULT NULL,
  `permanent_upazila_id` int(5) DEFAULT NULL,
  `permanent_post_code` varchar(100) CHARACTER SET utf8 COLLATE utf8_unicode_ci DEFAULT NULL,
  `ssc_exam_name` varchar(255) CHARACTER SET utf8 COLLATE utf8_unicode_ci DEFAULT NULL,
  `ssc_group` varchar(255) CHARACTER SET utf8 COLLATE utf8_unicode_ci DEFAULT NULL,
  `ssc_result` varchar(255) CHARACTER SET utf8 COLLATE utf8_unicode_ci DEFAULT NULL,
  `ssc_board` varchar(255) CHARACTER SET utf8 COLLATE utf8_unicode_ci DEFAULT NULL,
  `ssc_passing_year` varchar(255) CHARACTER SET utf8 COLLATE utf8_unicode_ci DEFAULT NULL,
  `hsc_exam_name` varchar(255) CHARACTER SET utf8 COLLATE utf8_unicode_ci DEFAULT NULL,
  `hsc_group` varchar(255) CHARACTER SET utf8 COLLATE utf8_unicode_ci DEFAULT NULL,
  `hsc_result` varchar(255) CHARACTER SET utf8 COLLATE utf8_unicode_ci DEFAULT NULL,
  `hsc_board` varchar(255) CHARACTER SET utf8 COLLATE utf8_unicode_ci DEFAULT NULL,
  `hsc_passing_year` varchar(255) CHARACTER SET utf8 COLLATE utf8_unicode_ci DEFAULT NULL,
  `graduation_exam_row_id` int(3) DEFAULT NULL,
  `graduation_subject_row_id` int(3) DEFAULT NULL,
  `graduation_result` varchar(255) CHARACTER SET utf8 COLLATE utf8_unicode_ci DEFAULT NULL,
  `graduation_board` varchar(255) CHARACTER SET utf8 COLLATE utf8_unicode_ci DEFAULT NULL,
  `graduation_passing_year` varchar(255) CHARACTER SET utf8 COLLATE utf8_unicode_ci DEFAULT NULL,
  `post_graduation_exam_row_id` int(3) DEFAULT NULL,
  `post_graduation_subject_row_id` int(3) DEFAULT NULL,
  `post_graduation_result` varchar(255) CHARACTER SET utf8 COLLATE utf8_unicode_ci DEFAULT NULL,
  `post_graduation_board` varchar(255) CHARACTER SET utf8 COLLATE utf8_unicode_ci DEFAULT NULL,
  `post_graduation_passing_year` varchar(255) CHARACTER SET utf8 COLLATE utf8_unicode_ci DEFAULT NULL,
  `b_ed_completed` tinyint(1) DEFAULT NULL,
  `b_ed_result` varchar(255) CHARACTER SET utf8 COLLATE utf8_unicode_ci DEFAULT NULL,
  `b_ed_board` varchar(255) CHARACTER SET utf8 COLLATE utf8_unicode_ci DEFAULT NULL,
  `b_ed_passing_year` varchar(255) CHARACTER SET utf8 COLLATE utf8_unicode_ci DEFAULT NULL,
  `m_ed_completed` tinyint(1) DEFAULT NULL,
  `m_ed_result` varchar(255) CHARACTER SET utf8 COLLATE utf8_unicode_ci DEFAULT NULL,
  `m_ed_board` varchar(255) CHARACTER SET utf8 COLLATE utf8_unicode_ci DEFAULT NULL,
  `m_ed_passing_year` varchar(255) CHARACTER SET utf8 COLLATE utf8_unicode_ci DEFAULT NULL,
  `higher_degree_exam_name` varchar(255) CHARACTER SET utf8 COLLATE utf8_unicode_ci DEFAULT NULL,
  `higher_degree_subject_row_id` int(3) DEFAULT NULL,
  `higher_degree_result` varchar(255) CHARACTER SET utf8 COLLATE utf8_unicode_ci DEFAULT NULL,
  `higher_degree_board` varchar(255) CHARACTER SET utf8 COLLATE utf8_unicode_ci DEFAULT NULL,
  `higher_degree_passing_year` varchar(255) CHARACTER SET utf8 COLLATE utf8_unicode_ci DEFAULT NULL,
  `special_training` text CHARACTER SET utf8 COLLATE utf8_unicode_ci,
  `created_at` datetime DEFAULT NULL,
  `updated_at` datetime DEFAULT NULL
) ENGINE=InnoDB DEFAULT CHARSET=latin1;

--
-- Dumping data for table `bdedu_admin_details`
--

INSERT INTO `bdedu_admin_details` (`admin_details_row_id`, `admin_row_id`, `contact_1`, `contact_2`, `gender`, `blood_group`, `nid`, `dob`, `date_of_joining`, `religion`, `next_of_kin`, `kin_relationship`, `nationality`, `present_address`, `present_address_bangla`, `present_division_id`, `present_district_id`, `present_upazila_id`, `present_post_code`, `permanent_address`, `permanent_address_bangla`, `permanent_division_id`, `permanent_district_id`, `permanent_upazila_id`, `permanent_post_code`, `ssc_exam_name`, `ssc_group`, `ssc_result`, `ssc_board`, `ssc_passing_year`, `hsc_exam_name`, `hsc_group`, `hsc_result`, `hsc_board`, `hsc_passing_year`, `graduation_exam_row_id`, `graduation_subject_row_id`, `graduation_result`, `graduation_board`, `graduation_passing_year`, `post_graduation_exam_row_id`, `post_graduation_subject_row_id`, `post_graduation_result`, `post_graduation_board`, `post_graduation_passing_year`, `b_ed_completed`, `b_ed_result`, `b_ed_board`, `b_ed_passing_year`, `m_ed_completed`, `m_ed_result`, `m_ed_board`, `m_ed_passing_year`, `higher_degree_exam_name`, `higher_degree_subject_row_id`, `higher_degree_result`, `higher_degree_board`, `higher_degree_passing_year`, `special_training`, `created_at`, `updated_at`) VALUES
(1, 3, '01913742323', '01733180722', 1, '5', '', '1973-01-10', NULL, 1, '', 0, 'Bangladeshi', 'Vill: Pakundia, P.O: Pakundia', 'গ্রাম: পাকুন্দিয়া, ডাকঘর: পাকুন্দিয়া', 1, 18, 40, '2326', 'Vill: Pakundia, P.O: Pakundia', 'গ্রাম: পাকুন্দিয়া, ডাকঘর: পাকুন্দিয়া', 1, 18, 40, '2326', 'SSC', 'Science', '1st Division', 'Dhaka', '1988', 'HSC', 'Science', '3rd Division', 'Dhaka', '1991', 2, 14, '2nd Division', 'National University', '1993', 1, 70, '1st Class', 'Uttara University', '2007', 1, '1st Class', '', '2006', 0, '', '', '', '0', 0, '', '', '', 'Training on ICT', '2017-03-19 08:36:40', '2018-02-25 06:10:03'),
(2, 4, '01715248415', '01631077906', 1, '3', '', '1976-12-03', '0000-00-00', 1, '', 0, 'Bangladeshi', 'Vill: Chaliagup, P.O: Lakhia', 'গ্রাম: চালিয়াগোপ, ডাকঘর: লাখিয়া', 1, 18, 40, '2326', 'Vill: Chaliagup, P.O: Lakhia', 'গ্রাম: চালিয়াগোপ, ডাকঘর: লাখিয়া', 1, 18, 40, '2326', 'SSC', 'Commerce', '1st Division', 'Dhaka', '1992', 'HSC', 'Commerce', '2nd Division', '2nd Division', '1994', 8, 0, '3rd Division', 'National University', '1997', 0, 0, '', '', '', 1, '2.96 out of 4', 'Dharul Ihshan University', '2006', 0, '', '', '', '0', 0, '', '', '', '1.   24 days training on CPD\r\n\r\n2.   15 days training on ICT\r\n', '2017-03-19 10:36:59', '2018-04-04 06:23:57'),
(3, 5, '01911048187', '01611048187', 1, '5', '4817957835968', '1981-02-16', NULL, 1, '', 0, 'Bangladeshi', 'Vill: Pakundia, P.O: Pakundia', 'গ্রাম: পাকুন্দিয়া, ডাকঘর: পাকুন্দিয়া', 1, 18, 40, '2326', 'Vill: Charkawna, P.O: Charkawna', 'গ্রাম: চরকাওনা, ডাকঘর: চরকাওনা', 1, 18, 40, '2326', 'Dakhil', 'Humanities', '2nd Division', 'Madrasha Board', '1997', 'HSC', 'Humanities', '2.45', 'Madrasha Board', '2008', 11, 0, '2.73', 'Open University', '2012', 0, 0, '', '', '', 0, '', '', '', 0, '', '', '', '0', 0, '', '', '', '1.   Computer Application Course (6 months)\r\n\r\n2.   ICT & Multimedia Class Management Training (15 days)', '2017-03-19 11:00:53', '2018-02-07 04:04:08'),
(4, 6, '01705308989', '', 1, '3', '19914817928000088', '1991-07-01', NULL, 1, '', 0, 'Bangladeshi', 'Vill: Kahatdadul, P.O: Ponkchoir', 'গ্রাম: কাহেৎধান্দুল, ডাকঘর: পংকচইর', 1, 0, 0, '2326', 'Vill: Kahatdadul, P.O: Ponkchoir', 'গ্রাম: কাহেৎধান্দুল, ডাকঘর: পংকচইর', 1, 0, 0, '2326', 'Dakhil', 'Humanities', '4.08', 'Madrasha Board', '2006', 'Alim', 'Humanities', '4.75', '4.75', '2008', 3, 42, '2nd Division', 'National University', '2012', 1, 42, '2nd Class', 'National University', '2013', 0, '', '', '', 0, '', '', '', '0', 0, '', '', '', 'Training on ICT', '2017-03-20 05:37:05', '2018-02-25 06:13:38'),
(5, 7, '01715969181', '', 1, '3', '4817938880461', '1953-01-29', NULL, 1, '', 0, 'Bangladeshi', 'Vill: Charkhama, P.O: Charkhama', 'গ্রাম: চরখামা, ডাকঘর: চরখামা', 1, 18, 40, '2326', 'Vill: Charkhama, P.O: Charkhama', 'গ্রাম: চরখামা, ডাকঘর: চরখামা', 1, 18, 40, '2326', 'SSC', 'Humanities', '2nd Division', 'Dhaka', '1967', 'HSC', 'Science', '3rd Division', 'Dhaka', '1970', 9, 0, '2nd Division', 'Dhaka University', '1972', 5, 81, '2nd Class', 'Dhaka University', '1974', 0, '', '', '', 0, '', '', '', '0', 0, '', '', '', '', '2017-03-20 05:52:36', '2018-02-07 04:09:13'),
(6, 8, '01727436854', '01920385632', 1, '0', '4817938878990', '1985-02-01', NULL, 1, '', 0, 'Bangladeshi', 'Vill: Taldoshi, P.O: Motkhula', 'গ্রাম: তালদশী, ডাকঘর: মঠখোলা', 1, 18, 40, '2326', 'Vill: Taldoshi, P.O: Motkhula', 'গ্রাম: তালদশী, ডাকঘর: মঠখোলা', 1, 18, 40, '2326', 'Dakhil', 'Humanities', '4.50', 'Madrasha Board', '2002', 'Alim', 'Humanities', '3.67', 'Madrasha Board', '2004', 3, 22, '2nd Division', 'National University', '2008', 1, 22, '2nd Class', 'National University', '2009', 1, '1st Class', 'National University', '2013', 0, '', '', '', '0', 0, '', '', '', '15 days ICT Training', '2017-03-20 06:32:14', '2018-02-07 04:10:49'),
(7, 9, '01728009495', '01611752125', 1, '7', '48179728863385', '1988-01-05', NULL, 1, '', 0, 'Bangladeshi', 'Vill: Mirzapur, P.O: Ponkochoir', 'গ্রাম: মির্জাপুর, ডাকঘর: পংকচইর', 1, 18, 40, '2326', 'Vill: Mirzapur, P.O: Ponkochoir', 'গ্রাম: মির্জাপুর, ডাকঘর: পংকচইর', 1, 18, 40, '2326', 'Dakhil', 'Humanities', '3.50', 'Madrasha Board', '2003', 'HSC', 'Humanities', '4.00', 'Dhaka', '2006', 3, 115, '2nd Class', 'National University', '2010', 8, 115, '2nd Class', 'National University', '2012', 0, '', '', '', 0, '', '', '', '0', 0, '', '', '', '1.   15 days ICT Training\r\n\r\n2.   6 months ICT Training\r\n\r\n3. NTRCA registered teacher on Computer', '2017-03-20 06:41:57', '2018-01-25 03:12:51'),
(8, 10, '01728791575', '', 2, '5', '4817976843426', '1981-02-23', NULL, 1, '', 0, 'Bangladeshi', 'Vill: Bir Pakundia, P.O: Pakundia', 'গ্রাম: বীর পাকুন্দিয়া, ডাকঘর: পাকুন্দিয়া', 1, 0, 0, '2326', 'Vill: Bir Pakundia, P.O: Pakundia', 'গ্রাম: বীর পাকুন্দিয়া, ডাকঘর:পাকুন্দিয়া', 1, 0, 0, '2326', 'SSC', 'Science', '1st Division', 'Dhaka', '1997', 'HSC', 'Humanities', '2nd Division', 'Dhaka', '1999', 2, 0, '2nd Division', 'National University', '2001', 8, 0, '2nd Class', 'National University', '2011', 0, '', '', '', 0, '', '', '', '0', 0, '', '', '', 'UITRCE BANBEIS. BASE-17', '2017-03-20 06:53:43', '2018-02-25 06:17:29'),
(9, 11, '01714355317', '01916572224', 1, '5', '6112237945241', '1965-04-10', NULL, 1, '', 0, 'Bangladeshi', 'Vill: Satarbari, P.O: Satarbari', 'গ্রাম: সতরবাড়ী, ডাকঘর: সতরবাড়ী', 8, 10, 208, '', 'Vill: Satarbari, P.O: Satarbari', 'গ্রাম: সতরবাড়ী, ডাকঘর: সতরবাড়ী', 8, 10, 208, '', 'SSC', 'Science', '2nd Division', 'Dhaka', '1980', 'HSC', 'Science', '2nd Division', '2nd Division', '1982', 3, 81, '2nd Class', 'Dhaka University', '1985', 5, 81, '1st Class', 'Dhaka University', '1986', 1, '2nd Class', 'National University', '1998', 0, '', '', '', '0', 0, '', '', '', '', '2017-03-20 07:07:45', '2018-02-07 04:32:26'),
(10, 12, '01924310210', '01790084664', 2, '3', '4824908345489', '1983-12-01', NULL, 1, '', 0, 'Bangladeshi', 'Vill: Nagua, P.O: ', 'গ্রাম: নগুয়া, ডাকঘর:', 1, 18, 36, '2300', 'Vill: Nagua, P.O: ', 'গ্রাম: নগুয়া, ডাকঘর:', 1, 18, 36, '2300', 'SSC', 'Humanities', '1st Division', 'Dhaka', '1999', 'HSC', 'Humanities', '2nd Division', 'Dhaka', '1999', 3, 115, '2.96', 'Shahjalal Biggan O Projukti Biswabiddalay', '2006', 1, 115, '2.89', 'Shahjalal Biggan O Projukti Biswabiddalay', '2007', 0, '', '', '', 0, '', '', '', '0', 0, '', '', '', '', '2017-03-20 07:21:27', '2017-03-20 07:21:27'),
(11, 13, '01778132631', '', 1, '5', '4817928861456', '1978-12-01', NULL, 1, '', 0, 'Bangladeshi', 'Vill: Kahate Dandul, P.O: Pankachair', 'গ্রাম: কাহেৎ ধান্দুল, ডাকঘর: পংকচইর', 1, 18, 40, '2326', 'Vill: Kahate Dandul, P.O: Pankachair', 'গ্রাম: কাহেৎধান্দুল, ডাকঘর: পংকচইর', 1, 18, 40, '2326', 'SSC', 'Science', '1st Division', 'Dhaka', '1994', 'HSC', 'Science', '2nd Division', 'Dhaka', '1997', 9, 81, '2nd Division', 'National University', '2000', 5, 54, '2nd Division', 'National University', '2005', 0, '', '', '', 0, '', '', '', '0', 0, '', '', '', '1. 14 days CPD Training\r\n2. 15 days ICT Training\r\n3. 3 days C.Q. Training\r\n4. 4 days science Training ', '2017-03-20 07:30:09', '2018-01-25 03:06:59'),
(12, 14, '01913821626', '01684155847', 1, '3', '4817938881063', '1977-01-01', '0000-00-00', 1, '', 0, 'Bangladeshi', 'Vill: Chardaokandi, P.O: Motkhula', 'গ্রাম: চরদেওকান্দি, ডাকঘর: মঠখোলা', 1, 18, 40, '2326', 'Vill: Chardaokandi, P.O: Motkhula', 'গ্রাম: চরদেওকান্দি, ডাকঘর: মঠখোলা', 1, 18, 40, '2326', 'SSC', 'Science', '1st Division', 'Dhaka', '1992', 'HSC', 'Commerce', '1st Division', 'Dhaka', '1994', 8, 0, '3rd Division', 'National University', '1996', 8, 38, '1st Class', 'Asian University', '2008', 1, '2nd Class', 'National University', '2010', 0, '', '', '', '0', 0, '', '', '', 'Training on I CT', '2017-03-20 08:43:27', '2018-04-09 05:25:21'),
(13, 15, '01718067703', '', 1, '5', '4817915899960', '1974-10-07', NULL, 1, '', 0, 'Bangladeshi', 'Vill: Burundia, P.O: Pakundia', 'গ্রাম: বুরুন্দিয়া, ডাকঘর: পাকুন্দিয়া', 1, 0, 0, '2326', 'Vill: Burundia, P.O: Pakundia', 'গ্রাম: বুরুন্দিয়া, ডাকঘর: পাকুন্দিয়া', 1, 18, 40, '2326', 'SSC', 'Humanities', '2nd Division', 'Dhaka', '1989', 'HSC', 'Humanities', '3rd Division', '3rd Division', '1991', 11, 0, '3.05', 'Open University', '1996', 0, 0, '', '', '', 1, '2.88', 'Uttara University', '2009', 0, '', '', '', '0', 0, '', '', '', '1. 15 days ICT Training', '2017-03-20 08:52:19', '2018-02-07 04:45:19'),
(14, 16, '01716304373', '', 2, '3', '4817938880225', '1974-06-01', NULL, 2, '', 0, 'Bangladeshi', 'Vill: Matkhula, P.O: Pakundia', 'গ্রাম: মঠখোলা, ডাকঘর: পাকুন্দিয়া', 1, 0, 0, '2326', 'Vill: Matkhula, P.O: Pakundia', 'গ্রাম: মঠখোলা, ডাকঘর: পাকুন্দিয়া', 1, 0, 0, '2326', 'SSC', 'Humanities', '2nd Division', 'Dhaka', '1990', 'HSC', 'Humanities', '2nd Division', 'Dhaka', '1994', 11, 0, '3rd Division', 'National University', '1996', 0, 0, '', '', '', 1, '3.19', 'Uttara University', '2009', 0, '', '', '', '0', 0, '', '', '', '', '2017-03-20 08:59:55', '2018-03-05 05:01:02'),
(15, 17, '01919418004', '', 2, '3', '4817957828959', '1983-01-04', NULL, 1, '', 0, 'Bangladeshi', 'Vill: Chartaki, P.O: Tarakandi', 'গ্রাম: চরটেকি, ডাকঘর: তারাকান্দি', 1, 18, 40, '2326', 'Vill: Chartaki, P.O: Tarakandi', 'গ্রাম: চরটেকি, ডাকঘর: তারাকান্দি', 1, 18, 40, '2320', 'SSC', 'Humanities', '1st Division', 'Dhaka', '1999', 'HSC', 'Humanities', '2nd Division', 'Dhaka', '2001', 11, 0, '2nd Division', 'National University', '2005', 8, 0, '2nd Class', 'National University', '2006', 0, '', '', '', 0, '', '', '', '0', 0, '', '', '', 'Training on ICT', '2017-03-20 09:08:23', '2018-02-07 04:49:21'),
(16, 18, '01926275087', '01627737496', 1, '4', '19904817947000031', '1990-12-26', NULL, 1, '', 0, 'Bangladeshi', 'Vill: Uttarpara, P.O: Pakundia', 'গ্রাম: উত্তরপাড়া, ডাকঘর: পাকুন্দিয়া', 1, 18, 40, '2326', 'Vill: Uttarpara, P.O: Pakundia', 'গ্রাম: উত্তরপাড়া, ডাকঘর: পাকুন্দিয়া', 1, 18, 40, '2326', 'SSC', 'Science', '3.31', 'Dhaka', '2006', 'HSC', 'Science', '3.00', 'Dhaka', '2008', 9, 26, '2nd Division', 'National University', '2011', 5, 26, '2nd Class', 'National University', '2013', 0, '', '', '', 0, '', '', '', '0', 0, '', '', '', '1. CPD-1 (Biology) 14 days\r\n\r\n2. Computer Training (6 months)', '2017-03-20 09:33:24', '2018-02-08 04:31:05'),
(17, 19, '01782110229', '01923536581', 1, '0', '4817938885625', '1986-01-01', NULL, 1, '', 0, 'Bangladeshi', 'Vill: Dakkhin Khama, P.O: Mothkhola', 'গ্রাম: দক্ষিণ খামা, ডাকঘর: ', 1, 18, 40, '2326', 'Vill: Dakkhin Khama, P.O: Mothkhola', 'গ্রাম: দক্ষিণ খামা, ডাকঘর: ', 1, 18, 40, '2326', 'Dakhil', 'Humanities', '1st Division', 'Madrasha Board', '2000', 'Alim', 'Humanities', '2nd Division', 'Madrasha Board', '2003', 6, 70, '1st Class', 'Kushtia Islamic University', '2008', 9, 116, '3.95', 'Kushtia Islamic University', '2010', 0, '', '', '', 0, '', '', '', '0', 0, '', '', '', '1. ICT Training Course - 2016\r\n\r\n2. Imam Training - 2009', '2017-03-20 09:42:05', '2018-02-07 04:52:24'),
(18, 20, '01724063197', '', 1, '5', '4817976850120', '1971-11-06', NULL, 1, '', 0, 'Bangladeshi', 'Vill: Bahadia, P.O: Bahadia', 'গ্রাম: বাহাদিয়া, ডাকঘর: বাহাদিয়া', 1, 18, 40, '2326', 'Vill: Borathia, P.O: Lokhia ', 'গ্রাম: বাহাদিয়া, ডাকঘর: বাহাদিয়া', 1, 18, 40, '2326', 'SSC', 'Arts', '2nd Division', 'Dhaka', '1987', 'HSC', 'Arts', '3rd Division', '3rd Division', '1989', 2, 0, '3rd Division', 'Dhaka University', '1993', 0, 0, '', '', '', 0, '', '', '', 0, '', '', '', '0', 0, '', '', '', '', '2017-03-20 09:49:23', '2018-01-28 04:23:16'),
(19, 21, '01796256799', '', 1, '0', '4817938877697', '1977-03-02', NULL, 1, '', 0, 'Bangladeshi', 'Vill: Jamalpur, P.O: Jamalpur', 'গ্রাম: জামালপুর, ডাকঘর: জামালপুর', 1, 18, 40, '2326', 'Vill: Jamalpur, P.O: Jamalpur', 'গ্রাম: জামালপুর, ডাকঘর: জামালপুর', 1, 18, 40, '2326', '', '', '', '', '', '', '', '', '', '', 0, 0, '', '', '', 0, 0, '', '', '', 0, '', '', '', 0, '', '', '', '0', 0, '', '', '', '', '2017-03-20 09:57:19', '2017-03-20 10:21:56'),
(20, 22, '01748029073', '', 1, '5', '4817938882643', '1989-05-03', NULL, 1, '', 0, 'Bangladeshi', 'Vill: Chardaokandi, P.O: Motkhula', 'গ্রাম: চরদেওকান্দি, ডাকঘর: মঠখোলা', 1, 18, 40, '2326', 'Vill: Chardaokandi, P.O: Motkhula', 'গ্রাম: চরদেওকান্দি, ডাকঘর: মঠখোলা', 1, 18, 40, '2326', '', '', '', '', '', '', '', '', '', '', 0, 0, '', '', '', 0, 0, '', '', '', 0, '', '', '', 0, '', '', '', '0', 0, '', '', '', '', '2017-03-20 10:25:56', '2017-03-20 10:25:56'),
(21, 23, '01799523408', '', 2, '0', '4817938876666', '0000-00-00', NULL, 1, '', 0, 'Bangladeshi', 'Vill:                                     P.O: ', 'গ্রাম:                            ডাকঘর:', 1, 18, 40, '2326', 'Vill:                                     P.O: ', 'গ্রাম:                            ডাকঘর:', 1, 18, 40, '2326', '', '', '', '', '', '', '', '', '', '', 0, 0, '', '', '', 0, 0, '', '', '', 0, '', '', '', 0, '', '', '', '0', 0, '', '', '', '', '2017-03-20 10:30:02', '2017-03-20 10:30:02'),
(22, 24, '01985014866', '', 2, '0', '', '1990-07-12', NULL, 1, '', 0, 'Bangladeshi', 'motkhola', '', 1, 18, 40, '2326', 'Gosherkandi', '', 1, 9, 14, '1743', 'SSC', 'Science', '3.75', 'Dhaka', '2002', 'HSC', 'Science', '2.4', 'Dhaka', '2005', 2, 103, '2nd Division', 'National University', '2010', 0, 0, '', '', '', NULL, NULL, NULL, NULL, NULL, NULL, NULL, NULL, '0', 0, '', '', '', '', '2017-05-03 08:55:55', '2018-02-07 06:44:48'),
(25, 27, '01851682901', '', 2, '0', '', '0000-00-00', '0000-00-00', 0, '', 0, 'Bangladeshi', '', '', 0, 0, 0, '', '', '', 0, 0, 0, '', '', '', '', '', '', '', '', '', '', '', 0, 0, '', '', '', 0, 0, '', '', '', NULL, NULL, NULL, NULL, NULL, NULL, NULL, NULL, '0', 0, '', '', '', '', '2017-05-20 07:00:23', '2018-04-16 03:42:16'),
(26, 28, '', '', 2, '0', '', '0000-00-00', NULL, 0, '', 0, 'Bangladeshi', '', '', 0, 0, 0, '', '', '', 0, 0, 0, '', '', '', '', '', '', '', '', '', '', '', 0, 0, '', '', '', 0, 0, '', '', '', NULL, NULL, NULL, NULL, NULL, NULL, NULL, NULL, '0', 0, '', '', '', '', '2017-05-20 07:02:21', '2018-03-22 06:36:43'),
(28, 30, '01777995275', '', 1, '3', '', '1994-01-05', NULL, 2, '', 0, 'Bangladeshi', 'Puran Bazar', '', 5, 53, 440, '8600', 'Puran Bazar', '', 5, 53, 440, '8600', 'SSC', 'Science', '5.00', 'Barisal', '2009', 'HSC', 'Science', '4.40', 'Barisal', '2011', 9, 81, '3.00', 'National University', '2017', 0, 0, '', '', '', NULL, NULL, NULL, NULL, NULL, NULL, NULL, NULL, '0', 0, '', '', '', '5 days Science Fair Training', '2018-01-25 06:46:31', '2018-01-25 06:46:31'),
(29, 31, '01725960776', '', 1, '5', '', '1993-09-24', NULL, 0, '', 0, 'Bangladeshi', 'Mothkhola', '', 1, 0, 0, '2326', 'Town Bahal Gachia', '', 5, 0, 0, '8600', 'SSC', 'Science', '4.44', 'Barisal', '2009', 'HSC', 'Science', '3.70', 'Barisal', '2012', 9, 30, '3.06', 'National University', '2016', 0, 0, '', '', '', NULL, NULL, NULL, NULL, NULL, NULL, NULL, NULL, '0', 0, '', '', '', '', '2018-01-28 09:05:23', '2018-03-04 05:02:47'),
(30, 32, '01620469320', '', 1, '3', '', '0000-00-00', NULL, 1, '', 0, 'Bangladeshi', '', '', 0, 0, 0, '', '', '', 0, 0, 0, '', 'SSC', 'Science', '5.00', 'Dhaka', '2007', 'HSC', 'Science', '5.00', 'Dinajpur', '2009', 9, 26, '3.56', 'Dhaka University', '2014', 5, 26, '3.90', 'Dhaka University', '2015', NULL, NULL, NULL, NULL, NULL, NULL, NULL, NULL, '0', 0, '', '', '', '', '2018-02-11 02:56:54', '2018-03-04 02:51:58'),
(31, 33, '01972614094', '01712614094', 1, '5', '', '0000-00-00', '0000-00-00', 1, '', 0, 'Bangladeshi', '', '', 0, 0, 0, '', '', '', 0, 0, 0, '', 'SSC', 'Arts', '1st Division', 'Dhaka', '1999', 'HSC', 'Commerce', '1st Division', 'Dhaka', '2001', 8, 1, '2nd Class', 'National University', '2006', 2, 1, '2nd Class', 'National University', '2007', NULL, NULL, NULL, NULL, NULL, NULL, NULL, NULL, 'Others', 71, '3.00', 'Northern University', '2012', 'icma fl+L1 complete', '2018-02-15 05:17:36', '2018-04-09 06:53:14'),
(32, 34, '01868525693', '', 1, '5', '', '1994-01-01', NULL, 1, '', 0, 'Bangladeshi', 'vill: Mothkhola PO: Mothkhola', '', 1, 18, 40, '2326', 'Vill: Sadekpur', '', 2, 45, 498, '3821', 'SSC', 'Science', '4.88', 'Comilla ', '2010', 'HSC', 'Arts', '4.70', 'Comilla ', '2012', 2, 42, '3.06', 'Dhaka University', '2016', 1, 42, '3.25', 'Dhaka University', '2017', NULL, NULL, NULL, NULL, NULL, NULL, NULL, NULL, '0', 0, '', '', '', '', '2018-02-18 03:11:21', '2018-02-18 03:11:21'),
(33, 35, '01946110876', '', 1, '0', '', '2018-12-10', NULL, 0, '', 0, 'Bangladeshi', 'vill: motkhola post: motkhola,pakundia,kishorjong', '', 1, 0, 0, '2326', 'vill: jhagrarchar post: jhagrarchar', '', 8, 0, 0, '2326', '', '', '', '', '', '', '', '', '', '', 0, 0, '', '', '', 0, 0, '', '', '', NULL, NULL, NULL, NULL, NULL, NULL, NULL, NULL, '0', 0, '', '', '', '', '2018-02-18 04:56:58', '2018-02-27 07:06:34'),
(34, 36, '', '', 2, '0', '', '0000-00-00', '0000-00-00', 0, '', 0, 'Bangladeshi', '', '', 0, 0, 0, '', '', '', 0, 0, 0, '', '', '', '', '', '', '', '', '', '', '', 0, 0, '', '', '', 0, 0, '', '', '', NULL, NULL, NULL, NULL, NULL, NULL, NULL, NULL, '0', 0, '', '', '', '', '2018-02-18 07:28:38', '2018-04-16 09:17:23'),
(35, 37, '01712481327', '', 1, '1', '', '0000-00-00', NULL, 1, '', 0, 'Bangladeshi', 'Mothkhola', '', 1, 18, 40, '2326', '', '', 0, 0, 0, '', 'SSC', 'Science', '5.00', 'Rajshahi', '2008', 'HSC', 'Science', '5.00', 'Rajshahi', '2010', 9, 36, '3.82', 'UIU', '2016', 0, 0, '', '', '', NULL, NULL, NULL, NULL, NULL, NULL, NULL, NULL, '0', 0, '', '', '', '', '2018-02-27 02:57:27', '2018-03-04 02:54:06'),
(37, 39, '', '', 1, '5', '', '0000-00-00', NULL, 1, '', 0, 'Bangladeshi', '', '', 0, NULL, NULL, '', '', '', 0, NULL, NULL, '', '', '', '', '', '', '', '', '', '', '', 0, 0, '', '', '', 0, 0, '', '', '', NULL, NULL, NULL, NULL, NULL, NULL, NULL, NULL, '0', 0, '', '', '', '', '2018-03-07 12:16:20', '2018-03-07 12:16:20'),
(38, 40, '', '', 2, '0', '', '0000-00-00', '0000-00-00', 0, '', 0, 'Bangladeshi', '', '', 0, 0, NULL, '', '', '', 0, 0, NULL, '', '', '', '', '', '', '', '', '', '', '', 0, 0, '', '', '', 0, 0, '', '', '', NULL, NULL, NULL, NULL, NULL, NULL, NULL, NULL, '0', 0, '', '', '', '', '2018-04-10 06:10:39', '2018-04-10 06:33:30'),
(39, 41, '01741325693', '01910517314', 1, '1', NULL, '1989-11-10', '2018-04-01', 1, NULL, 0, 'Bangladeshi', NULL, NULL, 0, 0, 0, NULL, NULL, '', 0, 0, 0, NULL, NULL, NULL, NULL, NULL, NULL, NULL, NULL, NULL, NULL, NULL, 0, 0, NULL, NULL, NULL, 0, 0, NULL, NULL, NULL, NULL, NULL, NULL, NULL, NULL, NULL, NULL, NULL, '0', 0, NULL, NULL, NULL, NULL, '2018-04-28 06:36:10', '2018-10-15 04:32:56');

-- --------------------------------------------------------

--
-- Table structure for table `bdedu_descriptive_exam_results`
--

CREATE TABLE `bdedu_descriptive_exam_results` (
  `descriptive_answer_row_id` int(11) NOT NULL,
  `student_row_id` int(11) NOT NULL,
  `class_row_id` int(11) DEFAULT NULL,
  `exam_category_row_id` int(11) NOT NULL,
  `exam_row_id` int(3) DEFAULT NULL,
  `total_time` int(11) DEFAULT NULL COMMENT 'time taken in minute format',
  `total_questions` int(11) NOT NULL,
  `question_row_id` int(11) DEFAULT NULL,
  `question_answer` text,
  `total_obtained_mark` float(3,2) DEFAULT NULL,
  `total_marks` float(3,2) DEFAULT NULL,
  `percentage_obtained` float(3,2) DEFAULT NULL,
  `comment` text,
  `assessor_comment` text,
  `created_by` int(11) DEFAULT NULL,
  `updated_by` int(11) DEFAULT NULL,
  `created_at` datetime DEFAULT CURRENT_TIMESTAMP,
  `updated_at` datetime DEFAULT CURRENT_TIMESTAMP
) ENGINE=InnoDB DEFAULT CHARSET=latin1;

-- --------------------------------------------------------

--
-- Table structure for table `bdedu_districts`
--

CREATE TABLE `bdedu_districts` (
  `id` int(11) NOT NULL,
  `full_name` varchar(255) NOT NULL,
  `short_name` varchar(255) NOT NULL,
  `division_id` int(3) NOT NULL,
  `created_at` datetime NOT NULL,
  `updated_at` datetime NOT NULL
) ENGINE=InnoDB DEFAULT CHARSET=latin1;

--
-- Dumping data for table `bdedu_districts`
--

INSERT INTO `bdedu_districts` (`id`, `full_name`, `short_name`, `division_id`, `created_at`, `updated_at`) VALUES
(1, 'Dhaka', '01', 1, '2014-10-29 00:00:00', '2014-10-29 00:00:00'),
(2, 'Rajshahi', '02', 3, '2014-10-29 00:00:00', '2014-10-29 00:00:00'),
(3, 'Khulna', '03', 4, '2014-10-29 00:00:00', '2014-10-29 00:00:00'),
(4, 'Chittagong', '04', 2, '2014-10-29 00:00:00', '2014-10-29 00:00:00'),
(5, 'Barisal', '05', 5, '2014-10-29 00:00:00', '2014-10-29 00:00:00'),
(6, 'Sylhet', '06', 6, '2014-10-29 00:00:00', '2014-10-29 00:00:00'),
(7, 'Rangpur', '07', 7, '2014-10-29 00:00:00', '2014-10-29 00:00:00'),
(8, 'Manikgonj', '08', 1, '2014-10-29 00:00:00', '2014-10-29 00:00:00'),
(9, 'Gazipur', '09', 1, '2014-10-29 00:00:00', '2014-10-29 00:00:00'),
(10, 'Mymensingh', '10', 8, '2014-10-29 00:00:00', '2014-10-29 00:00:00'),
(11, 'Narayanganj', '11', 1, '2014-10-29 00:00:00', '2014-10-29 00:00:00'),
(12, 'Tangail', '12', 1, '2014-10-29 00:00:00', '2014-10-29 00:00:00'),
(13, 'Madaripur', '13', 1, '2014-10-29 00:00:00', '2014-10-29 00:00:00'),
(14, 'Jamalpur', '14', 8, '2014-10-29 00:00:00', '2014-10-29 00:00:00'),
(15, 'Munshiganj', '15', 1, '2014-10-29 00:00:00', '2014-10-29 00:00:00'),
(16, 'Gopalganj', '16', 1, '2014-10-29 00:00:00', '2014-10-29 00:00:00'),
(17, 'Sherpur', '17', 8, '2014-10-29 00:00:00', '2014-10-29 00:00:00'),
(18, 'Kishoreganj', '18', 1, '2014-10-29 00:00:00', '2014-10-29 00:00:00'),
(19, 'Narsingdi', '19', 1, '2014-10-29 00:00:00', '2014-10-29 00:00:00'),
(20, 'Shariatpur', '20', 1, '2014-10-29 00:00:00', '2014-10-29 00:00:00'),
(21, 'Netrokona', '21', 8, '2014-10-29 00:00:00', '2014-10-29 00:00:00'),
(22, 'Rajbari', '22', 1, '2014-10-29 00:00:00', '2014-10-29 00:00:00'),
(23, 'Faridpur', '23', 1, '2014-10-29 00:00:00', '2014-10-29 00:00:00'),
(24, 'Bogra', '24', 3, '2014-10-29 00:00:00', '2014-10-29 00:00:00'),
(25, 'Joypurhat', '25', 3, '2014-10-29 00:00:00', '2014-10-29 00:00:00'),
(26, 'Naogaon', '26', 3, '2014-10-29 00:00:00', '2014-10-29 00:00:00'),
(27, 'Natore', '27', 3, '2014-10-29 00:00:00', '2014-10-29 00:00:00'),
(28, 'Chapai Nawabganj', '28', 3, '2014-10-29 00:00:00', '2014-10-29 00:00:00'),
(29, 'Pabna', '29', 3, '2014-10-29 00:00:00', '2014-10-29 00:00:00'),
(30, 'Sirajganj', '30', 3, '2014-10-29 00:00:00', '2014-10-29 00:00:00'),
(31, 'Shatkhira', '31', 4, '2014-10-29 00:00:00', '2014-10-29 00:00:00'),
(32, 'Bagerhat', '32', 4, '2014-10-29 00:00:00', '2014-10-29 00:00:00'),
(33, 'Jessore', '33', 4, '2014-10-29 00:00:00', '2014-10-29 00:00:00'),
(34, 'Narail', '34', 4, '2014-10-29 00:00:00', '2014-10-29 00:00:00'),
(35, 'Magura', '35', 4, '2014-10-29 00:00:00', '2014-10-29 00:00:00'),
(36, 'Jhenaidah', '36', 4, '2014-10-29 00:00:00', '2014-10-29 00:00:00'),
(37, 'Chuadanga', '37', 4, '2014-10-29 00:00:00', '2014-10-29 00:00:00'),
(38, 'Kushtia', '38', 4, '2014-10-29 00:00:00', '2014-10-29 00:00:00'),
(39, 'Meherpur', '39', 4, '2014-10-29 00:00:00', '2014-10-29 00:00:00'),
(40, 'Bandarban', '40', 2, '2014-10-29 00:00:00', '2014-10-29 00:00:00'),
(41, 'Rangamati', '41', 2, '2014-10-29 00:00:00', '2014-10-29 00:00:00'),
(42, 'Khagrachari', '42', 2, '2014-10-29 00:00:00', '2014-10-29 00:00:00'),
(43, 'Cox\'s Bazar', '43', 2, '2014-10-29 00:00:00', '2014-10-29 00:00:00'),
(44, 'Feni', '44', 2, '2014-10-29 00:00:00', '2014-10-29 00:00:00'),
(45, 'Noakhali', '45', 2, '2014-10-29 00:00:00', '2014-10-29 00:00:00'),
(46, 'Lakshmipur', '46', 2, '2014-10-29 00:00:00', '2014-10-29 00:00:00'),
(47, 'Comilla', '47', 2, '2014-10-29 00:00:00', '2014-10-29 00:00:00'),
(48, 'Brahmanbaria', '48', 2, '2014-10-29 00:00:00', '2014-10-29 00:00:00'),
(49, 'Chandpur', '49', 2, '2014-10-29 00:00:00', '2014-10-29 00:00:00'),
(50, 'Barguna', '50', 5, '2014-10-29 00:00:00', '2014-10-29 00:00:00'),
(51, 'Bhola', '51', 5, '2014-10-29 00:00:00', '2014-10-29 00:00:00'),
(52, 'Jhalokati', '52', 5, '2014-10-29 00:00:00', '2014-10-29 00:00:00'),
(53, 'Patuakhali', '53', 5, '2014-10-29 00:00:00', '2014-10-29 00:00:00'),
(54, 'Pirojpur', '54', 5, '2014-10-29 00:00:00', '2014-10-29 00:00:00'),
(55, 'Maulvi Bazar', '55', 6, '2014-10-29 00:00:00', '2014-10-29 00:00:00'),
(56, 'Habiganj', '56', 6, '2014-10-29 00:00:00', '2014-10-29 00:00:00'),
(57, 'Sunamgonj', '57', 6, '2014-10-29 00:00:00', '2014-10-29 00:00:00'),
(58, 'Dinajpur', '58', 7, '2014-10-29 00:00:00', '2014-10-29 00:00:00'),
(59, 'Gaibandha', '59', 7, '2014-10-29 00:00:00', '2014-10-29 00:00:00'),
(60, 'Kurigram', '60', 7, '2014-10-29 00:00:00', '2014-10-29 00:00:00'),
(61, 'Lalmonirhat', '61', 7, '2014-10-29 00:00:00', '2014-10-29 00:00:00'),
(62, 'Nilphamari', '62', 7, '2014-10-29 00:00:00', '2014-10-29 00:00:00'),
(63, 'Panchagarh', '63', 7, '2014-10-29 00:00:00', '2014-10-29 00:00:00'),
(64, 'Thakurgaon', '64', 7, '2014-10-29 00:00:00', '2014-10-29 00:00:00');

-- --------------------------------------------------------

--
-- Table structure for table `bdedu_education_types`
--

CREATE TABLE `bdedu_education_types` (
  `education_type_row_id` int(11) NOT NULL,
  `school_row_id` int(3) DEFAULT NULL,
  `education_name` varchar(255) NOT NULL,
  `sort_order` int(3) NOT NULL DEFAULT '1',
  `status` tinyint(1) NOT NULL DEFAULT '1',
  `created_by` int(11) NOT NULL,
  `updated_by` int(11) NOT NULL,
  `created_at` datetime NOT NULL,
  `updated_at` datetime NOT NULL
) ENGINE=InnoDB DEFAULT CHARSET=latin1;

--
-- Dumping data for table `bdedu_education_types`
--

INSERT INTO `bdedu_education_types` (`education_type_row_id`, `school_row_id`, `education_name`, `sort_order`, `status`, `created_by`, `updated_by`, `created_at`, `updated_at`) VALUES
(1, 1, 'English Medium', 1, 1, 1, 1, '2019-04-21 00:00:00', '2019-04-21 00:00:00'),
(2, 1, 'English Version', 1, 1, 1, 1, '2019-04-21 00:00:00', '2019-04-21 00:00:00'),
(3, 1, 'Bangla Medium', 1, 1, 1, 1, '2019-04-21 00:00:00', '2019-04-21 00:00:00');

-- --------------------------------------------------------

--
-- Table structure for table `bdedu_exams`
--

CREATE TABLE `bdedu_exams` (
  `exam_row_id` int(11) NOT NULL,
  `education_type_row_id` int(11) NOT NULL,
  `class_row_id` int(11) DEFAULT NULL,
  `module_row_id` int(11) NOT NULL,
  `school_row_id` int(3) DEFAULT NULL,
  `exam_name` varchar(255) CHARACTER SET utf8 COLLATE utf8_unicode_ci DEFAULT NULL,
  `exam_year` year(4) DEFAULT NULL,
  `exam_instruction` text,
  `question_level` int(11) DEFAULT NULL COMMENT '1 ~ Foundation, 2 ~ Intermediate, 3 ~ Advance',
  `cat_exam_question` text CHARACTER SET utf8 COLLATE utf8_unicode_ci COMMENT 'JSON Format category and questions',
  `is_mix` varchar(250) CHARACTER SET utf8 COLLATE utf8_unicode_ci DEFAULT '0' COMMENT '0 means single category exam, 1 means mix category exam',
  `descriptive_exam_format` tinyint(1) DEFAULT '0' COMMENT '0 ~ automatic, 1 ~ manual',
  `is_psychology` tinyint(4) DEFAULT '0' COMMENT '0 ~ Normal Exam,1 ~ Psychology Exam, 2 ~ Memory Exam',
  `is_time_based` tinyint(1) DEFAULT '0',
  `sort_order` int(10) DEFAULT NULL,
  `status` tinyint(1) DEFAULT '1' COMMENT ' 1 ~ Active, 0 ~ Inactive',
  `created_by` int(11) DEFAULT NULL,
  `updated_by` int(11) DEFAULT NULL,
  `created_at` datetime DEFAULT CURRENT_TIMESTAMP,
  `updated_at` datetime DEFAULT CURRENT_TIMESTAMP
) ENGINE=InnoDB DEFAULT CHARSET=latin1;

--
-- Dumping data for table `bdedu_exams`
--

INSERT INTO `bdedu_exams` (`exam_row_id`, `education_type_row_id`, `class_row_id`, `module_row_id`, `school_row_id`, `exam_name`, `exam_year`, `exam_instruction`, `question_level`, `cat_exam_question`, `is_mix`, `descriptive_exam_format`, `is_psychology`, `is_time_based`, `sort_order`, `status`, `created_by`, `updated_by`, `created_at`, `updated_at`) VALUES
(1, 1, 8, 3, 1, 'Individual Perception and Characteristics test', 2020, 'This test includes four different segments. Each segment contains 10 questions.&nbsp; There are no &quot;right or wrong&quot; answers. For each question scoring rubrics are used. You have to choose one options from the given five options that best fit to your expectation of quality. You have to answer all the questions. The standard time for each category of the tests is 10 minutes but you can take your time to answer all of them. To begin the exam click the <strong>start button</strong>. You cannot change your answer after the final submission but by using the review button you can see the status of each question.', NULL, '{\"1\":{\"catid\":1,\"mcq\":\"10\",\"mcqt\":\"10\",\"sq\":0,\"bq\":0,\"dt\":0}}', '0', 0, 1, 0, 2, 1, 2, 2, '2019-06-17 09:59:18', '2019-06-19 09:50:22'),
(2, 1, 8, 3, 1, 'Diagnostic test', 2020, 'This test includes three different sets of question according to the level of complexity (Foundation, Intermediate and Advance). You have to answer all of them. The standard time for each category of the tests is 40 minutes but you can take your time to answer all of them. To begin the exam click the <strong>start button</strong>. You cannot change your answer after the final submission but by using the review button you can see the status of each question.', 1, '{\"1\":{\"catid\":1,\"mcq\":\"15\",\"mcqt\":\"15\",\"sq\":\"0\",\"bq\":\"0\",\"dt\":\"0\"}}', '0', 1, 0, 0, 1, 1, 2, 2, '2019-06-17 10:11:31', '2019-06-19 09:44:53'),
(3, 1, 8, 3, 1, 'Individual Perception &  Characteristics test', 2020, 'This test includes four different segments. Each segment contains 10 questions.&nbsp; There are no &quot;right or wrong&quot; answers. For each question scoring rubrics are used. You have to choose one options from the given five options that best fit to your expectation of quality. You have to answer all the questions. The standard time for each category of the tests is 10 minutes but you can take your time to answer all of them. To begin the exam click the <strong>start button</strong>. You cannot change your answer after the final submission but by using the review button you can see the status of each question.', NULL, '{\"2\":{\"catid\":2,\"mcq\":\"10\",\"mcqt\":\"10\",\"sq\":0,\"bq\":0,\"dt\":0}}', '0', 0, 1, 0, 3, 1, 2, 2, '2019-06-17 10:18:33', '2019-06-19 09:50:11'),
(4, 1, 8, 3, 1, 'Individual Perception &  Characteristics test', 2020, 'This test includes four different segments. Each segment contains 10 questions.&nbsp; There are no &quot;right or wrong&quot; answers. For each question scoring rubrics are used. You have to choose one options from the given five options that best fit to your expectation of quality. You have to answer all the questions. The standard time for each category of the tests is 10 minutes but you can take your time to answer all of them. To begin the exam click the <strong>start button</strong>. You cannot change your answer after the final submission but by using the review button you can see the status of each question.', NULL, '{\"3\":{\"catid\":3,\"mcq\":\"10\",\"mcqt\":\"10\",\"sq\":0,\"bq\":0,\"dt\":0}}', '0', 0, 1, 0, 4, 1, 2, 2, '2019-06-17 10:19:35', '2019-06-19 09:50:00'),
(5, 1, 8, 3, 1, 'Individual Perception &  Characteristics test', 2020, 'This test includes four different segments. Each segment contains 10 questions.&nbsp; There are no &quot;right or wrong&quot; answers. For each question scoring rubrics are used. You have to choose one options from the given five options that best fit to your expectation of quality. You have to answer all the questions. The standard time for each category of the tests is 10 minutes but you can take your time to answer all of them. To begin the exam click the <strong>start button</strong>. You cannot change your answer after the final submission but by using the review button you can see the status of each question.', NULL, '{\"4\":{\"catid\":4,\"mcq\":\"10\",\"mcqt\":\"10\",\"sq\":0,\"bq\":0,\"dt\":0}}', '0', 0, 1, 0, 5, 1, 2, 2, '2019-06-17 10:20:12', '2019-06-19 09:49:51'),
(6, 1, 8, 3, 1, 'IQ test', 2020, 'This test includes 25 questions. You have to answer all of them. The standard time for each category of the tests is 30 minutes but you can take your time to answer all of them. To begin the exam click the <strong>start button</strong>. You cannot change your answer after the final submission but by using the review button you can see the status of each question.', NULL, '{\"3\":{\"catid\":3,\"mcq\":\"25\",\"mcqt\":\"30\",\"sq\":\"0\",\"bq\":\"0\",\"dt\":\"0\"}}', '0', 1, 0, 0, 6, 1, 2, 2, '2019-06-17 10:23:49', '2019-06-19 09:45:47'),
(7, 1, 8, 3, 1, 'Subjective tests', 2020, 'This test includes 25 questions. You have to answer all of them. The standard time for each category of the tests is 30 minutes but you can take your time to answer all of them. To begin the exam click the <strong>start button</strong>. You cannot change your answer after the final submission but by using the review button you can see the status of each question.', NULL, '{\"4\":{\"catid\":4,\"mcq\":\"25\",\"mcqt\":\"30\",\"sq\":\"0\",\"bq\":\"0\",\"dt\":\"0\"}}', '0', 1, 0, 0, 7, 1, 2, 2, '2019-06-17 10:25:58', '2019-06-19 09:56:46'),
(8, 1, 8, 3, 1, 'Subjective tests', 2020, '<strong>&nbsp;</strong>This test includes 25 questions. You have to answer all of them. The standard time for each category of the tests is 30 minutes but you can take your time to answer all of them. To begin the exam click the <strong>start button</strong>. You cannot change your answer after the final submission but by using the review button you can see the status of each question.<br />\r\n&nbsp;', NULL, '{\"5\":{\"catid\":5,\"mcq\":\"25\",\"mcqt\":\"30\",\"sq\":\"0\",\"bq\":\"0\",\"dt\":\"0\"}}', '0', 1, 0, 0, 8, 1, 2, 2, '2019-06-17 10:26:55', '2019-06-19 09:57:33'),
(9, 1, 8, 3, 1, 'Subjective tests', 2020, 'This test includes 25 questions. You have to answer all of them. The standard time for each category of the tests is 30 minutes but you can take your time to answer all of them. To begin the exam click the <strong>start button</strong>. You cannot change your answer after the final submission but by using the review button you can see the status of each question.', NULL, '{\"6\":{\"catid\":6,\"mcq\":\"25\",\"mcqt\":\"30\",\"sq\":\"0\",\"bq\":\"0\",\"dt\":\"0\"}}', '0', 1, 0, 0, 9, 1, 2, 2, '2019-06-17 10:28:03', '2019-06-19 09:58:02'),
(10, 1, 8, 3, 1, 'Remembering and Recognition', 2020, 'Exam Instruction give here', 1, '{\"1\":{\"catid\":1,\"mcq\":\"15\",\"mcqt\":\"30\",\"sq\":\"0\",\"bq\":\"0\",\"dt\":\"0\"}}', '0', 0, 2, 0, 12, 1, 2, 2, '2019-08-29 04:46:27', '2019-08-29 04:49:50'),
(11, 1, 8, 3, 1, 'Visual spatial working memory test', 2020, 'Exam instruction is here', 1, '{\"2\":{\"catid\":2,\"mcq\":\"10\",\"mcqt\":\"30\",\"sq\":\"0\",\"bq\":\"0\",\"dt\":\"0\"}}', '0', 0, 2, 1, 13, 1, 2, 2, '2019-08-29 04:48:47', '2019-08-29 04:49:40'),
(12, 2, 8, 3, 1, 'Perception Test Anxiety', 2020, NULL, NULL, '{\"1\":{\"catid\":1,\"mcq\":\"10\",\"mcqt\":\"30\",\"sq\":0,\"bq\":0,\"dt\":0}}', '0', 0, 1, 0, 5, 1, 2, 2, '2020-01-26 08:33:54', '2020-01-26 08:42:50'),
(13, 3, 8, 3, 1, 'Perception Test Anxiety', 2020, NULL, NULL, '{\"1\":{\"catid\":1,\"mcq\":\"10\",\"mcqt\":\"30\",\"sq\":0,\"bq\":0,\"dt\":0}}', '0', 0, 1, 0, 6, 1, 2, NULL, '2020-01-26 08:51:16', '2020-01-26 14:51:16'),
(14, 3, 8, 3, 1, 'IQ Test Bangla', 2020, NULL, NULL, '{\"3\":{\"catid\":3,\"mcq\":\"30\",\"mcqt\":\"30\",\"sq\":0,\"bq\":0,\"dt\":0}}', '0', 1, 0, 0, 8, 1, 2, NULL, '2020-01-26 09:46:20', '2020-01-26 15:46:20'),
(15, 3, 3, 3, 1, 'IQ Test', 2020, NULL, 1, '{\"3\":{\"catid\":3,\"mcq\":\"30\",\"mcqt\":\"45\",\"sq\":0,\"bq\":0,\"dt\":0}}', '0', 1, 0, 0, 12, 1, 2, NULL, '2020-01-26 10:15:15', '2020-01-26 16:15:15'),
(16, 3, 4, 3, 1, 'Data analysis and probability Test', 2020, NULL, 1, '{\"2\":{\"catid\":2,\"mcq\":\"20\",\"mcqt\":\"30\",\"sq\":0,\"bq\":0,\"dt\":0}}', '0', 1, 0, 0, 14, 1, 2, 2, '2020-01-26 11:05:47', '2020-01-26 11:21:27'),
(17, 3, 3, 3, 1, 'Diagnostic Test BV', 2020, NULL, 2, '{\"1\":{\"catid\":1,\"mcq\":\"40\",\"mcqt\":\"60\",\"sq\":0,\"bq\":0,\"dt\":0}}', '0', 1, 0, 0, NULL, 1, 2, NULL, '2020-01-26 11:45:58', '2020-01-26 17:45:58'),
(18, 3, 4, 3, 1, 'Arithmetic test BV', 2020, NULL, 1, '{\"4\":{\"catid\":4,\"mcq\":\"23\",\"mcqt\":\"30\",\"sq\":0,\"bq\":0,\"dt\":0}}', '0', 1, 0, 0, NULL, 1, 2, NULL, '2020-01-26 12:18:06', '2020-01-26 18:18:06');

-- --------------------------------------------------------

--
-- Table structure for table `bdedu_exam_categories`
--

CREATE TABLE `bdedu_exam_categories` (
  `exam_category_row_id` int(11) NOT NULL,
  `module_row_id` int(11) NOT NULL,
  `school_row_id` int(3) DEFAULT NULL,
  `exam_category_name` varchar(255) NOT NULL,
  `exam_category_slug` varchar(255) NOT NULL,
  `icon_name` varchar(255) DEFAULT NULL,
  `parent_id` int(11) DEFAULT NULL,
  `has_child` int(11) DEFAULT NULL,
  `is_difficulty_level` tinyint(1) DEFAULT '1' COMMENT '1 ~ means has difficulty level, 0 ~ means have no difficulty level',
  `sort_order` int(3) NOT NULL DEFAULT '1',
  `status` tinyint(1) DEFAULT '1',
  `created_by` int(11) NOT NULL,
  `updated_by` int(11) DEFAULT NULL,
  `created_at` datetime NOT NULL,
  `updated_at` datetime DEFAULT CURRENT_TIMESTAMP
) ENGINE=InnoDB DEFAULT CHARSET=latin1;

--
-- Dumping data for table `bdedu_exam_categories`
--

INSERT INTO `bdedu_exam_categories` (`exam_category_row_id`, `module_row_id`, `school_row_id`, `exam_category_name`, `exam_category_slug`, `icon_name`, `parent_id`, `has_child`, `is_difficulty_level`, `sort_order`, `status`, `created_by`, `updated_by`, `created_at`, `updated_at`) VALUES
(1, 3, 1, 'Diagnostic test', 'diagnostic-test', '', NULL, NULL, 1, 1, 1, 2, NULL, '2019-05-15 06:46:45', NULL),
(2, 3, 1, 'Data Analysis and Probability', 'data-analysis-probability-test', '', NULL, NULL, 0, 2, 1, 2, NULL, '2019-05-15 06:48:53', NULL),
(3, 3, 1, 'IQ test', 'iq-test', '', NULL, NULL, 0, 3, 1, 2, NULL, '2019-05-15 06:49:36', NULL),
(4, 3, 1, 'Arithmetic', 'arithmetic', '', NULL, NULL, 0, 4, 1, 2, NULL, '2019-05-15 06:50:11', NULL),
(5, 3, 1, 'Geometry', 'geometry', '', NULL, NULL, 0, 5, 1, 2, NULL, '2019-05-15 06:51:05', NULL),
(6, 3, 1, 'Algebra', 'algebra', '', NULL, NULL, 0, 6, 1, 2, NULL, '2019-05-15 06:51:48', NULL),
(7, 3, 1, 'Numerical skill test', 'numerical-skill-test', '', NULL, NULL, 0, 7, 1, 2, NULL, '2019-05-15 06:52:45', NULL),
(8, 3, 1, 'Working Memory', 'working-memory', '', NULL, NULL, 1, 8, 1, 2, NULL, '2019-07-10 06:48:09', NULL);

-- --------------------------------------------------------

--
-- Table structure for table `bdedu_exam_questions`
--

CREATE TABLE `bdedu_exam_questions` (
  `exam_question_row_id` int(11) NOT NULL,
  `education_type_row_id` int(11) NOT NULL,
  `class_row_id` text CHARACTER SET utf8 COLLATE utf8_unicode_ci COMMENT 'JSON Format Class',
  `module_row_id` int(11) NOT NULL,
  `school_row_id` int(3) DEFAULT NULL,
  `exam_category_row_id` int(11) NOT NULL,
  `question_type` int(11) NOT NULL COMMENT '1 ~ Multiple Choice, 2 ~ Short Descriptive, 3 ~ Broad Descriptive',
  `question_title` text CHARACTER SET utf8 COLLATE utf8_unicode_ci,
  `question_title_attachment` varchar(255) DEFAULT NULL COMMENT 'Image,Audio,Video',
  `question_level` text COMMENT '1 ~ Foundation, 2 ~ Intermediate, 3 ~ Advance',
  `question_mimetype` int(3) DEFAULT NULL COMMENT '1 ~ Text Question, 2 ~ Image Question, 3 ~ Audio(MP3) Question, 4 ~ Video(MP4) Question',
  `answer_type` int(3) DEFAULT NULL COMMENT '1 ~ Text Answer, 2 ~ Image Answer',
  `mark_weight` int(3) NOT NULL DEFAULT '1',
  `answer_1` varchar(250) CHARACTER SET utf8 COLLATE utf8_unicode_ci DEFAULT NULL,
  `answer_2` varchar(250) CHARACTER SET utf8 COLLATE utf8_unicode_ci DEFAULT NULL,
  `answer_3` varchar(250) CHARACTER SET utf8 COLLATE utf8_unicode_ci DEFAULT NULL,
  `answer_4` varchar(250) CHARACTER SET utf8 COLLATE utf8_unicode_ci DEFAULT NULL,
  `is_correct_answer` int(3) DEFAULT NULL,
  `created_by` int(11) DEFAULT NULL,
  `updated_by` int(11) DEFAULT NULL,
  `created_at` datetime DEFAULT CURRENT_TIMESTAMP,
  `updated_at` datetime DEFAULT CURRENT_TIMESTAMP
) ENGINE=InnoDB DEFAULT CHARSET=latin1;

--
-- Dumping data for table `bdedu_exam_questions`
--

INSERT INTO `bdedu_exam_questions` (`exam_question_row_id`, `education_type_row_id`, `class_row_id`, `module_row_id`, `school_row_id`, `exam_category_row_id`, `question_type`, `question_title`, `question_title_attachment`, `question_level`, `question_mimetype`, `answer_type`, `mark_weight`, `answer_1`, `answer_2`, `answer_3`, `answer_4`, `is_correct_answer`, `created_by`, `updated_by`, `created_at`, `updated_at`) VALUES
(1, 1, '[\"8\"]', 3, 1, 3, 1, '<strong>Which number should come next in the series?<br />\r\n1 2 4 8 16</strong>', NULL, 'null', 1, 1, 1, '20', '25', '32', '36', 3, 2, 2, '2019-05-21 06:18:08', '2019-05-21 07:44:33'),
(2, 1, '[\"8\"]', 3, 1, 3, 1, '<strong>If 2 &rarr; 4, 3 &rarr; 9, 7 &rarr; 49, then 9&rarr; ?</strong>', NULL, 'null', 1, 1, 1, '24', '36', '100', '81', 4, 2, NULL, '2019-05-21 07:44:20', '2019-05-21 13:44:20'),
(3, 1, '[\"8\"]', 3, 1, 3, 1, '<strong>Which number is not a prime 1, 2, 13, 31</strong>', NULL, 'null', 1, 1, 1, '1', '2', '13', '31', 1, 2, NULL, '2019-05-21 07:45:29', '2019-05-21 13:45:29'),
(4, 1, '[\"8\"]', 3, 1, 3, 1, '<strong>Ralph likes 25 but not 24; he likes 49 but not 50; he likes 64 but not87. Which of the following does he like:</strong>', NULL, 'null', 1, 1, 1, '50', '100', '200', '50', 2, 2, NULL, '2019-05-21 07:46:26', '2019-05-21 13:46:26'),
(5, 1, '[\"8\"]', 3, 1, 3, 1, '<strong>Three boys walk up a hill and two of them walk back down. An hour later they walk back up the hill along with four more of their friends. How many boys are on top of the hill?</strong>', NULL, 'null', 1, 1, 1, '3', '7', '9', '11', 2, 2, NULL, '2019-05-21 07:47:42', '2019-05-21 13:47:42'),
(6, 1, '[\"8\"]', 3, 1, 3, 1, '<strong>Which one is the largest fraction?</strong>', NULL, 'null', 1, 1, 1, '34$\\frac{3}{4}$', '45$\\frac{4}{5}$', '56$\\frac{5}{6}$', '78$\\frac{7}{8}$', 4, 2, NULL, '2019-05-21 07:51:20', '2019-05-21 13:51:20'),
(7, 1, '[\"8\"]', 3, 1, 3, 1, '<strong>If you count from 1 to 100, how many 7&#39;s will you pass on the way?</strong>', NULL, 'null', 1, 1, 1, '10', '18', '19', '20', 2, 2, NULL, '2019-05-21 07:52:03', '2019-05-21 13:52:03'),
(8, 1, '[\"8\"]', 3, 1, 3, 1, '<strong>Which of the following&nbsp; is closest in meaning to the saying, &quot;A man is known by the company he keeps.&quot;?`</strong>', NULL, 'null', 1, 1, 1, 'One swallow doesn\'t make a summer', 'A bird in the hand is worth two in the bush', 'Don\'t judge a book by its cover', 'Fine feathers make fine birds', 4, 2, NULL, '2019-05-21 07:53:06', '2019-05-21 13:53:06'),
(10, 1, '[\"8\"]', 3, 1, 3, 1, '<strong>The drawing shows a view of a building. Which drawing exactly represents the top view (ariel view) of this building?</strong>', '1558425578_9Q.png', 'null', 2, 2, 1, '1558425578_9Aa.png', '1558425578_9Ab.png', '1558425578_9Ac.png', '1558425578_9Ad.png', 4, 2, 2, '2019-05-21 07:59:38', '2019-05-23 09:41:31'),
(11, 1, '[\"8\"]', 3, 1, 3, 1, '<strong>The missing number in the last line is :<br />\r\n&nbsp; &nbsp; &nbsp; &nbsp; &nbsp; &nbsp; 5*3&nbsp; =&nbsp; 82<br />\r\n&nbsp;&nbsp;&nbsp;&nbsp;&nbsp;&nbsp;&nbsp;&nbsp;&nbsp;&nbsp;&nbsp; 9*1&nbsp; = 108<br />\r\n&nbsp;&nbsp;&nbsp;&nbsp;&nbsp;&nbsp;&nbsp;&nbsp;&nbsp;&nbsp;&nbsp; 6*3 &nbsp;=&nbsp; 93<br />\r\n&nbsp;&nbsp;&nbsp;&nbsp;&nbsp;&nbsp;&nbsp;&nbsp;&nbsp;&nbsp;&nbsp; 7*2&nbsp; =&nbsp; ?</strong><br />\r\n&nbsp;', NULL, 'null', 1, 1, 1, '95', '104', '704', '114', 1, 2, NULL, '2019-05-21 08:04:06', '2019-05-21 14:04:06'),
(12, 1, '[\"8\"]', 3, 1, 3, 1, '<strong>How many days are there in the month of February, 2016?</strong>', NULL, 'null', 1, 1, 1, '30', '29', '31', '28', 2, 2, NULL, '2019-05-21 08:05:51', '2019-05-21 14:05:51'),
(13, 1, '[\"8\"]', 3, 1, 3, 1, '<strong>Which group of &nbsp;LETTERS is the odd one out?</strong>', NULL, 'null', 1, 1, 1, 'B C D E', 'K L M N', 'U V X Y', 'G H I J', 3, 2, NULL, '2019-05-21 08:23:14', '2019-05-21 14:23:14'),
(14, 1, '[\"8\"]', 3, 1, 3, 1, '<strong>Which of the following numbers is not a perfect square</strong>', NULL, 'null', 1, 1, 1, '36', '49', '64', '90', 4, 2, NULL, '2019-05-21 08:42:07', '2019-05-21 14:42:07'),
(15, 1, '[\"8\"]', 3, 1, 3, 1, '<strong>What is the mark obtained by Sarah?</strong>', '1558428205_15Q.png', 'null', 2, 1, 1, '10.5', '12.5', '9', '14.5', 2, 2, 2, '2019-05-21 08:43:25', '2019-05-23 09:39:32'),
(16, 1, '[\"8\"]', 3, 1, 3, 1, '<strong>At a conference, 4 members shook hands with each other after a meeting. How many total number of handshakes occurred?</strong>', NULL, 'null', 1, 1, 1, '4', '8', '5', '6', 4, 2, NULL, '2019-05-21 08:44:07', '2019-05-21 14:44:07'),
(17, 1, '[\"8\"]', 3, 1, 3, 1, '<strong>The day after the day after tomorrow is four days before Monday. What day is it today?</strong>', NULL, 'null', 1, 1, 1, 'Monday', 'Tuesday', 'Wednesday', 'Thursday', 1, 2, NULL, '2019-05-21 08:44:57', '2019-05-21 14:44:57'),
(18, 1, '[\"8\"]', 3, 1, 3, 1, '<strong>312 is to CAB as 135 is to ?</strong>', NULL, 'null', 1, 1, 1, 'BEC', 'CEA', 'ACE', 'ACD', 3, 2, NULL, '2019-05-21 08:45:46', '2019-05-21 14:45:46'),
(19, 1, '[\"8\"]', 3, 1, 3, 1, '<strong>Library is to book as book is to</strong>', NULL, 'null', 1, 1, 1, 'page', 'copy', 'binding', 'cover', 1, 2, NULL, '2019-05-21 08:46:31', '2019-05-21 14:46:31'),
(20, 1, '[\"8\"]', 3, 1, 3, 1, '<strong>How many different triangles are there in the diagram?</strong>', '1558428437_20Q.png', 'null', 2, 1, 1, '4', '6', '7', '8', 4, 2, 2, '2019-05-21 08:47:17', '2019-05-23 09:38:12'),
(21, 1, '[\"8\"]', 3, 1, 3, 1, '<strong>Which number in the table below is odd one out?</strong> &gt;\r\n<table border=\"1\" cellspacing=\"0\" style=\"width:150px\">\r\n	<tbody>\r\n		<tr>\r\n			<td style=\"text-align:center\"><strong>14</strong></td>\r\n			<td style=\"text-align:center\"><strong>32</strong></td>\r\n		</tr>\r\n		<tr>\r\n			<td style=\"text-align:center\"><strong>17</strong></td>\r\n			<td style=\"text-align:center\"><strong>28</strong></td>\r\n		</tr>\r\n		<tr>\r\n			<td style=\"text-align:center\"><strong>18</strong></td>\r\n			<td style=\"text-align:center\"><strong>64</strong></td>\r\n		</tr>\r\n		<tr>\r\n			<td style=\"text-align:center\"><strong>22</strong></td>\r\n			<td style=\"text-align:center\"><strong>24</strong></td>\r\n		</tr>\r\n	</tbody>\r\n</table>', NULL, 'null', 1, 1, 1, '14', '17', '24', '22', 2, 2, 2, '2019-05-21 08:48:32', '2019-05-22 04:35:41'),
(22, 1, '[\"8\"]', 3, 1, 3, 1, '<strong>Which word is odd one out?</strong>', NULL, 'null', 1, 1, 1, 'apple', 'lemonade', 'orange', 'cherry', 2, 2, NULL, '2019-05-22 04:24:40', '2019-05-22 10:24:40'),
(23, 1, '[\"8\"]', 3, 1, 3, 1, '<strong>Which number should replace the question mark?</strong>\r\n<table border=\"1\" cellspacing=\"0\" style=\"width:100px\">\r\n	<tbody>\r\n		<tr>\r\n			<td style=\"text-align:center\"><strong>4</strong></td>\r\n			<td style=\"text-align:center\"><strong>?</strong></td>\r\n			<td style=\"text-align:center\"><strong>2</strong></td>\r\n		</tr>\r\n		<tr>\r\n			<td style=\"text-align:center\"><strong>3</strong></td>\r\n			<td style=\"text-align:center\"><strong>5</strong></td>\r\n			<td style=\"text-align:center\"><strong>7</strong></td>\r\n		</tr>\r\n		<tr>\r\n			<td style=\"text-align:center\"><strong>8</strong></td>\r\n			<td style=\"text-align:center\"><strong>1</strong></td>\r\n			<td style=\"text-align:center\"><strong>6</strong></td>\r\n		</tr>\r\n	</tbody>\r\n</table>', NULL, 'null', 1, 1, 1, '0', '4', '5', '9', 4, 2, 2, '2019-05-22 04:48:59', '2019-05-29 03:47:13'),
(24, 1, '[\"8\"]', 3, 1, 3, 1, '<strong>Which of the following diagrams is the odd one out?</strong>', '1558500613_23Q.png', 'null', 2, 1, 1, 'A', 'B', 'C', 'D', 4, 2, 2, '2019-05-22 04:50:13', '2019-05-23 09:36:58'),
(25, 1, '[\"8\"]', 3, 1, 3, 1, '<strong>A, BC, DEF,&nbsp;&nbsp; - - - - - - ?&nbsp; What is the next pattern of letters?</strong>', NULL, 'null', 1, 1, 1, 'ABCD', 'BCDE', 'GHIJ', 'CDEF', 3, 2, NULL, '2019-05-22 04:51:18', '2019-05-22 10:51:18'),
(26, 1, '[\"8\"]', 3, 1, 3, 1, '<strong>which word in this list doesn&#39;t belong to the same group:</strong>', NULL, 'null', 1, 1, 1, 'Receiver', 'Reviver', 'Race car', 'Radar', 3, 2, NULL, '2019-05-22 04:52:12', '2019-05-22 10:52:12'),
(27, 1, '[\"8\"]', 3, 1, 3, 1, '<strong>What 3D Shape can be made from the following cut out?</strong>', '1558500841_26Q.png', 'null', 2, 1, 1, 'Sphere', 'Cylinder', 'Cone', 'Pyramid', 2, 2, 2, '2019-05-22 04:54:01', '2019-05-29 03:41:40'),
(28, 1, '[\"8\"]', 3, 1, 3, 1, '<strong>In 7 years&rsquo; time the combined age of my sister and her three children will be 92. What will be the combined age in 4 years&rsquo; time?&nbsp;</strong>', NULL, 'null', 1, 1, 1, '64', '28', '80', '23', 3, 2, NULL, '2019-05-22 04:54:59', '2019-05-22 10:54:59'),
(29, 1, '[\"8\"]', 3, 1, 3, 1, '<strong>If A = 4.4,&nbsp;&nbsp; B = 3.6,&nbsp;&nbsp; and C = 2 then what is the value of $\\frac{A^2 - B^2}{A - B}$ + C</strong>', NULL, 'null', 1, 1, 1, '0.8', '10', '2.8', '9', 2, 2, NULL, '2019-05-22 05:00:54', '2019-05-22 11:00:54'),
(30, 1, '[\"8\"]', 3, 1, 3, 1, '<strong>The white dot moves two places anti-clockwise at each stage and the black moves one place clockwise. After how many stages will they be together in the same corner?</strong>', '1558501305_29Q.png', 'null', 2, 1, 1, '1', '2', '3', '4', 4, 2, 2, '2019-05-22 05:01:45', '2019-05-29 03:46:45'),
(31, 1, '[\"8\"]', 3, 1, 3, 1, '<strong>Which figure should replace the question mark?</strong>', '1558501437_30Q.png', 'null', 2, 2, 1, '1558501437_30Aa.png', '1558501437_30Ab.png', '1558501437_30Ac.png', '1558501437_30Ad.png', 1, 2, 2, '2019-05-22 05:03:57', '2019-05-29 03:39:44'),
(32, 1, '[\"8\"]', 3, 1, 3, 1, '<strong>If 4*6=2, 7*8=1, 14*10=4 then, 8*18= ?</strong>', NULL, 'null', 1, 1, 1, '10', '2', '- 10', '26', 1, 2, NULL, '2019-05-22 05:06:16', '2019-05-22 11:06:16'),
(33, 1, '[\"8\"]', 3, 1, 3, 1, '<strong>If x &gt; y then which one of the following may not be true.</strong>', NULL, 'null', 1, 1, 1, 'x + 3 > y + 3', '3x > 3y', 'x - 5 > y - 5', 'x + 2 > y + 5', 4, 2, NULL, '2019-05-22 05:07:46', '2019-05-22 11:07:46'),
(34, 1, '[\"8\"]', 3, 1, 3, 1, '<strong>The average of the three numbers - N , 3 and N is</strong>', NULL, 'null', 1, 1, 1, '0', '1', '2', '$\\frac{2N + 3}{3}$', 2, 2, NULL, '2019-05-22 05:16:57', '2019-05-22 11:16:57'),
(35, 1, '[\"8\"]', 3, 1, 3, 1, '<strong>Which one of the following is not true for this triangle?</strong>', '1558502448_34Q.png', 'null', 2, 1, 1, 'AC = AB + BC', 'AC<sup>2</sup> = AB<sup>2</sup> + BC<sup>2</sup>', '∠ABC = 90<sup>0</sup>', 'AB + BC > AC', 1, 2, NULL, '2019-05-22 05:19:16', '2019-05-22 11:19:16'),
(36, 1, '[\"8\"]', 3, 1, 3, 1, '<strong>Which piece of shape below when fitted into the above will form a perfect square?</strong>', '1558502449_35Q.png', 'null', 2, 2, 1, '1558502449_35Aa.png', '1558502449_35Ab.png', '1558502449_35Ac.png', '1558502449_35Ad.png', 3, 2, 2, '2019-05-22 05:20:49', '2019-05-29 03:45:55'),
(37, 1, '[\"8\"]', 3, 1, 3, 1, '<strong>Which jar is better value for money?</strong>', NULL, 'null', 1, 2, 1, '1558502538_36Aa.png', '1558502538_36Ab.png', '1558502538_36Ac.png', '1558502538_36Ad.png', 2, 2, NULL, '2019-05-22 05:22:18', '2019-05-22 11:22:18'),
(38, 1, '[\"8\"]', 3, 1, 3, 1, '<strong>What is the number that is one half of one quarter of one tenth of 480?</strong>', NULL, 'null', 1, 1, 1, '48', '60', '6', '24', 3, 2, NULL, '2019-05-22 05:23:03', '2019-05-22 11:23:03'),
(39, 1, '[\"8\"]', 3, 1, 3, 1, '<strong>What fraction will come next $\\frac{2}{4}$&nbsp; &nbsp; $\\frac{4}{9}$&nbsp; &nbsp; $\\frac{6}{16}$&nbsp; &nbsp; ?</strong>', NULL, 'null', 1, 1, 1, '$\\frac{8}{20}$', '$\\frac{10}{25}$', '$\\frac{8}{25}$', '$\\frac{9}{18}$', 3, 2, NULL, '2019-05-22 05:26:05', '2019-05-22 11:26:05'),
(40, 1, '[\"8\"]', 3, 1, 3, 1, '<strong>If PRF represents 254, RPQ represents 529 and FQS represents 491, then what does FSQ represent?</strong>', NULL, 'null', 1, 1, 1, '419', '452', '924', '195', 1, 2, NULL, '2019-05-22 05:26:55', '2019-05-22 11:26:55'),
(41, 1, '[\"8\"]', 3, 1, 3, 1, '<strong>Which of the below conclusions can be drawn with absolute certainty based on the following two propositions?</strong>\r\n<ol>\r\n	<li><strong>None of the stamp collectors is an architect.</strong></li>\r\n	<li><strong>All the Sailors are stamp collectors</strong></li>\r\n</ol>', NULL, 'null', 1, 1, 1, 'all stamp collectors are architects', 'architects are not Sailors', 'no stamp collector is Sailors', 'some Sailors are architects', 2, 2, NULL, '2019-05-22 05:28:30', '2019-05-22 11:28:30'),
(42, 1, '[\"8\"]', 3, 1, 3, 1, '<strong>If the quadrilateral ABCD is a parallel, what are the coordinates of D?</strong>', '1558502993_41Q.png', 'null', 2, 1, 1, '( 2, 7)', '(6, 2)', '(1, 2)', '(2, 1)', 3, 2, 2, '2019-05-22 05:29:53', '2019-05-29 03:45:08'),
(43, 1, '[\"8\"]', 3, 1, 3, 1, 'If the triangle ABC and DEF are similar, then what is the size if the side EF?', '1558503046_42Q.png', 'null', 2, 1, 1, '6', '8', '12', '18', 4, 2, 2, '2019-05-22 05:30:46', '2019-05-22 09:46:38'),
(44, 1, '[\"8\"]', 3, 1, 3, 1, '<strong>Which of the figures in the bottom row should logically be in the spot of the question mark in the top row?</strong>', '1558503125_43Q.png', 'null', 2, 2, 1, '1558503125_43Aa.png', '1558503125_43Ab.png', '1558503125_43Ac.png', '1558503125_43Ad.png', 2, 2, 2, '2019-05-22 05:32:05', '2019-05-29 03:44:41'),
(45, 1, '[\"8\"]', 3, 1, 3, 1, '<strong>What number best completes the analogy:&nbsp;&nbsp; 5:3 as 10: &nbsp;&nbsp;?</strong>', NULL, 'null', 1, 1, 1, '3', '6', '5', '1', 2, 2, NULL, '2019-05-22 05:32:45', '2019-05-22 11:32:45'),
(46, 1, '[\"8\"]', 3, 1, 3, 1, '<strong>What relation is your niece&#39;s brother to you?</strong>', NULL, 'null', 1, 1, 1, 'Son', 'Cousins', 'Uncle', 'Nephew', 3, 2, NULL, '2019-05-22 05:33:26', '2019-05-22 11:33:26'),
(47, 1, '[\"8\"]', 3, 1, 3, 1, '<strong>What relation is your nephew&#39;s brother to you?</strong>', NULL, 'null', 1, 1, 1, 'Son', 'Cousins', 'Uncle', 'Nephew', NULL, 2, 2, '2019-05-22 05:38:09', '2019-05-22 05:38:38'),
(48, 1, '[\"8\"]', 3, 1, 3, 1, '<strong>Which larger shape would be made if the two sections are fitted together?</strong>', '1558503594_47Q.png', 'null', 2, 2, 1, '1558503594_47Aa.png', '1558503594_47Ab.png', '1558503594_47Ac.png', '1558503594_47Ad.png', 3, 2, 2, '2019-05-22 05:39:54', '2019-05-29 03:43:26'),
(49, 1, '[\"8\"]', 3, 1, 3, 1, '<strong>How many four-sided figures appear in the diagram below?</strong>', '1558503645_48Q.png', 'null', 2, 1, 1, '10', '25', '24', '14', 2, 2, 2, '2019-05-22 05:40:45', '2019-05-29 03:42:56'),
(50, 1, '[\"8\"]', 3, 1, 3, 1, '<strong>Which of the figures below the line of drawings best completes the series?</strong>', '1558503880_49Q.png', 'null', 2, 2, 1, '1558503880_49Aa.png', '1558503880_49Ab.png', '1558503880_49Ac.png', '1558503880_49Ad.png', 3, 2, 2, '2019-05-22 05:44:40', '2019-05-29 03:42:28'),
(51, 1, '[\"8\"]', 3, 1, 3, 1, '<strong>Which one of the following things is the least like the others?</strong>', NULL, 'null', 1, 1, 1, 'Boat', 'Car', 'Bus', 'Train', 1, 2, NULL, '2019-05-22 05:45:29', '2019-05-22 11:45:29'),
(54, 1, '[\"8\"]', 3, 1, 1, 1, 'An oil tank contains 72 liters when it is full. After a journey if $\\frac{5}{12}$ of the tank was empty, how many liters were remains in the tank?', NULL, '[\"1\"]', 1, 1, 1, '30', '40', '32', '42', 4, 2, NULL, '2019-05-22 08:58:08', '2019-05-22 14:58:08'),
(55, 1, '[\"8\"]', 3, 1, 1, 1, 'The diagram shows a circular disc with radius 6 cm. In the centre of the disc there is a circular hole with radius 1 cm. The area of the shaded section is:', '1558515908_1.png', '[\"1\"]', 2, 1, 1, '36 π', '12 π', '11 π', '35 π', 4, 2, 2, '2019-05-22 09:00:36', '2019-05-22 09:05:08'),
(56, 1, '[\"8\"]', 3, 1, 1, 1, 'Which of following expression lies between 6 and 7?', NULL, '[\"1\"]', 1, 1, 1, '√42', '√30', '√35', '√50', 1, 2, NULL, '2019-05-22 09:27:56', '2019-05-22 15:27:56'),
(57, 1, '[\"8\"]', 3, 1, 1, 1, 'Rob had $ 363.75 in his bank account on June 12. He made one deposit and two withdrawals as shown. What was the balance in Rob&rsquo;s bank account after the withdrawal on June 15 ?', '1558517378_2.png', '[\"1\"]', 2, 1, 1, '$170.25', '$352.75', '$374.25', '$557.25', 2, 2, NULL, '2019-05-22 09:29:38', '2019-05-22 15:29:38'),
(58, 1, '[\"8\"]', 3, 1, 1, 1, '&nbsp;If&nbsp;&nbsp;&nbsp;&nbsp; <em>x </em>:&nbsp; 7 =&nbsp; 6 : 21 , what is the value of <em>x.</em><br />\r\n&nbsp;', NULL, '[\"1\"]', 1, 1, 1, '42', '20', '14', '2', 4, 2, NULL, '2019-05-22 09:31:27', '2019-05-22 15:31:27'),
(59, 1, '[\"8\"]', 3, 1, 1, 1, 'What pair of coordinates lie on the line <em>y</em> = -<em> x</em> ?<br />\r\n&nbsp;', NULL, '[\"1\"]', 1, 1, 1, '( 8, 8 )', '( - 8, 8 )', '(- 8, -8 )', 'None of the above', 2, 2, NULL, '2019-05-22 09:32:37', '2019-05-22 15:32:37'),
(60, 1, '[\"8\"]', 3, 1, 1, 1, 'The diagram shows spinner A and spinner B. Which spinner gives you the best chance to get <strong>1</strong>?<br />\r\n&nbsp;', '1558517669_3.png', '[\"1\"]', 2, 1, 1, 'Spinner A', 'Spinner B', 'Same chance', 'Cannot be determined', 1, 2, NULL, '2019-05-22 09:34:29', '2019-05-22 15:34:29'),
(61, 1, '[\"8\"]', 3, 1, 1, 1, 'A man paid tax on $600 at 20%. He paid the tax in 12 equal payments. Each payment was<br />\r\n&nbsp;', NULL, '[\"1\"]', 1, 1, 1, '$10', '$12', '$120', '$100', 1, 2, NULL, '2019-05-22 09:35:35', '2019-05-22 15:35:35'),
(62, 1, '[\"8\"]', 3, 1, 1, 1, 'Look at the diagrams on the centimeter square grid. Work out the <strong>area </strong>that is <strong>shaded </strong>in the diagram.<br />\r\n&nbsp;', '1558518100_5.png', '[\"1\"]', 2, 1, 1, '2', '4', '8', '16', 3, 2, NULL, '2019-05-22 09:41:40', '2019-05-22 15:41:40'),
(63, 1, '[\"8\"]', 3, 1, 1, 1, 'Look at these equations 11 = 6 + a &amp; a + 6 = 10 + b<br />\r\nUse both equations to work out the value of b<br />\r\n&nbsp;', NULL, '[\"1\"]', 1, 1, 1, '4', '5', '8', '1', 4, 2, NULL, '2019-05-22 09:42:40', '2019-05-22 15:42:40'),
(64, 1, '[\"8\"]', 3, 1, 1, 1, 'In this design, the ratio of grey to black is 3 : 1. What percentage of the design is black?<br />\r\n&nbsp;', '1558518316_6.png', '[\"1\"]', 2, 1, 1, '20%', '33  $\\frac{1}{3}$%', '25%', '60%', 3, 2, NULL, '2019-05-22 09:45:16', '2019-05-22 15:45:16'),
(65, 1, '[\"8\"]', 3, 1, 1, 1, 'A shopkeeper bought a car for $ 800 and sold it for $ 640. What is her loss percentage?', NULL, '[\"1\"]', 1, 1, 1, '80%', '25%', '20%', '75%', 3, 2, NULL, '2019-05-22 09:46:25', '2019-05-22 15:46:25'),
(66, 1, '[\"8\"]', 3, 1, 1, 1, 'A father leaves a legacy of $ 36000 to be divided between his two sons Bernard and Charles in the ratios 5: 4. What does each receive?', NULL, '[\"1\"]', 1, 1, 1, 'Bernard   $ 16,000 and Charles $ 20,000', 'Bernard   $ 12,000 and Charles $ 24,000', 'Bernard   $ 20,000 and Charles $ 16,000', 'Bernard   $ 14,000 and Charles $ 22,000', 3, 2, NULL, '2019-05-22 09:47:26', '2019-05-22 15:47:26'),
(67, 1, '[\"8\"]', 3, 1, 1, 1, 'What is the order&nbsp; of rotational symmetry of the&nbsp; following pattern ?<br />\r\n&nbsp;', '1558518512_7.png', '[\"1\"]', 2, 1, 1, '1', '2', '3', '4', 3, 2, 2, '2019-05-22 09:48:32', '2019-05-23 04:29:24'),
(68, 1, '[\"8\"]', 3, 1, 1, 1, 'What is the value of  $\\frac{12÷2 ×3}{10-2 ×4}$', NULL, '[\"1\"]', 1, 1, 1, '1', '9', '$\\frac{9}{16}$', '$\\frac{9}{16}$', NULL, 2, NULL, '2019-05-22 09:50:47', '2019-05-22 15:50:47'),
(69, 1, '[\"8\"]', 3, 1, 1, 1, 'Which of the following points lie on the line <em>y = 3x - 2</em><br />\r\n<br />\r\n&nbsp;', NULL, '[\"1\"]', 1, 1, 1, '(1, 2)', '(2, 5)', '(0, 2)', '( 3, 7)', 4, 2, NULL, '2019-05-22 09:52:54', '2019-05-22 15:52:54'),
(70, 1, '[\"8\"]', 3, 1, 1, 1, 'In January Anna ran the 400 m in 60 seconds. In February she decreased her time by 10%. What is her improved time?', NULL, '[\"1\"]', 1, 1, 1, '24 sec', '36 sec', '40 sec', '54 sec', 4, 2, NULL, '2019-05-22 09:53:56', '2019-05-22 15:53:56'),
(71, 1, '[\"8\"]', 3, 1, 1, 1, 'What is the smallest number is to be added with 57 to make it exactly divisible by 7.', NULL, '[\"1\"]', 1, 1, 1, '13', '6', '12', '7', 2, 2, NULL, '2019-05-22 09:54:46', '2019-05-22 15:54:46'),
(72, 1, '[\"8\"]', 3, 1, 1, 1, 'A dress is marked 20% more than its cost prize. If the marked prize is Tk. 600, what was its cost prize in Tk.?', NULL, '[\"1\"]', 1, 1, 1, '522', '720', '480', '500', 4, 2, NULL, '2019-05-22 09:55:40', '2019-05-22 15:55:40'),
(73, 1, '[\"8\"]', 3, 1, 1, 1, 'What is half of 40% of 400?<br />\r\n&nbsp;', NULL, '[\"1\"]', 1, 1, 1, '80', '160', '320', '200', 2, 2, NULL, '2019-05-22 09:56:49', '2019-05-22 15:56:49'),
(74, 1, '[\"8\"]', 3, 1, 1, 1, 'If the lowest value of a set of five consecutive positive integers 13, then their average is :', NULL, '[\"1\"]', 1, 1, 1, '15', '13', '18', '65', 1, 2, NULL, '2019-05-22 09:57:33', '2019-05-22 15:57:33'),
(75, 1, '[\"8\"]', 3, 1, 1, 1, 'The next number of the sequence&nbsp;&nbsp; 81 27&nbsp;&nbsp;&nbsp;&nbsp;&nbsp;&nbsp;&nbsp; 9&nbsp;&nbsp;&nbsp;&nbsp;&nbsp;&nbsp;&nbsp;&nbsp;&nbsp; 3&nbsp;&nbsp;&nbsp;&nbsp; - - - - - &nbsp;&nbsp;&nbsp;&nbsp;&nbsp; is', NULL, '[\"1\"]', 1, 1, 1, '0', '1', '0.33', '3', 2, 2, NULL, '2019-05-22 09:58:39', '2019-05-22 15:58:39'),
(76, 1, '[\"8\"]', 3, 1, 1, 1, 'The biggest chord of a circle is called<br />\r\n&nbsp;', NULL, '[\"1\"]', 1, 1, 1, 'Radius', 'tangent', 'Perimeter', 'Diameter', 4, 2, NULL, '2019-05-22 09:59:30', '2019-05-22 15:59:30'),
(77, 1, '[\"8\"]', 3, 1, 1, 1, 'The circumference of a circle is 16&pi; cm. The diameter of this circle in cm is', NULL, '[\"1\"]', 1, 1, 1, '4', '8', '4π', '16', 4, 2, NULL, '2019-05-22 10:00:19', '2019-05-22 16:00:19'),
(78, 1, '[\"8\"]', 3, 1, 1, 1, 'The value of (-1)<sup>10</sup>+(-1)<sup>9</sup>+1 is equal to', NULL, '[\"1\"]', 1, 1, 1, '-1', '3', '1', '2', 3, 2, NULL, '2019-05-23 04:31:08', '2019-05-23 10:31:08'),
(79, 1, '[\"8\"]', 3, 1, 1, 1, 'What is the area, in square inches, of this quadrilateral?<br />\r\n&nbsp;', '1558586210_10.png', '[\"1\"]', 2, 1, 1, '160 in.<sup>2</sup>', '320 in.<sup>2</sup>', '80 in.<sup>2</sup>', '324 in.<sup>2</sup>', 3, 2, NULL, '2019-05-23 04:36:50', '2019-05-23 10:36:50'),
(80, 1, '[\"8\"]', 3, 1, 1, 1, 'What is the value of&nbsp; $\\frac{8}{3}n^3$&nbsp;when <em>n=&nbsp;$\\frac{3}{2}$</em><br />\r\n<br />\r\n&nbsp;', NULL, '[\"1\"]', 1, 1, 1, '12', '9', '6', '4', 2, 2, NULL, '2019-05-23 04:40:47', '2019-05-23 10:40:47'),
(81, 1, '[\"8\"]', 3, 1, 1, 1, 'Simplified,&nbsp; (6y)<sup>2</sup><em>&divide;</em>2y equals :<br />\r\n&nbsp;', NULL, '[\"1\"]', 1, 1, 1, '9 y<sup>3</sup>', '18 y<sup>2</sup>', '18 y', '6 y<sup>2</sup>', 3, 2, NULL, '2019-05-23 04:43:39', '2019-05-23 10:43:39'),
(82, 1, '[\"8\"]', 3, 1, 1, 1, '<strong>The diagram shows a rectangular based prism. What is the total surface area of this prism?</strong>', '1558586762_2Q.png', '[\"3\"]', 2, 1, 1, '220 square inches', '208 square inches', '110 square inches', '168 square inches', 1, 2, 2, '2019-05-23 04:46:02', '2019-05-23 05:02:30'),
(83, 1, '[\"8\"]', 3, 1, 1, 1, 'Evaluate by factorization the value of 99<sup>2</sup> -&nbsp; 1<sup>2</sup><br />\r\n&nbsp;', NULL, '[\"1\"]', 1, 1, 1, '9800', '98', '980', '100', 1, 2, NULL, '2019-05-23 04:47:56', '2019-05-23 10:47:56'),
(84, 1, '[\"8\"]', 3, 1, 1, 1, 'Jan&rsquo;s age is 17 years 9 months and Habib&rsquo;s age is 21 years 7 months. What is the sum of their ages?<br />\r\n&nbsp;', NULL, '[\"1\"]', 1, 1, 1, '36 years 16 months', '38 years 4 months', '36 years 6 months', '39 years 4 months', 4, 2, NULL, '2019-05-23 04:49:00', '2019-05-23 10:49:00'),
(85, 1, '[\"8\"]', 3, 1, 1, 1, 'The lengths of the adjacent sides of a right angle triangle are 5 and 12.What is the length of the hypotenuse?', NULL, '[\"1\"]', 1, 1, 1, '17', '$\\sqrt{17}$', '13', '119', 3, 2, NULL, '2019-05-23 04:51:39', '2019-05-23 10:51:39'),
(86, 1, '[\"8\"]', 3, 1, 1, 1, 'Which of the following set can not be the sides of a triangle?<br />\r\n&nbsp;', NULL, '[\"1\"]', 1, 1, 1, '6  &nbsp;&nbsp;  6&nbsp;&nbsp;  13', '2&nbsp; &nbsp;  3&nbsp;&nbsp;   4', '2&nbsp; &nbsp;  5&nbsp;&nbsp;   6', '4&nbsp; &nbsp;  4&nbsp;&nbsp;   4', 1, 2, NULL, '2019-05-23 04:54:30', '2019-05-23 10:54:30'),
(87, 1, '[\"8\"]', 3, 1, 1, 1, 'The coordinate of the point A&nbsp; is<br />\r\n&nbsp;', '1558587501_11.png', '[\"1\"]', 2, 1, 1, '(2, -1)', '(-2, -1)', '(-1, 2)', '(-1, -2)', 3, 2, NULL, '2019-05-23 04:58:21', '2019-05-23 10:58:21'),
(88, 1, '[\"8\"]', 3, 1, 1, 1, 'How many faces does the shape have?<br />\r\n&nbsp;', '1558587573_12.png', '[\"1\"]', 2, 1, 1, '4', '5', '6', '7', 4, 2, NULL, '2019-05-23 04:59:33', '2019-05-23 10:59:33'),
(89, 1, '[\"8\"]', 3, 1, 1, 1, 'Which one of the following is the correct expansion of&nbsp; 2x (3x &ndash; 2y + 1)', NULL, '[\"1\"]', 1, 1, 1, '6x<sup>2</sup> – 4xy + 2', 'x<sup>2</sup> – 4xy + 2x', '6x<sup>2</sup> – 4xy + 2x', '6x<sup>2</sup> –xy + 2', 3, 2, NULL, '2019-05-23 05:01:31', '2019-05-23 11:01:31'),
(90, 1, '[\"8\"]', 3, 1, 1, 1, '<strong>If the side of square is increased by 10% then its area is increased by:</strong>', NULL, '[\"3\"]', 1, 1, 1, '100%', '21%', '11%', '20%', 2, 2, 2, '2019-05-23 05:05:45', '2019-05-23 05:14:00'),
(91, 1, '[\"8\"]', 3, 1, 1, 1, '<strong>What is the area of this polygon?</strong>', '1558588543_3Q.png', '[\"3\"]', 2, 1, 1, '77 sq cm', '86 sq cm', '108 sq cm', '96 sq cm', 4, 2, NULL, '2019-05-23 05:15:43', '2019-05-23 11:15:43'),
(92, 1, '[\"8\"]', 3, 1, 1, 1, '<strong>The figure is formed by a square and an isosceles trapezoid. What is the perimeter of this figure?</strong>', '1558588692_4Q.png', '[\"3\"]', 2, 1, 1, '44 in.', '19 in.', '39 in.', '44 in', 4, 2, NULL, '2019-05-23 05:18:12', '2019-05-23 11:18:12'),
(93, 1, '[\"8\"]', 3, 1, 1, 1, '<strong>Raymond needs to cover the entire surface of this square-based pyramid with paper. What is the minimum amount of paper he will need? What is the minimum amount of paper he will need?</strong>', '1558588914_5Q.png', '[\"3\"]', 2, 1, 1, '672 sq ft', '276 sq ft', '408 sq ft', '528 sq ft', 3, 2, 2, '2019-05-23 05:21:54', '2019-05-23 05:22:09'),
(94, 1, '[\"8\"]', 3, 1, 1, 1, '<strong>At 10:00 am a women starts walking at 6 km/h. to a station 9 km away. She waits there for quarter of an hour before by bicycle at 18 km/h. She arrives back at:</strong>', NULL, '[\"3\"]', 1, 1, 1, '12:45 pm', '12:15 pm', '11:45 pm', 'None of these', 2, 2, 2, '2019-05-23 05:25:08', '2019-05-23 05:25:14'),
(95, 1, '[\"8\"]', 3, 1, 1, 1, '<strong>There are 20 question in a test. 5 marks are given for each correct answer. 1 mark is deducted for each unanswered or incorrect answer. Sarah gets <em>n questions</em> correct. Her total marks, in terms of <em>n </em>is:&nbsp;</strong>', NULL, '[\"3\"]', 1, 1, 1, '4n -20', '6n – 20', '100 – 20n', '5n - 20', 2, 2, NULL, '2019-05-23 05:26:14', '2019-05-23 11:26:14'),
(96, 1, '[\"8\"]', 3, 1, 1, 1, '<strong>Hamid&rsquo;s age is x years and his mother is five times as old. What will be their combined age in y years time?&nbsp;</strong>', NULL, '[\"3\"]', 1, 1, 1, '6x + y  years', '5xy  years', '6x + 2y years', '6xy  years', 2, 2, NULL, '2019-05-23 05:29:02', '2019-05-23 11:29:02'),
(97, 1, '[\"8\"]', 3, 1, 1, 1, '<strong>I start with a square of paper.I fold it in half, then in half again, then I cut out one shape. Then I unfold my paper.Circle the diagram below that shows what my paper looks like now.</strong>', '1558589462_9Q.png', '[\"3\"]', 2, 2, 1, '1558589462_9Aa.png', '1558589462_9Ab.png', '1558589462_9Ac.png', '1558589462_9Ad.png', 2, 2, NULL, '2019-05-23 05:31:02', '2019-05-23 11:31:02'),
(98, 1, '[\"8\"]', 3, 1, 1, 1, '<strong>Convert 72 km/h&nbsp; into&nbsp; m/s. </strong>', NULL, '[\"3\"]', 1, 1, 1, '30 m/s', '40 m/s', '120 m/s', '20 m/s', 4, 2, 2, '2019-05-23 05:32:33', '2019-05-23 09:35:31'),
(99, 1, '[\"8\"]', 3, 1, 1, 1, '<strong>Two circles with radii 10cm and 6cm touch each other internally. What is the distance between the centers?&nbsp;</strong>', NULL, '[\"3\"]', 1, 1, 1, '16 cm', '6 cm', '2 cm', '4 cm', 3, 2, NULL, '2019-05-23 05:33:21', '2019-05-23 11:33:21'),
(100, 1, '[\"8\"]', 3, 1, 1, 1, '<strong>Which one of the following is greater?&nbsp;</strong>', NULL, '[\"3\"]', 1, 1, 1, '30% 0f 200', '$\\frac{1}{3}$ of  200', '0.40 × 200', 'None of the above', 3, 2, NULL, '2019-05-23 05:34:41', '2019-05-23 11:34:41'),
(101, 1, '[\"8\"]', 3, 1, 1, 1, '<strong>A cube has a side length of 2p cm. Its volume is:</strong>', NULL, '[\"3\"]', 1, 1, 1, '2p<sup>3</sup> cm<sup>3</sup>', '8p <sup>3</sup>', '4p<sup>2</sup>  cm<sup>3</sup>', '8p<sup>3</sup> cm</sup>3</sup>', 4, 2, NULL, '2019-05-23 05:37:33', '2019-05-23 11:37:33'),
(102, 1, '[\"8\"]', 3, 1, 1, 1, '<strong>Using the following conversion scale calculate approximately 3 Euros is equal to how many Pounds sterling.&nbsp;</strong>', '1558589921_14Q.png', '[\"3\"]', 2, 1, 1, '4 Pounds sterling', '9 Pounds sterling', '10 Pounds sterling', '5 Pounds sterling', 4, 2, NULL, '2019-05-23 05:38:41', '2019-05-23 11:38:41'),
(103, 1, '[\"8\"]', 3, 1, 1, 1, '<strong>A meter is increased by 10 mm. The percentage increase is:&nbsp;</strong>', NULL, '[\"3\"]', 1, 1, 1, '1 %', '10%', '0.1%', '0.01%', 1, 2, NULL, '2019-05-23 05:39:39', '2019-05-23 11:39:39'),
(104, 1, '[\"8\"]', 3, 1, 1, 1, '<strong>The value of 2 $\\frac{2}{3}$ &divide; 1 $\\frac{2}{3}$ &times; 1 $\\frac{1}{4}$ - 2 is&nbsp;</strong>', NULL, '[\"3\"]', 1, 1, 1, '0', '1', '$\\frac{1}{2}$', '2', 1, 2, 2, '2019-05-23 05:42:38', '2019-06-19 07:33:09'),
(105, 1, '[\"8\"]', 3, 1, 1, 1, '<strong>What feature is not common in the following sets of numbers?<br />\r\n16&nbsp;&nbsp;&nbsp;&nbsp;&nbsp;&nbsp;&nbsp; 8&nbsp;&nbsp;&nbsp;&nbsp;&nbsp;&nbsp;&nbsp;&nbsp;&nbsp; 52&nbsp;&nbsp;&nbsp;&nbsp;&nbsp;&nbsp;&nbsp; 16&nbsp;&nbsp;&nbsp;&nbsp;&nbsp;&nbsp;&nbsp; 100&nbsp;&nbsp;&nbsp;&nbsp;&nbsp; 80</strong>', NULL, '[\"3\"]', 1, 1, 1, 'They are all multiple of 4', 'They are all whole numbers', 'They are not divisible by 6', 'They are divisible by five', 4, 2, NULL, '2019-05-23 05:43:27', '2019-05-23 11:43:27'),
(106, 1, '[\"8\"]', 3, 1, 1, 1, '<strong>A man spends 40% of his salary on food expenses, 10% on traveling expenses, 30% on house rent and was finally left with $200. How much was his salary?</strong>', NULL, '[\"3\"]', 1, 1, 1, '$1000', '$ 4000', '$2000', '$ 8000', 4, 2, NULL, '2019-05-23 05:44:23', '2019-05-23 11:44:23'),
(107, 1, '[\"8\"]', 3, 1, 1, 1, '<strong>The ages of 4 students are 8 years 3 months, 9 years 1 months,9 years 4 months and 10 years. Their average / mean age is:</strong>', NULL, '[\"3\"]', 1, 1, 1, '9 years 2 months', '9 years 3 months', '8 years 2 months', '9 years 1 months', 1, 2, NULL, '2019-05-23 05:52:30', '2019-05-23 11:52:30'),
(108, 1, '[\"8\"]', 3, 1, 1, 1, '<strong>If the following rectangle were folded thrice lengthwise and twice breadthwise, what would be the perimeter of the end shape?</strong>', NULL, '[\"3\"]', 1, 1, 1, '40 cm', '28 cm', '20 cm', '16 cm', 4, 2, NULL, '2019-05-23 05:54:36', '2019-05-23 11:54:36'),
(109, 1, '[\"8\"]', 3, 1, 1, 1, '<strong>For the diagram below, if the larger rectangle has length and breadth as 10 cm and 7 cm respectively and the inner rectangle fits 2 cm inside the larger rectangle from the four sides.<br />\r\nWhat is the length of the diagonal of the smaller rectangle?</strong>', '1558590998_21Q.png', '[\"3\"]', 2, 1, 1, '$\\sqrt{89}$', '$\\sqrt{45}$', '$\\sqrt{129}$', '$\\sqrt{149}$', 2, 2, NULL, '2019-05-23 05:56:38', '2019-05-23 11:56:38'),
(110, 1, '[\"8\"]', 3, 1, 1, 1, '<strong>For the shape below If the length of AD = p, AC = q and BD = r, then in terms of p, q, and r which is the equation of BC.</strong>', '1558591092_22Q.png', '[\"3\"]', 2, 1, 1, 'r – p + q', 'p + q – r', 'r + p – q', 'q – p + r', 1, 2, 2, '2019-05-23 05:58:12', '2019-05-23 05:58:23'),
(111, 1, '[\"8\"]', 3, 1, 1, 1, '<strong>A shopkeeper purchased 20 bulbs for Rs.10 each. However 2 bulbs were fused and had to be thrown away. The remaining were sold at Rs. 15 each. What was the gain?</strong>', NULL, '[\"3\"]', 1, 1, 1, '5', '70', '20', '30', 2, 2, NULL, '2019-05-23 06:01:13', '2019-05-23 12:01:13'),
(112, 1, '[\"8\"]', 3, 1, 1, 1, '<strong>Find the height <em>h</em> of the trapezoid so that its area is equal to 400 square cm.</strong>', '1558591420_26Q.png', '[\"3\"]', 2, 1, 1, '30', '20', '40', '10', 2, 2, NULL, '2019-05-23 06:03:40', '2019-05-23 12:03:40'),
(113, 1, '[\"8\"]', 3, 1, 1, 1, '<strong>What is the coefficient of x2 in the expansion of -3x(5 - 2x)</strong>', NULL, '[\"3\"]', 1, 1, 1, '- 2', '- 6', '6', '5', 3, 2, NULL, '2019-05-23 06:05:05', '2019-05-23 12:05:05'),
(114, 1, '[\"8\"]', 3, 1, 1, 1, '<strong>2.5 kg + 550 gm is equal to&nbsp;</strong>', NULL, '[\"3\"]', 1, 1, 1, '552.5 kg', '552.5 gm', '3.10 kg', '3.05 kg', 4, 2, 2, '2019-05-23 06:05:58', '2019-05-23 06:06:09'),
(115, 1, '[\"8\"]', 3, 1, 1, 1, '<strong>Which two angles are not supplementary?&nbsp;</strong>', NULL, '[\"3\"]', 1, 1, 1, '30 degrees and 150 degrees', '5 degrees and 175 degrees', '89 degrees and 91 degrees', '23 degrees and 177 degrees', 4, 2, NULL, '2019-05-23 06:07:02', '2019-05-23 12:07:02'),
(116, 1, '[\"8\"]', 3, 1, 1, 1, '<strong>What is the perfect definition of the mirror line for the following diagram? </strong>', '1558591710_30Q.png', '[\"3\"]', 2, 1, 1, 'Y axis', 'X = 0', 'Both a and b', 'None', 3, 2, NULL, '2019-05-23 06:08:30', '2019-05-23 12:08:30'),
(117, 1, '[\"8\"]', 3, 1, 1, 1, '<strong>A cube has a total surface area of the six faces equal to 150 square feet. What is the volume of the cube? </strong>', NULL, '[\"3\"]', 1, 1, 1, '25 cm<sup>3</sup>', '900 cm<sup>2</sup>', '5 cm<sup>3</sup>', '125 cm<sup>3</sup>', 4, 2, 2, '2019-05-23 06:09:52', '2019-05-23 06:10:03'),
(118, 1, '[\"8\"]', 3, 1, 1, 1, '<strong>The size of the angles <em>x</em> and <em>y</em> are:</strong>', '1558591902_32Q.png', '[\"3\"]', 2, 1, 1, '64<sup>0</sup> and&nbsp; 26<sup>0</sup>', '64<sup>0</sup> and&nbsp; 52<sup>0</sup> cm<sup>3</sup>', '26<sup>0</sup> and&nbsp; 64<sup>0</sup>', 'None of them', 2, 2, NULL, '2019-05-23 06:11:42', '2019-05-23 12:11:42'),
(119, 1, '[\"8\"]', 3, 1, 1, 1, '<strong>Given that y= - 3x<sup>2&nbsp;</sup>- 5x + 11. what is the value of y when x = - 2</strong>', NULL, '[\"3\"]', 1, 1, 1, '9', '33', '– 11', '23', 1, 2, NULL, '2019-05-23 06:16:57', '2019-05-23 12:16:57'),
(120, 1, '[\"8\"]', 3, 1, 1, 1, '<strong>Which of the following statements is not correct?</strong>', NULL, '[\"3\"]', 1, 1, 1, 'Diameter  = 2 × radious', 'All interior angles of a regular polygon are all equal', 'The sum of any two sides of a triangle is not always greater than the third side.', 'The vertically opposite angles are equal    ', 3, 2, NULL, '2019-05-23 06:17:58', '2019-05-23 12:17:58'),
(121, 1, '[\"8\"]', 3, 1, 1, 1, '<strong>Find the next number of the following series<br />\r\n0&nbsp;&nbsp;&nbsp;&nbsp;&nbsp;&nbsp;&nbsp;&nbsp;&nbsp; 3&nbsp;&nbsp;&nbsp;&nbsp;&nbsp;&nbsp;&nbsp;&nbsp;&nbsp; 8&nbsp;&nbsp;&nbsp;&nbsp;&nbsp;&nbsp;&nbsp;&nbsp;&nbsp; 15&nbsp;&nbsp;&nbsp;&nbsp;&nbsp;&nbsp;&nbsp; 23&nbsp; - - - </strong>', NULL, '[\"3\"]', 1, 1, 1, '30', '35', '38', '33', 2, 2, NULL, '2019-05-23 06:19:16', '2019-05-23 12:19:16'),
(122, 1, '[\"8\"]', 3, 1, 5, 1, '<strong>The sum of the angles at a point is equal to:</strong>', NULL, 'null', 1, 1, 1, '90<sup>0</sup>', '360<sup>0</sup>', '270<sup>0</sup>', '180<sup>0</sup>', 2, 2, 2, '2019-05-26 03:56:22', '2019-05-26 03:59:40'),
(123, 1, '[\"8\"]', 3, 1, 5, 1, '<strong>The perimeter of a rectangular garden is 16 feet. What is the width of the garden if the length is 5?</strong>', NULL, 'null', 1, 1, 1, '5', '4', '2', '3', 4, 2, NULL, '2019-05-26 03:58:30', '2019-05-26 09:58:30'),
(124, 1, '[\"8\"]', 3, 1, 5, 1, '<strong>How many distinct lines can be drawn through two points?</strong>', NULL, 'null', 1, 1, 1, '2', '1', 'No line', 'Infinite number', 2, 2, 2, '2019-05-26 03:59:19', '2019-05-26 03:59:59'),
(125, 1, '[\"8\"]', 3, 1, 5, 1, '<strong>What is the size of each angle of an equilateral triangle?</strong>', NULL, 'null', 1, 1, 1, '30<sup>0</sup>', '45<sup>0</sup>', '90<sup>0</sup>', '60<sup>0</sup>', 4, 2, NULL, '2019-05-26 04:01:58', '2019-05-26 10:01:58'),
(126, 1, '[\"8\"]', 3, 1, 5, 1, '<strong>In the triangle ABC below, what is the measure of angle C?&nbsp;</strong>', '1558844272_5Q.png', 'null', 2, 1, 1, '37<sup>0</sup>', '27<sup>0</sup>', '117<sup>0</sup>', '63<sup>0</sup>', 2, 2, NULL, '2019-05-26 04:17:52', '2019-05-26 10:17:52'),
(127, 1, '[\"8\"]', 3, 1, 5, 1, '<strong>What is the area of the figure below? The radius is 4 centimeters.</strong>', '1558844349_6Q.png', 'null', 2, 1, 1, '12π', '16π', '8π + 8', '8π', 1, 2, 2, '2019-05-26 04:19:09', '2019-05-26 04:50:02'),
(128, 1, '[\"8\"]', 3, 1, 5, 1, '<strong>The biggest chord of circle is called</strong>', NULL, 'null', 1, 1, 1, 'Radius', 'Arc', 'Perimeter', 'Diameter', 4, 2, 2, '2019-05-26 04:19:53', '2019-05-26 04:49:32'),
(129, 1, '[\"8\"]', 3, 1, 5, 1, '<strong><em>&pi;&nbsp;</em>( <em>Pi</em> ) is the ratio of a circle&#39;s &nbsp;&nbsp;&nbsp;&nbsp;------------------- to its &nbsp;------------------.</strong>', NULL, 'null', 1, 1, 1, 'Area: diameter', 'Radius: diameter', 'Area: circumference', 'Circumference: diameter', 4, 2, 2, '2019-05-26 04:20:47', '2019-05-26 04:49:20'),
(130, 1, '[\"8\"]', 3, 1, 5, 1, '<strong>Which best describes the two-dimensional shape created by the cross section shown?</strong>', '1558844554_10Q.png', 'null', 2, 1, 1, 'Square', 'Triangle', 'Trapezium', 'Rectangle', 4, 2, 2, '2019-05-26 04:22:34', '2019-05-29 03:53:27'),
(131, 1, '[\"8\"]', 3, 1, 5, 1, '<strong>Which best describes the two-dimensional shape created by the cross section shown?</strong>', '1558844615_11Q.png', 'null', 2, 1, 1, 'Circle', 'Ellipse', 'Triangle', 'Rectangle', 3, 2, 2, '2019-05-26 04:23:35', '2019-05-26 06:06:28'),
(132, 1, '[\"8\"]', 3, 1, 5, 1, '<strong>A = &pi;r<sup>2</sup>&nbsp;is the area of a -------.</strong>', NULL, 'null', 1, 1, 1, 'Circle', 'Square', 'Sphere', 'Trapezium', 1, 2, 2, '2019-05-26 04:26:25', '2019-05-26 04:47:34'),
(133, 1, '[\"8\"]', 3, 1, 5, 1, '<strong>The perimeter or circumference of a circle is:</strong>', NULL, 'null', 1, 1, 1, 'πr<sup>2</sup>', '2πr', '2π', '2r', 2, 2, 2, '2019-05-26 04:27:17', '2019-05-26 04:47:59'),
(134, 1, '[\"8\"]', 3, 1, 5, 1, '<strong>What is the area of the diagram below?</strong>', '1558844901_14Q.png', 'null', 2, 1, 1, '6 square unit', '3 square unit', '15 square unit', '25 square unit', 1, 2, NULL, '2019-05-26 04:28:21', '2019-05-26 10:28:21'),
(135, 1, '[\"8\"]', 3, 1, 5, 1, '<strong>For the right angled triangle below , what are the sizes of the angles a, b and c?</strong>', '1558844976_15Q.png', 'null', 2, 1, 1, '10°, 120°, 10°', '50°, 130°, 20°', '30°, 110°, 50°', '40°, 120°, 10°', 2, 2, 2, '2019-05-26 04:29:36', '2019-05-26 04:48:31'),
(136, 1, '[\"8\"]', 3, 1, 5, 1, '<strong>The diagram below shows a right triangle with representations for two angles. What is the value of <em>x</em>?</strong>', '1558845060_16Q.png', 'null', 2, 1, 1, '15°', '20°', '24°', '30°', 2, 2, 2, '2019-05-26 04:31:00', '2019-05-26 04:47:43'),
(137, 1, '[\"8\"]', 3, 1, 5, 1, '<strong>If the dimension of a rectangle and a square are as follows, and the areas are the same for both, what is the numerical value of y?</strong>', '1558845556_17Q.png', 'null', 2, 1, 1, '6', '8', '10', '4', 2, 2, 2, '2019-05-26 04:39:16', '2019-05-26 04:47:18'),
(138, 1, '[\"8\"]', 3, 1, 5, 1, '<strong>For the following figure, find the angle <em>y</em>?</strong>', '1558845640_18Q.png', 'null', 2, 1, 1, '106', '16', '74', '32', 4, 2, 2, '2019-05-26 04:40:40', '2019-05-26 04:46:48'),
(139, 1, '[\"8\"]', 3, 1, 5, 1, '<strong>The perimeter of the figure is </strong>', '1558845704_19Q.png', 'null', 2, 1, 1, '108 cm', '102 cm', '104 cm', '112 cm', 4, 2, NULL, '2019-05-26 04:41:44', '2019-05-26 10:41:44'),
(140, 1, '[\"8\"]', 3, 1, 5, 1, '<strong>The large circle has radius of 10 cm and small circles are all radius of 3cm. What is the area of region which is not shaded?</strong>', '1558845825_20Q.png', 'null', 2, 1, 1, '100π -9 cm<sup>2</sup>', '64 cm<sup>2</sup>', '64π cm<sup>2</sup>', '10 +36π cm<sup>2</sup>', 3, 2, 2, '2019-05-26 04:43:45', '2019-05-26 04:44:08'),
(141, 1, '[\"8\"]', 3, 1, 5, 1, '<strong>Find the area of the shaded region.</strong>', '1558845917_21Q.png', 'null', 2, 1, 1, '208', '450', '418', '242', 1, 2, NULL, '2019-05-26 04:45:17', '2019-05-26 10:45:17'),
(142, 1, '[\"8\"]', 3, 1, 5, 1, '<strong>In the diagram below ABC and ADC both are right angle triangle.&nbsp; Given that AB =&nbsp; 3 cm, BC= 4 cm and AD = 12 cm. What is the length of the side DC? </strong>', '1558845993_22Q.png', 'null', 2, 1, 1, '5 cm', '12 cm', '13 cm', '17 cm', 3, 2, NULL, '2019-05-26 04:46:33', '2019-05-26 10:46:33'),
(143, 1, '[\"8\"]', 3, 1, 5, 1, '<strong>Area of a circle with diameter 6 is </strong>', NULL, 'null', 1, 1, 1, '36π', '18π', '12π', '6π', 2, 2, NULL, '2019-05-26 04:51:22', '2019-05-26 10:51:22'),
(144, 1, '[\"8\"]', 3, 1, 5, 1, '<strong>Which one of the following sets is the three angles of a right angled triangle?</strong>', NULL, 'null', 1, 1, 1, '30<sup>0</sup>    45<sup>0</sup>     90<sup>0</sup>', '30<sup>0</sup>    60<sup>0</sup>       90<sup>0</sup>', '25<sup>0</sup>    45<sup>0</sup>      110<sup>0</sup>', '100<sup>0</sup>  50<sup>0</sup>     30<sup>0</sup>', 2, 2, NULL, '2019-05-26 04:52:59', '2019-05-26 10:52:59'),
(145, 1, '[\"8\"]', 3, 1, 5, 1, '<strong>Which one of the following sets cannot be the three sides of a triangle?</strong>', NULL, 'null', 1, 1, 1, '4cm     6cm     2cm', '5cm     6cm     5cm', '4cm     6cm     10cm', '3cm     4cm     5cm', 4, 2, 2, '2019-05-26 04:54:09', '2019-05-29 03:50:36'),
(146, 1, '[\"8\"]', 3, 1, 5, 1, '<strong>If two acute angles are added together, which of the following is NOT possible for their sum?</strong>', NULL, 'null', 1, 1, 1, 'Acute angle', 'Obtuse angle', 'Right angle', 'Straight angle', 4, 2, NULL, '2019-05-26 04:56:36', '2019-05-26 10:56:36'),
(147, 1, '[\"8\"]', 3, 1, 5, 1, '<strong>The value of Z in this isosceles triangle is</strong>', '1558846722_28Q.png', 'null', 2, 1, 1, '48<sup>0</sup>', '42<sup>0</sup>', '66<sup>0</sup>', '132<sup>0</sup>', 3, 2, 2, '2019-05-26 04:57:56', '2019-05-26 04:58:42'),
(148, 1, '[\"8\"]', 3, 1, 5, 1, '<strong>The size of the angle&nbsp; <em>&nbsp;x </em>is</strong>', '1558846786_29Q.png', 'null', 2, 1, 1, 'Acute', 'Reflex', 'Right angle', 'Obtuse', 4, 2, 2, '2019-05-26 04:59:46', '2019-05-26 05:02:09'),
(149, 1, '[\"8\"]', 3, 1, 5, 1, '<strong>Which one of the following is not true? </strong>', NULL, 'null', 1, 1, 1, 'The sum of any two sides of a triangle is always greater than the third side.', 'In a triangle there cannot be more than one obtuse angle.', 'A right angle is equal to 90<sup>0</sup>', 'Reflex angles are less than 180<sup>0</sup>', 4, 2, NULL, '2019-05-26 05:01:02', '2019-05-26 11:01:02'),
(150, 1, '[\"8\"]', 3, 1, 5, 1, '<strong>A cube has a total surface area of the six faces equal to 150 square feet. What is the volume of the cube?</strong>', NULL, 'null', 1, 1, 1, '50', '100', '125', '25', 3, 2, NULL, '2019-05-26 05:01:56', '2019-05-26 11:01:56'),
(151, 1, '[\"8\"]', 3, 1, 5, 1, '<strong>Which two angles are complementary?</strong>', NULL, 'null', 1, 1, 1, '21<sup>0</sup>  and 78<sup>0</sup>', '580 and 220 ', '67<sup>0</sup>  and 23<sup>0</sup>', '140<sup>0</sup>  and 40<sup>0</sup>', 3, 2, NULL, '2019-05-26 05:03:41', '2019-05-26 11:03:41'),
(152, 1, '[\"8\"]', 3, 1, 5, 1, '<strong>The sum of the measures of the interior angles of an <em>n</em>-sided polygon is</strong>', NULL, 'null', 1, 1, 1, '(n-2)×180<sup>0</sup>', '(n-2)×90<sup>0</sup>  ', '(2n-1)×90<sup>0</sup>', '(n+2)×90<sup>0</sup>', 1, 2, 2, '2019-05-26 05:05:28', '2019-05-26 05:15:26'),
(153, 1, '[\"8\"]', 3, 1, 5, 1, '<strong>Find the height<em> h</em> of the trapezoid so that its area is equal to 400 square cm.</strong>', '1558847803_34Q.png', 'null', 2, 1, 1, '10', '40', '80', '20', 4, 2, NULL, '2019-05-26 05:16:43', '2019-05-26 11:16:43'),
(154, 1, '[\"8\"]', 3, 1, 5, 1, '<strong>Find the total surface area of the box open at the top.</strong>', '1558848852_35Q.png', 'null', 2, 1, 1, '32 cm<sup>3</sup>', '1188 cm<sup>3</sup>', '570 cm<sup>3</sup>', '678 cm<sup>3</sup>', 3, 2, 2, '2019-05-26 05:34:12', '2019-05-26 05:35:22'),
(155, 1, '[\"8\"]', 3, 1, 5, 1, '<strong>The length of rectangle A is 24 cm and the length of rectangle B is 96 cm. The two rectangles are similar. Find the ratio of the area of A to the area of B. </strong>', NULL, 'null', 1, 1, 1, '1:4', '1:8', '4:1', '1:16', 4, 2, NULL, '2019-05-26 05:35:11', '2019-05-26 11:35:11'),
(156, 1, '[\"8\"]', 3, 1, 5, 1, '<strong>If the area of a triangle is 15 cm squared, and the base is 2 cm, then what is the height?</strong>', NULL, 'null', 1, 1, 1, '45 cm', '30 cm', '9 cm', '15 cm', 4, 2, 2, '2019-05-26 05:37:21', '2019-05-26 05:37:37'),
(157, 1, '[\"8\"]', 3, 1, 5, 1, '<strong>How much will it cost to carpet a 25 ft by 12 ft room if carpeting costs $10 per square ft?</strong>', NULL, 'null', 1, 1, 1, '$300', '$3000', '$250', '$120', 2, 2, NULL, '2019-05-26 05:39:05', '2019-05-26 11:39:05'),
(158, 1, '[\"8\"]', 3, 1, 5, 1, '<strong>Find <em>x</em> if triangle ABC is a right triangle with angle B = 90&deg;.</strong>', '1558849225_39Q.png', 'null', 2, 1, 1, '102<sup>0</sup> ', '78<sup>0</sup> ', '43<sup>0</sup> ', '137<sup>0</sup> ', 2, 2, NULL, '2019-05-26 05:40:25', '2019-05-26 11:40:25'),
(159, 1, '[\"8\"]', 3, 1, 5, 1, '<strong>Look at the shape below, what is the name of the shape?</strong>', '1558849291_40Q.png', 'null', 2, 1, 1, 'Kite', 'Rhombus', 'Triangle', 'Parallelogram', 1, 2, NULL, '2019-05-26 05:41:31', '2019-05-26 11:41:31'),
(160, 1, '[\"8\"]', 3, 1, 5, 1, '<strong>Provided the triangle is an equilateral triangle, what is the height of the triangle?</strong>', '1558849396_41Q.png', 'null', 2, 1, 1, '6 cm', '3$\\sqrt{3}$ cm', '3$\\sqrt{2}$ cm', '9 cm', 2, 2, NULL, '2019-05-26 05:43:16', '2019-05-26 11:43:16'),
(161, 1, '[\"8\"]', 3, 1, 5, 1, '<strong>In the following diagram AC = DC = DB. If the angle ACD = 48&deg;, find the angle CBD</strong>', '1558849565_42Q.png', 'null', 2, 1, 1, '24°', '33°', '48°', '66°', 2, 2, NULL, '2019-05-26 05:46:05', '2019-05-26 11:46:05'),
(162, 1, '[\"8\"]', 3, 1, 5, 1, '<strong>Points A, B, C, and D are midpoints of the sides of square JETS. If the area of JETS is 36 cm2 then what is the area of ABCD?</strong>', '1558849801_43Q.png', 'null', 2, 1, 1, '9 cm<sup>2</sup.', '9$\\sqrt{2}$ cm<sup>2</sup>', '18$\\sqrt{2}$ cm<sup>2</sup>', '18 cm<sup>2</sup>', 4, 2, NULL, '2019-05-26 05:50:01', '2019-05-26 11:50:01'),
(163, 1, '[\"8\"]', 3, 1, 5, 1, '<strong>If the areas of the rectangle and the square are same, what is the numerical value of y?</strong>', '1558849888_44Q.png', 'null', 2, 1, 1, '6 cm', '8 cm', '10 cm', '4 cm', 2, 2, NULL, '2019-05-26 05:51:28', '2019-05-26 11:51:28'),
(164, 1, '[\"8\"]', 3, 1, 5, 1, '<strong>Assuming we have 120&pi; cm length of string and a ribbon with the following dimension. How many complete loops will be required to roll over the whole length of the string?</strong>', '1558849951_45Q.png', 'null', 2, 1, 1, '20 loops', '30 loops', '40 loops', '50 loops', 3, 2, 2, '2019-05-26 05:52:31', '2019-05-26 05:59:29'),
(165, 1, '[\"8\"]', 3, 1, 5, 1, '<strong>What is the area of the shaded area?</strong>', '1558850060_46Q.png', 'null', 2, 1, 1, '50 cm<sup>2</sup>', '15 cm<sup>2</sup>', '20 cm<sup>2</sup>', '35 cm<sup>2</sup>', 4, 2, NULL, '2019-05-26 05:54:20', '2019-05-26 11:54:20'),
(166, 1, '[\"8\"]', 3, 1, 5, 1, '<strong>The diagram shows 2 semi circles. Find the area of the shaded region?</strong>', '1558850479_47Q.png', 'null', 2, 1, 1, '$\\frac{125π}{2}$', '500π', '125π', '250π', 1, 2, 2, '2019-05-26 06:01:19', '2019-05-29 03:51:22'),
(167, 1, '[\"8\"]', 3, 1, 1, 1, 'The diagram shows some shapes on a 10 by 6 square grid. Which shape has the same area as D ?<br />\r\n&nbsp;', '1558857361_4.png', '[\"1\"]', 2, 1, 1, 'A', 'B', 'C', 'E', 3, 2, NULL, '2019-05-26 07:56:01', '2019-05-26 13:56:01'),
(168, 1, '[\"8\"]', 3, 1, 1, 1, 'In a class there were 36 students. Among them 27 student passed the exam. What percentage of the students did not pass?<br />\r\n&nbsp;', NULL, '[\"1\"]', 1, 1, 1, '9%', '25%', '75%', '10%', 2, 2, NULL, '2019-05-26 07:57:13', '2019-05-26 13:57:13'),
(169, 1, '[\"8\"]', 3, 1, 6, 1, 'The expression 2<em>a </em>&nbsp;+ <em>3b </em>+ 7 - 2<em>b </em>+ 10 + <em>a</em> &nbsp;in its simplest form is', NULL, 'null', 1, 1, 1, '3a + 2b + 10', '3a + 5b + 10', 'a + b + 10', '3a + b + 17', 4, 2, 2, '2019-05-26 08:02:19', '2019-05-26 08:25:51'),
(170, 1, '[\"8\"]', 3, 1, 6, 1, 'Simplify the following expression: 15<em>x</em> &ndash; 10<em>y</em> + 4<em>x</em> - 13<em>y</em> + 1', NULL, 'null', 1, 1, 1, '5x + 17y', '19x + 17y', '19x -23y + 1', '19x + 23y+1', 3, 2, NULL, '2019-05-26 08:03:15', '2019-05-26 14:03:15'),
(171, 1, '[\"8\"]', 3, 1, 6, 1, 'What is the value of&nbsp;&nbsp; <em>-3 &times; 4x &times; 2</em>&nbsp;', NULL, 'null', 1, 1, 1, ' 24x', '-3 + 8x', '-12x +2', '-24x', 4, 2, 2, '2019-05-26 08:04:26', '2019-05-26 08:25:28'),
(172, 1, '[\"8\"]', 3, 1, 6, 1, 'In which equation <em>x</em> is not equal to 12', NULL, 'null', 1, 1, 1, 'x -2 = 10', '$\\frac{x}{2}$ = 6', '3x = 36', '$\\frac{4}{x}$ = 3', 4, 2, NULL, '2019-05-26 08:06:43', '2019-05-26 14:06:43'),
(173, 1, '[\"8\"]', 3, 1, 6, 1, 'If M is 5 more than the twice of P, then which of the following is true.<br />\r\n&nbsp;', NULL, 'null', 1, 1, 1, 'M = 2P× 5', 'M = 2P +5', 'M = 2+5P', 'P = 2M-P', 2, 2, NULL, '2019-05-26 08:07:49', '2019-05-26 14:07:49'),
(174, 1, '[\"8\"]', 3, 1, 6, 1, 'Which one of the following is correct?', NULL, 'null', 1, 1, 1, ' – a – a – a  = 3a', '– a – a – a   = -3a', '– a – a – a   = 3 – a', '– a – a – a   = - a<sup>3</sup>', 2, 2, 2, '2019-05-26 08:10:13', '2019-05-26 08:25:04'),
(175, 1, '[\"8\"]', 3, 1, 6, 1, 'When <em>x</em> =&nbsp; ___ then&nbsp; $\\frac{x}{3}$&nbsp;<em>= ___</em>&nbsp; ?', NULL, 'null', 1, 1, 1, '18 and 7', '1 and 3', '-18 and -6', '15 and 45', 3, 2, NULL, '2019-05-26 08:12:04', '2019-05-26 14:12:04');
INSERT INTO `bdedu_exam_questions` (`exam_question_row_id`, `education_type_row_id`, `class_row_id`, `module_row_id`, `school_row_id`, `exam_category_row_id`, `question_type`, `question_title`, `question_title_attachment`, `question_level`, `question_mimetype`, `answer_type`, `mark_weight`, `answer_1`, `answer_2`, `answer_3`, `answer_4`, `is_correct_answer`, `created_by`, `updated_by`, `created_at`, `updated_at`) VALUES
(176, 1, '[\"8\"]', 3, 1, 6, 1, 'Identify the like term of 2x<sup>2</sup> from the following terms.', NULL, 'null', 1, 1, 1, '​​​​​​​3y<sup>2</sup>', 'x<sup>2</sup>', '2x', 'x', 2, 2, NULL, '2019-05-26 08:14:05', '2019-05-26 14:14:05'),
(177, 1, '[\"8\"]', 3, 1, 6, 1, 'What is the complete factorization of&nbsp; 4x &ndash; 6x<sup>2</sup>', NULL, 'null', 1, 1, 1, '2 (2x – 3x<sup>2</sup>)', 'x ( 4 – 6x)', '2x (2 – 3x)', '3x (4 - 2x)', 3, 2, NULL, '2019-05-26 08:15:41', '2019-05-26 14:15:41'),
(178, 1, '[\"8\"]', 3, 1, 6, 1, '(a+b)<sup>2</sup> &nbsp;is equal to', NULL, 'null', 1, 1, 1, 'a<sup>2</sup>+b<sup>2</sup>', ' a<sup>2</sup>+2ab+b2', 'a<sup>2</sup>-2ab+b<sup>2</sup>', 'a<sup>2</sup>-b<sup>2</sup>', 2, 2, NULL, '2019-05-26 08:17:28', '2019-05-26 14:17:28'),
(179, 1, '[\"8\"]', 3, 1, 6, 1, 'A teacher has <strong>5 full packets </strong>of mints and <strong>6 single </strong>mints. The number of mints inside each packet is the same and equal to <em>y</em>. How many mints are there &nbsp;altogether?', '1558858876_20.png', 'null', 2, 1, 1, '5 + 6 + y', '(5 + 6) × y', '5 + 6y', '5y + 6', 4, 2, 2, '2019-05-26 08:21:16', '2019-05-26 08:24:47'),
(180, 1, '[\"8\"]', 3, 1, 6, 1, 'Given that <strong>3<em>a </em>+ 6<em>b </em>= 24</strong>, what is the value of <em>a </em>+ 2<em>b </em>= ?', NULL, 'null', 1, 1, 1, '6', '8', '12', '24', 2, 2, NULL, '2019-05-26 08:22:08', '2019-05-26 14:22:08'),
(181, 1, '[\"8\"]', 3, 1, 6, 1, 'Simplify the following expression: &nbsp;- (-3<em>x</em>)<sup>2</sup>', NULL, 'null', 1, 1, 1, '6x', '- 9x<sup>2</sup>', '6x<sup>2</sup>', '9x<sup>2</sup>', 2, 2, NULL, '2019-05-26 08:23:33', '2019-05-26 14:23:33'),
(182, 1, '[\"8\"]', 3, 1, 6, 1, 'When <strong><em>x </em>= -3</strong>, what is the value of -2<strong><em>x</em><sup>2 </sup></strong>?', NULL, 'null', 1, 1, 1, '-18', '18', '36', '-36', 1, 2, NULL, '2019-05-26 08:24:30', '2019-05-26 14:24:30'),
(183, 1, '[\"8\"]', 3, 1, 6, 1, 'The solution of the equation -75 = 15 + 6<em>y</em> is', NULL, 'null', 1, 1, 1, '10', '-15', '15', '-10', 2, 2, NULL, '2019-05-26 08:27:05', '2019-05-26 14:27:05'),
(184, 1, '[\"8\"]', 3, 1, 6, 1, 'Given that a = 2 and b = 5, find the value of (a &ndash; b)<sup>2</sup><br />\r\n&nbsp;', NULL, 'null', 1, 1, 1, ' 9', '- 9', '–7', '49', 1, 2, NULL, '2019-05-26 08:27:57', '2019-05-26 14:27:57'),
(185, 1, '[\"8\"]', 3, 1, 6, 1, 'The cost of a train ticket for an adult and child are $x and $y respectively. If a family consists of two adults and three children, what is the total cost?', NULL, 'null', 1, 1, 1, '2x + 3y', '(x + y)(2 + 3)', '5xy', '5', 1, 2, NULL, '2019-05-26 08:28:51', '2019-05-26 14:28:51'),
(186, 1, '[\"8\"]', 3, 1, 6, 1, 'The simplified form of&nbsp;&nbsp; <em>3&times;</em><em>2x-1</em><em>-(2x+1)</em>&nbsp; is', NULL, 'null', 1, 1, 1, '8x+4  ', '4x-4 ', '9x+1', '9x+3', 2, 2, NULL, '2019-05-26 08:30:47', '2019-05-26 14:30:47'),
(187, 1, '[\"8\"]', 3, 1, 6, 1, 'Given that <em>x</em> = 2 and <em>y</em> = &ndash;1, find the value of - 4<em>x</em><sup>2</sup><em>y</em>', NULL, 'null', 1, 1, 1, '-16', '16', '8', '4', 2, 2, NULL, '2019-05-26 08:31:51', '2019-05-26 14:31:51'),
(188, 1, '[\"8\"]', 3, 1, 6, 1, '4<em>x</em><sup>2</sup> &times; 3<em>x</em><sup>3</sup> &times; (- <em>x</em><sup>2</sup> ) is equal to', NULL, 'null', 1, 1, 1, '-12x<sup>3</sup>', ' -12x<sup>7</sup>', ' 7x', ' 12x<sup>12</sup>', 2, 2, NULL, '2019-05-26 08:33:27', '2019-05-26 14:33:27'),
(189, 1, '[\"8\"]', 3, 1, 6, 1, 'How many terms are there in the expression&nbsp;3-2x-5x<sup>2</sup> .', NULL, 'null', 1, 1, 1, '5', '3', '1', '6', 2, 2, NULL, '2019-05-26 08:36:28', '2019-05-26 14:36:28'),
(190, 1, '[\"8\"]', 3, 1, 6, 1, 'Clive&rsquo;s age is x years old and his mother is five times as old. What will be their combined age in 3 years?', NULL, 'null', 1, 1, 1, '5x + 3', '6x + 3', '5x + 6', '6x + 6', 4, 2, NULL, '2019-05-26 08:37:23', '2019-05-26 14:37:23'),
(191, 1, '[\"8\"]', 3, 1, 6, 1, '10 &nbsp;&nbsp;&ndash; (&nbsp; &ndash; 4) &ndash; 2 is equal to', NULL, 'null', 1, 1, 1, '12', '16', '4', '2', 1, 2, NULL, '2019-05-26 08:38:23', '2019-05-26 14:38:23'),
(192, 1, '[\"8\"]', 3, 1, 6, 1, '$\\frac{2x}{5}$ +&nbsp;$\\frac{x}{5}$&nbsp;is equal to', NULL, 'null', 1, 1, 1, '2x', '$\\frac{3x}{10}$', '$\\frac{3x}{5}$', '$\\frac{2x^2}{25}$', 3, 2, 2, '2019-05-26 08:41:18', '2019-05-26 08:44:33'),
(193, 1, '[\"8\"]', 3, 1, 6, 1, '(3y)<sup>2</sup>&times;2y&times;(-y)&nbsp; is equal to', NULL, 'null', 1, 1, 1, '-12y<sup>3</sup>', '12y<sup>3</sup>', '-18y<sup>4</sup>', '-18y<sup>3</sup>', 3, 2, NULL, '2019-05-26 08:44:12', '2019-05-26 14:44:12'),
(194, 1, '[\"8\"]', 3, 1, 6, 1, '(a-b)<sup>2</sup>&nbsp; is equal to', NULL, 'null', 1, 1, 1, 'a<sup>2</sup>+b<sup>2</sup>', 'a<sup>2</sup>+2ab+b<sup>2</sup>', 'a<sup>2</sup>-2ab+b<sup>2</sup>', 'a<sup>2</sup>-b<sup>2</sup>', 3, 2, NULL, '2019-05-26 08:46:53', '2019-05-26 14:46:53'),
(195, 1, '[\"8\"]', 3, 1, 6, 1, 'What is the coefficient of x<sup>2</sup> in the expansion of <em>3-2x-5</em><sup>2</sup>&nbsp;', NULL, 'null', 1, 1, 1, '3', '-2', '-5', '5', 3, 2, NULL, '2019-05-26 08:48:27', '2019-05-26 14:48:27'),
(196, 1, '[\"8\"]', 3, 1, 6, 1, 'Which one of the following is not the factor of 6<em>x</em><sup>2</sup><em>y</em>', NULL, 'null', 1, 1, 1, '3xy', '6x<sup>2</sup>y', '2xy<sup>2</sup>', 'xy', 3, 2, NULL, '2019-05-26 08:49:44', '2019-05-26 14:49:44'),
(197, 1, '[\"8\"]', 3, 1, 6, 1, 'The diagram shows how to change &deg;F to &deg;C. Use it to convert 50&deg;F to &deg;C', '1558860931_21.jpg', 'null', 2, 1, 1, '10', '50', '-$\\frac{160}{9}$', '32-$\\frac{5}{9}$', 1, 2, NULL, '2019-05-26 08:55:31', '2019-05-26 14:55:31'),
(198, 1, '[\"8\"]', 3, 1, 6, 1, 'What is the base of the term 3&times;2<sup>x</sup>.', NULL, 'null', 1, 1, 1, '3', '2', 'x', 'None of then', 2, 2, NULL, '2019-05-26 09:01:57', '2019-05-26 15:01:57'),
(199, 1, '[\"8\"]', 3, 1, 4, 1, 'Which one of the following statement is not true for <strong>&lsquo;17&rsquo;</strong>', NULL, 'null', 1, 1, 1, 'Is a prime number', 'Has no factors', 'Is an integers', 'Is a natural Number', 2, 2, NULL, '2019-05-27 04:46:16', '2019-05-27 10:46:16'),
(200, 1, '[\"8\"]', 3, 1, 4, 1, 'What is the least prime number?', NULL, 'null', 1, 1, 1, '1', '2', '3', '5', 2, 2, NULL, '2019-05-27 04:47:01', '2019-05-27 10:47:01'),
(201, 1, '[\"8\"]', 3, 1, 4, 1, 'The product of two odd numbers is always', NULL, 'null', 1, 1, 1, 'Odd number', 'Prime number', 'even number', 'none of the above.', 1, 2, 2, '2019-05-27 04:47:59', '2019-05-27 04:48:59'),
(202, 1, '[\"8\"]', 3, 1, 4, 1, 'Which one of the following is not the properties of an integer?&nbsp;', NULL, 'null', 1, 1, 1, 'An integer is a whole number', 'Integer numbers can be positive or negative', 'Integer numbers can be expressed in decimal', '0 is an integer number', 3, 2, NULL, '2019-05-27 04:48:43', '2019-05-27 10:48:43'),
(203, 1, '[\"8\"]', 3, 1, 4, 1, 'Which one of the following is a natural number?', NULL, 'null', 1, 1, 1, '5.5', '$\\sqrt{8}$', '$\\frac{41}{7}$', '21', 4, 2, NULL, '2019-05-27 04:50:22', '2019-05-27 10:50:22'),
(204, 1, '[\"8\"]', 3, 1, 4, 1, 'The square of which of the following would be even number?', NULL, 'null', 1, 1, 1, '28', '77', '105', '131', 1, 2, NULL, '2019-05-27 04:50:59', '2019-05-27 10:50:59'),
(205, 1, '[\"8\"]', 3, 1, 4, 1, 'Which one of the following is not a factor of 48?', NULL, 'null', 1, 1, 1, '3', '2', '6', '9', 3, 2, NULL, '2019-05-27 04:51:36', '2019-05-27 10:51:36'),
(206, 1, '[\"8\"]', 3, 1, 4, 1, 'Which one of the following is not a multiple of 8?', NULL, 'null', 1, 1, 1, '4', '24', '40', '72', 1, 2, NULL, '2019-05-27 04:52:17', '2019-05-27 10:52:17'),
(207, 1, '[\"8\"]', 3, 1, 4, 1, 'What is the next term of the following sequence?<br />\r\n&nbsp;&nbsp;&nbsp;&nbsp;&nbsp;&nbsp;&nbsp;&nbsp;&nbsp;&nbsp;&nbsp; 1&nbsp;&nbsp;&nbsp;&nbsp;&nbsp;&nbsp;&nbsp;&nbsp;&nbsp; 1 &nbsp;&nbsp;&nbsp;&nbsp;&nbsp;&nbsp;&nbsp; 2&nbsp;&nbsp;&nbsp;&nbsp;&nbsp;&nbsp;&nbsp;&nbsp;&nbsp; 3 &nbsp;&nbsp;&nbsp;&nbsp;&nbsp;&nbsp;&nbsp; 5&nbsp;&nbsp;&nbsp;&nbsp;&nbsp;&nbsp;&nbsp;&nbsp;&nbsp; 8 &nbsp;&nbsp;&nbsp;&nbsp;&nbsp;&nbsp;&nbsp; 13&nbsp;&nbsp;&nbsp;&nbsp;&nbsp;&nbsp;&nbsp; - - -&nbsp;', NULL, 'null', 1, 1, 1, '16', '20', '21', '18', 3, 2, NULL, '2019-05-27 04:53:10', '2019-05-27 10:53:10'),
(208, 1, '[\"8\"]', 3, 1, 4, 1, 'What will be the number of zeros in the square of 400?', NULL, 'null', 1, 1, 1, '5', '2', '3', '4', 4, 2, NULL, '2019-05-27 04:53:52', '2019-05-27 10:53:52'),
(209, 1, '[\"8\"]', 3, 1, 4, 1, 'Which one of the following statements is NOT correct?', NULL, 'null', 1, 1, 1, 'An even number is divisible by 2', 'A prime number has exactly two factors', 'The value of an improper fraction is greater than 1', 'The value of a proper fraction is greater than 1', 4, 2, NULL, '2019-05-27 04:54:35', '2019-05-27 10:54:35'),
(210, 1, '[\"8\"]', 3, 1, 4, 1, 'The mean/average of three numbers is 15. If two of the numbers are 11 and 18, what is the third number?&nbsp;&nbsp;', NULL, 'null', 1, 1, 1, '16', '15', '21', '12', 1, 2, NULL, '2019-05-27 04:55:10', '2019-05-27 10:55:10'),
(211, 1, '[\"8\"]', 3, 1, 4, 1, 'Which one of the following is the least?', NULL, 'null', 1, 1, 1, '20% 0f 60', '$\\frac{1}{3}$ of 45', '0.13 × 100', '$\\frac{1}{2}$ of 30% 0f 100', 1, 2, NULL, '2019-05-27 04:57:07', '2019-05-27 10:57:07'),
(212, 1, '[\"8\"]', 3, 1, 4, 1, 'How many natural numbers (whole number) lie between 10<sup>2</sup> and&nbsp; 12<sup>2 </sup>(Exclusive)?', NULL, 'null', 1, 1, 1, '45', '40', '44', '42', 1, 2, NULL, '2019-05-27 04:57:44', '2019-05-27 10:57:44'),
(213, 1, '[\"8\"]', 3, 1, 4, 1, 'Which one of the following statements is NOT correct?', NULL, 'null', 1, 1, 1, 'An odd number is not divisible by 2', 'The HCF of two consecutive positive integers is not 1', 'The unit digit of numbers ended with 0 or 5 is always divisible by 5.', '77 is closure to 100 than 50.', 2, 2, NULL, '2019-05-27 04:58:40', '2019-05-27 10:58:40'),
(214, 1, '[\"8\"]', 3, 1, 4, 1, 'The square root of 6400 is<br />\r\n&nbsp;', NULL, 'null', 1, 1, 1, '800', '81', '3200', '80', 4, 2, NULL, '2019-05-27 04:59:16', '2019-05-27 10:59:16'),
(215, 1, '[\"8\"]', 3, 1, 4, 1, 'By which smallest number 20 must be multiplied so as to make it a perfect square?', NULL, 'null', 1, 1, 1, '10', '2', '5', '3', 3, 2, NULL, '2019-05-27 04:59:51', '2019-05-27 10:59:51'),
(216, 1, '[\"8\"]', 3, 1, 4, 1, 'By which smallest number 48 must be divided so as to make it a perfect square?', NULL, 'null', 1, 1, 1, '2', '3', '6', '4', 2, 2, NULL, '2019-05-27 05:00:21', '2019-05-27 11:00:21'),
(217, 1, '[\"8\"]', 3, 1, 4, 1, 'The width of a rectangle is one third of the length. If the perimeter is 24 cm, what is its area?', NULL, 'null', 1, 1, 1, '64 cm<sup>2</sup>', '27 cm<sup>2</sup>', '28 cm<sup>2</sup>', '32 cm<sup>2</sup>', 2, 2, NULL, '2019-05-27 05:01:36', '2019-05-27 11:01:36'),
(218, 1, '[\"8\"]', 3, 1, 4, 1, 'When a number is double and then added to 13, the result is 37. What is the number?', NULL, 'null', 1, 1, 1, '15', '24', '11', '12', 4, 2, NULL, '2019-05-27 05:02:17', '2019-05-27 11:02:17'),
(219, 1, '[\"8\"]', 3, 1, 4, 1, 'Square of side 4 cm by 4 cm is to be cut out from a rectangular sheet of paper of size 8cm by 10cm. How many square can be cut out from the rectangular sheet?&nbsp;', NULL, 'null', 1, 1, 1, '5', '6', '7', '4', 4, 2, NULL, '2019-05-27 05:02:52', '2019-05-27 11:02:52'),
(220, 1, '[\"8\"]', 3, 1, 4, 1, 'The cube of an odd number is always', NULL, 'null', 1, 1, 1, 'odd number', 'even number', 'prime number', 'none of these', 1, 2, NULL, '2019-05-27 05:03:41', '2019-05-27 11:03:41'),
(221, 1, '[\"8\"]', 3, 1, 4, 1, '0.004 + 0.03 + 0.2+1&nbsp; =&nbsp; ?', NULL, 'null', 1, 1, 1, '0.6', '0.008 ', '0.10', '1.234', 4, 2, NULL, '2019-05-27 05:04:34', '2019-05-27 11:04:34'),
(222, 1, '[\"8\"]', 3, 1, 4, 1, '0.3 <em>&times;&nbsp;</em>0.3 <em>&times;&nbsp;</em>0.3 = ?', NULL, 'null', 1, 1, 1, '0.027', '0.9', '0.27', '0.6', 1, 2, NULL, '2019-05-27 05:05:37', '2019-05-27 11:05:37'),
(223, 1, '[\"8\"]', 3, 1, 4, 1, '12.0435 <em>&times;&nbsp;</em>10<sup>2</sup>= ?', NULL, 'null', 1, 1, 1, '0.120435', '1.20435', '1204.35', '120435', 3, 2, 2, '2019-05-27 05:06:31', '2019-05-27 05:06:41'),
(224, 1, '[\"8\"]', 3, 1, 4, 1, '0.03425 <em>&divide;&nbsp;</em>100 = ?', NULL, 'null', 1, 1, 1, '3.425', '0.0003425', '34.25', '342500', 2, 2, NULL, '2019-05-27 05:07:19', '2019-05-27 11:07:19'),
(225, 1, '[\"8\"]', 3, 1, 4, 1, 'The metric system of measurement is based on the number&nbsp;&nbsp;', NULL, 'null', 1, 1, 1, '100', '1', '2', '10', 4, 2, NULL, '2019-05-27 05:07:57', '2019-05-27 11:07:57'),
(226, 1, '[\"8\"]', 3, 1, 4, 1, 'The value of  $\\sqrt{20}$  lies between ', NULL, 'null', 1, 1, 1, '9 and 10 ', '1 and 10', '4 and 5', '10 and 11', 3, 2, NULL, '2019-05-27 05:09:23', '2019-05-27 11:09:23'),
(227, 1, '[\"8\"]', 3, 1, 4, 1, 'Which one of the following fractions lies between&nbsp;$\\frac{3}{5}$&nbsp;and&nbsp;$\\frac{4}{5}$', NULL, 'null', 1, 1, 1, '$\\frac{7}{10}$', '$\\frac{9}{10}$', '$\\frac{5}{10}$', '$\\frac{3}{10}$', 1, 2, NULL, '2019-05-27 05:11:25', '2019-05-27 11:11:25'),
(228, 1, '[\"8\"]', 3, 1, 4, 1, 'The lowest/ simplified form of&nbsp; $\\frac{24}{36}$ is :<br />\r\n&nbsp;', NULL, 'null', 1, 1, 1, '$\\frac{12}{18}$', '$\\frac{1}{3}$', '$\\frac{2}{3}$', '$\\frac{3}{2}$', 3, 2, NULL, '2019-05-27 05:15:03', '2019-05-27 11:15:03'),
(229, 1, '[\"8\"]', 3, 1, 4, 1, '<em>2 + $\\frac{1}{4}$ +&nbsp;$\\frac{3}{4}$</em>&nbsp; is equal to<br />\r\n<br />\r\n&nbsp;', NULL, 'null', 1, 1, 1, '3', '$\\frac{6}{8}$', '$\\frac{6}{4}$', '$\\frac{4}{10}$', 1, 2, NULL, '2019-05-27 05:18:24', '2019-05-27 11:18:24'),
(230, 1, '[\"8\"]', 3, 1, 4, 1, 'The result of trebling a number is the same as adding 12 to it. What is the number?', NULL, 'null', 1, 1, 1, '18', '6', '12', '24', 2, 2, NULL, '2019-05-27 05:19:10', '2019-05-27 11:19:10'),
(231, 1, '[\"8\"]', 3, 1, 4, 1, '0.125&nbsp; is equivalent to<br />\r\n&nbsp;', NULL, 'null', 1, 1, 1, '1.25%', '125%', '0.125%', '12.5%', 4, 2, NULL, '2019-05-27 05:19:52', '2019-05-27 11:19:52'),
(232, 1, '[\"8\"]', 3, 1, 4, 1, 'Which one of the following is the greatest?', NULL, 'null', 1, 1, 1, '$\\frac{3}{4}$', '0.80', '72%', '$\\frac{9}{10}$', 4, 2, NULL, '2019-05-27 05:37:06', '2019-05-27 11:37:06'),
(233, 1, '[\"8\"]', 3, 1, 4, 1, '<em>2- 1 -&nbsp;$\\frac{3}{11}$</em>&nbsp;is equal to', NULL, 'null', 1, 1, 1, '$\\frac{8}{11}$', '$\\frac{-1}{11}$', '$\\frac{19}{11}$', '$\\frac{3}{22}$', 1, 2, NULL, '2019-05-27 05:39:14', '2019-05-27 11:39:14'),
(234, 1, '[\"8\"]', 3, 1, 4, 1, 'Which one of the following fraction is proper fraction?', NULL, 'null', 1, 1, 1, '$\\frac{18}{11}$', '$\\frac{6}{17}$', '1$\\frac{9}{12}$', '$\\frac{3}{2}$', 2, 2, NULL, '2019-05-27 05:40:48', '2019-05-27 11:40:48'),
(235, 1, '[\"8\"]', 3, 1, 4, 1, 'What is the equivalent fraction of&nbsp; 0.15', NULL, 'null', 1, 1, 1, '$\\frac{3}{20}$', '$\\frac{15}{10}$', '$\\frac{15}{100}$', '$\\frac{100}{15}$', 3, 2, NULL, '2019-05-27 05:41:56', '2019-05-27 11:41:56'),
(236, 1, '[\"8\"]', 3, 1, 4, 1, 'The ratios of the angles of a triangle is 4:5:9. What is the size of the largest angle?', NULL, 'null', 1, 1, 1, '180<sup>0</sup>', '120<sup>0</sup>', '100<sup>0</sup>', '90<sup>0</sup>', 4, 2, NULL, '2019-05-27 05:42:53', '2019-05-27 11:42:53'),
(237, 1, '[\"8\"]', 3, 1, 4, 1, 'Which one of the following fraction is the smallest?', NULL, 'null', 1, 1, 1, '$\\frac{18}{11}$', '$\\frac{17}{11}$', '$\\frac{16}{11}$', '$\\frac{15}{11}$', 4, 2, NULL, '2019-05-27 05:43:55', '2019-05-27 11:43:55'),
(238, 1, '[\"8\"]', 3, 1, 4, 1, 'It is given that <em>23&nbsp;$\\frac{2}{3}$ =&nbsp;$\\frac{8}{k}$ =&nbsp;$\\frac{n}{15}$&nbsp;</em>, what are values of <em>k</em> and <em>n</em>', NULL, 'null', 1, 1, 1, 'k  = 4  &  n = 8', 'k  = 9 & n = 10', 'k  = 12 &  n = 10', 'k  = 12 & n = 9', 3, 2, NULL, '2019-05-27 05:46:28', '2019-05-27 11:46:28'),
(239, 1, '[\"8\"]', 3, 1, 4, 1, 'How much time has elapsed between 1845&nbsp; on Monday and 0830 on Tuesday&nbsp;', NULL, 'null', 1, 1, 1, '14 hours 30 minutes', '14 hours 45 minutes', '13 hours 30 minutes', '13 hours 45 minutes', 4, 2, NULL, '2019-05-27 05:47:07', '2019-05-27 11:47:07'),
(240, 1, '[\"8\"]', 3, 1, 4, 1, '<strong>A car uses 15 litres of patrol to travel 450 km. How many litres would the car need to travel 120 km?</strong>', NULL, 'null', 1, 1, 1, '30litres', '8litres', '4 litres', '3.75 litres', 3, 2, 2, '2019-05-27 05:47:48', '2020-01-16 06:14:43'),
(241, 1, '[\"8\"]', 3, 1, 4, 1, 'A father divides $21 between his two daughters in such a way that one received twice of other. How much does each receive?', NULL, 'null', 1, 1, 1, '15 and 6', '7 and 14', '11 and 9', '12 and 6', 2, 2, NULL, '2019-05-27 05:48:35', '2019-05-27 11:48:35'),
(242, 1, '[\"8\"]', 3, 1, 4, 1, 'The L.C.M of &nbsp;8, 12 &nbsp;and 15 is&nbsp;', NULL, 'null', 1, 1, 1, '2', '480', '60', '120', 4, 2, NULL, '2019-05-27 05:49:12', '2019-05-27 11:49:12'),
(243, 1, '[\"8\"]', 3, 1, 4, 1, 'The number 7 is a factor of both:<br />\r\n&nbsp;', NULL, 'null', 1, 1, 1, '14 and 9 ', '17 and 21', '7 and 15', '14 and 21', 4, 2, NULL, '2019-05-27 05:49:51', '2019-05-27 11:49:51'),
(244, 1, '[\"8\"]', 3, 1, 4, 1, 'Ahmed scores 18 out of 24 in a Maths test. This is equivalent of :<br />\r\n&nbsp;', NULL, 'null', 1, 1, 1, '60%', '75%', '90%', '50%', 2, 2, NULL, '2019-05-27 05:50:35', '2019-05-27 11:50:35'),
(245, 1, '[\"8\"]', 3, 1, 4, 1, 'Five sixth of a day, measured in hours, is:', NULL, 'null', 1, 1, 1, '20', '24', '30', '18', 1, 2, NULL, '2019-05-27 05:51:47', '2019-05-27 11:51:47'),
(246, 1, '[\"8\"]', 3, 1, 4, 1, 'If the cost of three pencils is 18 taka, then what is the cost of 7 pencils?', NULL, 'null', 1, 1, 1, '21Tk.', '54 Tk.', '42 Tk. ', '128  Tk.', 3, 2, NULL, '2019-05-27 05:52:37', '2019-05-27 11:52:37'),
(247, 1, '[\"8\"]', 3, 1, 4, 1, 'Susan starts for school at 8:35 am &nbsp;and reaches at 9:15 am on the same day. How long does it take to him to reach the school?<br />\r\n&nbsp;', NULL, 'null', 1, 1, 1, '20mins', '1 hour 20 mins', '50 mins', '40 mins', 4, 2, NULL, '2019-05-27 05:53:21', '2019-05-27 11:53:21'),
(248, 1, '[\"8\"]', 3, 1, 4, 1, 'A man runs to a telephone booth and back in 15 seconds.&nbsp; His speed on the way to the telephone booth is 10 m/s&nbsp; and his speed on the way back is 15 m/s. What is the distance to the telephone booth?', NULL, 'null', 1, 1, 1, '375 m', '225 m', '90 m', '150 m', 3, 2, NULL, '2019-05-27 05:54:02', '2019-05-27 11:54:02'),
(249, 1, '[\"8\"]', 3, 1, 4, 1, 'What is the least value of <em>N </em>&nbsp;( <em>N</em> &gt; 1) so that 12 <em>N</em>&nbsp; is a perfect square number.', NULL, 'null', 1, 1, 1, '2', '16', '4', '3', 4, 2, NULL, '2019-05-27 05:54:39', '2019-05-27 11:54:39'),
(250, 1, '[\"8\"]', 3, 1, 4, 1, 'Which of the following statements not correct?', NULL, 'null', 1, 1, 1, 'The difference of two rational numbers is rational', '$\\sqrt{7}$ is an irrational numbers', 'Irrational number can be expressed as a fraction', 'Numbers expressed terminating decimals are rational numbers', 3, 2, NULL, '2019-05-27 05:55:48', '2019-05-27 11:55:48'),
(251, 1, '[\"8\"]', 3, 1, 4, 1, 'Which of the following statements is true?', NULL, 'null', 1, 1, 1, 'Profit = Cost price – selling price', 'Distance = Speed × time', 'Speed = Distance × time', 'All rectangles are squares', 2, 2, NULL, '2019-05-27 05:56:52', '2019-05-27 11:56:52'),
(252, 1, '[\"8\"]', 3, 1, 4, 1, 'If a : b = 5: 3 and b : c = 2 : 3 then which of the following is true for&nbsp; <strong>a : b : c</strong>&nbsp;&nbsp;', NULL, 'null', 1, 1, 1, '5 : 3 : 2', '5 : 2 : 3', '10 : 6 : 9', '25 : 9 : 4', 3, 2, NULL, '2019-05-27 05:57:39', '2019-05-27 11:57:39'),
(253, 1, '[\"8\"]', 3, 1, 4, 1, 'Which of the following conversions is correct? &nbsp;&nbsp;&nbsp;<br />\r\n15 m/s&nbsp; =&nbsp; ------&nbsp; km / h.', NULL, 'null', 1, 1, 1, '$\\frac{25}{6}$ km / h', '54 km / h', '9 km / h', 'None of the above', 2, 2, NULL, '2019-05-27 05:58:45', '2019-05-27 11:58:45'),
(254, 1, '[\"8\"]', 3, 1, 4, 1, 'How many real numbers lie between two consecutive positive integers?', NULL, 'null', 1, 1, 1, '0', '1', 'Finite', 'Infinite', 4, 2, NULL, '2019-05-27 05:59:20', '2019-05-27 11:59:20'),
(255, 1, '[\"8\"]', 3, 1, 4, 1, 'If 2A7 <em>&divide;&nbsp;</em>A = 33, then A is equal to:', NULL, 'null', 1, 1, 1, '7', '3', '2', '9', 4, 2, NULL, '2019-05-27 05:59:56', '2019-05-27 11:59:56'),
(256, 1, '[\"8\"]', 3, 1, 4, 1, 'Two trains A and B are running on the same route at the rate of 25 and 30 miles per hour respectively. If the first train A starts out an hour earlier, how long will it take the second train B &nbsp;to catch up with it? &nbsp; &nbsp; &nbsp; &nbsp;<br />\r\n<br />\r\n&nbsp;', NULL, 'null', 1, 1, 1, '5 hours', '4 hours', '3 hours', 'None of these', 1, 2, NULL, '2019-05-27 06:00:40', '2019-05-27 12:00:40'),
(257, 1, '[\"8\"]', 3, 1, 4, 1, 'A journey takes 6 hours if John travels at 30km/h. How long will it take if John travels at 45km/h?&nbsp;', NULL, 'null', 1, 1, 1, '5 hours', '9 hours', '10 hours', '4 hours', 4, 2, NULL, '2019-05-27 06:01:33', '2019-05-27 12:01:33'),
(258, 1, '[\"8\"]', 3, 1, 4, 1, NULL, '1558938215_xx.png', 'null', 2, 1, 1, '&nbsp;S = 6&nbsp;&nbsp;M = 9&nbsp; &nbsp;U = 1&nbsp; B = 2', 'S = 6&nbsp; &nbsp;M = 9&nbsp; &nbsp;U = 0&nbsp; B = 1', 'S = 6&nbsp; M = 9&nbsp; &nbsp; U = 0&nbsp; B = 1', 'S = 5&nbsp; M = 7&nbsp; &nbsp; U = 0&nbsp; &nbsp;B = 1', 3, 2, NULL, '2019-05-27 06:23:35', '2019-05-27 12:23:35'),
(259, 1, '[\"8\"]', 3, 1, 5, 1, '<strong>Which three-dimensional figure can be created from the net shown above?</strong><br />\r\n&nbsp;', '1559102135_48Q.png', 'null', 2, 2, 1, '1559102135_48Aa.png', '1559102135_48Ab.png', '1559102135_48Ac.png', '1559102135_48Ad.png', 1, 2, NULL, '2019-05-29 03:55:35', '2019-05-29 09:55:35'),
(262, 2, '[\"5\",\"6\"]', 3, 1, 3, 1, '<strong>Which symbol correctly completes the number sentence &nbsp;&nbsp;9 + 5 &nbsp;□ 18 - 5?</strong>', NULL, 'null', 1, 1, 1, '+', '<', '=', '>', 4, 2, 2, '2019-12-24 04:44:08', '2019-12-24 04:45:59'),
(263, 2, '[\"5\",\"6\"]', 3, 1, 3, 1, '<strong>Use the picture below to answer the question.</strong><br />\r\n<strong>Sam will use one marker to color half of the circles. What is the color of the marker Sam will use?</strong><br />\r\n&nbsp;', '1577163755_Q2.png', 'null', 2, 1, 1, 'blue', 'green', 'red', 'yellow', 2, 2, NULL, '2019-12-24 05:02:35', '2019-12-24 11:02:35'),
(264, 2, '[\"5\",\"6\"]', 3, 1, 3, 1, '<strong>Use the number line below to answer the following question.<br />\r\nWhich point is located at 12$\\frac{3}{4}$?</strong>', '1577163940_Q3.png', 'null', 2, 1, 1, 'point Q', 'point R', 'point S', 'point T', 3, 2, NULL, '2019-12-24 05:05:40', '2019-12-24 11:05:40'),
(265, 2, '[\"5\",\"6\"]', 3, 1, 3, 1, '<strong>Which letter has a pair of parallel lines?</strong>', NULL, 'null', 1, 1, 1, 'H', 'T', 'V', 'X', 1, 2, NULL, '2019-12-24 05:06:48', '2019-12-24 11:06:48'),
(266, 2, '[\"5\",\"6\"]', 3, 1, 3, 1, '<strong>Which number should come next in this series?<br />\r\n10&nbsp; &nbsp;&nbsp;&nbsp;&nbsp;&nbsp; &nbsp;13&nbsp;&nbsp;&nbsp;&nbsp;&nbsp;&nbsp; &nbsp; &nbsp;16&nbsp;&nbsp;&nbsp;&nbsp; &nbsp; &nbsp;19&nbsp;&nbsp;&nbsp;&nbsp; &nbsp; &nbsp;22&nbsp;&nbsp;&nbsp;&nbsp; - - - ?</strong>', NULL, 'null', 1, 1, 1, '24', '20', '26', '25', 4, 2, NULL, '2019-12-24 05:08:04', '2019-12-24 11:08:04'),
(267, 2, '[\"5\",\"6\"]', 3, 1, 3, 1, '<strong>Find the missing shapes in the pattern.</strong>', '1577164730_Q6.png', 'null', 2, 2, 1, '1577164730_Q6A1.png', '1577164730_Q6A2.png', '1577164730_Q6A3.png', '1577164730_Q6A4.png', 3, 2, NULL, '2019-12-24 05:18:50', '2019-12-24 11:18:50'),
(268, 2, '[\"5\",\"6\"]', 3, 1, 3, 1, '<strong>Find the missing shapes in the pattern.</strong>', '1577165225_Q7.png', 'null', 2, 2, 1, '1577165225_Q7A1.png', '1577165225_Q7A2.png', '1577165225_Q7A3.png', '1577165225_Q7A4.png', 2, 2, NULL, '2019-12-24 05:27:05', '2019-12-24 11:27:05'),
(269, 2, '[\"5\",\"6\"]', 3, 1, 3, 1, '<strong>Which number should replace the question mark?</strong>', '1577165623_Q9.png', 'null', 2, 1, 1, '6', '9', '7', '0', 2, 2, NULL, '2019-12-24 05:33:43', '2019-12-24 11:33:43'),
(270, 2, '[\"5\",\"6\"]', 3, 1, 3, 1, '<strong>If TRIANGLE is to 3 then a SQUARE definitely is to..?</strong>', NULL, 'null', 1, 1, 1, '5', '4', '6', '2', 2, 2, NULL, '2019-12-24 05:35:05', '2019-12-24 11:35:05'),
(271, 2, '[\"5\",\"6\"]', 3, 1, 3, 1, '<strong>What is the least prime number?</strong>', NULL, 'null', 1, 1, 1, '1', '2', '3', '5', 2, 2, NULL, '2019-12-24 05:36:01', '2019-12-24 11:36:01'),
(272, 2, '[\"5\",\"6\"]', 3, 1, 3, 1, '<strong>Which number is not divisible by 2?</strong>', NULL, 'null', 1, 1, 1, '7341020', '3748598', '6263545', '1468102', 3, 2, NULL, '2019-12-24 05:37:18', '2019-12-24 11:37:18'),
(273, 2, '[\"5\",\"6\"]', 3, 1, 3, 1, '<strong>Which one of the four is least like the other three?</strong>', NULL, 'null', 1, 1, 1, 'Dog', 'Elephant', 'Snake', 'Lion', 3, 2, NULL, '2019-12-24 05:39:38', '2019-12-24 11:39:38'),
(274, 2, '[\"5\",\"6\"]', 3, 1, 3, 1, '<strong>Which number is divisible by 5?</strong>', NULL, 'null', 1, 1, 1, '7341023', '3748598', '6263545', '1468102', 3, 2, NULL, '2019-12-24 05:40:56', '2019-12-24 11:40:56'),
(275, 2, '[\"5\",\"6\"]', 3, 1, 3, 1, '<strong>John needs 13 bottles of water from the store. John can only carry 3 at a time. What&#39;s the minimum number of trips (number of times to go) John needs to make to the store:</strong>', NULL, 'null', 1, 1, 1, '4', '6', '3', '5', 4, 2, NULL, '2019-12-24 05:41:59', '2019-12-24 11:41:59'),
(276, 2, '[\"5\",\"6\"]', 3, 1, 3, 1, '<strong>Which number should come next in this series?<br />\r\n25&nbsp; &nbsp; &nbsp; &nbsp; 21&nbsp;&nbsp;&nbsp;&nbsp;&nbsp;&nbsp;&nbsp;&nbsp; 17&nbsp;&nbsp;&nbsp;&nbsp;&nbsp;&nbsp;&nbsp; 13&nbsp;&nbsp; - - - -</strong>', NULL, 'null', 1, 1, 1, '11', '12', '10', '9', 4, 2, NULL, '2019-12-24 05:43:41', '2019-12-24 11:43:41'),
(277, 1, '[\"5\",\"6\"]', 3, 1, 3, 1, '<strong>Mario began watching a movie at the same time on the clock. The movie was for 2 hours and 25 minutes long. What time did the movie end?</strong>', '1577166329_Q17.png', 'null', 2, 1, 1, '8:30 PM', '9:30 PM', '7:55 PM', '9:55 PM', 4, 2, NULL, '2019-12-24 05:45:29', '2019-12-24 11:45:29'),
(278, 2, '[\"5\",\"6\"]', 3, 1, 3, 1, '<strong>Which number does not go with this sequence?&nbsp;<br />\r\n&nbsp;2, &nbsp;3, &nbsp;4, &nbsp;6, &nbsp;8, &nbsp;10 , 12</strong>', NULL, 'null', 1, 1, 1, '3', '8', '2', '4', 1, 2, NULL, '2019-12-24 05:46:34', '2019-12-24 11:46:34'),
(279, 2, '[\"5\",\"6\"]', 3, 1, 3, 1, '<strong>Select the lettered pair that best expresses a relationship similar to&nbsp; Animal : Cat</strong>', NULL, 'null', 1, 1, 1, 'Apple: Pear', 'Club: Player', 'Furniture : Chair', 'Body: Toe', 3, 2, NULL, '2019-12-24 05:48:36', '2019-12-24 11:48:36'),
(280, 1, '[\"5\",\"6\"]', 3, 1, 3, 1, '<strong>Look at these angles. One of the angles measures 120&deg;. Which one is this?</strong>', NULL, 'null', 1, 1, 1, 'Angle P', 'Angle Q', 'Angle R', 'Angle S', 2, 2, NULL, '2019-12-24 05:51:37', '2019-12-24 11:51:37'),
(281, 2, '[\"5\",\"6\"]', 3, 1, 3, 1, '<strong>How many square are there in the figure?</strong>', '1577166860_Q21.png', 'null', 2, 1, 1, '1', '4', '5', '6', 3, 2, NULL, '2019-12-24 05:54:20', '2019-12-24 11:54:20'),
(282, 2, '[\"5\",\"6\"]', 3, 1, 3, 1, '<strong>AZ&nbsp;&nbsp; BY&nbsp;&nbsp; CX&nbsp;&nbsp; - -&nbsp; ?&nbsp; Which two letters will come next?</strong>\r\n<ol>\r\n	<li>&nbsp;</li>\r\n	<li>&nbsp;</li>\r\n	<li>&nbsp;</li>\r\n</ol>', NULL, 'null', 1, 1, 1, 'DU', 'EV', 'DW', 'CW', 3, 2, NULL, '2019-12-24 05:55:24', '2019-12-24 11:55:24'),
(283, 2, '[\"5\",\"6\"]', 3, 1, 3, 1, '<strong>What number should replace the question marks?</strong>', NULL, 'null', 1, 1, 1, '5', '6', '7', '8', 3, 2, NULL, '2019-12-24 05:56:33', '2019-12-24 11:56:33'),
(284, 2, '[\"5\",\"6\"]', 3, 1, 3, 1, '<strong>Which alpha-numeric is the odd one out?<br />\r\nB2&nbsp; C3 &nbsp;D4&nbsp; F6&nbsp; E7&nbsp; &nbsp;A1</strong>', NULL, 'null', 1, 1, 1, 'B2', 'D4', 'C3', 'E7', 4, 2, NULL, '2019-12-24 05:57:31', '2019-12-24 11:57:31'),
(285, 2, '[\"5\",\"6\"]', 3, 1, 3, 1, '<strong>What&#39;s the mid value of - 5 and 5?</strong>', NULL, 'null', 1, 1, 1, '5', '0', '1', '10', 2, 2, NULL, '2019-12-24 05:58:17', '2019-12-24 11:58:17'),
(286, 2, '[\"5\",\"6\"]', 3, 1, 3, 1, '<strong>What is the value of&nbsp; 2 &times; 5 &times; 7 &times; 0</strong>', NULL, 'null', 1, 1, 1, '0', '7', '70', '700', 1, 2, NULL, '2019-12-24 05:59:34', '2019-12-24 11:59:34'),
(287, 2, '[\"5\",\"6\"]', 3, 1, 3, 1, '<strong>Which one is the largest ( Do not&nbsp; calculate)?&nbsp;</strong>', NULL, 'null', 1, 1, 1, '2 × 3 × 3471897', '1 × 5 × 3471897', '2 × 2 × 3471897', '4 × 1 × 3471897', 1, 2, NULL, '2019-12-24 06:00:50', '2019-12-24 12:00:50'),
(288, 2, '[\"5\",\"6\"]', 3, 1, 3, 1, '<strong>How many days are there in the month of February, 2016?</strong>', NULL, 'null', 1, 1, 1, '30', '29', '31', '28', 2, 2, NULL, '2019-12-24 06:05:30', '2019-12-24 12:05:30'),
(289, 2, '[\"5\",\"6\"]', 3, 1, 3, 1, '<strong>Which group of LETTERS is the odd one out?</strong>', NULL, 'null', 1, 1, 1, 'B C D E', 'K L M N', 'U V X Y', 'G H I J', 3, 2, NULL, '2019-12-24 06:06:20', '2019-12-24 12:06:20'),
(290, 2, '[\"5\",\"6\"]', 3, 1, 3, 1, '<strong>Which one of the following is the most appropriate unit for measuring the length of a spoon?</strong>', NULL, 'null', 1, 1, 1, 'meter', 'feet', 'gm', 'centimeter', 4, 2, NULL, '2019-12-24 06:07:10', '2019-12-24 12:07:10'),
(291, 2, '[\"5\",\"6\"]', 3, 1, 3, 1, '<strong>Which clock shows the time 3:42?</strong>', NULL, 'null', 1, 2, 1, '1577167880_Q31A1.png', '1577167880_Q31A2.png', '1577167880_Q31A3.png', '1577167880_Q31A4.png', 4, 2, 2, '2019-12-24 06:11:20', '2019-12-24 06:11:32'),
(292, 1, '[\"5\",\"6\"]', 3, 1, 3, 1, '<strong>Which one of the following fraction is equivalent to $\\frac{3}{4}$</strong>', NULL, 'null', 1, 1, 1, '$\\frac{40}{50}$', '$\\frac{2}{3}$', '$\\frac{75}{100}$', '$\\frac{6}{12}$', 3, 2, NULL, '2019-12-24 06:14:26', '2019-12-24 12:14:26'),
(293, 1, '[\"5\",\"6\"]', 3, 1, 3, 1, '<strong>The weight of the Elephant is:</strong>', '1577168357_Q33.png', 'null', 2, 1, 1, 'Greater than Hippopotamus', 'Greater than Whale', 'Less than Whale', 'Less than Hippopotamus', 3, 2, NULL, '2019-12-24 06:19:17', '2019-12-24 12:19:17'),
(294, 2, '[\"5\",\"6\"]', 3, 1, 3, 1, '<strong>The weight of the Lion is:</strong>', '1577168523_Q34.png', 'null', 2, 1, 1, 'Greater than Hippopotamus', 'Equal to Whale', 'Greater than Whale', 'Less than Whale', 4, 2, NULL, '2019-12-24 06:22:03', '2019-12-24 12:22:03'),
(295, 2, '[\"5\",\"6\"]', 3, 1, 3, 1, '<strong>Which of following will correctly replace the &ldquo;?&rdquo;<br />\r\n35 + 40 = ?</strong><strong>&nbsp;- 15</strong>', NULL, 'null', 1, 1, 1, '75', '85', '90', '60', 3, 2, 2, '2019-12-24 06:26:08', '2019-12-24 06:26:47'),
(296, 2, '[\"5\",\"6\"]', 3, 1, 3, 1, '<strong>Which of following will correctly replace the &ldquo;?&rdquo;<br />\r\n25 &times; 40 = ? &times; 100</strong>', NULL, 'null', 1, 1, 1, '75', '10', '100', '1', 2, 2, 2, '2019-12-24 06:31:13', '2019-12-24 06:34:44'),
(297, 2, '[\"5\",\"6\"]', 3, 1, 3, 1, '<strong>Which color occupies the most space?</strong>', '1577169274_Q37.png', 'null', 2, 1, 1, 'Blue', 'Red', 'Green', 'Yellow', 1, 2, 2, '2019-12-24 06:34:34', '2019-12-24 06:39:00'),
(298, 2, '[\"5\",\"6\"]', 3, 1, 3, 1, '<strong>The graph shows percentage chance of rainfall:</strong>', '1577169439_Q38.png', 'null', 2, 1, 1, 'Friday', 'Saturday', 'Sunday', 'Monday', 4, 2, NULL, '2019-12-24 06:37:19', '2019-12-24 12:37:19'),
(299, 2, '[\"5\",\"6\"]', 3, 1, 3, 1, '<strong>The table shows whether the students of Grade 11 and 12 use Cell phone or not:Students from which class use the Cell phone most</strong>', '1577169529_Q39.png', 'null', 2, 1, 1, 'Class 11', 'Class 12', 'Both Classes', 'Can’t say', 1, 2, NULL, '2019-12-24 06:38:49', '2019-12-24 12:38:49'),
(300, 2, '[\"5\",\"6\"]', 3, 1, 3, 1, '<strong>Jabbar is 5 years younger than his brother, Rakin. Their cousin, Jashim, is 7 years younger than Jabbar. Who is the oldest of them?</strong>', NULL, 'null', 1, 1, 1, 'Jashim', 'Rakin', 'Jabbar', 'Can’t say', 2, 2, NULL, '2019-12-24 06:40:52', '2019-12-24 12:40:52'),
(301, 2, '[\"7\",\"8\"]', 3, 1, 3, 1, '<strong>Ralph likes 25 but not 24; he likes 49 but not 50; he likes 64 but not 87. Which of the following does he like:</strong>', NULL, 'null', 1, 1, 1, '50', '100', '200', '500', 2, 2, NULL, '2019-12-30 06:40:48', '2019-12-30 12:40:48'),
(302, 2, '[\"7\",\"8\"]', 3, 1, 3, 1, '<strong>Which one is the largest fraction?</strong>', NULL, 'null', 1, 1, 1, '$\\frac{3}{4}$', '$\\frac{4}{5}$', '$\\frac{5}{6}$', '$\\frac{7}{8}$', 4, 2, NULL, '2019-12-30 06:42:42', '2019-12-30 12:42:42'),
(303, 2, '[\"7\",\"8\"]', 3, 1, 3, 1, '<strong>If you count from 1 to 100, how many 7&#39;s will you pass on the way?</strong>', NULL, 'null', 1, 1, 1, '10', '18', '19', '20', 2, 2, NULL, '2019-12-30 06:46:13', '2019-12-30 12:46:13'),
(304, 2, '[\"7\",\"8\"]', 3, 1, 3, 1, '<strong>The missing number in the last line is : 5*3&nbsp; =&nbsp; 82 &nbsp;&nbsp;&nbsp;&nbsp;&nbsp;&nbsp;&nbsp;&nbsp;&nbsp;&nbsp;&nbsp;&nbsp;9*1&nbsp; = 108&nbsp;&nbsp;&nbsp;&nbsp;&nbsp;&nbsp;&nbsp;&nbsp;&nbsp;&nbsp;&nbsp; 6*3 =&nbsp; 93&nbsp;&nbsp;&nbsp;&nbsp;&nbsp;&nbsp;&nbsp;&nbsp;&nbsp;&nbsp;&nbsp; 7*2&nbsp; =?</strong>', NULL, 'null', 1, 1, 1, '95', '104', '704', '114', 1, 2, NULL, '2019-12-30 06:47:39', '2019-12-30 12:47:39'),
(305, 2, '[\"7\",\"8\"]', 3, 1, 3, 1, '<strong>How many days are there in the month of February, 2016?</strong>', NULL, 'null', 1, 1, 1, '30', '29', '31', '28', 2, 2, NULL, '2019-12-30 06:48:49', '2019-12-30 12:48:49'),
(306, 2, '[\"7\",\"8\"]', 3, 1, 3, 1, '<strong>Which number should replace the question mark?</strong>', NULL, 'null', 1, 1, 1, '0', '4', '5', '9', 4, 2, NULL, '2019-12-30 06:51:33', '2019-12-30 12:51:33'),
(307, 2, '[\"7\",\"8\"]', 3, 1, 3, 1, '<strong>Which group of LETTERS is the odd one out?</strong>', NULL, 'null', 1, 1, 1, 'B C D E', 'K L M N', 'U V X Y', 'G H I J', 3, 2, NULL, '2019-12-30 06:52:22', '2019-12-30 12:52:22'),
(308, 2, '[\"7\",\"8\"]', 3, 1, 3, 1, '<strong>Which of the following numbers is not a perfect square</strong>?', NULL, 'null', 1, 1, 1, '36', '49', '64', '90', 4, 2, NULL, '2019-12-30 06:53:12', '2019-12-30 12:53:12'),
(309, 2, '[\"7\",\"8\"]', 3, 1, 3, 1, '<strong>The marks obtained by some students is shown the graph below. What is the mark obtained by Sarah?</strong>', '1577688915_Q9.png', 'null', 2, 1, 1, '10.5', '12.5', '11', '14.5', 2, 2, NULL, '2019-12-30 06:55:15', '2019-12-30 12:55:15'),
(310, 2, '[\"7\",\"8\"]', 3, 1, 3, 1, '<strong>The day after the day after tomorrow is four days before Monday. What day is it today?</strong>', NULL, 'null', 1, 1, 1, 'Monday', 'Tuesday', 'Wednesday', 'Thursday', 1, 2, NULL, '2019-12-30 06:56:06', '2019-12-30 12:56:06'),
(311, 2, '[\"7\",\"8\"]', 3, 1, 3, 1, '<strong>312 is to CAB as 135 is to ?</strong>', NULL, 'null', 1, 1, 1, 'BEC', 'CEA', 'ACE', 'ACD', 3, 2, NULL, '2019-12-30 06:57:21', '2019-12-30 12:57:21'),
(312, 2, '[\"7\",\"8\"]', 3, 1, 3, 1, '<strong>Library is to book as book is to </strong>', NULL, 'null', 1, 1, 1, 'page', 'copy', 'binding', 'cover', 1, 2, NULL, '2019-12-30 06:58:31', '2019-12-30 12:58:31'),
(313, 1, '[\"7\",\"8\"]', 3, 1, 3, 1, '<strong>How many different triangles are there in the diagram?</strong>', NULL, 'null', 1, 1, 1, '4', '6', '7', '8', 4, 2, NULL, '2019-12-30 07:00:05', '2019-12-30 13:00:05'),
(314, 2, '[\"7\",\"8\"]', 3, 1, 3, 1, '<strong>Which of the following diagrams is the odd one out?</strong>', NULL, 'null', 1, 2, 1, '1577690115_Q14A1.png', '1577690115_Q14A2.png', '1577690115_Q14A3.png', '1577690115_Q14A4.png', 4, 2, NULL, '2019-12-30 07:15:15', '2019-12-30 13:15:15'),
(315, 1, '[\"7\",\"8\"]', 3, 1, 3, 1, '<strong>Which number should come next in the series?<br />\r\n1&nbsp;&nbsp;&nbsp;&nbsp;&nbsp;&nbsp;&nbsp;&nbsp;&nbsp; 4&nbsp;&nbsp;&nbsp;&nbsp;&nbsp;&nbsp;&nbsp;&nbsp;&nbsp; 7&nbsp;&nbsp;&nbsp;&nbsp;&nbsp;&nbsp;&nbsp;&nbsp;&nbsp; 10&nbsp;&nbsp;&nbsp;&nbsp;&nbsp;&nbsp;&nbsp; 13&nbsp;&nbsp;&nbsp;&nbsp;&nbsp;&nbsp;&nbsp; 16</strong>', NULL, 'null', 1, 1, 1, '11', '18', '19', '21', 3, 2, NULL, '2019-12-30 07:15:59', '2019-12-30 13:15:59'),
(316, 2, '[\"7\",\"8\"]', 3, 1, 3, 1, '<strong>What 3D Shape can be made from the following cut out?</strong>', NULL, 'null', 1, 1, 1, 'Sphere', 'Cylinder', 'Cone', 'Pyramid', 2, 2, NULL, '2019-12-30 07:17:30', '2019-12-30 13:17:30'),
(317, 2, '[\"7\",\"8\"]', 3, 1, 3, 1, '<strong>The white dot moves two places anti-clockwise at each stage and the black moves one place clockwise. After how many stages will they be together in the same corner?</strong>', NULL, 'null', 1, 1, 1, '1', '2', '3', '4', 4, 2, NULL, '2019-12-30 07:19:00', '2019-12-30 13:19:00'),
(318, 2, '[\"7\",\"8\"]', 3, 1, 3, 1, '<strong>If x &gt; y&nbsp;then which one of the following may not be true.</strong>&nbsp;', NULL, 'null', 1, 1, 1, 'x + 3 > y + 3', '3x > 3y', 'x - 5 > y - 5', 'x + 2 > y + 5', 4, 2, NULL, '2019-12-30 07:21:54', '2019-12-30 13:21:54'),
(319, 2, '[\"7\",\"8\"]', 3, 1, 3, 1, '<strong>If x &gt; y&nbsp;then which one of the following may not be true.</strong>&nbsp;', NULL, 'null', 1, 1, 1, 'x + 3 > y + 3', '3x > 3y', 'x - 5 > y - 5', 'x + 2 > y + 5', 4, 2, NULL, '2019-12-30 07:22:05', '2019-12-30 13:22:05'),
(320, 2, '[\"7\",\"8\"]', 3, 1, 3, 1, '<strong>The average of the three numbers&nbsp;&nbsp; - N , 3 and N is</strong>', NULL, 'null', 1, 1, 1, '0', '1', '2', '$\\frac{(2N + 3)}{3}$', 2, 2, NULL, '2019-12-30 07:23:50', '2019-12-30 13:23:50'),
(321, 2, '[\"7\",\"8\"]', 3, 1, 3, 1, '<strong>Which piece of shape below when fitted into the above will form a perfect square? </strong>', '1577770395_Q20.png', 'null', 2, 2, 1, '1577770395_Q20A1.png', '1577770395_Q20A2.png', '1577770395_Q20A3.png', '1577770395_Q20A4.png', 3, 2, NULL, '2019-12-31 05:33:15', '2019-12-31 11:33:15'),
(322, 3, '[\"7\",\"8\"]', 3, 1, 3, 1, '<strong>অর্থ মূল্যের বিবেচনায় নিচের কোন জারটি উত্তম?</strong>', NULL, 'null', 1, 2, 1, '1577771331_Q21A1.png', '1577771331_Q21A2.png', '1577771331_Q21A3.png', '1577771331_Q21A4.png', 2, 2, 2, '2019-12-31 05:48:51', '2019-12-31 09:08:49'),
(323, 2, '[\"7\",\"8\"]', 3, 1, 3, 1, '<strong>What fraction will come next&nbsp; $\\farc{2}{4}$&nbsp;&nbsp; $\\farc{4}{9}$&nbsp;&nbsp; $\\farc{6}{16}$?&nbsp;</strong>', NULL, 'null', 1, 1, 1, '$\\frac{8}{20}$', '$\\frac{10}{25}$', '$\\frac{8}{25}$', '$\\frac{9}{18}$', 3, 2, 2, '2019-12-31 05:52:51', '2019-12-31 09:09:34'),
(324, 2, '[\"7\",\"8\"]', 3, 1, 3, 1, '<strong>If PRF represents 254, RPQ represents 429 and FQS represents 591, then what does FSQ represent?</strong>', NULL, 'null', 1, 1, 1, '519', '452', '924', '195', 1, 2, NULL, '2019-12-31 05:53:48', '2019-12-31 11:53:48'),
(325, 2, '[\"7\",\"8\"]', 3, 1, 3, 1, '<strong>Which alpha-numeric is the odd one out?<br />\r\nB2&nbsp;D4&nbsp; F6&nbsp;E5&nbsp; C2</strong>', NULL, 'null', 1, 1, 1, 'B2', 'D4', 'C2', 'E5', 3, 2, NULL, '2019-12-31 05:55:18', '2019-12-31 11:55:18'),
(326, 2, '[\"7\",\"8\"]', 3, 1, 3, 1, '<strong>Which of the below conclusions can be drawn with absolute certainty based on the following two propositions?</strong><br />\r\n&nbsp; &nbsp; <strong>&nbsp;i. None of the stamp collectors is an architect.<br />\r\n&nbsp; &nbsp; &nbsp;ii. All the Sailors are stamp collectors</strong>', NULL, 'null', 1, 1, 1, 'all stamp collectors are architects', 'architects are not Sailors', 'no stamp collector is Sailors', 'some Sailors are architects', 2, 2, NULL, '2019-12-31 05:57:13', '2019-12-31 11:57:13'),
(327, 2, '[\"7\",\"8\"]', 3, 1, 3, 1, '<strong>What&#39;s the mid value of-5 and 5?</strong>', NULL, 'null', 1, 1, 1, '5', '0', '1', '10', 2, 2, NULL, '2019-12-31 05:57:54', '2019-12-31 11:57:54'),
(328, 2, '[\"7\",\"8\"]', 3, 1, 3, 1, '<strong>Look at these angles. One of the angles measures 120&deg;. Which one is this?</strong>', '1577772070_Q27.png', 'null', 2, 1, 1, 'Angle P', 'Angle Q', 'Angle R', 'Angle S', 2, 2, 2, '2019-12-31 05:59:10', '2019-12-31 06:01:10'),
(329, 2, '[\"7\",\"8\"]', 3, 1, 3, 1, '<strong>What 3D shape can be made from the following cut out?</strong>', '1577772054_Q28.png', 'null', 2, 1, 1, 'Tetrahedron ', 'Sphere', 'Cube', 'Cubiod', 3, 2, 2, '2019-12-31 06:00:08', '2019-12-31 06:00:54'),
(330, 2, '[\"7\",\"8\"]', 3, 1, 3, 1, '<strong>You are in a race and you overtake the person who is in second place. What is your position now?</strong>', NULL, 'null', 1, 1, 1, 'first', 'second', 'third', 'fourth', 2, 2, NULL, '2019-12-31 06:08:05', '2019-12-31 12:08:05'),
(331, 2, '[\"7\",\"8\"]', 3, 1, 3, 1, '<strong>What is the value of <em>x </em>?</strong>', NULL, 'null', 1, 1, 1, '1.5', '2', '5', '6', 3, 2, NULL, '2019-12-31 06:08:50', '2019-12-31 12:08:50'),
(332, 2, '[\"7\",\"8\"]', 3, 1, 3, 1, '<strong>I&#39;m a male. If Albert&#39;s son is my son&#39;s father, what is the relationship between Albert and me?</strong>', NULL, 'null', 1, 1, 1, 'he is my brother', 'he is my son', 'he is my father', 'he is my granddad', 3, 2, NULL, '2019-12-31 06:09:53', '2019-12-31 12:09:53'),
(333, 2, '[\"7\",\"8\"]', 3, 1, 3, 1, '<strong>If A &times; B = 2, B &times; C = 6, A &times; D = 4 ,What does B &times; D equal?</strong>', NULL, 'null', 1, 1, 1, '4', '3', '6', '8', 3, 2, NULL, '2019-12-31 06:11:12', '2019-12-31 12:11:12'),
(334, 2, '[\"7\",\"8\"]', 3, 1, 3, 1, '<strong>What is the minimum value is to be added with 29 to make it a perfect square?</strong>', NULL, 'null', 1, 1, 1, '20', '7', '21', '4', 2, 2, NULL, '2019-12-31 06:12:00', '2019-12-31 12:12:00'),
(335, 2, '[\"7\",\"8\"]', 3, 1, 3, 1, '<strong>Which one is the largest&nbsp; ( Do not&nbsp; calculate)? </strong>', NULL, 'null', 1, 1, 1, '2 ×  3 ×  3471897043', '1 × 5 ×  3471897043', '2 × 2 ×  3471897043', '4 × 1 ×  3471897043', 1, 2, NULL, '2019-12-31 06:13:22', '2019-12-31 12:13:22'),
(336, 2, '[\"7\",\"8\"]', 3, 1, 3, 1, '<strong>Which letter should replace the question mark?<br />\r\nB&nbsp;&nbsp;&nbsp;&nbsp;&nbsp;&nbsp;&nbsp;&nbsp; E&nbsp;&nbsp;&nbsp;&nbsp;&nbsp;&nbsp;&nbsp;&nbsp;&nbsp; H&nbsp;&nbsp;&nbsp;&nbsp;&nbsp;&nbsp;&nbsp;&nbsp; K&nbsp;&nbsp;&nbsp;&nbsp;&nbsp;&nbsp;&nbsp;&nbsp; ?&nbsp;&nbsp;&nbsp;&nbsp;&nbsp;&nbsp;&nbsp;&nbsp;&nbsp; Q&nbsp;&nbsp;&nbsp;&nbsp;&nbsp;&nbsp;&nbsp;&nbsp; T</strong>', NULL, 'null', 1, 1, 1, 'M', 'N', 'O', 'P', 2, 2, NULL, '2019-12-31 07:02:37', '2019-12-31 13:02:37'),
(337, 2, '[\"7\",\"8\"]', 3, 1, 3, 1, '<strong>Which statement is correct based on the following diagram?</strong>', '1577775922_Q36.png', 'null', 2, 1, 1, 'The area of the circle is greater than the area of the square.', 'The area of the circle is less than the area of the square.', 'The area of the circle is equal to the area of the square.', 'No conclusion can be drawn.', 2, 2, NULL, '2019-12-31 07:05:22', '2019-12-31 13:05:22'),
(338, 2, '[\"7\",\"8\"]', 3, 1, 3, 1, '<strong>At the end of a banquet 3 people shake hands with each other. How many handshakes will there be in total?</strong>', NULL, 'null', 1, 1, 1, '10', '6', '4', '3', 4, 2, NULL, '2019-12-31 07:21:05', '2019-12-31 13:21:05'),
(339, 2, '[\"7\",\"8\"]', 3, 1, 3, 1, '<strong>Which one of the five choices makes the best comparison?&nbsp; PEACH&nbsp; is to HCAEP as 46251 is to:</strong>', NULL, 'null', 1, 1, 1, '24651', '15264', '12456', '65421', 2, 2, NULL, '2019-12-31 07:22:23', '2019-12-31 13:22:23'),
(340, 2, '[\"7\",\"8\"]', 3, 1, 3, 1, '<strong>A piece of paper is cut out and labeled as shown in the diagram. It is folded along the dotted lines to make an open box. If the box is placed on a table so that the top of the box is open, then the label at the bottom of the box is:</strong>', '1577777013_Q39.png', 'null', 2, 1, 1, 'U', 'V', 'Y', 'W', 2, 2, 2, '2019-12-31 07:23:33', '2019-12-31 07:24:40'),
(341, 2, '[\"7\",\"8\"]', 3, 1, 3, 1, '<strong>Which of the following names matches with the following series?<br />\r\nDhaka&nbsp; &nbsp; &nbsp;&nbsp;London&nbsp;&nbsp;&nbsp;&nbsp;&nbsp;&nbsp; New Delhi&nbsp;&nbsp; &nbsp;&nbsp;&nbsp;Tokyo</strong>', NULL, 'null', 1, 1, 1, 'Kolkata', 'Brazil', 'Paris', 'Italy', 3, 2, NULL, '2019-12-31 07:24:29', '2019-12-31 13:24:29'),
(342, 3, '[\"7\",\"8\"]', 3, 1, 3, 1, '<strong>রাফি 25 পছন্দ করে কিন্তু 24 করে না; 49 পছন্দ করে কিন্তু 50 করে না; 64 পছন্দ করে কিন্তু 87 করে না; নিচের কোনটি সে পছন্দ করে ?</strong>&nbsp;', NULL, 'null', 1, 1, 1, '50', '100', '200', '500', 2, 2, NULL, '2019-12-31 08:34:12', '2019-12-31 14:34:12'),
(343, 3, '[\"7\",\"8\"]', 3, 1, 3, 1, '<strong>নিচের কোনটি বৃহত্তম ভগ্নাংশ?</strong>', NULL, 'null', 1, 1, 1, '$\\frac{3}{4}$', '$\\frac{4}{5}$', '$\\frac{5}{6}$', '$\\frac{7}{8}$', 4, 2, NULL, '2019-12-31 08:35:43', '2019-12-31 14:35:43'),
(344, 3, '[\"7\",\"8\"]', 3, 1, 3, 1, '<strong>1 থেকে 100 পর্যন্ত গণনা করলে কতটি 7 পাওয়া যাবে?</strong>', NULL, 'null', 1, 1, 1, '10', '18', '19', '20', 2, 2, NULL, '2019-12-31 08:36:25', '2019-12-31 14:36:25'),
(345, 3, '[\"7\",\"8\"]', 3, 1, 3, 1, '<strong>প্রশ্নবোধক স্থানে কোন সংখ্যা হবে?<br />\r\n5*3 = 82 &nbsp;&nbsp;&nbsp;&nbsp;&nbsp;&nbsp;&nbsp;&nbsp;&nbsp;&nbsp;&nbsp;&nbsp;9*1&nbsp; = 108&nbsp;&nbsp;&nbsp;&nbsp;&nbsp;&nbsp;&nbsp;&nbsp;&nbsp;&nbsp;&nbsp; 6*3 =&nbsp; 93&nbsp;&nbsp;&nbsp;&nbsp;&nbsp;&nbsp;&nbsp;&nbsp;&nbsp;&nbsp;&nbsp; 7*2&nbsp; =?</strong>', NULL, 'null', 1, 1, 1, '95', '104', '704', '114', 1, 2, NULL, '2019-12-31 08:37:16', '2019-12-31 14:37:16'),
(346, 3, '[\"7\",\"8\"]', 3, 1, 3, 1, '<strong>2016 সালের ফেব্রুয়ারী মাস কত দিনের ছিল?</strong>', NULL, 'null', 1, 1, 1, '30', '29', '31', '28', 2, 2, NULL, '2019-12-31 08:38:20', '2019-12-31 14:38:20'),
(347, 3, '[\"7\",\"8\"]', 3, 1, 3, 1, '<strong>প্রশ্নবোধক স্থানে কোন সংখ্যা্টি হবে?&nbsp;</strong>', '1577781734_Q6.png', 'null', 2, 1, 1, '0', '4', '5', '9', 4, 2, NULL, '2019-12-31 08:42:14', '2019-12-31 14:42:14'),
(348, 3, '[\"7\",\"8\"]', 3, 1, 3, 1, '<strong>ইংরেজি বর্ণমালার কোন&nbsp; দলটি ভিন্ন?</strong>', NULL, 'null', 1, 1, 1, 'B C D E', 'K L M N', 'U V X Y', 'G H I J', 3, 2, NULL, '2019-12-31 08:43:10', '2019-12-31 14:43:10'),
(349, 3, '[\"7\",\"8\"]', 3, 1, 3, 1, '<strong>নিচের সংখ্যাগুলোর মধ্যে পূর্ণ বর্গ সংখ্যা নয়&nbsp; কোনটি?</strong>', NULL, 'null', 1, 1, 1, '36', '49', '64', '90', 4, 2, NULL, '2019-12-31 08:44:03', '2019-12-31 14:44:03'),
(350, 3, '[\"7\",\"8\"]', 3, 1, 3, 1, '<strong>কিছু শিক্ষার্থীর প্রাপ্ত নম্বর নিচের ডায়াগ্রামে দেখানো হলো। সারাহর প্রাপ্ত নম্বর কত?</strong>', '1577781970_Q9_B.png', 'null', 2, 1, 1, '10.5', '12.5', '11', '14.5', 2, 2, 2, '2019-12-31 08:46:10', '2019-12-31 08:49:27'),
(351, 3, '[\"7\",\"8\"]', 3, 1, 3, 1, '<strong>আগামী পরশু দিনের পরের দিন হচ্ছে সোমবারের চারদিন আগের দিন; আজকে কী বার?</strong>', NULL, 'null', 1, 1, 1, 'সোমবার', 'মঙ্গলবার', 'বুধবার', 'বৃহস্পতিবার', 1, 2, 2, '2019-12-31 08:46:59', '2019-12-31 08:55:59'),
(352, 3, '[\"7\",\"8\"]', 3, 1, 3, 1, '<strong>312 যদি CAB হয়, তবে 135 হবে ?</strong>', NULL, 'null', 1, 1, 1, 'BEC', 'CEA', 'ACE', 'ACD', 3, 2, NULL, '2019-12-31 08:47:41', '2019-12-31 14:47:41'),
(353, 3, '[\"7\",\"8\"]', 3, 1, 3, 1, '<strong>&ldquo;গ্রন্থাগার&rdquo; এর সাথে &ldquo;বই &rdquo; এর যে সম্পর্ক, &ldquo;বই &rdquo; &nbsp;এর সাথে নিচের কোনটির সেই সম্পর্ক?</strong>', NULL, 'null', 1, 1, 1, 'পৃষ্ঠা', 'অনুলিপি', 'বাঁধাই', 'প্রচ্ছদ', 1, 2, NULL, '2019-12-31 08:48:43', '2019-12-31 14:48:43'),
(354, 3, '[\"7\",\"8\"]', 3, 1, 3, 1, '<strong>নিচের ডায়াগ্রামে কয়টি ত্রিভুজ আছে?</strong>', '1577782323_Q13.png', 'null', 2, 1, 1, '4', '6', '7', '8', 4, 2, NULL, '2019-12-31 08:52:03', '2019-12-31 14:52:03'),
(355, 3, '[\"7\",\"8\"]', 3, 1, 3, 1, '<strong>নিচের কোন ডায়াগ্রামটি অন্য তিনটি থেকে ভিন্ন?</strong>', NULL, 'null', 1, 2, 1, '1577782630_Q14A1.png', '1577782630_Q14A2.png', '1577782630_Q14A3.png', '1577782630_Q14A4.png', 4, 2, NULL, '2019-12-31 08:57:10', '2019-12-31 14:57:10'),
(356, 3, '[\"7\",\"8\"]', 3, 1, 3, 1, '<strong>1&nbsp;&nbsp;&nbsp;&nbsp;&nbsp;&nbsp;&nbsp;&nbsp;&nbsp; 4&nbsp;&nbsp;&nbsp;&nbsp;&nbsp;&nbsp;&nbsp;&nbsp;&nbsp; 7&nbsp; &nbsp; &nbsp; &nbsp; &nbsp; 10&nbsp;&nbsp;&nbsp;&nbsp;&nbsp;&nbsp;&nbsp; 13&nbsp;&nbsp;&nbsp;&nbsp;&nbsp;&nbsp;&nbsp; 16 &hellip;&hellip;&hellip; ধারাটির পরবর্তী সংখ্যা কত হবে?</strong>', NULL, 'null', 1, 1, 1, '11', '18', '19', '21', 3, 2, 2, '2019-12-31 08:58:17', '2019-12-31 08:59:33'),
(357, 3, '[\"7\",\"8\"]', 3, 1, 3, 1, '<strong>নিম্নের ডায়াগ্রাম থেকে ত্রিমাত্রিক কোন আকার পাওয়া যাবে?</strong>', NULL, 'null', 1, 1, 1, 'গোলক', 'সিলিন্ডার', 'মোচাকৃতি', 'পিরামিড', 2, 2, NULL, '2019-12-31 09:00:29', '2019-12-31 15:00:29'),
(358, 3, '[\"7\",\"8\"]', 3, 1, 3, 1, '<strong>সাদা বলটি প্রত্যেক পর্যায়ে ঘড়ির কাঁটার বিপরীত দিকে দুই স্থান অতিক্রম করে এবং কাল বলটি ঘড়ির কাঁটার দিকে দুই স্থান অতিক্রম করে। কয়টি পর্যায় পার হলে বল দুটি একত্রে একই কোণে মিলিত হবে?</strong>', '1577782872_Q17.png', 'null', 2, 1, 1, '1', '2', '3', '4', 4, 2, 2, '2019-12-31 09:01:12', '2019-12-31 09:01:27'),
(359, 3, '[\"7\",\"8\"]', 3, 1, 3, 1, '<strong>যদি x &gt; y হয়, তাহলে নিচের কোনটি সত্য হবে না?</strong>', NULL, 'null', 1, 1, 1, 'x + 3 > y + 3', '3x > 3y', 'x - 5 > y - 5', 'x + 2 > y + 5 ', 4, 2, NULL, '2019-12-31 09:03:06', '2019-12-31 15:03:06'),
(360, 3, '[\"7\",\"8\"]', 3, 1, 3, 1, '<strong>- <em>N</em> , 3 এবং <em>N</em> &nbsp;সংখ্যাত্রয়ের গড় কত? &nbsp;</strong>', NULL, 'null', 1, 1, 1, '0', '1', '2', '$\\frac{(2N + 3)}{3}$', 2, 2, 2, '2019-12-31 09:04:02', '2019-12-31 09:04:15'),
(361, 3, '[\"7\",\"8\"]', 3, 1, 3, 1, '<strong>নিচের কোন আকারের অংশটি উপরের আকারটিতে সংযুক্ত করা হলে পূর্ণবর্গ হবে?</strong>', '1577783138_Q20.png', 'null', 2, 2, 1, '1577783138_Q20A1.png', '1577783138_Q20A2.png', '1577783138_Q20A3.png', '1577783138_Q20A4.png', 3, 2, NULL, '2019-12-31 09:05:38', '2019-12-31 15:05:38');
INSERT INTO `bdedu_exam_questions` (`exam_question_row_id`, `education_type_row_id`, `class_row_id`, `module_row_id`, `school_row_id`, `exam_category_row_id`, `question_type`, `question_title`, `question_title_attachment`, `question_level`, `question_mimetype`, `answer_type`, `mark_weight`, `answer_1`, `answer_2`, `answer_3`, `answer_4`, `is_correct_answer`, `created_by`, `updated_by`, `created_at`, `updated_at`) VALUES
(362, 3, '[\"7\",\"8\"]', 3, 1, 3, 1, '<strong>অর্থ মূল্যের বিবেচনায় নিচের কোন জারটি উত্তম? &nbsp;</strong>', NULL, 'null', 1, 2, 1, '1577783244_Q21A1.png', '1577783244_Q21A2.png', '1577783244_Q21A3.png', '1577783244_Q21A4.png', 2, 2, NULL, '2019-12-31 09:07:24', '2019-12-31 15:07:24'),
(363, 3, '[\"7\",\"8\"]', 3, 1, 3, 1, '<strong>$\\frac{2}{4}$&nbsp;&nbsp; $\\frac{4}{9}$&nbsp;&nbsp; $\\frac{6}{16}$<em>&hellip;&hellip;&hellip; </em>&nbsp; ধারায় পরবর্তী ভগ্নাংশ কোনটি হবে?</strong>', NULL, 'null', 1, 1, 1, '$\\frac{8}{20}$', '$\\frac{10}{25}$', '$\\frac{8}{25}$', '$\\frac{9}{18}$', 3, 2, NULL, '2019-12-31 09:12:04', '2019-12-31 15:12:04'),
(364, 3, '[\"7\",\"8\"]', 3, 1, 3, 1, '<strong>PRF দ্বারা 254, RPQ দ্বারা 429 এবং FQS দ্বারা 591 কে প্রকাশ করলে, FSQ দ্বারা নিম্নের কোনটি প্রকাশিত হবে?</strong>', NULL, 'null', 1, 1, 1, '519', '452', '924', '195', 1, 2, NULL, '2019-12-31 09:14:50', '2019-12-31 15:14:50'),
(365, 3, '[\"7\",\"8\"]', 3, 1, 3, 1, '<strong>প্রদত্ত আলফা-নিউমেরিক গুলোর মধ্যে কোনটি ভিন্ন?<br />\r\n&nbsp;B2&nbsp;D4&nbsp; F6&nbsp;E5&nbsp; C2</strong>', NULL, 'null', 1, 1, 1, 'B2', 'D4', 'C2', 'E5', 3, 2, NULL, '2019-12-31 09:15:53', '2019-12-31 15:15:53'),
(366, 3, '[\"7\",\"8\"]', 3, 1, 3, 1, '<strong>নিম্নলিখিত দুটি প্রস্তাবের উপর নির্ভর করে নিচের কোন সিদ্ধান্তটি সঠিক হবে?<br />\r\n&nbsp; &nbsp; &nbsp;i.&nbsp;কোন ডাক টিকিট সংগ্রহকারীই স্থপতি নন<br />\r\n&nbsp; &nbsp; &nbsp;ii.&nbsp;সকল নাবিক ডাক টিকিট সংগ্রহকারী</strong>', NULL, 'null', 1, 1, 1, 'সকল ডাক টিকিট সংগ্রহকারী স্থপতি', 'স্থপতিরা কেউ নাবিক নন', 'কোন ডাক টিকিট সংগ্রহকারী নাবিক নন', 'কিছু নাবিক স্থপতি', 2, 2, 2, '2019-12-31 09:21:33', '2019-12-31 09:22:52'),
(367, 3, '[\"7\",\"8\"]', 3, 1, 3, 1, '<strong>- 5 এবং 5 এর মধ্যমান কোনটি?</strong>', NULL, 'null', 1, 1, 1, '5', '0', '1', '10', 2, 2, NULL, '2019-12-31 09:22:36', '2019-12-31 15:22:36'),
(368, 3, '[\"7\",\"8\"]', 3, 1, 3, 1, '<strong>নিম্নের চারটি কোণের মধ্যে কোন কোণের মান&nbsp; 120&deg;? </strong>', NULL, 'null', 1, 1, 1, 'কোণ P', 'কোণ Q', 'কোণ R', 'কোণ S', 2, 2, NULL, '2019-12-31 09:25:49', '2019-12-31 15:25:49'),
(369, 3, '[\"7\",\"8\"]', 3, 1, 3, 1, '<strong>নিম্নের ডায়াগ্রাম থেকে ত্রিমাত্রিক কোন আকার পাওয়া যাবে? </strong>', '1577784407_Q28.png', 'null', 2, 1, 1, 'চতুস্তলক ', 'গোলক', 'ঘনক', 'ঘনকাকার', 3, 2, NULL, '2019-12-31 09:26:47', '2019-12-31 15:26:47'),
(370, 3, '[\"7\",\"8\"]', 3, 1, 3, 1, '<strong>একটি দৌড় প্রতিযোগিতায় তুমি দ্বিতীয় অবস্থানে যে আছে তাকে ছাড়িয়ে গিয়েছ। তোমার অবস্থান কত?</strong>', NULL, 'null', 1, 1, 1, 'প্রথম', 'দ্বিতীয়', 'তৃতীয়', 'চতুর্থ', 2, 2, 2, '2019-12-31 09:27:47', '2019-12-31 09:37:48'),
(371, 3, '[\"7\",\"8\"]', 3, 1, 3, 1, '<strong><em>x </em>এর মান কত?&nbsp;</strong>', '1577784938_Q30_B.png', 'null', 2, 1, 1, '1.5', '2', '5', '6', 3, 2, NULL, '2019-12-31 09:35:38', '2019-12-31 15:35:38'),
(372, 3, '[\"7\",\"8\"]', 3, 1, 3, 1, '<strong>আমি একজন পুরুষ। যদি আলবার্টের ছেলে আমার ছেলের বাবা হয়, তাহলে আলবার্ট এবং আমার মাঝে সম্পর্ক কী হবে ? </strong>', NULL, 'null', 1, 1, 1, 'সে আমার ভাই', 'সে আমার ছেলে', 'সে আমার বাবা', 'সে আমার দাদা', 3, 2, NULL, '2019-12-31 09:36:28', '2019-12-31 15:36:28'),
(373, 3, '[\"7\",\"8\"]', 3, 1, 3, 1, '<strong>যদি A &times; B = 2, B &times; C = 6, A &times; D = 4 হয়, তাহলে B &times; D সমান কত হবে?</strong>', NULL, 'null', 1, 1, 1, '4', '3', '6', '8', 4, 2, NULL, '2019-12-31 09:37:24', '2019-12-31 15:37:24'),
(374, 3, '[\"7\",\"8\"]', 3, 1, 3, 1, '<strong>29 এর সাথে সর্বনিম্ন কত যোগ করলে একটি পূর্ণ বর্গ সংখ্যা হবে?</strong>', NULL, 'null', 1, 1, 1, '20', '7', '21', '4', 2, 2, NULL, '2019-12-31 09:39:17', '2019-12-31 15:39:17'),
(375, 3, '[\"7\",\"8\"]', 3, 1, 3, 1, '<strong>নিম্নের কোনটি বৃহত্তম সংখ্যা (হিসাব না করে )?</strong>', NULL, 'null', 1, 1, 1, '2 ×  3 × 3471897043', '1 × 5 × 3471897043', '2 × 2 × 3471897043', '4 × 1 × 3471897043', 1, 2, NULL, '2019-12-31 09:40:37', '2019-12-31 15:40:37'),
(376, 3, '[\"7\",\"8\"]', 3, 1, 3, 1, '<strong>প্রশ্নবোধক স্থানে কোন ইংরেজি বর্ণ হবে? &nbsp;&nbsp;<br />\r\nB&nbsp;&nbsp;&nbsp;&nbsp;&nbsp;&nbsp;&nbsp;&nbsp; E&nbsp;&nbsp;&nbsp;&nbsp;&nbsp;&nbsp;&nbsp;&nbsp;&nbsp; H&nbsp;&nbsp;&nbsp;&nbsp;&nbsp;&nbsp;&nbsp;&nbsp; K&nbsp;&nbsp;&nbsp;&nbsp;&nbsp;&nbsp;&nbsp;&nbsp; ?&nbsp;&nbsp;&nbsp;&nbsp;&nbsp;&nbsp;&nbsp;&nbsp;&nbsp; Q&nbsp;&nbsp;&nbsp;&nbsp;&nbsp;&nbsp;&nbsp;&nbsp; T</strong><br />\r\n&nbsp;', NULL, 'null', 1, 1, 1, 'M', 'N', 'O', 'P', 2, 2, NULL, '2019-12-31 09:41:26', '2019-12-31 15:41:26'),
(377, 3, '[\"7\",\"8\"]', 3, 1, 3, 1, '<strong>প্রদত্ত ডায়াগ্রাম অনুসারে নিচের কোনটি সঠিক?</strong>', NULL, 'null', 1, 1, 1, 'বৃত্তের আয়তন বর্গের আয়তনের থেকে বেশি।', 'বৃত্তের আয়তন বর্গের আয়তনের থেকে কম।', 'বৃত্তের আয়তন বর্গের আয়তনের সমান।', 'কোনটি নয়।', 2, 2, NULL, '2019-12-31 09:43:12', '2019-12-31 15:43:12'),
(379, 3, '[\"7\",\"8\"]', 3, 1, 3, 1, '<strong>কোন একটি অনুষ্ঠানের শেষে 3 জন লোক একে অপরের সাথে হাত মিলায়। সর্বমোট কতগুলো হাত মিলানো হয়েছে?</strong>', NULL, 'null', 1, 1, 1, '10', '6', '4', '3', 4, 2, 2, '2019-12-31 09:45:41', '2019-12-31 09:54:48'),
(380, 3, '[\"7\",\"8\"]', 3, 1, 3, 1, '<strong>PEACH&nbsp; যদি HCAEP হয়, তবে 46251 হবে:</strong>', NULL, 'null', 1, 1, 1, '24651', '15264', '12456', '65421', 2, 2, NULL, '2019-12-31 09:47:49', '2019-12-31 15:47:49'),
(381, 3, '[\"7\",\"8\"]', 3, 1, 3, 1, '<strong>এক টুকরো কাগজকে কেটে নিচের ডায়াগ্রামের মত রাখা হয়েছে। একটা খোলা বাক্স বানাতে বিন্দু বিন্দু লাইনের সরাসরি এটাকে ভাঁজ করা হয়েছে। যদি বাক্সটিকে টেবিলের উপর এমন ভাবে রাখা হয় যাতে বাক্সের খোলা অংশ উপরের দিকে থাকে, তাহলে বাক্সের নিচের অংশ হবে:</strong>', '1577785746_Q39.png', 'null', 2, 1, 1, 'U', 'V', 'Y', 'W', 2, 2, NULL, '2019-12-31 09:49:06', '2019-12-31 15:49:06'),
(382, 3, '[\"7\",\"8\"]', 3, 1, 3, 1, '<strong>নিম্নে প্রদত্ত ধারায় নিচের কোন নামটি সাদৃশ্যপূর্ণ হবে?<br />\r\nঢাকা&nbsp;&nbsp;&nbsp; লন্ডন&nbsp;&nbsp;&nbsp; নয়াদিল্লী&nbsp;&nbsp;&nbsp; &nbsp;&nbsp;টোকিও</strong>', NULL, 'null', 1, 1, 1, 'কলকাতা', 'ব্রাজিল', 'প্যারিস', 'ইতালি', 3, 2, NULL, '2019-12-31 09:50:04', '2019-12-31 15:50:04'),
(383, 3, '[\"5\",\"6\"]', 3, 1, 3, 1, '<strong>9 + 5 □ 18 &ndash; 5 খালিঘরে কোন চিহ্নটি ব্যবহৃত হবে ?</strong>', NULL, 'null', 1, 1, 1, '+', '=', '<', '>', 4, 2, NULL, '2019-12-31 09:56:59', '2019-12-31 15:56:59'),
(384, 3, '[\"5\",\"6\"]', 3, 1, 3, 1, '<strong>নিচের ছবিটি ব্যবহার করে প্রশ্নটির উত্তর দাও।বৃত্তগুলোর অর্ধেক পরিমান রং করতে স্যাম একটি রঙের মার্কার ব্যবহার করবে। সে কোন রঙের মার্কার ব্যবহার করবে? </strong>', '1577786305_Q2_B.png', 'null', 2, 1, 1, 'নীল', 'সবুজ', 'লাল', 'হলুদ', 2, 2, 2, '2019-12-31 09:58:25', '2019-12-31 09:58:36'),
(385, 3, '[\"5\",\"6\"]', 3, 1, 3, 1, '<strong>সংখ্যারেখাটি ব্যবহার করে নিচের প্রশ্নটির উত্তর দাও।<br />\r\n12$\\frac{3}{4}$&nbsp;সংখ্যাটি সংখ্যারেখার কোন বিন্দুতে অবস্থিত ?&nbsp;</strong>', '1577786445_Q3.png', 'null', 2, 1, 1, 'বিন্দু Q', 'বিন্দু R', 'বিন্দু S', 'বিন্দু T', 3, 2, NULL, '2019-12-31 10:00:45', '2019-12-31 16:00:45'),
(386, 3, '[\"5\",\"6\"]', 3, 1, 3, 1, '<strong>নিচে প্রদত্ত ইংরেজি বর্ণগুলোর কোনটিতে একজোড়া সমান্তরাল রেখা আছে?</strong>', NULL, 'null', 1, 1, 1, 'H', 'T', 'V', 'X', 1, 2, 2, '2019-12-31 10:02:50', '2019-12-31 10:03:11'),
(387, 3, '[\"5\",\"6\"]', 3, 1, 3, 1, '<strong>10&nbsp; &nbsp;&nbsp;&nbsp;&nbsp;&nbsp; &nbsp;13&nbsp;&nbsp;&nbsp;&nbsp;&nbsp;&nbsp; &nbsp;&nbsp; 16&nbsp;&nbsp;&nbsp;&nbsp; &nbsp;&nbsp; 19&nbsp;&nbsp;&nbsp;&nbsp; &nbsp;&nbsp; 22&nbsp;&nbsp;&nbsp;&nbsp; - - - ধারাটির পরবর্তী সংখ্যা কত হবে?</strong>', NULL, 'null', 1, 1, 1, '24', '20', '26', '25', 4, 2, NULL, '2019-12-31 10:04:06', '2019-12-31 16:04:06'),
(388, 3, '[\"5\",\"6\"]', 3, 1, 3, 1, '<strong>প্যাটার্নটিতে পরবর্তী আকার কী হবে খুঁজে বের কর।</strong>', '1577786749_Q6.png', 'null', 2, 2, 1, '1577786749_Q6A1.png', '1577786749_Q6A2.png', '1577786749_Q6A3.png', '1577786749_Q6A4.png', 2, 2, NULL, '2019-12-31 10:05:49', '2019-12-31 16:05:49'),
(389, 3, '[\"5\",\"6\"]', 3, 1, 3, 1, '<strong>নিম্নোক্ত আকারগুলোর মধ্যে কোনটির আয়তন সর্বোচ্চ? </strong>', '1577786972_Q8.png', 'null', 2, 1, 1, 'উপবৃত্তাকার', 'বৃত্ত', 'আয়তক্ষেত্র', 'ত্রিভুজ', 3, 2, NULL, '2019-12-31 10:09:32', '2019-12-31 16:09:32'),
(390, 3, '[\"5\",\"6\"]', 3, 1, 3, 1, '<strong>প্রশ্নবোধক স্থানে কোন সংখ্যাটি হবে?</strong>', '1577787072_Q9_B.png', 'null', 2, 1, 1, '6', '9', '7', '0', 2, 2, NULL, '2019-12-31 10:11:12', '2019-12-31 16:11:12'),
(391, 3, '[\"5\",\"6\"]', 3, 1, 3, 1, '<strong>ত্রিভুজ যদি 3 হয় তাহলে চতুর্ভুজ হবে&hellip;..?</strong>', NULL, 'null', 1, 1, 1, '5', '4', '6', '2', 2, 2, NULL, '2019-12-31 10:12:06', '2019-12-31 16:12:06'),
(392, 3, '[\"5\",\"6\"]', 3, 1, 3, 1, '<strong>সর্বনিম্ন মৌলিক সংখ্যা কোনটি?</strong>', NULL, 'null', 1, 1, 1, '1', '2', '3', '5', 2, 2, NULL, '2019-12-31 10:12:48', '2019-12-31 16:12:48'),
(393, 3, '[\"5\",\"6\"]', 3, 1, 3, 1, '<strong>নিচের কোন সংখ্যাটি 2 দ্বারা বিভাজ্য নয়?</strong>', NULL, 'null', 1, 1, 1, '7341020', '3748598', '6263545', '1468102', 3, 2, NULL, '2019-12-31 10:14:26', '2019-12-31 16:14:26'),
(394, 3, '[\"5\",\"6\"]', 3, 1, 3, 1, '<strong>নিচের কোনটি অন্য তিনটির থেকে আলাদা?</strong> ​​​​', NULL, 'null', 1, 1, 1, 'কুকুর', 'হাতি', 'সাপ', 'সিংহ', 3, 2, NULL, '2019-12-31 10:15:17', '2019-12-31 16:15:17'),
(395, 3, '[\"5\",\"6\"]', 3, 1, 3, 1, '<strong>নিচের কোন সংখ্যাটি 5 দ্বারা বিভাজ্য?</strong>​​​​​​​', NULL, 'null', 1, 1, 1, '7341023', '3748598', '6263545', '1468102', 3, 2, NULL, '2019-12-31 10:16:26', '2019-12-31 16:16:26'),
(396, 3, '[\"5\",\"6\"]', 3, 1, 3, 1, '<strong>জনির 13 বোতল পানি লাগবে। সে একবারে 3 বোতল পানি নিতে পারে। সর্বনিম্ন কতবার পানি নিলে জনির প্রয়োজন শেষ হবে? &nbsp;</strong><br />\r\n&nbsp;', NULL, 'null', 1, 1, 1, '4', '6', '3', '5', 4, 2, NULL, '2019-12-31 10:17:33', '2019-12-31 16:17:33'),
(397, 3, '[\"5\",\"6\"]', 3, 1, 3, 1, '<strong>ঘড়িতে যে সময় আছে একই সময়ে মারিও একটি সিনেমা দেখা শুরু করেছিল। &nbsp;সিনেমাটি 2 ঘন্টা &nbsp;25 মিনিট লম্বা হলে সিনেমাটি কয়টার সময় শেষ হবে?</strong>', '1577787596_Q17.png', 'null', 2, 1, 1, 'রাত 8:30', 'রাত 9:30', 'রাত 7:55', 'রাত 9:55', 4, 2, NULL, '2019-12-31 10:19:56', '2019-12-31 16:19:56'),
(398, 3, '[\"5\",\"6\"]', 3, 1, 3, 1, '<strong>2, 3, 4, 6, 8, 10 &nbsp;ধারায় কোন সংখ্যাটির সামঞ্জস্য পূর্ণ নয়?</strong>', NULL, 'null', 1, 1, 1, '3', '8', '2', '4', 1, 2, NULL, '2019-12-31 10:21:22', '2019-12-31 16:21:22'),
(399, 3, '[\"5\",\"6\"]', 3, 1, 3, 1, '<strong>নিচের কোন জোড়াটি&nbsp; &ldquo;প্রাণী : বিড়াল&rdquo; এর মত একই সম্পর্ক নির্দেশ করে-</strong><br />\r\n​', NULL, 'null', 1, 1, 1, 'আপেল : নাশপাতি', 'ক্লাব : খেলোয়ার', 'আসবাবপত্র : চেয়ার', 'শরীর : পায়ের আঙ্গুল', 3, 2, NULL, '2019-12-31 10:31:01', '2019-12-31 16:31:01'),
(400, 3, '[\"5\",\"6\"]', 3, 1, 3, 1, '<strong>নিম্নের চারটি কোণের মধ্যে কোন কোণের মান&nbsp; 120&deg;?</strong>', '1577788414_Q20_B.png', 'null', 2, 1, 1, 'কোণ P', 'কোণ Q', 'কোণ R', 'কোণ S', 2, 2, NULL, '2019-12-31 10:33:34', '2019-12-31 16:33:34'),
(401, 3, '[\"5\",\"6\"]', 3, 1, 3, 1, '<strong>নিচের ডায়াগ্রামে কয়টি বর্গ আছে?</strong>', '1577788454_Q21.png', 'null', 2, 1, 1, '1', '4', '5', '6', 3, 2, NULL, '2019-12-31 10:34:14', '2019-12-31 16:34:14'),
(402, 3, '[\"5\",\"6\"]', 3, 1, 3, 1, '<strong>AZ&nbsp;&nbsp; BY&nbsp;&nbsp; CX&nbsp;&nbsp; - - এর পরবর্তী দুটি অক্ষর কি হবে?</strong>', NULL, 'null', 1, 1, 1, 'DU', 'EV', 'DW', 'DX', 3, 2, NULL, '2019-12-31 10:35:22', '2019-12-31 16:35:22'),
(403, 3, '[\"5\",\"6\"]', 3, 1, 3, 1, '<strong>প্রশ্নবোধক স্থানে কোন সংখ্যা হবে?</strong>', '1577788610_Q23.png', 'null', 2, 1, 1, '5', '6', '7', '8', 3, 2, NULL, '2019-12-31 10:36:50', '2019-12-31 16:36:50'),
(404, 3, '[\"5\",\"6\"]', 3, 1, 3, 1, '<strong>প্রদত্ত আলফা-নিউমেরিক গুলোর মধ্যে কোনটি ভিন্ন?<br />\r\nB2&nbsp; C3 &nbsp;D4&nbsp; &nbsp;F6&nbsp; E7&nbsp; A1</strong>', NULL, 'null', 1, 1, 1, 'B2', 'D4', 'C3', 'E7', 4, 2, NULL, '2019-12-31 10:37:45', '2019-12-31 16:37:45'),
(405, 3, '[\"5\",\"6\"]', 3, 1, 3, 1, '<strong>- 5 এবং 5 এর মধ্যমান কোনটি?</strong>', NULL, 'null', 1, 1, 1, '5', '0', '1', '10', 2, 2, NULL, '2019-12-31 10:39:33', '2019-12-31 16:39:33'),
(406, 3, '[\"5\",\"6\"]', 3, 1, 3, 1, '<strong>2 &times; 5 &times; 7 &times; 0 এর মান কত হবে?</strong>', NULL, 'null', 1, 1, 1, '0', '7', '70', '700', 1, 2, NULL, '2019-12-31 10:41:08', '2019-12-31 16:41:08'),
(407, 3, '[\"5\",\"6\"]', 3, 1, 3, 1, '<strong>বৃহত্তম সংখ্যা কোনটি (হিসাব না করে )?</strong>', NULL, 'null', 1, 1, 1, '2 × 3 × 3471897', '1 × 5 × 3471897', '2 × 2 × 3471897', '4 × 1 × 3471897', 1, 2, NULL, '2019-12-31 10:44:55', '2019-12-31 16:44:55'),
(408, 3, '[\"5\",\"6\"]', 3, 1, 3, 1, '<strong>2016 সালের ফেব্রুয়ারী মাস কত দিনের ছিল? &nbsp;</strong>', NULL, 'null', 1, 1, 1, '30', '29', '31', '28', 2, 2, NULL, '2019-12-31 10:45:52', '2019-12-31 16:45:52'),
(409, 3, '[\"5\",\"6\"]', 3, 1, 3, 1, '<strong>ইংরেজি বর্ণমালার&nbsp; কোন&nbsp; দলটি ভিন্ন?</strong>', NULL, 'null', 1, 1, 1, 'B C D E', 'K L M N', 'U V X Y', 'G H I J', 3, 2, NULL, '2019-12-31 10:49:23', '2019-12-31 16:49:23'),
(410, 3, '[\"5\",\"6\"]', 3, 1, 3, 1, '<strong>একটি চামচের দৈর্ঘ্য পরিমাপ করতে নিচের কোন একক ব্যবহৃত হবে?</strong>', NULL, 'null', 1, 1, 1, 'মিটার  ', 'ফুট', 'গ্রাম', 'সেন্টিমিটার', 4, 2, NULL, '2019-12-31 10:51:05', '2019-12-31 16:51:05'),
(411, 3, '[\"5\",\"6\"]', 3, 1, 3, 1, '<strong>কোন ঘড়িটির সময় 3:42 দেখাচ্ছে?</strong>', NULL, 'null', 1, 2, 1, '1577789702_Q31A1.png', '1577789702_Q31A2.png', '1577789702_Q31A3.png', '1577789702_Q31A4.png', 4, 2, NULL, '2019-12-31 10:55:02', '2019-12-31 16:55:02'),
(412, 3, '[\"5\",\"6\"]', 3, 1, 3, 1, '<strong>হাতির ওজন:</strong>', '1577789799_Q33.png', 'null', 2, 1, 1, 'জলহস্তীর থেকে বেশি', 'তিমির থেকে বেশি', 'তিমির থেকে কম', 'জলহস্তীর থেকে কম', 3, 2, NULL, '2019-12-31 10:56:39', '2019-12-31 16:56:39'),
(413, 3, '[\"5\",\"6\"]', 3, 1, 3, 1, '<strong>সিংহের ওজনঃ</strong>', '1577789869_Q34.png', 'null', 2, 1, 1, 'জলহস্তীর থেকে বেশি', 'তিমির সমান', 'তিমির থেকে বেশি', 'তিমির থেকে কম', 4, 2, NULL, '2019-12-31 10:57:49', '2019-12-31 16:57:49'),
(414, 3, '[\"5\",\"6\"]', 3, 1, 3, 1, '<strong>প্রশ্নবোধক স্থানে কোন সংখ্যা হবে?<br />\r\n35 + 40 = </strong><strong>?&nbsp;</strong><strong>- 15</strong>', NULL, 'null', 1, 1, 1, '75', '85', '90', '60', 3, 2, NULL, '2019-12-31 11:01:10', '2019-12-31 17:01:10'),
(415, 3, '[\"5\",\"6\"]', 3, 1, 3, 1, '<strong>প্রশ্নবোধক স্থানে কোন সংখ্যা হবে? 25 &times; 40 = ? &times;100</strong>', NULL, 'null', 1, 1, 1, '75', '10', '100', '1', 2, 2, NULL, '2019-12-31 11:05:06', '2019-12-31 17:05:06'),
(416, 3, '[\"5\",\"6\"]', 3, 1, 3, 1, '<strong>কোন রঙ সর্বোচ্চ স্থান দখল করেছে ?&nbsp;&nbsp;</strong>', '1577790388_Q37.png', 'null', 2, 1, 1, 'নীল ', 'লাল', 'সবুজ', 'হলুদ', 1, 2, 2, '2019-12-31 11:06:13', '2019-12-31 11:06:28'),
(417, 3, '[\"5\",\"6\"]', 3, 1, 3, 1, '<strong>লেখচিত্রটিতে বৃষ্টিপাত হওয়ার সম্ভাবনার শতকরা হিসাব দেখানো হয়েছে: &nbsp;সর্বোচ্চ বৃষ্টিপাত কোন দিন হয়? </strong>', '1577790550_Q38_B.png', 'null', 2, 1, 1, 'শুক্রবার', 'শনিবার', 'রবিবার', 'সোমবার', 4, 2, 2, '2019-12-31 11:08:41', '2019-12-31 11:09:10'),
(418, 3, '[\"5\",\"6\"]', 3, 1, 3, 1, '<strong>ক্লাস 11 এবং ক্লাস 12 শিক্ষার্থীদের মোবাইল ফোন ব্যবহারকারীর সংখ্যা নিচের &nbsp;টেবিলে দেখানো হয়েছে:মোবাইল ফোন সবচেয়ে বেশি ব্যবহার করে কোন ক্লাসের শিক্ষার্থীরা? </strong>', '1577790716_Q39_B.png', 'null', 2, 1, 1, 'ক্লাস 11', 'ক্লাস 12', 'উভয় ক্লাসের', 'নির্ধারন করা যায় না', 1, 2, NULL, '2019-12-31 11:11:56', '2019-12-31 17:11:56'),
(419, 3, '[\"5\",\"6\"]', 3, 1, 3, 1, '<strong>জব্বার তার ভাই, রাকিন এর থেকে 5 বছরের ছোট। তাদের চাচাত ভাই, জসীম, জব্বারের থেকে 7 বছরের ছোট। তাদের মধ্যে সবচেয়ে বড় কে?</strong>', NULL, 'null', 1, 1, 1, 'জসীম', 'রাকিন', 'জব্বার', 'নির্ধারন করা যায় না', 2, 2, NULL, '2019-12-31 11:13:28', '2019-12-31 17:13:28'),
(420, 3, '[\"6\"]', 3, 1, 5, 1, '<strong>নিচের কোনটি সমতলের উদাহরণ? &nbsp;</strong>', NULL, 'null', 1, 1, 1, 'সিলিন্ডার', 'ঘনক', 'বল', 'মোচাকার বস্তু', 2, 2, NULL, '2020-01-12 11:01:01', '2020-01-12 17:01:01'),
(421, 3, '[\"6\"]', 3, 1, 5, 1, '<strong>নিচের কোনটি বক্রতলের উদাহরণ?</strong>', NULL, 'null', 1, 1, 1, 'বই ', 'টেবিল', 'কাগজ ', 'বেলুন', 4, 2, NULL, '2020-01-12 11:03:01', '2020-01-12 17:03:01'),
(422, 3, '[\"6\"]', 3, 1, 5, 1, '<strong>একটি কাগজের পার্শ্ব হচ্ছে ------ ?</strong>', NULL, 'null', 1, 1, 1, 'বিন্দু ', 'মোচাকার বস্তু', 'রেখা ', 'সমতল', 3, 2, NULL, '2020-01-12 11:04:36', '2020-01-12 17:04:36'),
(423, 3, '[\"6\"]', 3, 1, 5, 1, '<strong>দুইটি রেখার মিলিত বিন্দুতে কী তৈরি হয়?</strong>', NULL, 'null', 1, 1, 1, 'রেখা  ', 'কোণ', 'তল', 'ঘনক', 2, 2, NULL, '2020-01-12 11:05:44', '2020-01-12 17:05:44'),
(424, 3, '[\"6\"]', 3, 1, 5, 1, '<strong>সমকোণের চেয়ে ছোট কোণকে কী বলা হয়?</strong>', NULL, 'null', 1, 1, 1, 'সূক্ষ্মকোণ', 'স্থূলকোণ   ', 'রেখা', 'তল ', 1, 2, NULL, '2020-01-12 11:07:02', '2020-01-12 17:07:02'),
(425, 3, '[\"6\"]', 3, 1, 5, 1, '<strong>সমকোণের চেয়ে বড় কোণকে কী বলা হয়?</strong>', NULL, 'null', 1, 1, 1, 'সূক্ষ্মকোণ  ', 'স্থূলকোণ', 'রেখা', 'তল', 2, 2, NULL, '2020-01-12 11:08:07', '2020-01-12 17:08:07'),
(426, 3, '[\"6\"]', 3, 1, 5, 1, '<strong>চারটি সরলরেখা দ্বারা আবদ্ধ আকৃতিকে কী বলা হয়?</strong>', NULL, 'null', 1, 1, 1, 'ত্রিভুজ', 'চতুর্ভুজ', 'বল  ', 'ঘনক', 2, 2, NULL, '2020-01-12 11:09:03', '2020-01-12 17:09:03'),
(427, 3, '[\"6\"]', 3, 1, 5, 1, '<strong>চিত্রটিকে কী বলা হয়?</strong>', '1578827665_Q8.png', 'null', 2, 1, 1, 'বর্গ', 'আয়ত', 'বৃত্ত', 'ঘনক', 2, 2, NULL, '2020-01-12 11:14:25', '2020-01-12 17:14:25'),
(428, 3, '[\"6\"]', 3, 1, 5, 1, '<strong>আয়তের কয়টি বাহু থাকে?</strong>', NULL, 'null', 1, 1, 1, '১', '২', '৩', '৪', 4, 2, NULL, '2020-01-12 11:15:15', '2020-01-12 17:15:15'),
(429, 3, '[\"6\"]', 3, 1, 5, 1, '<strong>নিচের কোনটির তিনটি বাহু থাকে?</strong>', NULL, 'null', 1, 1, 1, 'বর্গ ', 'ত্রিভুজ', 'বৃত্ত', 'ঘনক', 2, 2, NULL, '2020-01-12 11:16:12', '2020-01-12 17:16:12'),
(430, 3, '[\"6\"]', 3, 1, 5, 1, '<strong>নিচের কোনটির কেন্দ্র বিন্দু থাকে ?</strong>', NULL, 'null', 1, 1, 1, 'বর্গ', 'আয়ত', 'বৃত্ত', 'সিলিন্ডার', 3, 2, NULL, '2020-01-12 11:18:59', '2020-01-12 17:18:59'),
(431, 3, '[\"6\"]', 3, 1, 5, 1, '<strong>নিচের কোনটি দিয়ে বৃত্ত আঁকা যায়?&nbsp; &nbsp; </strong>', NULL, 'null', 1, 1, 1, 'চুড়ি  ', 'বল', 'লাটিম', 'বই   ', 1, 2, NULL, '2020-01-12 11:19:57', '2020-01-12 17:19:57'),
(432, 3, '[\"6\"]', 3, 1, 5, 1, '<strong>ঘনকের সব পাশ কেমন থাকে?</strong>', NULL, 'null', 1, 1, 1, 'বক্রতল', 'তল', 'সমতল', 'কোনটি নয়  ', 3, 2, NULL, '2020-01-12 11:27:35', '2020-01-12 17:27:35'),
(433, 3, '[\"6\"]', 3, 1, 5, 1, '<strong>একটি কোণের কয়টি শীর্ষবিন্দু থাকে? &nbsp;</strong>', NULL, 'null', 1, 1, 1, '৪', '৩', '২', '১', 4, 2, NULL, '2020-01-12 11:28:39', '2020-01-12 17:28:39'),
(434, 3, '[\"6\"]', 3, 1, 5, 1, '<strong>একটি চতুর্ভুজের কোণ কয়টি?</strong>', NULL, 'null', 1, 1, 1, '৪', '৩', '২', '১', 4, 2, NULL, '2020-01-12 11:29:21', '2020-01-12 17:29:21'),
(435, 3, '[\"6\"]', 3, 1, 5, 1, '<strong>যে আয়তের সকল বাহু এবং কোণ সমান, তাকে কী বলা হয়? </strong>', NULL, 'null', 1, 1, 1, 'আয়ত', 'বর্গ', 'সামান্তরিক', 'কোনটি নয়  ', 2, 2, NULL, '2020-01-12 11:30:13', '2020-01-12 17:30:13'),
(436, 3, '[\"6\"]', 3, 1, 5, 1, '<strong>আয়তের বিপরীত বাহুগুলোর দৈর্ঘ্য - </strong>&nbsp;', NULL, 'null', 1, 1, 1, 'পরস্পর সমান', 'সমান নয়', 'উপরের সব', 'কোনটি নয়', 1, 2, NULL, '2020-01-12 11:31:10', '2020-01-12 17:31:10'),
(437, 3, '[\"6\"]', 3, 1, 5, 1, '<strong>বর্গের প্রত্যেকটি কোণ -</strong>', NULL, 'null', 1, 1, 1, 'সূক্ষ্মকোণ ', 'স্থূলকোণ', 'সমকোণ', 'কোনটি নয়', 3, 2, NULL, '2020-01-12 11:32:00', '2020-01-12 17:32:00'),
(438, 3, '[\"6\"]', 3, 1, 5, 1, '<strong>একটি বৃত্তের কেন্দ্র কয়টি? </strong>', NULL, 'null', 1, 1, 1, 'এক', 'দুই', 'তিন', 'চার', 1, 2, NULL, '2020-01-12 11:32:45', '2020-01-12 17:32:45'),
(439, 3, '[\"6\"]', 3, 1, 5, 1, '<strong>নিচের কোনটি স্থূল কোণ ?</strong><br />\r\n&nbsp;', NULL, 'null', 1, 1, 1, '৫০<sup>০</sup>', '৬০<sup>০</sup>', '৭০<sup>০</sup>', '১১০<sup>০</sup>', 4, 2, NULL, '2020-01-12 11:35:09', '2020-01-12 17:35:09'),
(440, 3, '[\"6\"]', 3, 1, 5, 1, '<strong>একটি ত্রিভূজে কয়টি সমকোণ থাকতে পারে ?</strong>', NULL, 'null', 1, 1, 1, '১', '২', '৩', '৪', 1, 2, NULL, '2020-01-12 11:35:49', '2020-01-12 17:35:49'),
(441, 3, '[\"6\"]', 3, 1, 5, 1, '<strong>আয়তক্ষেত্রের পরিসীমা নিচের কোনটি ?</strong><br />\r\n&nbsp;', NULL, 'null', 1, 1, 1, 'দৈর্ঘ্য ×  প্রস্থ  ', '(দৈর্ঘ্য +  প্রস্থ ) ×  ২ ', 'দৈর্ঘ্য -  প্রস্থ  ', 'দৈর্ঘ্য +  প্রস্থ', 2, 2, NULL, '2020-01-12 11:37:04', '2020-01-12 17:37:03'),
(442, 3, '[\"6\"]', 3, 1, 5, 1, '<strong>একটি ট্রাপিজিয়ামের কয় জোড়া সমান্তরাল বাহু থাকে ?</strong>', NULL, 'null', 1, 1, 1, '১', '২', '৩', '৪', 1, 2, 2, '2020-01-12 11:38:39', '2020-01-16 06:08:24'),
(443, 3, '[\"6\"]', 3, 1, 5, 1, '<strong>নিচের কোনটি সত্য ?</strong>', NULL, 'null', 1, 1, 1, 'ব্যাসার্ধ = ২ ×  ব্যাস', 'ব্যাস = ২ ×  ব্যাসার্ধ   ', '$\\frac{ব্যাসার্ধ}{২}$', 'ব্যাস = ব্যাসার্ধ', 2, 2, 2, '2020-01-12 11:43:38', '2020-01-12 11:43:48'),
(444, 3, '[\"6\"]', 3, 1, 5, 1, '<strong>বৃত্তের বৃহত্তম জ্যা কে কি বলে ?&nbsp;</strong><br />\r\n&nbsp;', NULL, 'null', 1, 1, 1, 'বৃত্তচাপ', 'ব্যাস', 'ব্যাসার্ধ', 'পরিধি', 2, 2, NULL, '2020-01-12 11:44:40', '2020-01-12 17:44:40'),
(445, 3, '[\"6\"]', 3, 1, 5, 1, '<strong>ত্রিভূজের তিন কোণের সমষ্টি -</strong>', NULL, 'null', 1, 1, 1, '১৮০<sup>০</sup>', '১9০<sup>০</sup>', '9০<sup>০</sup>', '36০<sup>০</sup>', 1, 2, NULL, '2020-01-12 11:46:09', '2020-01-12 17:46:09'),
(446, 3, '[\"6\"]', 3, 1, 5, 1, '<strong>কোনটি বৃত্তের পরিধির অংশ ?&nbsp;&nbsp;&nbsp;</strong><br />\r\n&nbsp;', NULL, 'null', 1, 1, 1, 'ব্যাস', 'জ্যা ', 'বৃত্তচাপ', 'কেন্দ্র', 3, 2, NULL, '2020-01-12 11:47:11', '2020-01-12 17:47:11'),
(447, 3, '[\"6\"]', 3, 1, 5, 1, '<strong>কেন্দ্র থেকে পরিধি পর্যন্ত দূরত্বকে কি বলে ?&nbsp;</strong>', NULL, 'null', 1, 1, 1, 'ব্যাস', 'ব্যাসার্ধ', 'জ্যা', 'বৃত্তচাপ ', 2, 2, NULL, '2020-01-12 11:52:53', '2020-01-12 17:52:53'),
(448, 3, '[\"6\"]', 3, 1, 5, 1, '<strong>আয়তক্ষেত্রের বিপরীত শীর্ষবিন্দুর সংযোগকারী রেখাকে কী বলে ?&nbsp;</strong>', NULL, 'null', 1, 1, 1, 'পরিধি', 'কর্ণ', 'জ্যা', 'বর্গ', 2, 2, 2, '2020-01-12 11:53:43', '2020-01-12 11:54:03'),
(449, 3, '[\"6\"]', 3, 1, 5, 1, '<strong>সমদ্বিবাহু ত্রিভুজের কয়টি বাহু সমান থাকে ?</strong>', NULL, 'null', 1, 1, 1, '২', '3', '1', '0', 1, 2, 2, '2020-01-12 11:54:51', '2020-01-14 05:16:04'),
(450, 3, '[\"6\"]', 3, 1, 5, 1, '<strong>নিচের কোনটি সঠিক নয়?</strong>', NULL, 'null', 1, 1, 1, 'বিপ্রতীপ কোণ সমূহ পরস্পর সমান', '৪০<sup>০</sup>  কোণের পূরক কোণ ৫০<sup>০</sup>  ', 'এক সরলকোণ সমান ১৮০<sup>০</sup>  ', '১০০<sup>০</sup>  কোণের সম্পূরক কোণ হলো ৯০<sup>০</sup>', 4, 2, NULL, '2020-01-12 11:57:05', '2020-01-12 17:57:05'),
(451, 3, '[\"6\"]', 3, 1, 5, 1, '<strong>নিচের কোনটি সঠিক? &nbsp;</strong>', NULL, 'null', 1, 1, 1, 'সমবাহু ত্রিভূজের প্রত্যেকটি কোণের মান ৬০<sup>০</sup>', '৯০<sup>০</sup>  এর চেয়ে ছোট কোণকে স্থূলকোণ বলে', 'এক সরলকোণ সমান ৬০<sup>০</sup> ', 'কোণের আকৃতি পরিমাপের একক হলো মিটার', 1, 2, 2, '2020-01-12 11:58:56', '2020-01-14 05:17:47'),
(452, 3, '[\"6\"]', 3, 1, 5, 1, '<strong>নিচের আকৃতিটির পরিসীমা কত?</strong>', NULL, 'null', 1, 1, 1, '২০ সে. মি. ', '৩০ সে. মি.', '৪০ সে. মি.  ', '৫০ সে. মি.', 3, 2, 2, '2020-01-12 12:00:30', '2020-01-14 05:16:41'),
(453, 3, '[\"6\"]', 3, 1, 5, 1, '<strong>নিচের কোনটি সমবাহু ত্রিভূজ ?</strong>', NULL, 'null', 1, 2, 1, '1578830660_Q34A1.png', '1578830660_Q34A2.png', '1578830660_Q34A3.png', '1578830660_Q34A4.png', 1, 2, 2, '2020-01-12 12:04:20', '2020-01-14 05:16:31'),
(454, 3, '[\"6\"]', 3, 1, 5, 1, '<strong>উপরের বস্তুটি কোন আকৃতির?</strong>', '1578830947_Q35.png', 'null', 2, 1, 1, 'ঘনক', 'গোলক', 'বেলন', 'মোচাকৃতি', 3, 2, 2, '2020-01-12 12:08:56', '2020-01-15 05:17:15'),
(455, 2, '[\"5\",\"6\"]', 3, 1, 5, 1, '<strong>Which one of the following is the example of plain surface?</strong>', NULL, 'null', 1, 1, 1, 'Cylinder', 'Cube', 'Ball', 'Cones', 2, 2, 2, '2020-01-13 07:22:50', '2020-01-14 06:29:47'),
(456, 2, '[\"5\",\"6\"]', 3, 1, 5, 1, '<strong>Which one of the following has curved surface?</strong>', NULL, 'null', 1, 1, 1, 'Book', 'Table', 'Paper', 'Balloon', 4, 2, 2, '2020-01-13 07:24:27', '2020-01-14 06:29:37'),
(457, 2, '[\"5\",\"6\"]', 3, 1, 5, 1, '<strong>What is made by the side of paper?</strong>', NULL, 'null', 1, 1, 1, 'Point', 'Cone', 'Line ', 'Surface', 3, 2, 2, '2020-01-13 07:25:52', '2020-01-14 06:28:52'),
(458, 2, '[\"5\",\"6\"]', 3, 1, 5, 1, '<strong>What is formed at the meeting point of two lines?</strong>', NULL, 'null', 1, 1, 1, 'Line', 'Angle', 'Surface', 'Cube', 2, 2, 2, '2020-01-13 07:27:47', '2020-01-14 06:28:25'),
(459, 2, '[\"5\",\"6\"]', 3, 1, 5, 1, '<strong>What is the angle less than right angle called?&nbsp;&nbsp; &nbsp;</strong> &nbsp; &nbsp; &nbsp; &nbsp; &nbsp; &nbsp; &nbsp;', NULL, 'null', 1, 1, 1, 'Acute angle   ', 'Obtuse angle', 'Line', 'Surface  ', 1, 2, 2, '2020-01-13 07:35:24', '2020-01-14 06:28:00'),
(460, 2, '[\"5\",\"6\"]', 3, 1, 5, 1, '<strong>What is the angle greater than right angle called?</strong>&nbsp; &nbsp; &nbsp; &nbsp; &nbsp; &nbsp; &nbsp; &nbsp; &nbsp; &nbsp; &nbsp; &nbsp;', NULL, 'null', 1, 1, 1, 'Acute angle ', 'Obtuse angle  ', 'Line', 'Surface', 2, 2, 2, '2020-01-13 07:36:50', '2020-01-14 06:27:37'),
(461, 2, '[\"5\",\"6\"]', 3, 1, 5, 1, '<strong>What is a closed figure with four straight lines called?</strong>&nbsp; &nbsp; &nbsp; &nbsp; &nbsp; &nbsp; &nbsp; &nbsp; &nbsp; &nbsp; &nbsp;', NULL, 'null', 1, 1, 1, 'Triangle   ', 'Quadrilateral', 'Ball', 'Cube  ', 2, 2, 2, '2020-01-13 07:38:43', '2020-01-14 06:26:51'),
(462, 2, '[\"5\",\"6\"]', 3, 1, 5, 1, '<strong>What is the name of the figure?&nbsp; &nbsp; </strong>&nbsp; &nbsp; &nbsp; &nbsp; &nbsp;', '1578901232_Q8.png', 'null', 2, 1, 1, 'Square', 'Rectangle', 'Circle', 'Cube', 2, 2, 2, '2020-01-13 07:40:32', '2020-01-14 06:26:25'),
(463, 2, '[\"5\",\"6\"]', 3, 1, 5, 1, '<strong>How many sides does a rectangle have?</strong>', NULL, 'null', 1, 1, 1, '1', '2', '3', '4', 4, 2, 2, '2020-01-13 07:41:38', '2020-01-14 06:26:01'),
(464, 2, '[\"5\",\"6\"]', 3, 1, 5, 1, '<strong>Which figure has 3 sides?</strong>&nbsp; &nbsp; &nbsp; &nbsp;', NULL, 'null', 1, 1, 1, 'Square   ', 'Triangle', 'Circle', 'Cube  ', 2, 2, 2, '2020-01-13 07:43:38', '2020-01-14 06:25:37'),
(465, 2, '[\"5\",\"6\"]', 3, 1, 5, 1, '<strong>Which one of the following has a center point?</strong><br />\r\n&nbsp;', NULL, 'null', 1, 1, 1, 'Square ', 'Rectangle', 'Circle', 'Cylinder    ', 3, 2, 2, '2020-01-14 04:48:51', '2020-01-14 06:25:07'),
(466, 2, '[\"5\",\"6\"]', 3, 1, 5, 1, '<strong>By which of the following can you draw a circle?</strong>', NULL, 'null', 1, 1, 1, 'Bangle', 'Ball', 'Top', 'Book ', 1, 2, 2, '2020-01-14 04:50:04', '2020-01-14 06:24:20'),
(467, 2, '[\"5\",\"6\"]', 3, 1, 5, 1, '<strong>What are the sides of a cube called?</strong>​​​​​​', NULL, 'null', 1, 1, 1, 'Curved surface', 'Surface', 'Flat surface', 'None of the above', 3, 2, 2, '2020-01-14 04:50:52', '2020-01-14 06:23:32'),
(468, 2, '[\"5\",\"6\"]', 3, 1, 5, 1, '<strong>How many vertices are there in an angle?</strong>', NULL, 'null', 1, 1, 1, '4', '3', '2', '1', 4, 2, 2, '2020-01-14 04:51:32', '2020-01-14 06:23:05'),
(469, 2, '[\"5\",\"6\"]', 3, 1, 5, 1, '<strong>How many angles are there in a quadrilateral?</strong>', NULL, 'null', 1, 1, 1, '4', '3', '2', '1', 1, 2, 2, '2020-01-14 04:53:33', '2020-01-14 06:22:36'),
(470, 2, '[\"6\"]', 3, 1, 5, 1, '<strong>What is the quadrilateral whose all sides and angles are equal called?</strong>', NULL, 'null', 1, 1, 1, 'Rectangle', 'Square', 'Parallelogram', 'None of the above', 2, 2, NULL, '2020-01-14 04:54:40', '2020-01-14 10:54:40'),
(471, 2, '[\"5\",\"6\"]', 3, 1, 5, 1, '<strong>The length of opposite sides of a rectangle-</strong>', NULL, 'null', 1, 1, 1, 'Equal to each other', 'Not Equal', 'All of the above', 'None of the above', 1, 2, 2, '2020-01-14 04:55:23', '2020-01-14 06:22:15'),
(472, 2, '[\"5\",\"6\"]', 3, 1, 5, 1, '<strong>Each angle of a square is -</strong>', NULL, 'null', 1, 1, 1, 'Acute Angle', 'Obtuse Angle', 'Right Angle', 'None of the above', 3, 2, 2, '2020-01-14 04:56:05', '2020-01-14 06:21:34'),
(473, 2, '[\"6\"]', 3, 1, 5, 1, '<strong>How many Centre points are there in one circle?</strong>', NULL, 'null', 1, 1, 1, 'One', 'Two', 'Three', 'Four', 1, 2, NULL, '2020-01-14 04:56:55', '2020-01-14 10:56:55'),
(474, 2, '[\"5\",\"6\"]', 3, 1, 5, 1, '<strong>Which one of the following is an Obtuse Angle?</strong>', NULL, 'null', 1, 1, 1, '50°', '60°​​​​​​​', '70°', '110°', 4, 2, 2, '2020-01-14 04:57:44', '2020-01-14 06:20:22'),
(475, 2, '[\"5\",\"6\"]', 3, 1, 5, 1, '<strong>How many Right Angle can a triangle have?</strong>', NULL, 'null', 1, 1, 1, '1', '2', '3', '4', 1, 2, 2, '2020-01-14 04:58:21', '2020-01-14 06:19:49'),
(476, 2, '[\"5\",\"6\"]', 3, 1, 5, 1, '<strong>What is the perimeter of a rectangular region?</strong>', NULL, 'null', 1, 1, 1, 'Length × breadth', '(Length + breadth) × 2', 'Length -  breadth', 'Length + breadth', 2, 2, 2, '2020-01-14 04:59:11', '2020-01-14 06:18:55'),
(477, 2, '[\"5\",\"6\"]', 3, 1, 5, 1, '<strong>How many pairs of parallel sides of a trapezium have?</strong>', NULL, 'null', 1, 1, 1, '1', '2', '3', '4', 1, 2, 2, '2020-01-14 04:59:58', '2020-01-14 06:18:05'),
(478, 2, '[\"6\"]', 3, 1, 5, 1, '<strong>Which one of the following is true?</strong>', NULL, 'null', 1, 1, 1, 'Radius = 2 ×  Diameter', 'Diameter = 2 ×  Radius', 'Diameter = $\\frac{ Radius}{2}$  ', 'Diameter = Radius', 2, 2, NULL, '2020-01-14 05:01:12', '2020-01-14 11:01:12'),
(479, 2, '[\"6\"]', 3, 1, 5, 1, '<strong>The largest chord of a circle is called___</strong>', NULL, 'null', 1, 1, 1, 'Arc', 'Diameter', 'Radius', 'Circumference', 2, 2, 2, '2020-01-14 05:01:55', '2020-01-14 05:03:29'),
(480, 2, '[\"5\",\"6\"]', 3, 1, 5, 1, '<strong>The sum of the three angles of a triangle is &nbsp;<u>&nbsp;&nbsp;&nbsp;&nbsp;&nbsp;&nbsp;&nbsp; </u></strong>', NULL, 'null', 1, 1, 1, '180°', '190°', '90°', '360°', 1, 2, 2, '2020-01-14 05:03:20', '2020-01-14 06:17:02'),
(481, 2, '[\"6\"]', 3, 1, 5, 1, '<strong>Which one is the part of the circumference of a circle?</strong>', NULL, 'null', 1, 1, 1, 'Diameter', 'Chord', 'Arc', 'Centre', 3, 2, NULL, '2020-01-14 05:04:13', '2020-01-14 11:04:13'),
(482, 2, '[\"6\"]', 3, 1, 5, 1, '<strong>The distance from the center of a circle &nbsp;to the circumference&nbsp; is called<u>&nbsp;&nbsp; </u></strong>', NULL, 'null', 1, 1, 1, 'Diameter', 'Radius', 'Chord', 'Arc', 2, 2, 2, '2020-01-14 05:05:03', '2020-01-14 05:05:21'),
(483, 2, '[\"5\",\"6\"]', 3, 1, 5, 1, '<strong>The line segment that connects the opposite vertices of a rectangle is called<u>&nbsp;&nbsp;&nbsp;&nbsp;&nbsp;&nbsp; </u></strong>', NULL, 'null', 1, 1, 1, 'Circumference', 'Diagonal', 'Chord', 'Square', 2, 2, 2, '2020-01-14 05:06:23', '2020-01-14 06:15:41'),
(484, 2, '[\"5\",\"6\"]', 3, 1, 5, 1, '<strong>How many equal sides of an isosceles triangle have?</strong>', NULL, 'null', 1, 1, 1, '2', '3', '1', '0', 1, 2, 2, '2020-01-14 05:08:00', '2020-01-14 06:15:06'),
(485, 2, '[\"5\",\"6\"]', 3, 1, 5, 1, '<strong>Which one of the following is not correct?</strong>', NULL, 'null', 1, 1, 1, 'Vertically opposite angles are mutually equal.', 'Complementary angle of 40°  is 50°', 'One straight angle is equal to  180°', 'Supplementary angle of 100°  is 90°', 4, 2, 2, '2020-01-14 05:10:12', '2020-01-14 06:14:39'),
(486, 2, '[\"5\",\"6\"]', 3, 1, 5, 1, '<strong>Which one of the following is correct?</strong>', NULL, 'null', 1, 1, 1, 'The value of each angle of an equilateral triangle is 60°.', 'The angle less than 90°  is called Obtuse Angle.', 'One straight angle is equal to  60° .', 'The measuring unit of an angle is called meter.', 1, 2, 2, '2020-01-14 05:11:10', '2020-01-14 06:14:18'),
(487, 2, '[\"5\",\"6\"]', 3, 1, 5, 1, '<strong>What is the perimeter of the given figure?</strong>', '1578978764_Q33.png', 'null', 2, 1, 1, '20 cm ', '30 cm ', '40 cm', '50 cm', 3, 2, 2, '2020-01-14 05:12:43', '2020-01-14 06:13:29'),
(488, 2, '[\"5\",\"6\"]', 3, 1, 5, 1, '<strong>Which one of the following is an equilateral triangle?</strong>', NULL, 'null', 1, 2, 1, '1578978828_Q34A1.png', '1578978828_Q34A2.png', '1578978828_Q34A3.png', '1578978828_Q34A4.png', 1, 2, 2, '2020-01-14 05:13:48', '2020-01-14 06:13:01'),
(489, 2, '[\"5\",\"6\"]', 3, 1, 5, 1, '<strong>What is the name of the figure?</strong>', '1578978909_Q35.png', 'null', 2, 1, 1, 'Cube', 'Sphere', 'Cylinder', 'Cones', 3, 2, 2, '2020-01-14 05:15:09', '2020-01-14 06:12:36'),
(490, 3, '[\"5\"]', 3, 1, 5, 1, '<strong>নিচের কোনটি সমতলের উদাহরণ?</strong>', NULL, 'null', 1, 1, 1, 'সিলিন্ডার ', 'ঘনক', 'বল', 'মোচাকার বস্তু', 2, 2, NULL, '2020-01-15 05:23:22', '2020-01-15 11:23:22'),
(491, 3, '[\"5\"]', 3, 1, 5, 1, '<strong>নিচের কোনটি বক্রতলের উদাহরণ?</strong>', NULL, 'null', 1, 1, 1, 'বই', 'টেবিল', 'কাগজ ', 'বেলুন', 4, 2, NULL, '2020-01-15 05:24:57', '2020-01-15 11:24:57'),
(492, 3, '[\"5\"]', 3, 1, 5, 1, '<strong>একটি কাগজের পার্শ্ব হচ্ছে ------ ?</strong>', NULL, 'null', 1, 1, 1, 'বিন্দু', 'মোচাকার বস্তু', 'রেখা ', 'সমতল', 3, 2, NULL, '2020-01-15 05:26:20', '2020-01-15 11:26:20'),
(493, 3, '[\"5\"]', 3, 1, 5, 1, '<strong>দুইটি রেখার মিলিত বিন্দুতে কী তৈরি হয়?</strong>', NULL, 'null', 1, 1, 1, 'রেখা ', 'কোণ', 'তল  ', 'ঘনক', 2, 2, NULL, '2020-01-15 05:27:59', '2020-01-15 11:27:59'),
(494, 3, '[\"5\"]', 3, 1, 5, 1, '<strong>সমকোণের চেয়ে ছোট কোণকে কী বলা হয়?</strong>&nbsp; &nbsp; &nbsp; &nbsp; &nbsp; &nbsp; &nbsp; &nbsp;&nbsp;', NULL, 'null', 1, 1, 1, 'সূক্ষ্মকোণ', 'স্থূলকোণ ', 'রেখা', 'তল ', 2, 2, 2, '2020-01-15 05:29:01', '2020-01-15 05:39:26'),
(495, 3, '[\"5\"]', 3, 1, 5, 1, '<strong>সমকোণের চেয়ে বড় কোণকে কী বলা হয়? </strong>', NULL, 'null', 1, 1, 1, 'সূক্ষ্মকোণ  ', 'স্থূলকোণ ', 'রেখা', 'তল', 2, 2, NULL, '2020-01-15 05:37:34', '2020-01-15 11:37:34'),
(496, 3, '[\"5\"]', 3, 1, 5, 1, '<strong>চারটি সরলরেখা দ্বারা আবদ্ধ আকৃতিকে কী বলা হয়?</strong>&nbsp; &nbsp; &nbsp; &nbsp; &nbsp; &nbsp; &nbsp; &nbsp; &nbsp;&nbsp;', NULL, 'null', 1, 1, 1, 'ত্রিভুজ', 'চতুর্ভুজ', 'বল', 'ঘনক  ', 2, 2, NULL, '2020-01-15 05:38:59', '2020-01-15 11:38:59'),
(497, 3, '[\"5\"]', 3, 1, 5, 1, '<strong>চিত্রটিকে কী বলা হয়?</strong>', '1579071298_Q8.png', 'null', 2, 1, 1, 'বর্গ ', 'আয়ত', 'বৃত্ত', 'ঘনক  ', 2, 2, NULL, '2020-01-15 06:54:58', '2020-01-15 12:54:58'),
(498, 3, '[\"5\"]', 3, 1, 5, 1, '<strong>আয়তের কয়টি বাহু থাকে? </strong>', NULL, 'null', 1, 1, 1, '১', '২', '৩', '৪', 4, 2, NULL, '2020-01-15 06:57:00', '2020-01-15 12:57:00'),
(499, 3, '[\"5\"]', 3, 1, 5, 1, '<strong>নিচের কোনটির তিনটি বাহু থাকে?</strong><br />\r\n&nbsp;', NULL, 'null', 1, 1, 1, 'বর্গ   ', 'ত্রিভুজ ', 'বৃত্ত', 'ঘনক', 2, 2, NULL, '2020-01-15 06:58:04', '2020-01-15 12:58:04'),
(500, 3, '[\"5\"]', 3, 1, 5, 1, '<strong>নিচের কোনটির কেন্দ্র বিন্দু থাকে ?</strong><br />\r\n&nbsp;', NULL, 'null', 1, 1, 1, 'বর্গ   ', 'আয়ত', 'বৃত্ত', 'সিলিন্ডার ', 3, 2, NULL, '2020-01-15 06:59:15', '2020-01-15 12:59:15'),
(501, 3, '[\"5\"]', 3, 1, 5, 1, '<strong>নিচের কোনটি দিয়ে বৃত্ত আঁকা যায়?</strong>', NULL, 'null', 1, 1, 1, 'চুড়ি ', 'বল', 'লাটিম', 'বই ', 1, 2, NULL, '2020-01-15 07:00:21', '2020-01-15 13:00:21'),
(502, 3, '[\"5\"]', 3, 1, 5, 1, '<strong>ঘনকের সব পাশ কেমন থাকে? </strong>', NULL, 'null', 1, 1, 1, 'বক্রতল', 'তল', 'সমতল', 'কোনটি নয়', 3, 2, NULL, '2020-01-16 04:56:57', '2020-01-16 10:56:57'),
(503, 3, '[\"5\"]', 3, 1, 5, 1, '<strong>একটি কোণের কয়টি শীর্ষবিন্দু থাকে? &nbsp;</strong>​​​​​​', NULL, 'null', 1, 1, 1, '৪', '৩', '২', '১', 4, 2, NULL, '2020-01-16 04:59:07', '2020-01-16 10:59:07'),
(504, 3, '[\"5\"]', 3, 1, 5, 1, '<strong>একটি চতুর্ভুজের কোণ কয়টি?</strong>', NULL, 'null', 1, 1, 1, '৪', '৩', '২', '১', 1, 2, NULL, '2020-01-16 05:01:25', '2020-01-16 11:01:25'),
(505, 3, '[\"5\"]', 3, 1, 5, 1, '<strong>যে আয়তের সকল বাহু এবং কোণ সমান, তাকে কী বলা হয়?</strong> <strong> </strong>', NULL, 'null', 1, 1, 1, 'আয়ত', 'বর্গ', 'সামান্তরিক', 'কোনটি নয় ', 2, 2, NULL, '2020-01-16 05:04:57', '2020-01-16 11:04:57'),
(506, 3, '[\"5\"]', 3, 1, 5, 1, '<strong>আয়তের বিপরীত বাহুগুলোর দৈর্ঘ্য - </strong>&nbsp;<strong> </strong>​​​​​​', NULL, 'null', 1, 1, 1, 'পরস্পর সমান', 'সমান নয়', 'উপরের সব', 'কোনটি নয়  ', 1, 2, NULL, '2020-01-16 05:09:11', '2020-01-16 11:09:11'),
(507, 3, '[\"5\"]', 3, 1, 5, 1, '<strong>বর্গের প্রত্যেকটি কোণ -</strong>', NULL, 'null', 1, 1, 1, 'সূক্ষ্মকোণ', 'স্থূলকোণ', 'সমকোণ', 'কোনটি নয় ', 3, 2, NULL, '2020-01-16 05:10:59', '2020-01-16 11:10:59'),
(508, 3, '[\"5\"]', 3, 1, 5, 1, '<strong>নিচের কোনটি স্থূল কোণ ? </strong><br />\r\n&nbsp;', NULL, 'null', 1, 1, 1, '৫০<sup>০</sup>', '৬০<sup>০</sup>', '৭০<sup>০</sup>', '১১০<sup>০</sup>', 4, 2, NULL, '2020-01-16 05:14:29', '2020-01-16 11:14:29'),
(509, 3, '[\"5\"]', 3, 1, 5, 1, '<strong>একটি ত্রিভূজে কয়টি সমকোণ থাকতে পারে ?</strong>', NULL, 'null', 1, 1, 1, '১', '২', '৩', '৪', 1, 2, NULL, '2020-01-16 05:15:43', '2020-01-16 11:15:43'),
(510, 3, '[\"5\"]', 3, 1, 5, 1, '<strong>আয়তক্ষেত্রের পরিসীমা নিচের কোনটি ?</strong>', NULL, 'null', 1, 1, 1, 'দৈর্ঘ্য ×  প্রস্থ', '(দৈর্ঘ্য +  প্রস্থ ) ×  ২ ', 'দৈর্ঘ্য -  প্রস্থ ', 'দৈর্ঘ্য +  প্রস্থ', 2, 2, NULL, '2020-01-16 05:16:39', '2020-01-16 11:16:39'),
(511, 3, '[\"5\"]', 3, 1, 5, 1, '<strong>একটি ট্রাপিজিয়ামের কয় জোড়া সমান্তরাল বাহু থাকে ?</strong><br />\r\n&nbsp;', NULL, 'null', 1, 1, 1, '১', '২', '৩', '৪', 1, 2, NULL, '2020-01-16 05:19:34', '2020-01-16 11:19:34'),
(512, 3, '[\"5\"]', 3, 1, 5, 1, '<strong>ত্রিভূজের তিন কোণের সমষ্টি -</strong><br />\r\n&nbsp;', NULL, 'null', 1, 1, 1, '১৮০<sup>০</sup>', '১৯০<sup>০</sup>  ', '৯০<sup>০</sup>  ', '৩৬০<sup>০</sup>  ', 1, 2, NULL, '2020-01-16 05:21:20', '2020-01-16 11:21:20'),
(513, 3, '[\"5\"]', 3, 1, 5, 1, '<strong>আয়তক্ষেত্রের বিপরীত শীর্ষবিন্দুর সংযোগকারী রেখাকে কী বলে ?</strong>', NULL, 'null', 1, 1, 1, 'পরিধি', 'কর্ণ', 'জ্যা', 'বর্গ', 2, 2, 2, '2020-01-16 05:29:46', '2020-01-16 05:34:09'),
(514, 3, '[\"5\"]', 3, 1, 5, 1, '<strong>সমদ্বিবাহু ত্রিভুজের কয়টি বাহু সমান থাকে ?</strong>', NULL, 'null', 1, 1, 1, '২', '৩', '১', '১', 1, 2, NULL, '2020-01-16 05:30:55', '2020-01-16 11:30:55'),
(515, 3, '[\"5\"]', 3, 1, 5, 1, '<strong>নিচের কোনটি সঠিক নয়?</strong><br />\r\n&nbsp;', NULL, 'null', 1, 1, 1, 'বিপ্রতীপ কোণ সমূহ পরস্পর সমান', '৪০<sup>০</sup>  কোণের পূরক কোণ ৫০<sup>০</sup>', 'এক সরলকোণ সমান ১৮০<sup>০</sup>', '১০০<sup>০</sup>  কোণের সম্পূরক কোণ হলো ৯০<sup>০</sup>', 4, 2, NULL, '2020-01-16 05:33:34', '2020-01-16 11:33:34'),
(516, 3, '[\"5\"]', 3, 1, 5, 1, '<strong>নিচের কোনটি সঠিক?</strong>', NULL, 'null', 1, 1, 1, 'সমবাহু ত্রিভূজের প্রত্যেকটি কোণের মান ৬০<sup>০</sup>', '৯০<sup>০</sup>  এর চেয়ে ছোট কোণকে স্থূলকোণ বলে', 'এক সরমকোণ সমান ৬০<sup>০</sup>', 'কোণের আকৃতি পরিমাপের একক হলো মিটার', 1, 2, NULL, '2020-01-16 05:39:47', '2020-01-16 11:39:47'),
(517, 3, '[\"5\"]', 3, 1, 5, 1, '<strong>নিচের আকৃতিটির পরিসীমা কত?</strong><br />\r\n&nbsp;', '1579153271_Q28.png', 'null', 2, 1, 1, '২০ সে. মি. ', '৩০ সে. মি.', '৪০ সে. মি.', '৫০ সে. মি.', 3, 2, NULL, '2020-01-16 05:41:11', '2020-01-16 11:41:11'),
(518, 3, '[\"5\"]', 3, 1, 5, 1, '<strong>নিচের কোনটি সমবাহু ত্রিভূজ? </strong>', NULL, 'null', 1, 2, 1, '1579153326_Q29A1.png', '1579153326_Q29A2.png', '1579153326_Q29A3.png', '1579153326_Q29A4.png', 1, 2, NULL, '2020-01-16 05:42:06', '2020-01-16 11:42:06'),
(519, 3, '[\"5\"]', 3, 1, 5, 1, '<strong>উপরের বস্তুটি কোন আকৃতির? </strong>', '1579153397_Q30.png', 'null', 2, 1, 1, 'ঘনক', 'গোলক', 'বেলন', 'মোচাকৃতি', 3, 2, NULL, '2020-01-16 05:43:17', '2020-01-16 11:43:17'),
(520, 2, '[\"3\",\"4\"]', 3, 1, 3, 1, '<strong>How many sides does a square have?</strong>', NULL, 'null', 1, 1, 1, '3', '4', '5', '1', 2, 2, 2, '2020-01-19 04:16:21', '2020-01-19 04:18:02'),
(521, 2, '[\"3\",\"4\"]', 3, 1, 3, 1, '<strong>What number is halfway between 20 and 30?</strong>​​​​​​​', NULL, 'null', 1, 1, 1, '24', '24.5', '25', '25.5', 3, 2, NULL, '2020-01-19 04:17:51', '2020-01-19 10:17:51'),
(522, 2, '[\"3\",\"4\"]', 3, 1, 3, 1, '<strong>What is the missing number in this sequence?<br />\r\n3&nbsp;&nbsp;&nbsp;&nbsp;&nbsp;&nbsp;&nbsp;&nbsp;&nbsp;&nbsp;&nbsp;&nbsp;&nbsp; 6&nbsp;&nbsp;&nbsp;&nbsp;&nbsp;&nbsp;&nbsp;&nbsp;&nbsp;&nbsp;&nbsp;&nbsp;&nbsp; 9&nbsp;&nbsp;&nbsp;&nbsp;&nbsp;&nbsp;&nbsp;&nbsp;&nbsp;&nbsp;&nbsp;&nbsp;&nbsp; 12&nbsp;&nbsp;&nbsp;&nbsp;&nbsp;&nbsp;&nbsp;&nbsp;&nbsp;&nbsp; - - -</strong><br />\r\n&nbsp;', NULL, 'null', 1, 1, 1, '13', '14', '15', '18', 3, 2, NULL, '2020-01-19 04:19:04', '2020-01-19 10:19:04'),
(523, 2, '[\"3\",\"4\"]', 3, 1, 3, 1, '<strong>What is the value of the digit 3 in the number 40357?</strong>', NULL, 'null', 1, 1, 1, '3', '30', '300', '3000', 3, 2, NULL, '2020-01-19 04:19:59', '2020-01-19 10:19:59'),
(524, 2, '[\"3\",\"4\"]', 3, 1, 3, 1, '<strong>What is double of&nbsp; $\\frac{1}{2}$?</strong>', NULL, 'null', 1, 1, 1, '$\\frac{1}{2}$', '$\\frac{1}{4}$', '1', '2', 3, 2, NULL, '2020-01-19 04:23:38', '2020-01-19 10:23:38'),
(525, 2, '[\"3\",\"4\"]', 3, 1, 3, 1, '<strong>How many groups of 7 makes 42?</strong>', NULL, 'null', 1, 1, 1, '4', '2', '6', '40', 3, 2, NULL, '2020-01-19 04:24:39', '2020-01-19 10:24:39'),
(526, 2, '[\"3\",\"4\"]', 3, 1, 3, 1, '<strong>What is the perimeter of this rectangle?</strong>', '1579408551_Q7.png', 'null', 2, 1, 1, '​​​​​​​24', '28', '14', '48', 2, 2, 2, '2020-01-19 04:30:07', '2020-01-19 04:35:51'),
(527, 2, '[\"3\",\"4\"]', 3, 1, 3, 1, '<strong>What digital time is shown on the clock? </strong>', '1579408524_Q8.png', 'null', 2, 1, 1, '10:12', '12:00', '11:50', '12:10', 3, 2, 2, '2020-01-19 04:32:24', '2020-01-19 04:35:24'),
(528, 2, '[\"3\",\"4\"]', 3, 1, 3, 1, '<strong>What fraction of this shape is shaded ?</strong>', '1579408508_Q9.png', 'null', 2, 1, 1, '$\\frac{3}{4}$', '$\\frac{3}{5}$', '$\\frac{2}{5}$', '$\\frac{2}{4}$', 2, 2, NULL, '2020-01-19 04:35:08', '2020-01-19 10:35:08'),
(529, 2, '[\"3\",\"4\"]', 3, 1, 3, 1, '<strong>Now the time is 10:30 pm. What will time be after half an hour?</strong>', NULL, 'null', 1, 1, 1, '10:00 pm', '11:30 pm', '11:00 am', '11:00 pm', 4, 2, NULL, '2020-01-19 04:36:53', '2020-01-19 10:36:53'),
(530, 2, '[\"3\",\"4\"]', 3, 1, 3, 1, '<strong>I am facing north. I turn two times 180&lt;sup&gt;০&lt;/sup&gt;. Which way am I facing now?</strong>', NULL, 'null', 1, 1, 1, 'North', 'South', 'West', 'East', 1, 2, 2, '2020-01-19 04:37:53', '2020-01-19 07:06:35'),
(531, 2, '[\"3\",\"4\"]', 3, 1, 3, 1, '<strong>How many inches in $\\frac{1}{3}$&nbsp; feet?</strong>', NULL, 'null', 1, 1, 1, '3 inch', '4 inch', '12 inch', '2 inch', 2, 2, NULL, '2020-01-19 04:39:54', '2020-01-19 10:39:54'),
(532, 2, '[\"3\",\"4\"]', 3, 1, 3, 2, '<strong>Write down a number divisible by 9 between 50 and 60.</strong>', NULL, 'null', 1, 1, 1, '51', '63', '54', '59', 3, 2, NULL, '2020-01-19 04:41:05', '2020-01-19 10:41:05'),
(533, 2, '[\"3\",\"4\"]', 3, 1, 3, 1, '<strong>I am a 3D shape. I have 6 faces and all my faces are square. Who am I ?</strong>', NULL, 'null', 1, 1, 1, 'Cylinder', 'Sphere', 'Cube', 'None of the above', 3, 2, NULL, '2020-01-19 04:49:37', '2020-01-19 10:49:37'),
(534, 2, '[\"3\",\"4\"]', 3, 1, 3, 1, '<strong>In a school, a fourth of a class are boys. What fraction are girls?</strong>', NULL, 'null', 1, 1, 1, ' $\\frac{1}{4}$', ' $\\frac{2}{4}$', ' $\\frac{3}{4}$', ' $\\frac{4}{4}$', 3, 2, NULL, '2020-01-19 05:04:21', '2020-01-19 11:04:21'),
(535, 2, '[\"3\",\"4\"]', 3, 1, 3, 1, '<strong>How much money are there?</strong>', '1579410414_Q16.png', 'null', 2, 1, 1, '12', '15', '6', '13', 2, 2, NULL, '2020-01-19 05:06:54', '2020-01-19 11:06:54'),
(536, 2, '[\"3\",\"4\"]', 3, 1, 3, 1, '<strong>How many 7s are in 77?</strong>', NULL, 'null', 1, 1, 1, '7', '70', '2', '11', 4, 2, NULL, '2020-01-19 05:08:53', '2020-01-19 11:08:53'),
(537, 2, '[\"3\",\"4\"]', 3, 1, 3, 1, '<strong>Which one is lighter?</strong><br />\r\n&nbsp;', '1579410780_Q18.png', 'null', 2, 1, 1, 'Tiger', 'Elephant', 'Both Equal', 'Neither', 2, 2, NULL, '2020-01-19 05:13:00', '2020-01-19 11:13:00'),
(538, 2, '[\"3\",\"4\"]', 3, 1, 3, 1, '<strong>What fraction of the circle is colored red?</strong>', '1579410916_Q19.png', 'null', 2, 1, 1, '$\\frac{1}{4}$', '$\\frac{3}{4}$', '$\\frac{2}{4}$', '$\\frac{4}{4}$', 1, 2, NULL, '2020-01-19 05:15:16', '2020-01-19 11:15:16'),
(539, 2, '[\"3\",\"4\"]', 3, 1, 3, 1, '<strong>What is the lowest 4 digits&rsquo; number formed by the following 4 digits?<br />\r\n7&nbsp;&nbsp;&nbsp;&nbsp;&nbsp;&nbsp;&nbsp;&nbsp;&nbsp; &nbsp; 3&nbsp;&nbsp;&nbsp;&nbsp;&nbsp;&nbsp;&nbsp; 1&nbsp;&nbsp;&nbsp;&nbsp;&nbsp;&nbsp;&nbsp;&nbsp;&nbsp; 4</strong>', NULL, 'null', 1, 1, 1, '4134 ', '3417', '1437', '1347', 4, 2, 2, '2020-01-19 05:17:22', '2020-01-19 05:19:25'),
(540, 2, '[\"3\",\"4\"]', 3, 1, 3, 1, '<strong>What is the largest 4 digits number formed by the following 4 digits?</strong><br />\r\n<strong>4&nbsp; &nbsp;&nbsp; 9&nbsp;&nbsp;&nbsp;&nbsp;&nbsp;&nbsp; 1</strong>', NULL, 'null', 1, 1, 1, '5491', '4915', '9451', '9541', 4, 2, NULL, '2020-01-19 05:19:16', '2020-01-19 11:19:16'),
(541, 2, '[\"3\",\"4\"]', 3, 1, 3, 1, '<strong>Which of the following numbers in not divisible by 2</strong>', NULL, 'null', 1, 1, 1, '5370', '2461', '1234', '4500', 2, 2, NULL, '2020-01-19 05:21:51', '2020-01-19 11:21:51'),
(542, 2, '[\"3\",\"4\"]', 3, 1, 3, 1, '<strong>Which one is heavier?</strong>', '1579411445_Q18.png', 'null', 2, 1, 1, 'Tiger', 'Elephant', 'Both Equal', 'Neither', 1, 2, NULL, '2020-01-19 05:24:05', '2020-01-19 11:24:05'),
(543, 2, '[\"3\",\"4\"]', 3, 1, 3, 1, '<strong>What is the difference between two consecutive odd numbers? </strong>', NULL, 'null', 1, 1, 1, '0', '2', '1', '3', 2, 2, NULL, '2020-01-19 05:24:56', '2020-01-19 11:24:56'),
(544, 2, '[\"3\",\"4\"]', 3, 1, 3, 1, '<strong>What is the ten thousands digits in the number 295410 ?</strong>', NULL, 'null', 1, 1, 1, '2', '9', '5', '4', 2, 2, NULL, '2020-01-19 05:25:55', '2020-01-19 11:25:55'),
(545, 2, '[\"3\",\"4\"]', 3, 1, 3, 1, '<strong>Which one of the following four months is the least similar to other?</strong>', NULL, 'null', 1, 1, 1, 'February', 'April', 'June', 'September', 1, 2, NULL, '2020-01-19 05:27:00', '2020-01-19 11:27:00'),
(546, 2, '[\"3\",\"4\"]', 3, 1, 3, 1, '<strong>How many numbers are there from 3 to 13</strong>', NULL, 'null', 1, 1, 1, '10', '11', '12', '9', 2, 2, NULL, '2020-01-19 05:27:56', '2020-01-19 11:27:56'),
(547, 2, '[\"3\",\"4\"]', 3, 1, 3, 1, '<strong>Which one is the largest?</strong>', NULL, 'null', 1, 1, 1, '0.5', '$\\frac{1}{4}$', '0.55', '0.0555', 3, 2, NULL, '2020-01-19 05:28:57', '2020-01-19 11:28:57'),
(548, 2, '[\"3\",\"4\"]', 3, 1, 3, 1, '<strong>Which one of the following colors occupy the largest area?</strong>', '1579411825_Q29.png', 'null', 2, 1, 1, 'Green', 'Blue', 'Yellow', 'Red', 2, 2, NULL, '2020-01-19 05:30:25', '2020-01-19 11:30:25'),
(549, 2, '[\"3\",\"4\"]', 3, 1, 3, 1, '<strong>Rafi is 5 years older than his brother Rakin. Their cousin, Sajid is 10 years younger than Rafi. Who is the youngest of them?</strong>', NULL, 'null', 1, 1, 1, 'Rafi', 'Rakin', 'Sajid', 'None of the above', 3, 2, NULL, '2020-01-19 05:31:15', '2020-01-19 11:31:15'),
(550, 2, '[\"3\",\"4\"]', 3, 1, 3, 1, '<strong>Which one of the following is the biggest number?</strong>', NULL, 'null', 1, 1, 1, '7.7', '7.66', '7.667', '7.6667', 1, 2, NULL, '2020-01-19 05:32:09', '2020-01-19 11:32:09'),
(551, 2, '[\"3\",\"4\"]', 3, 1, 3, 1, '<strong>There are 17 chocolates in a box. If these chocolates are divided among 3 students equally then how many chocolates will be left in the box?</strong><br />\r\n&nbsp;', NULL, 'null', 1, 1, 1, '3', '5', '1', '2', 4, 2, NULL, '2020-01-19 05:33:10', '2020-01-19 11:33:10'),
(552, 2, '[\"3\",\"4\"]', 3, 1, 3, 1, '<strong>Which one of the following is not prime?</strong>', NULL, 'null', 1, 1, 1, '2', '5', '21', '11', 3, 2, NULL, '2020-01-19 05:34:11', '2020-01-19 11:34:11'),
(553, 2, '[\"3\",\"4\"]', 3, 1, 3, 1, '<strong>How many faces does a cube has?</strong>', NULL, 'null', 1, 1, 1, '3', '5', '6', '4', 3, 2, NULL, '2020-01-19 05:35:22', '2020-01-19 11:35:22'),
(554, 2, '[\"3\",\"4\"]', 3, 1, 3, 1, '<strong>How many faces does a cube has?</strong>', NULL, 'null', 1, 1, 1, '3', '5', '6', '4', 3, 2, NULL, '2020-01-19 05:37:40', '2020-01-19 11:37:40'),
(555, 1, '[\"3\",\"4\"]', 3, 1, 3, 1, '<strong>Which one of the four is least like the other three?</strong>', NULL, 'null', 1, 1, 1, 'Dog', 'Elephant', 'Snake', 'Lion', 3, 2, NULL, '2020-01-19 05:38:29', '2020-01-19 11:38:29'),
(556, 2, '[\"3\",\"4\"]', 3, 1, 3, 1, '<strong>Which number should come next in this series?<br />\r\n13&nbsp;&nbsp;&nbsp;&nbsp; &nbsp;&nbsp; 16&nbsp;&nbsp;&nbsp;&nbsp; &nbsp;&nbsp; 19&nbsp;&nbsp;&nbsp;&nbsp; &nbsp;&nbsp; 22&nbsp;&nbsp;&nbsp;&nbsp; - - - ?</strong>', NULL, 'null', 1, 1, 1, '24', '20', '26', '25', 4, 2, NULL, '2020-01-19 05:40:19', '2020-01-19 11:40:19'),
(557, 2, '[\"3\",\"4\"]', 3, 1, 3, 1, '<strong>If TRIANGLE is to 3 then a SQUARE definitely is to..?</strong>', NULL, 'null', 1, 1, 1, '5', '4', '6', '2', 2, 2, NULL, '2020-01-19 05:41:09', '2020-01-19 11:41:09'),
(558, 2, '[\"3\",\"4\"]', 3, 1, 3, 1, '<strong>How many square are there in the figure? </strong>', '1579412553_Q38.png', 'null', 2, 1, 1, '1', '4', '5', '6', 3, 2, 2, '2020-01-19 05:42:33', '2020-01-19 06:58:36'),
(559, 2, '[\"3\",\"4\"]', 3, 1, 3, 1, '<strong>What is the value of&nbsp; 100 <em>&times;&nbsp;</em>10 <em>&times;&nbsp;</em>1&nbsp;<em>&times;&nbsp;</em>0</strong>', NULL, 'null', 1, 1, 1, '1000', '1', '0', '111', 3, 2, 2, '2020-01-19 05:45:37', '2020-01-19 06:58:50'),
(560, 2, '[\"3\",\"4\"]', 3, 1, 3, 1, '<strong>Find the missing picture.</strong>', '1579413208_Q40.png', 'null', 2, 2, 1, '1579413208_Q40A1.png', '1579417402_Q40A2.png', '1579417402_Q40A3.png', '1579417402_Q40A4.png', 2, 2, 2, '2020-01-19 05:53:28', '2020-01-19 07:40:41'),
(561, 3, '[\"3\",\"4\"]', 3, 1, 3, 1, '<strong>একটি বর্গের বাহুর সংখ্যা কত?</strong>', NULL, 'null', 1, 1, 1, '৩', '৪', '৫', '১', 2, 2, NULL, '2020-01-19 06:01:03', '2020-01-19 12:01:03'),
(562, 3, '[\"3\",\"4\"]', 3, 1, 3, 1, '<strong>২০ এবং ৩০ এর মধ্যবিন্দু কত?</strong>', NULL, 'null', 1, 1, 1, '২৪', '২৪.৫', '২৫', '২৫.৫', 3, 2, NULL, '2020-01-19 06:02:51', '2020-01-19 12:02:51'),
(563, 3, '[\"3\",\"4\"]', 3, 1, 3, 1, '<strong>ধারাটির পরবর্তী সংখ্যা কত?<br />\r\n৩&nbsp;&nbsp;&nbsp;&nbsp;&nbsp;&nbsp;&nbsp; ৬&nbsp;&nbsp;&nbsp;&nbsp;&nbsp;&nbsp;&nbsp; ৯&nbsp;&nbsp;&nbsp;&nbsp;&nbsp;&nbsp;&nbsp; ১২ &nbsp;&nbsp;&nbsp;&nbsp;&nbsp; - - - </strong><br />\r\n&nbsp;', NULL, 'null', 1, 1, 1, '১৩', '১৪', '১৫', '১৮', 3, 2, NULL, '2020-01-19 06:03:55', '2020-01-19 12:03:55');
INSERT INTO `bdedu_exam_questions` (`exam_question_row_id`, `education_type_row_id`, `class_row_id`, `module_row_id`, `school_row_id`, `exam_category_row_id`, `question_type`, `question_title`, `question_title_attachment`, `question_level`, `question_mimetype`, `answer_type`, `mark_weight`, `answer_1`, `answer_2`, `answer_3`, `answer_4`, `is_correct_answer`, `created_by`, `updated_by`, `created_at`, `updated_at`) VALUES
(564, 3, '[\"3\",\"4\"]', 3, 1, 3, 1, '<strong>৪০৩৫৭ সংখ্যাটিতে ৩ এর স্থানীয় মান কত?</strong> ​​​​​', NULL, 'null', 1, 1, 1, '৩', '৩০', '৩০০', '৩০০০', 3, 2, NULL, '2020-01-19 06:05:00', '2020-01-19 12:05:00'),
(565, 3, '[\"3\",\"4\"]', 3, 1, 3, 1, '<strong>$\\frac{১}{২}$&nbsp;এর দ্বিগুণ কত?</strong>', NULL, 'null', 1, 1, 1, '$\\frac{২}{৪}$', '$\\frac{১}{৪}$', '১', '২', 3, 2, NULL, '2020-01-19 06:06:43', '2020-01-19 12:06:43'),
(566, 3, '[\"3\",\"4\"]', 3, 1, 3, 1, '<strong>৪২ সংখ্যাটিতে ৭ এর কতটি দল আছে?</strong>', NULL, 'null', 1, 1, 1, '৪', '২', '৬', '৪০', 3, 2, NULL, '2020-01-19 06:07:31', '2020-01-19 12:07:31'),
(567, 3, '[\"3\",\"4\"]', 3, 1, 3, 1, '<strong>আয়তক্ষেত্রটির পরিধি কত?</strong>', '1579414289_Q7.png', 'null', 2, 1, 1, '২৪', '২৮', '১৪', '৪৮', 2, 2, NULL, '2020-01-19 06:11:29', '2020-01-19 12:11:29'),
(568, 3, '[\"3\",\"4\"]', 3, 1, 3, 1, '<strong>ডিজিটাল ঘড়িতে সময় কত দেখাবে?</strong>', '1579415327_Q8.png', 'null', 2, 1, 1, '১০:১২', '১২:০০', '১১:৫০', '১২:১০', 3, 2, NULL, '2020-01-19 06:28:47', '2020-01-19 12:28:47'),
(569, 3, '[\"3\",\"4\"]', 3, 1, 3, 1, '<strong>রং করা অংশের ভগ্নাংশ কত হবে?</strong>', NULL, 'null', 1, 1, 1, '$\\frac{৩}{৪}$', '$\\frac{৩}{৫}$', '$\\frac{২}{৫}$', '$\\frac{২}{৪}$', 2, 2, NULL, '2020-01-19 06:33:34', '2020-01-19 12:33:34'),
(570, 3, '[\"3\",\"4\"]', 3, 1, 3, 1, '<strong>এখন রাত ১০:৩০ বাজে। আধা ঘণ্টা পর ঘড়িতে কয়টা বাজবে?</strong>', NULL, 'null', 1, 1, 1, 'রাত ১০:০০', 'রাত ১১:৩০', 'সকাল ১১:০০', 'রাত ১১:০০', 4, 2, NULL, '2020-01-19 06:36:31', '2020-01-19 12:36:31'),
(571, 3, '[\"3\",\"4\"]', 3, 1, 3, 1, '<strong>আমি উত্তর দিকে মুখ করে আছি। আমি দুইবার ১৮০ &lt;sup&gt;০&lt;/sup&gt; করে ঘুরলাম। এখন আমার মুখ কোন দিকে আছে?</strong>', NULL, 'null', 1, 1, 1, 'উত্তর', 'দক্ষিণ', 'পশ্চিম', 'পূর্ব', 1, 2, 2, '2020-01-19 06:37:43', '2020-01-19 07:05:06'),
(572, 3, '[\"3\",\"4\"]', 3, 1, 3, 1, '<strong>$\\frac{১}{৩}$ ফুট সমান কত ইঞ্চি?&nbsp; ​​</strong>', NULL, 'null', 1, 1, 1, '৩ ইঞ্চি', '৪ ইঞ্চি', '১২ ইঞ্চি', '২ ইঞ্চি', 2, 2, NULL, '2020-01-19 06:39:57', '2020-01-19 12:39:57'),
(573, 3, '[\"3\",\"4\"]', 3, 1, 3, 1, '<strong>৫০ এবং ৬০ এর মধ্যবর্তী ৯ দ্বারা বিভাজ্য সংখ্যা কোনটি?</strong>​​​​​​​', NULL, 'null', 1, 1, 1, '৫১', '৬৩', '৫৪', '৫৯', 3, 2, NULL, '2020-01-19 06:40:59', '2020-01-19 12:40:59'),
(574, 3, '[\"3\",\"4\"]', 3, 1, 3, 1, '<strong>আমার আকৃতি ত্রিমাত্রিক। আমার তল সংখ্যা ৬ এবং সবগুলো তল বর্গাকার। আমি কে</strong>', NULL, 'null', 1, 1, 1, 'বেলন', 'গোলক', 'ঘনক', 'কোনটি নয়', 3, 2, 2, '2020-01-19 06:41:53', '2020-01-19 06:42:33'),
(575, 3, '[\"3\",\"4\"]', 3, 1, 3, 1, '<strong>একটি বিদ্যালয়ের এক চতুর্থাংশ শিক্ষার্থী ছাত্র হলে ছাত্রী সংখ্যার ভগ্নাংশ কত হবে?</strong>', NULL, 'null', 1, 1, 1, '$\\frac{১}{৪}$', '$\\frac{২}{৪}$', '$\\frac{৩}{৪}$', '$\\frac{৪}{৪}$', 3, 2, NULL, '2020-01-19 06:46:21', '2020-01-19 12:46:21'),
(576, 3, '[\"3\",\"4\"]', 3, 1, 3, 1, '<strong>ছবিতে মোট কত টাকা?</strong>', '1579416438_Q16.png', 'null', 2, 1, 1, '১২', '১৫', '৬', '১৩', 2, 2, NULL, '2020-01-19 06:47:18', '2020-01-19 12:47:18'),
(577, 3, '[\"3\",\"4\"]', 3, 1, 3, 1, '<strong>৭৭ সংখ্যাটিতে কতটি ৭ আছে?</strong>', NULL, 'null', 1, 1, 1, '৭', '৭০', '২', '১১', 4, 2, NULL, '2020-01-19 06:48:06', '2020-01-19 12:48:06'),
(578, 3, '[\"3\",\"4\"]', 3, 1, 3, 1, '<strong>কোনটির ওজন কম?</strong>', '1579416586_Q18.png', 'null', 2, 1, 1, 'বাঘ', 'হাতি', 'উভয়ই সমান', 'কোনটি নয়', 2, 2, NULL, '2020-01-19 06:49:46', '2020-01-19 12:49:46'),
(579, 3, '[\"3\",\"4\"]', 3, 1, 3, 1, '<strong>বৃত্তের লাল অংশের ভগ্নাংশ কত হবে?</strong>', '1579416688_Q19.png', 'null', 2, 1, 1, '$\\frac{১}{৪}$', '$\\frac{৩}{৪}$', '$\\frac{২}{৪}$', '$\\frac{৪}{৪}$', 1, 2, NULL, '2020-01-19 06:51:28', '2020-01-19 12:51:28'),
(580, 3, '[\"3\",\"4\"]', 3, 1, 3, 1, '<strong>৭&nbsp;&nbsp;&nbsp;&nbsp;&nbsp;&nbsp; ৩&nbsp;&nbsp;&nbsp;&nbsp;&nbsp;&nbsp; ১&nbsp;&nbsp;&nbsp;&nbsp;&nbsp;&nbsp; ৪ অঙ্কগুলো একবার ব্যবহার করে গঠিত চার অঙ্কের ক্ষুদ্রতর সংখ্যা কত হবে?</strong>', NULL, 'null', 1, 1, 1, '৪১৩৪', '৩৪১৭', '১৪৩৭', '১৩৪৭', 4, 2, NULL, '2020-01-19 06:52:27', '2020-01-19 12:52:27'),
(581, 3, '[\"3\",\"4\"]', 3, 1, 3, 1, '<strong>৫ &nbsp;&nbsp;৪ &nbsp;&nbsp; ৯&nbsp;&nbsp;&nbsp; ১ &nbsp;অঙ্কগুলো একবার ব্যবহার করে গঠিত চার অঙ্কের বৃহত্তর সংখ্যা কত হবে?</strong>', NULL, 'null', 1, 1, 1, '৫৪৯১', '৪৯১৫', '৯৪৫১', '৯৫৪১', 4, 2, 2, '2020-01-19 06:56:37', '2020-01-19 07:18:03'),
(582, 3, '[\"3\",\"4\"]', 3, 1, 3, 1, '<strong>নিচের কোন সংখ্যাটি ২ দ্বারা বিভাজ্য নয়?</strong>', NULL, 'null', 1, 1, 1, '৫৩৭০', '২৪৬১', '১২৩৪', '৪৫০০', 2, 2, NULL, '2020-01-19 07:19:16', '2020-01-19 13:19:16'),
(583, 3, '[\"3\",\"4\"]', 3, 1, 3, 1, '<strong>নিচের কোনটির ওজন বেশি?</strong>', '1579418424_Q18.png', 'null', 2, 1, 1, 'বাঘ', 'হাতি', 'উভয়ই সমান', 'কোনটি নয়', 1, 2, NULL, '2020-01-19 07:20:24', '2020-01-19 13:20:24'),
(584, 3, '[\"3\",\"4\"]', 3, 1, 3, 1, '<strong>দুইটি ক্রমিক বিজোড় সংখ্যার পার্থক্য কত?</strong>', NULL, 'null', 1, 1, 1, '০', '২', '১', '৩', 2, 2, NULL, '2020-01-19 07:21:11', '2020-01-19 13:21:11'),
(585, 3, '[\"3\",\"4\"]', 3, 1, 3, 1, '<strong>২৯৫৪১০ সংখ্যায় দশ হাজার অঙ্কের মান কত ?</strong>', NULL, 'null', 1, 1, 1, '২', '৯', '৫', '৪', 2, 2, NULL, '2020-01-19 07:21:54', '2020-01-19 13:21:54'),
(586, 3, '[\"3\",\"4\"]', 3, 1, 3, 1, '<strong>নিচে প্রদত্ত চারটি মাসের মধ্যে কোন মাসটি ভিন্ন?</strong>', NULL, 'null', 1, 1, 1, 'ফেব্রুয়ারি', 'এপ্রিল', 'জুন', 'সেপ্টেম্বর', 1, 2, NULL, '2020-01-19 07:22:43', '2020-01-19 13:22:43'),
(587, 3, '[\"3\",\"4\"]', 3, 1, 3, 1, '<strong>৩ থেকে ১৩ এর মধ্যবর্তী সংখ্যা কতটি?</strong>', NULL, 'null', 1, 1, 1, '১০', '১১', '১২', '৯', 2, 2, NULL, '2020-01-19 07:23:26', '2020-01-19 13:23:26'),
(588, 3, '[\"3\",\"4\"]', 3, 1, 3, 1, '<strong>বৃহত্তর সংখ্যা কোনটি?</strong>', NULL, 'null', 1, 1, 1, '০.৫', '$\\frac{১}{৪}$', '০.৫৫', '০.০৫৫৫', 3, 2, NULL, '2020-01-19 07:26:25', '2020-01-19 13:26:25'),
(589, 3, '[\"3\",\"4\"]', 3, 1, 3, 1, '<strong>কোন রং সবচেয়ে বেশি স্থান দখল করে আছে?&nbsp;</strong>', '1579418880_Q29.png', 'null', 2, 1, 1, 'সবুজ', 'নীল', 'হলুদ', 'লাল', 2, 2, NULL, '2020-01-19 07:28:00', '2020-01-19 13:28:00'),
(590, 3, '[\"3\",\"4\"]', 3, 1, 3, 1, '<strong>রাফি তার ভাই রাকিন থেকে ৫ বছরের বড়। তাদের চাচাত ভাই সাজিদ, রাফি থেকে ১০ বছরের ছোট। তিনজনের মধ্যে সবচেয়ে ছোট কে?</strong>', NULL, 'null', 1, 1, 1, 'রাফি', 'রাকিন', 'সাজিদ', 'কেউই নয়', 3, 2, NULL, '2020-01-19 07:28:53', '2020-01-19 13:28:53'),
(591, 3, '[\"3\",\"4\"]', 3, 1, 3, 1, '<strong>বৃহত্তর সংখ্যা কোনটি?</strong><br />\r\n&nbsp;', NULL, 'null', 1, 1, 1, '৭.৭', '৭.৬৬', '৭.৬৬৭', '৭.৬৬৬৭', 1, 2, NULL, '2020-01-19 07:29:45', '2020-01-19 13:29:45'),
(592, 3, '[\"3\",\"4\"]', 3, 1, 3, 1, 'এ<strong>কটি বাক্সে ১৭টি চকলেট আছে। চকলেট গুলো ৩ জন শিক্ষার্থীর মধ্যে সমান ভাবে ভাগ করে দিলে বাক্সের মধ্যে কতটি চকলেট অবশিষ্ট থাকবে?</strong>', NULL, 'null', 1, 1, 1, '৩', '৫', '১', '২', 4, 2, 2, '2020-01-19 07:30:30', '2020-01-19 07:30:42'),
(593, 3, '[\"3\",\"4\"]', 3, 1, 3, 1, '<strong>নিচের কোন সংখ্যাটি মৌলিক নয়?</strong>', NULL, 'null', 1, 1, 1, '২', '৫', '২১', '১১', 3, 2, NULL, '2020-01-19 07:31:41', '2020-01-19 13:31:41'),
(594, 3, '[\"3\",\"4\"]', 3, 1, 3, 1, '<strong>একটি ঘনকের তল সংখ্যা কত</strong>', NULL, 'null', 1, 1, 1, '৩', '৫', '৬', '৪', 3, 2, NULL, '2020-01-19 07:32:44', '2020-01-19 13:32:44'),
(595, 3, '[\"3\",\"4\"]', 3, 1, 3, 1, '<strong>নিচের কোনটি অন্য তিনটির থেকে আলাদা?</strong>', NULL, 'null', 1, 1, 1, 'কুকুর', 'হাতি', 'সাপ', 'সিংহ', 3, 2, NULL, '2020-01-19 07:33:32', '2020-01-19 13:33:32'),
(596, 3, '[\"3\",\"4\"]', 3, 1, 3, 1, '<strong>১০&nbsp;&nbsp;&nbsp;&nbsp;&nbsp;&nbsp;&nbsp;&nbsp;&nbsp; ১৩&nbsp;&nbsp;&nbsp;&nbsp;&nbsp;&nbsp;&nbsp; ১৬&nbsp;&nbsp;&nbsp;&nbsp;&nbsp;&nbsp;&nbsp;&nbsp; ১৯&nbsp;&nbsp;&nbsp;&nbsp;&nbsp;&nbsp;&nbsp; ২২&nbsp;&nbsp;&nbsp; &hellip; &hellip; ধারাটির পরবর্তী সংখ্যা কত হবে?</strong>', NULL, 'null', 1, 1, 1, '২৪', '২০', '২৬', '২৫', 4, 2, NULL, '2020-01-19 07:34:27', '2020-01-19 13:34:27'),
(597, 3, '[\"3\",\"4\"]', 3, 1, 3, 1, '<strong>ত্রিভুজ যদি ৩ হয় তাহলে বর্গ হবে&hellip;..?</strong>', NULL, 'null', 1, 1, 1, '৫', '৪', '৬', '২', 2, 2, 2, '2020-01-19 07:35:26', '2020-01-19 07:35:32'),
(598, 3, '[\"3\",\"4\"]', 3, 1, 3, 1, '<strong>নিচের ডায়াগ্রামে কয়টি বর্গ আছে? </strong>', '1579419387_Q38.png', 'null', 2, 1, 1, '১', '৪', '৫', '৬', 3, 2, NULL, '2020-01-19 07:36:27', '2020-01-19 13:36:27'),
(599, 3, '[\"3\",\"4\"]', 3, 1, 3, 1, '১০০ &times; ১০&nbsp;&times; ১&nbsp;&times; ০ এর মান কত হবে?', NULL, 'null', 1, 1, 1, '১০০০', '১', '০', '১১১', 3, 2, NULL, '2020-01-19 07:38:31', '2020-01-19 13:38:31'),
(600, 3, '[\"3\",\"4\"]', 3, 1, 3, 1, '<strong>উপরের ডায়াগ্রামের শূণ্যস্থানে কোন চিত্রটি হবে? </strong>', '1579419578_Q40.png', 'null', 2, 2, 1, '1579419578_Q40A1.png', '1579419578_Q40A2.png', '1579419578_Q40A3.png', '1579419578_Q40A4.png', 2, 2, NULL, '2020-01-19 07:39:38', '2020-01-19 13:39:38'),
(601, 2, '[\"4\"]', 3, 1, 2, 1, '<strong>Use the table below to answer the question. Which city has the least number of population?</strong>', '1579429882_Q1.png', 'null', 2, 1, 1, 'Sanhill', 'Bomberg', 'Denton', 'Windham', 1, 2, NULL, '2020-01-19 10:31:22', '2020-01-19 16:31:22'),
(602, 2, '[\"4\"]', 3, 1, 2, 1, '<strong>Use the table below to answer the question. Which city has the highest number of population?</strong>', '1579429958_Q2.png', 'null', 2, 1, 1, 'Sanhill', 'Bomberg', 'Denton', 'Windham', 4, 2, NULL, '2020-01-19 10:32:38', '2020-01-19 16:32:38'),
(603, 2, '[\"4\"]', 3, 1, 2, 1, '<strong>The areas, in kilometers square, of some countries are given below. Which one of the following order is the correct order, according to the descending order of areas?</strong>', '1579430084_Q3.png', 'null', 2, 1, 1, 'Russia, Canada, USA, China, India, UK', 'China, Russia, UK, Canada, USA, India', 'Canada, USA, Russia, China, UK, India', 'USA, India, Russia, UK, China, Canada', 1, 2, NULL, '2020-01-19 10:34:44', '2020-01-19 16:34:44'),
(604, 2, '[\"4\"]', 3, 1, 2, 1, '<strong>Use the picture below to answer the question.Sam will use one marker to color half of the circles. What is the color of the marker Sam will use?</strong>', NULL, 'null', 1, 1, 1, 'blue', 'green', 'red', 'yellow', 2, 2, NULL, '2020-01-19 10:35:38', '2020-01-19 16:35:38'),
(605, 2, '[\"4\"]', 3, 1, 2, 1, '<strong>Use the graph below to answer the question.Which one is the favorite color?</strong>', '1579430198_Q5.png', 'null', 2, 1, 1, 'Green', 'Orange', 'Blue', 'Purple', 2, 2, NULL, '2020-01-19 10:36:38', '2020-01-19 16:36:38'),
(606, 2, '[\"4\"]', 3, 1, 2, 1, '<strong>Use the graph below to answer the question.Which one is the less used color?</strong>', '1579430291_Q6.png', 'null', 2, 1, 1, 'Green', 'Orange', 'Blue', 'Purple', 1, 2, NULL, '2020-01-19 10:38:11', '2020-01-19 16:38:11'),
(607, 2, '[\"4\"]', 3, 1, 2, 1, '<strong>Use the graph below to answer the question.Mrs. Alex graphs her students&rsquo; favorite colors. In an art class, the students paint a picture with their favorite color. All bottles of paint have the same amount to start with. </strong><br />\r\n<br />\r\n<strong>Which two colors of paint are likely to run out first?</strong>', '1579430947_Q7.png', 'null', 2, 1, 1, 'red and green', 'red and orange', 'orange and blue', 'yellow and purple', 3, 2, NULL, '2020-01-19 10:49:07', '2020-01-19 16:49:07'),
(608, 2, '[\"4\"]', 3, 1, 2, 1, '<strong>Which clock shows the time 3:42?</strong>', NULL, 'null', 1, 2, 1, '1579431129_Q8A1.png', '1579431129_Q8A2.png', '1579431129_Q8A3.png', '1579431129_Q8A4.png', 4, 2, NULL, '2020-01-19 10:52:09', '2020-01-19 16:52:09'),
(609, 2, '[\"4\"]', 3, 1, 2, 2, '<strong>Use the table below to answer the question.The students in the fourth grade class voted for their favorite sport. Which bar graph shows results of the students vote?</strong><br />\r\n&nbsp;', NULL, 'null', 1, 2, 1, '1579431356_Q9A1.png', '1579431356_Q9A2.png', '1579431356_Q9A3.png', '1579431356_Q9A4.png', 1, 2, NULL, '2020-01-19 10:55:56', '2020-01-19 16:55:56'),
(610, 2, '[\"4\"]', 3, 1, 2, 1, '<strong>There are 16 students from Mr. Block&rsquo;s class at the library. The other four students in the class are practicing math facts in the classroom. Which number sentence shows the total number of students in Mr. Block&rsquo;s class?</strong>', NULL, 'null', 1, 1, 1, '16 + 4', '16 – 4', '16 × 4', '16 ÷ 4', 1, 2, NULL, '2020-01-19 10:56:51', '2020-01-19 16:56:51'),
(611, 2, '[\"4\"]', 3, 1, 2, 1, '<strong>Cody rides his bike to the park to meet a friend at noon. Cody arrives at the park at 11:00a.m. Which question can be answered using this information?</strong>', NULL, 'null', 1, 1, 1, 'What is the distance between the park and Cody’s house?', 'How long could Cody have to wait for his friend?', 'How long does Cody stay at the park?', 'When will Cody leave to go home?', 2, 2, NULL, '2020-01-19 10:57:50', '2020-01-19 16:57:50'),
(612, 1, '[\"4\"]', 3, 1, 2, 1, '<strong>Use the picture below to answer the question.Which decimal number represents the shaded part of this square?</strong>', NULL, 'null', 1, 1, 1, '0.08', '0.20', '0.92', '0.98', 3, 2, NULL, '2020-01-19 10:58:37', '2020-01-19 16:58:37'),
(613, 2, '[\"4\"]', 3, 1, 2, 1, '<strong>The figure represents the number of population of some countries. Which country has got largest number of population?</strong>', '1579431577_Q13.png', 'null', 2, 1, 1, 'Canada', 'USA', 'UK', 'Australia', 2, 2, NULL, '2020-01-19 10:59:37', '2020-01-19 16:59:37'),
(614, 2, '[\"4\"]', 3, 1, 2, 1, '<strong>The figure represents the number of population of some countries. Which country has got lowest number of population?</strong>', NULL, 'null', 1, 1, 1, 'Canada', 'USA', 'UK', 'Australia', 4, 2, NULL, '2020-01-19 11:00:21', '2020-01-19 17:00:21'),
(615, 2, '[\"4\"]', 3, 1, 2, 1, '<strong>Which two figures have shaded parts that represent equivalent fractions?</strong>', '1579431858_Q15.png', 'null', 2, 1, 1, 'I and II', 'II and III', 'III and IV', 'I and IV', 2, 2, NULL, '2020-01-19 11:04:18', '2020-01-19 17:04:18'),
(616, 2, '[\"4\"]', 3, 1, 2, 1, 'T<strong>he following table represents the different IQ ranges and corresponding level.<br />\r\nWhich one of the following&nbsp; is the minimum value of being very superior?</strong>', '1579431938_Q16.png', 'null', 2, 1, 1, '129', '120', '119', '130', 4, 2, NULL, '2020-01-19 11:05:38', '2020-01-19 17:05:38'),
(617, 1, '[\"4\"]', 3, 1, 2, 1, '<strong>The following table represents the different IQ ranges and corresponding level.<br />\r\nAccording to the above table a student who scored 96 will be termed as:</strong>', '1579432043_Q17.png', 'null', 2, 1, 1, 'Superior', 'Average', 'Below average', 'None of the above', 2, 2, NULL, '2020-01-19 11:07:23', '2020-01-19 17:07:23'),
(618, 2, '[\"4\"]', 3, 1, 2, 1, '<strong>Jack, Toby, Jill and Yung are lined up. Toby is behind Jack and in front of Yung. Jill is behind Yung. In what order are Jack, Toby, Jill and Yung lined up?</strong>', NULL, 'null', 1, 1, 1, 'Yung, Toby, Jack, Jill', 'Jill, Jack, Toby, Yung', 'Jill, Toby, Jack, Yung', 'Jack, Toby, Yung, Jill', 4, 2, 2, '2020-01-19 11:08:13', '2020-01-20 06:56:26'),
(619, 2, '[\"4\"]', 3, 1, 2, 1, '<strong>The diagram to the right, shows the number of laps students ran during warm-up for gym class. Nine students ran how many laps?</strong>', '1579432235_Q19.png', 'null', 2, 1, 1, '5', '6', '10', '8', 3, 2, NULL, '2020-01-19 11:10:35', '2020-01-19 17:10:35'),
(620, 1, '[\"4\"]', 3, 1, 2, 1, '<strong>The diagram to the right, shows the number of laps students ran during warm-up for gym class. How many students ran less than three laps?</strong><br />\r\n&nbsp;', '1579432344_Q20.png', 'null', 2, 1, 1, '5', '7', '10', '8', 2, 2, 2, '2020-01-19 11:12:24', '2020-01-23 05:40:29'),
(621, 2, '[\"3\"]', 3, 1, 1, 1, '<strong>Use the graph below to answer the question. Which one is the favorite color?</strong>', '1579498840_Q1.png', 'null', 2, 1, 1, 'Green', 'Orange', 'Blue', 'Purple', 2, 2, NULL, '2020-01-20 05:40:40', '2020-01-20 11:40:40'),
(622, 2, '[\"3\"]', 3, 1, 1, 1, '<strong>Find the missing numbers in the pattern.<br />\r\n0 , 2 , 4 , 6 , 8 , ___ , ____</strong>', NULL, 'null', 1, 1, 1, '9 , 12', '10 , 12', '10 , 11', '10 , 13', 2, 2, NULL, '2020-01-20 05:41:45', '2020-01-20 11:41:45'),
(623, 2, '[\"3\"]', 3, 1, 3, 1, '<strong>Which of the following numbers is not divisible by 2</strong>', NULL, 'null', 1, 1, 1, '5370', '2461', '1234', '4500', 2, 2, NULL, '2020-01-20 05:45:59', '2020-01-20 11:45:59'),
(624, 2, '[\"3\"]', 3, 1, 1, 1, '<strong>How many numbers are there from 3 to 13</strong>', NULL, 'null', 1, 1, 1, '10', '11', '12', '9', 2, 2, NULL, '2020-01-20 05:47:12', '2020-01-20 11:47:12'),
(625, 2, '[\"3\"]', 3, 1, 1, 1, '<strong>Fill in the gape with appropriate picture</strong>', '1579499340_Q5.png', 'null', 2, 2, 1, '1579499340_Q5A1.png', '1579499340_Q5A2.png', '1579499340_Q5A3.png', '1579499340_Q5A4.png', 2, 2, NULL, '2020-01-20 05:49:00', '2020-01-20 11:49:00'),
(626, 2, '[\"3\"]', 3, 1, 1, 1, '<strong>The figure represents the number of population of some countries. Which country has got largest number of population?</strong>', '1579499422_Q6.png', 'null', 2, 1, 1, 'Canada', 'USA', 'UK', 'Australia', 2, 2, 2, '2020-01-20 05:49:46', '2020-01-20 05:50:22'),
(627, 2, '[\"3\"]', 3, 1, 1, 1, '<strong>Use the table below to answer the question. Which city has the highest number of population?</strong>', '1579499488_Q7.png', 'null', 2, 1, 1, 'Sanhill', 'Bomberg', 'Denton', 'Windham', 4, 2, NULL, '2020-01-20 05:51:28', '2020-01-20 11:51:28'),
(628, 2, '[\"3\"]', 3, 1, 1, 1, '<strong>Fill in the gape with appropriate shape.</strong>', '1579499578_Q8.png', 'null', 2, 2, 1, '1579499578_Q8A1.png', '1579499578_Q8A2.png', '1579499578_Q8A3.png', '1579499578_Q8A4.png', 4, 2, NULL, '2020-01-20 05:52:58', '2020-01-20 11:52:58'),
(629, 2, '[\"3\"]', 3, 1, 1, 1, '<strong>If the tens and ones digits of a number are 3 and 2 respectively, what is the number?</strong>', NULL, 'null', 1, 1, 1, '23', '22 ', '32', '33', 3, 2, NULL, '2020-01-20 05:53:42', '2020-01-20 11:53:42'),
(630, 2, '[\"3\"]', 3, 1, 1, 1, '<strong>If the digits in the number 43 are interchanged, then what will be difference between the existing number and the new number?</strong>', NULL, 'null', 1, 1, 1, '34 ', '43', '77', '9', 4, 2, 2, '2020-01-20 05:54:35', '2020-01-20 05:57:51'),
(631, 2, '[\"3\"]', 3, 1, 1, 1, '<strong>In a line, Mitu is seventh from the front, and fifth from the back. How many students are there?</strong>', NULL, 'null', 1, 1, 1, '7', '5', '11', '12', 3, 2, NULL, '2020-01-20 05:55:27', '2020-01-20 11:55:27'),
(632, 2, '[\"3\"]', 3, 1, 1, 1, '<strong>The sum of two odd numbers is always:</strong>', NULL, 'null', 1, 1, 1, 'Even', 'Odd  ', 'prime ', 'None of them', 1, 2, 2, '2020-01-20 05:56:18', '2020-01-20 05:57:38'),
(633, 2, '[\"3\"]', 3, 1, 1, 1, '<strong>The sum of the ages of a mother and her daughter is 70. The daughter is 22 years old. How old is the mother?</strong>', NULL, 'null', 1, 1, 1, '92', '70', '48', 'none of them', 3, 2, 2, '2020-01-20 05:57:04', '2020-01-20 05:57:20'),
(634, 2, '[\"3\"]', 3, 1, 1, 1, '<strong>There are 6 mangoes on each tray, and 7 trays on the table. How many mangoes are there altogether?</strong>', NULL, 'null', 1, 1, 1, '13', '42', '7', '6', 2, 2, NULL, '2020-01-20 05:59:10', '2020-01-20 11:59:10'),
(635, 2, '[\"3\"]', 3, 1, 1, 1, '<strong>Ten pairs of children are playing. How many children are playing altogether?</strong>', NULL, 'null', 1, 1, 1, '10', '20', '15', '25', 2, 2, NULL, '2020-01-20 05:59:55', '2020-01-20 11:59:55'),
(636, 2, '[\"3\"]', 3, 1, 1, 1, '<strong>In a Eid day, Rima gets 3 pieces of 20 Taka notes, 4 pieces of 10 Taka notes and 5 pieces of 5 Taka notes. How much Taka did she get as a gift?</strong>', NULL, 'null', 1, 1, 1, '100 Taka', '150 Taka ', '600 Taka  ', '125 Taka  ', 4, 2, 2, '2020-01-20 06:00:45', '2020-01-20 06:01:00'),
(637, 2, '[\"3\"]', 3, 1, 1, 1, '<strong>A paper has been divided into 4 parts equally. What is said one of the four equal parts?</strong>', NULL, 'null', 1, 1, 1, 'Half', 'One fourth', 'Four of the one part', 'Four', 2, 2, NULL, '2020-01-20 06:01:42', '2020-01-20 12:01:42'),
(638, 2, '[\"3\"]', 3, 1, 1, 1, '<strong>Which of the following unit do we use in measuring the length of a pencil?</strong><br />\r\n&nbsp;', '1579500203_Q18.png', 'null', 2, 1, 1, 'km (kilometer)', 'm  ( meter)', 'cm ( centimeter)', 'none of them ', 3, 2, NULL, '2020-01-20 06:03:23', '2020-01-20 12:03:23'),
(639, 2, '[\"3\"]', 3, 1, 1, 1, '<strong>Which one of the following is correct?</strong>', NULL, 'null', 1, 1, 1, 'The day after Friday is Sunday', 'Three days before Friday is Sunday', 'The day after Sunday is Monday', 'None of the above ', 3, 2, NULL, '2020-01-20 06:06:14', '2020-01-20 12:06:14'),
(640, 2, '[\"3\"]', 3, 1, 1, 1, '<strong>1 metre is equal to <u>&nbsp;&nbsp;&nbsp;&nbsp;&nbsp;&nbsp;&nbsp;&nbsp;&nbsp;&nbsp; &nbsp;&nbsp;&nbsp;&nbsp;&nbsp;&nbsp;&nbsp;</u>&nbsp;centimetre.</strong> ​​​​​​', NULL, 'null', 1, 1, 1, '10 centimetre.', '100 centimetre.', '1000 centimetre.', '20 centimetre.', 2, 2, NULL, '2020-01-20 06:07:07', '2020-01-20 12:07:07'),
(641, 2, '[\"3\"]', 3, 1, 1, 1, '<strong>What is the shape of a brick?</strong>', NULL, 'null', 1, 1, 1, 'Cone', 'Cylinder', 'Cuboid', 'Cube', 3, 2, NULL, '2020-01-20 06:09:28', '2020-01-20 12:09:28'),
(642, 2, '[\"3\"]', 3, 1, 1, 1, '<strong>How many sides does a triangle have?</strong>', NULL, 'null', 1, 1, 1, '3', '5', '4', '2', 1, 2, NULL, '2020-01-20 06:10:10', '2020-01-20 12:10:10'),
(643, 2, '[\"3\"]', 3, 1, 1, 1, '<strong>What is the name of the shape of the object in the above picture?</strong>', NULL, 'null', 1, 1, 1, 'Cone', 'cube', 'cylinder', 'sphere', 3, 2, NULL, '2020-01-20 06:11:38', '2020-01-20 12:11:38'),
(644, 2, '[\"3\"]', 3, 1, 1, 1, '<strong>How many corners does a triangle have?</strong>', NULL, 'null', 1, 1, 1, '2', '3', '4', '1', 2, 2, NULL, '2020-01-20 06:14:06', '2020-01-20 12:14:06'),
(645, 2, '[\"3\"]', 3, 1, 1, 1, '<strong>What fraction of the circle is colored red?</strong>', '1579501249_Q25.png', 'null', 2, 1, 1, '$\\frac{1}{4}$', '$\\frac{2}{5}$', '$\\frac{2}{7}$', '$\\frac{2}{6}$', 3, 2, NULL, '2020-01-20 06:20:49', '2020-01-20 12:20:49'),
(646, 2, '[\"3\"]', 3, 1, 1, 1, '<strong>Meena usually goes to bed at 10 O&rsquo;clock at night and wakes up at 6 O&rsquo;clock in a morning. How many hours does she sleep?</strong>', NULL, 'null', 1, 1, 1, '6 hours', '7 Hours', '8 Hours', '9 Hours', 3, 2, 2, '2020-01-20 06:32:52', '2020-01-20 06:33:11'),
(647, 2, '[\"3\"]', 3, 1, 1, 1, '<strong>75 minutes =&nbsp; _______ hour and _______ minutes.</strong>', NULL, 'null', 1, 1, 1, '1 hour and 5 minutes.', '1 hour and 25  minutes.', '2 hour and 50  minutes.', '1 hour and 15 minutes', 4, 2, 2, '2020-01-20 06:36:48', '2020-01-20 06:38:23'),
(648, 2, '[\"3\"]', 3, 1, 1, 1, '<strong>18 - 7 + 9 = ?</strong>', NULL, 'null', 1, 1, 1, '1', '2', '20', '19', 3, 2, NULL, '2020-01-20 06:40:42', '2020-01-20 12:40:42'),
(649, 2, '[\"3\"]', 3, 1, 1, 1, '<strong>Which month is the preceding month of September?</strong>', NULL, 'null', 1, 1, 1, 'April', 'May', 'June', 'August', 4, 2, NULL, '2020-01-20 06:41:56', '2020-01-20 12:41:56'),
(650, 2, '[\"3\"]', 3, 1, 1, 1, '<strong>Which one of the following is not correct?</strong>', NULL, 'null', 1, 1, 1, 'One week is equal to seven days', 'There are 12 months in a year.', 'There are 365 days in a year.', '60 seconds = 1 hour', 4, 2, NULL, '2020-01-20 06:42:43', '2020-01-20 12:42:43'),
(651, 1, '[\"3\"]', 3, 1, 1, 1, '<strong>What is the value of the digit 3 in the number 20305?</strong>', NULL, 'null', 1, 1, 1, '300', '30', '100', '3000', 1, 2, NULL, '2020-01-20 06:43:42', '2020-01-20 12:43:42'),
(652, 2, '[\"3\"]', 3, 1, 1, 1, '<strong>What is the lowest prime number?</strong>', NULL, 'null', 1, 1, 1, '1', '2', '3', '5', 2, 2, NULL, '2020-01-20 06:44:27', '2020-01-20 12:44:27'),
(653, 2, '[\"3\"]', 3, 1, 1, 1, '<strong>Which one of the following fraction is the lowest fraction?</strong>', NULL, 'null', 1, 1, 1, '$\\frac{1}{2}$', '$\\frac{1}{3}$', '$\\frac{1}{4}$', '$\\frac{1}{5}$', 4, 2, 2, '2020-01-20 06:45:41', '2020-01-20 06:45:57'),
(654, 2, '[\"3\"]', 3, 1, 1, 1, '<strong>Which one of the four is least like the other three?</strong>', NULL, 'null', 1, 1, 1, 'Horse', 'Zebra', 'Cow', 'Frog', 4, 2, NULL, '2020-01-20 06:46:46', '2020-01-20 12:46:46'),
(655, 2, '[\"3\"]', 3, 1, 1, 1, '<strong>What is double of $\\frac{1}{2}$?</strong>', NULL, 'null', 1, 1, 1, '$\\farc{1}{4}$', '2', '1', '$\\farc{2}{4}$', NULL, 2, NULL, '2020-01-20 06:48:37', '2020-01-20 12:48:37'),
(656, 2, '[\"3\"]', 3, 1, 1, 1, '<strong>How much money are there?</strong>', NULL, 'null', 1, 1, 1, 'Tk. 8 ', 'Tk. 14', 'Tk. 15', 'Tk. 10', 3, 2, NULL, '2020-01-20 06:49:42', '2020-01-20 12:49:42'),
(657, 2, '[\"3\"]', 3, 1, 1, 1, '<strong>What is the time in the watch?</strong>', '1579503099_Q37.png', 'null', 2, 1, 1, '03:00', '03:07', '01:15', '03:01', 2, 2, 2, '2020-01-20 06:50:34', '2020-01-20 06:51:39'),
(658, 2, '[\"3\"]', 3, 1, 1, 1, '<strong>How many faces does a cuboid has ?</strong>', NULL, 'null', 1, 1, 1, '3', '5', '6', '4', 3, 2, NULL, '2020-01-20 06:51:24', '2020-01-20 12:51:24'),
(659, 2, '[\"3\"]', 3, 1, 1, 1, '<strong>If 48 chocolates are divided among 8 students, how many chocolates will each student get? </strong>', NULL, 'null', 1, 1, 1, '8', '6', '12', '40', 2, 2, NULL, '2020-01-20 06:52:49', '2020-01-20 12:52:49'),
(660, 2, '[\"3\"]', 3, 1, 1, 1, '<strong>Which one of the following will be in the next ?</strong>', '1579503242_Q40.png', 'null', 2, 2, 1, '1579503242_Q40A1.png', '1579503242_Q40A2.png', '1579503242_Q40A3.png', '1579503242_Q40A4.png', 2, 2, NULL, '2020-01-20 06:54:02', '2020-01-20 12:54:02'),
(661, 3, '[\"4\"]', 3, 1, 4, 1, '<strong>সাতটি একশত, পাঁচটি দশ এবং ছয়টি এক দ্বারা গঠিত সংখ্যাটি কত?</strong>', NULL, 'null', 1, 1, 1, '৭০০৫০৬', '৭০৫০৬', '৭৫০৬', '৭৫৬', 4, 2, 2, '2020-01-21 05:22:11', '2020-01-21 05:22:32'),
(662, 3, '[\"4\"]', 3, 1, 4, 1, '<strong>নয়টি একশত, সাতটি দশ এবং দুইটি এক দ্বারা গঠিত সংখ্যাটি কত?</strong>', NULL, 'null', 1, 1, 1, '৯০০৭০২', '৯৭০২  ', '৯০৭০২', '৯৭২', 4, 2, 2, '2020-01-21 05:23:24', '2020-01-21 05:23:44'),
(663, 3, '[\"4\"]', 3, 1, 4, 1, '<strong>নিচের কোনটি সঠিক নয়?</strong>', NULL, 'null', 1, 1, 1, 'যদি কোন সংখ্যায় তিনটি একশত, ছয়টি দশ এবং সাতটি এক থাকে, তাহলে সংখ্যাটি ৩৬৭', 'যদি কোন সংখ্যায় তিনটি একশত, ছয়টি দশ এবং সাতটি এক থাকে, তাহলে সংখ্যাটি তিনশত সাতষট্টি।', '৩৬৭ সংখ্যায় দশকের স্থানের অঙ্কের মান ৭', '৩৬৭ সংখ্যায় শতকের স্থানের অঙ্কের মান ৩', 3, 2, NULL, '2020-01-21 05:26:31', '2020-01-21 11:26:31'),
(664, 3, '[\"4\"]', 3, 1, 4, 1, '<strong>নিচের কোনটি সঠিক নয়?</strong>', NULL, 'null', 1, 1, 1, '৫৬৮ সংখ্যাটি কথায় লিখা হয় পাঁচশত আটষট্টি।', 'যদি পাঁচটি একশত, ছয়টি দশ এবং নয়টি এক থাকে, তাহলে সংখ্যাটি ৫৬৯', '৮৬৯ সংখ্যায় দশকের স্থানের অঙ্কের মান ৬', '৯৬৯ সংখ্যায় এককের স্থানের অঙ্কের মান ৬', 4, 2, NULL, '2020-01-21 05:27:33', '2020-01-21 11:27:33'),
(665, 3, '[\"4\"]', 3, 1, 4, 1, '<strong>পাঁচ হাজার একষট্টি সংখ্যায় শতকের স্থানের অঙ্কের মান কত?</strong>', NULL, 'null', 1, 1, 1, '৫', '৬', '০', '১', 3, 2, 2, '2020-01-21 05:28:23', '2020-01-21 05:28:40'),
(666, 3, '[\"4\"]', 3, 1, 4, 1, '<strong>ছয় হাজার একশত সাতচল্লিশ সংখ্যায় দশকের স্থানের অঙ্কের মান কত?</strong>', NULL, 'null', 1, 1, 1, '১', '৬', '৭', '৪', 4, 2, NULL, '2020-01-21 05:29:42', '2020-01-21 11:29:42'),
(667, 3, '[\"4\"]', 3, 1, 4, 1, '<strong>এক হাজার তিনশত আট সংখ্যায় দশকের স্থানের অঙ্কের মান কত?</strong>', NULL, 'null', 1, 1, 1, '৩', '৮', '০', '১', 3, 2, NULL, '2020-01-21 05:30:34', '2020-01-21 11:30:34'),
(668, 3, '[\"4\"]', 3, 1, 4, 1, '<strong>নিচের কোনটি সঠিক নয়?</strong>', NULL, 'null', 1, 1, 1, '৭৫৬৮ সংখ্যাটি কথায় লিখা হয় সাত হাজার পাঁচশত আটষট্টি।', 'যদি পাঁচটি এক হাজার, নয়টি দশ এবং নয়টি এক থাকে, তাহলে সংখ্যাটি ৫৯৯', '১৮৬৯ সংখ্যায় দশকের স্থানের অঙ্কের মান ৬ ', '৯১৬৯ সংখ্যায় শতকের স্থানের অঙ্কের মান ১  ', 2, 2, NULL, '2020-01-21 05:31:36', '2020-01-21 11:31:36'),
(669, 3, '[\"4\"]', 3, 1, 4, 1, '<strong>নিচের কোনটি সঠিক?</strong>', NULL, 'null', 1, 1, 1, '৫৬৬৮ সংখ্যাটি কথায় লিখা হয় পাঁচ হাজার আটষট্টি।', 'যদি হাজারের দশটি দল থাকে, তাহলে সংখ্যাটি ১০০০। ', '৮০৬৯ সংখ্যায় শতকের স্থানের অঙ্কের মান ৮ । ', 'যদি হাজারের সাতটি দল থাকে, তাহলে সংখ্যাটির হাজার স্থানীয় সংখ্যার মান ৭০০০। ', 4, 2, NULL, '2020-01-21 05:32:37', '2020-01-21 11:32:37'),
(670, 3, '[\"4\"]', 3, 1, 4, 1, '<strong>ছয় হাজার এক সংখ্যায় শতকের স্থানের অঙ্কের মান কত?</strong>', NULL, 'null', 1, 1, 1, '১', '৬', '০', '৫', 3, 2, NULL, '2020-01-21 05:34:20', '2020-01-21 11:34:20'),
(671, 3, '[\"4\"]', 3, 1, 4, 1, '<strong>নিচের কোনটি সঠিক নয়?</strong>​​​​​​', NULL, 'null', 1, 1, 1, '৩৪২১ থেকে ৩৪৫৭ বড়', '৪৫৫৭ থেকে ৪৫২১ ছোট', '৪৪২১ থেকে ৫৪৫৭ বড়', '৩৪২১ থেকে ৩৪৫৭ ছোট', 4, 2, NULL, '2020-01-21 05:35:18', '2020-01-21 11:35:18'),
(672, 3, '[\"4\"]', 3, 1, 4, 1, '<strong>নিচের কোনটি সঠিক নয়?</strong>', NULL, 'null', 1, 1, 1, '৩১০ < ৪৩৮ < ৫৪৩ < ৫৪৫', '২৩৬৫ < ৩৩২৪ < ৩৪৫৬ < ৩৫৬৭', '৬৩৬৫ < ৬৩৭৪ < ৬৩৮৬ < ৬৩৮৭', '২৩৬৫ < ৩৩২৪ < ৩০৫৬ < ৩৫৬৭', 4, 2, NULL, '2020-01-21 05:36:12', '2020-01-21 11:36:12'),
(673, 3, '[\"4\"]', 3, 1, 4, 1, '<strong>নিচের কোনটি সঠিক?</strong>', NULL, 'null', 1, 1, 1, '৪৪৩১ থেকে ৪৪৫৭ ছোট', '৭৩১৭ থেকে ৭৩২১ ছোট    ', '৯৮৫৯ থেকে ৯৮৫৭ বড় ', '৬৭৮৭ থেকে ৬৭৫৭ ছোট   ', 4, 2, NULL, '2020-01-21 05:37:09', '2020-01-21 11:37:09'),
(674, 3, '[\"4\"]', 3, 1, 4, 1, '<strong>নিচের কোনটি সঠিক নয়?</strong>', NULL, 'null', 1, 1, 1, '৩৩১০ < ৩৪৩৮ < ৩৫৪৩ < ৩৫৪৫', '৪৩৬৫ < ৪৩৮৪ < ৪৪৫৬ < ৪৫৬৭', '৭৩৬৫ < ৭৩৭৪ < ৭৩৮৬ < ৭৩৮৮', '৬৩৬৫ < ৬৩২৪ < ৬০৫৬ < ৬৫৬৭', 4, 2, NULL, '2020-01-21 05:37:59', '2020-01-21 11:37:59'),
(675, 3, '[\"4\"]', 3, 1, 4, 1, '<strong>নিচের কোনটি সঠিক নয়?</strong>', NULL, 'null', 1, 1, 1, '৪৩৩০ > ৪৩২৮ > ৪৩১৮ > ৪৩০৮', '৫৪৪০ > ৫৪৩৮ > ৫৪২৮ > ৫৪০৮', '৬৪৩৩ > ৬৪০২> ৬৪১৮> ৬৩০৮', '৮১৩০ > ৮১২৮ > ৮১১৮ > ৮১০৮', 3, 2, NULL, '2020-01-21 05:38:46', '2020-01-21 11:38:46'),
(676, 3, '[\"4\"]', 3, 1, 4, 1, '<strong>সপ্তদশ এর পরবর্তী ক্রমবাচক সংখ্যা কী হবে?</strong>', NULL, 'null', 1, 1, 1, 'দ্বাদশ', 'চতুর্দশ', 'ষোড়শ', 'অষ্টাদশ', 4, 2, NULL, '2020-01-21 05:39:36', '2020-01-21 11:39:36'),
(677, 3, '[\"4\"]', 3, 1, 4, 1, '<strong>নিচের কোনটি সঠিক নয়?</strong>', NULL, 'null', 1, 1, 1, '৬৫৯৯ থেকে ১ বেশি সংখ্যাটি হলো ৬৬০০', '৫০০০ থেকে ১ কম সংখ্যাটি হলো ৪৯৯৯', '৮৯৯০ থেকে ১০ বেশি সংখ্যাটি হলো ৯০০০', '৯৯৯৯ থেকে ১০ কম সংখ্যাটি হলো ১০০০০', 4, 2, NULL, '2020-01-21 05:40:36', '2020-01-21 11:40:36'),
(678, 3, '[\"4\"]', 3, 1, 4, 1, '<strong>৮০০০ সংখ্যাকে ১০০০০ সংখ্যায় পরিণত করতে আরো কত প্রয়োজন?</strong>', NULL, 'null', 1, 1, 1, '১০০', '২০০', '১০০০', '২০০০', 4, 2, 2, '2020-01-21 05:41:31', '2020-01-21 05:41:50'),
(679, 3, '[\"4\"]', 3, 1, 4, 1, '<strong>একটি লাইনে সাথী পিছনে থেকে ত্রয়োদশ। সাথী্র সামনে আরও ৩০জন শিক্ষার্থী থাকলে মোট শিক্ষার্থীর সংখ্যা কত ?</strong>', NULL, 'null', 1, 1, 1, '৩০', '৩৩', '৪৩', '৩৪', 3, 2, 2, '2020-01-21 05:43:02', '2020-01-21 05:43:13'),
(680, 3, '[\"4\"]', 3, 1, 4, 1, '<strong>একটি লাইনে রাজু পিছনে থেকে ষোড়শ। রাজুর সামনে আরও ৯০জন শিক্ষার্থী থাকলে মোট শিক্ষার্থীর সংখ্যা কত ?</strong>', NULL, 'null', 1, 1, 1, '৯০', '১০৩', '১০৬', '৯৬', 3, 2, NULL, '2020-01-21 05:44:09', '2020-01-21 11:44:09'),
(681, 3, '[\"4\"]', 3, 1, 4, 1, '<strong>একটি লাইনে রানা সামনে থেকে ঊনবিংশ এবং পিছনে থেকে ষোড়শ হলে, সেখানে মোট শিক্ষার্থীর সংখ্যা কত ?</strong>', NULL, 'null', 1, 1, 1, '২৯', '৩৪', '৩৫', '৪০', 2, 2, NULL, '2020-01-21 05:45:00', '2020-01-21 11:45:00'),
(682, 3, '[\"5\"]', 3, 1, 4, 1, '<strong>মিলা একটি বইয়ের বিংশ পৃষ্ঠা পড়ছে। বইয়ে আরও ৬৭৮ পৃষ্ঠা থাকলে, বইয়ের মোট পৃষ্ঠা সংখ্যা কত?</strong>', NULL, 'null', 1, 1, 1, '৮৭৮', '৬৮৮', '৭৯৮', '৬৯৮', 4, 2, NULL, '2020-01-21 05:45:44', '2020-01-21 11:45:44'),
(683, 3, '[\"4\"]', 3, 1, 4, 1, '<strong>রেজার ৩৪৪টি আপেল ছিল। মিনা তাকে ৪৫৫ টি আপেল দিল। এখন রেজার কতগুলো আপেল হলো?</strong>', NULL, 'null', 1, 1, 1, '৬৯৯', '৭৯৯', '৮০০', '৮০১', 2, 2, NULL, '2020-01-21 05:46:31', '2020-01-21 11:46:31'),
(684, 2, '[\"3\"]', 3, 1, 4, 1, '<strong>The tens and ones digits of a two digits&rsquo; number are 3 and 2 respectively, what is the number?</strong>', NULL, 'null', 1, 1, 1, '23', '22', '32', '33', 3, 2, 2, '2020-01-22 05:16:23', '2020-01-22 05:31:47'),
(685, 2, '[\"3\"]', 3, 1, 4, 1, '<strong>How many groups of 10 are in the number 57?</strong>', NULL, 'null', 1, 1, 1, '7', '57', '50', '5', 4, 2, NULL, '2020-01-22 05:31:33', '2020-01-22 11:31:33'),
(686, 2, '[\"3\"]', 3, 1, 4, 1, '<strong>What is the value in the tens place of the number 345?</strong>', NULL, 'null', 1, 1, 1, '5', '4', '40', '45', 3, 2, NULL, '2020-01-22 05:32:32', '2020-01-22 11:32:32'),
(687, 2, '[\"3\"]', 3, 1, 4, 1, '<strong>What is the value in the ones place of the number 175?</strong>', NULL, 'null', 1, 1, 1, '5', '4', '40', '45', 1, 2, NULL, '2020-01-22 05:33:37', '2020-01-22 11:33:37'),
(688, 2, '[\"3\"]', 3, 1, 4, 1, '<strong>Which number is the greatest number in the number set 259, 380, 171, 263?</strong>', NULL, 'null', 1, 1, 1, '259', '171', '380', '263', 3, 2, NULL, '2020-01-22 05:34:33', '2020-01-22 11:34:33'),
(689, 2, '[\"3\"]', 3, 1, 4, 1, '<strong>1000 &ndash; 999 = ? </strong>', NULL, 'null', 1, 1, 1, '1111', '101', '1', '10', 3, 2, NULL, '2020-01-22 05:35:13', '2020-01-22 11:35:13'),
(690, 2, '[\"3\"]', 3, 1, 4, 1, '<strong>Which set of the following numbers sets, perfectly arranged in ascending order (smaller to greater) ?</strong>', NULL, 'null', 1, 1, 1, '21, 12, 22, 33', '41, 14, 12, 32', '11, 23, 43, 53', '11, 23, 32, 22', 3, 2, NULL, '2020-01-22 05:36:10', '2020-01-22 11:36:10'),
(691, 2, '[\"3\"]', 3, 1, 4, 1, '<strong>Which set of the following numbers sets arranged in descending order (from greater to smaller)?</strong>', NULL, 'null', 1, 1, 1, '91, 12, 22, 33', '41, 44, 12, 32', '81, 73, 63, 53', '71, 63, 52, 82', 3, 2, NULL, '2020-01-22 05:36:57', '2020-01-22 11:36:57'),
(692, 2, '[\"3\"]', 3, 1, 4, 1, '<strong>How can we verify whether a number is even or odd?</strong>', NULL, 'null', 1, 1, 1, 'Using Ones place value', 'Using Tens place value', 'Using Both', 'None of the above', 1, 2, NULL, '2020-01-22 05:37:51', '2020-01-22 11:37:51'),
(693, 2, '[\"3\"]', 3, 1, 4, 1, '<strong>Which one of the following is not correct?</strong>​​​​​​​', NULL, 'null', 1, 1, 1, 'Numbers which end with 2, 4, 6, 8 or 0 are even numbers.', 'Numbers which end with 1, 3, 5, 7 or 9 are not even numbers.', 'The fifth is an ordinal number.', 'Seven person and the seventh person are same.', 4, 2, NULL, '2020-01-22 05:38:39', '2020-01-22 11:38:39'),
(694, 2, '[\"3\"]', 3, 1, 4, 1, '<strong>Find the missing number in the following sequence.110, 115, 120,<u> &nbsp;&nbsp;&nbsp;&nbsp; </u>, 130<u>&nbsp; </u></strong>', NULL, 'null', 1, 1, 1, '25', '125', '135', '120', 2, 2, 2, '2020-01-22 05:39:38', '2020-01-22 05:43:45'),
(695, 2, '[\"3\"]', 3, 1, 4, 1, '<strong>The number 30269 is</strong>', NULL, 'null', 1, 1, 1, 'even number', 'Odd number', 'Both', 'None of the above', 2, 2, NULL, '2020-01-22 05:44:44', '2020-01-22 11:44:44'),
(696, 2, '[\"3\"]', 3, 1, 4, 1, '<strong>In a line, Mitu is seventh from the front, and fifth from the back. How many students are there?</strong>', NULL, 'null', 1, 1, 1, '7', '5', '11', '12', 3, 2, NULL, '2020-01-22 05:45:42', '2020-01-22 11:45:42'),
(697, 2, '[\"3\"]', 3, 1, 4, 1, '<strong>Mila is reading a book. She is now reading the 9<sup>th</sup> page, and there are 18 more pages. How many pages is this book?</strong>', NULL, 'null', 1, 1, 1, '29', '19', '27', '18', 3, 2, NULL, '2020-01-22 05:46:37', '2020-01-22 11:46:37'),
(698, 2, '[\"3\"]', 3, 1, 4, 1, '<strong>Ranu had 32 pens. Meena gave her 12 pens that she had. How many pens does Ranu have now?</strong>', NULL, 'null', 1, 1, 1, '40', '12', '32', '44', 4, 2, NULL, '2020-01-22 05:47:15', '2020-01-22 11:47:15'),
(699, 2, '[\"3\"]', 3, 1, 4, 1, '<strong>&ldquo;Ranu had 32 pens. Meena gave her 12 pens that she had. How many pens does Ranu have now?&rdquo;- what will be in mathematical sentence?</strong>​​​​​​​', NULL, 'null', 1, 1, 1, '32 - 12', '32', '12', '32 + 12', 4, 2, NULL, '2020-01-22 05:48:05', '2020-01-22 11:48:05'),
(700, 2, '[\"3\"]', 3, 1, 4, 1, '<strong>Sum of the age of mother and daughter is 70. The daughter is 22 years old. How old is the mother?</strong>', NULL, 'null', 1, 1, 1, '70', '22', '58', '48', 4, 2, NULL, '2020-01-22 05:48:46', '2020-01-22 11:48:46'),
(701, 2, '[\"3\"]', 3, 1, 4, 1, '<strong>Write 5216 in words-</strong>​​​​​​', NULL, 'null', 1, 1, 1, 'Five thousand two hundred and six', 'Five thousand two hundred', 'Five thousand two hundred and sixteen', 'Five thousand one hundred and sixteen', 3, 2, NULL, '2020-01-22 05:49:34', '2020-01-22 11:49:34'),
(702, 2, '[\"3\"]', 3, 1, 4, 1, NULL, '1579672296_Q19.png', 'null', 2, 1, 1, '36', '57', '48', '12', 3, 2, NULL, '2020-01-22 05:51:36', '2020-01-22 11:51:36'),
(703, 2, '[\"3\"]', 3, 1, 4, 1, NULL, '1579672362_Q20.png', 'null', 2, 1, 1, '36', '57', '48', '33', 4, 2, NULL, '2020-01-22 05:52:42', '2020-01-22 11:52:42'),
(704, 2, '[\"3\"]', 3, 1, 4, 1, '<strong>There are 2 mangoes on each tray, and 7 trays on the table. How many mangoes are there?</strong>', NULL, 'null', 1, 1, 1, '72', '27', '7', '14', 4, 2, NULL, '2020-01-22 05:53:25', '2020-01-22 11:53:25'),
(705, 2, '[\"3\"]', 3, 1, 4, 1, '<strong>There are 9 bunches of bananas on the table and 4 bananas in each bunch. How many bananas are there?</strong>', NULL, 'null', 1, 1, 1, '9', '18', '36', '49', 3, 2, NULL, '2020-01-22 05:54:09', '2020-01-22 11:54:09'),
(706, 2, '[\"3\"]', 3, 1, 4, 1, '<strong>Six pairs of children are playing. How many children are playing altogether?</strong>', NULL, 'null', 1, 1, 1, '6', '12', '24', '8', 2, 2, NULL, '2020-01-22 05:54:52', '2020-01-22 11:54:52'),
(707, 2, '[\"3\"]', 3, 1, 4, 1, '<strong>A pack of biscuit cost 5 Taka. Rana bought 7 packs of this biscuit. How much Taka would it cost?</strong>', NULL, 'null', 1, 1, 1, '12', '8', '14', '35', 4, 2, NULL, '2020-01-22 05:55:32', '2020-01-22 11:55:32'),
(708, 2, '[\"3\"]', 3, 1, 4, 1, '<strong>Ten pairs of children are playing. How many children are playing altogether?</strong>', NULL, 'null', 1, 1, 1, '10', '20', '15', '25', 2, 2, NULL, '2020-01-22 05:56:21', '2020-01-22 11:56:21'),
(709, 2, '[\"3\"]', 3, 1, 4, 1, '<strong>How many legs do 8 cows have altogether?</strong>', NULL, 'null', 1, 1, 1, '28', '15', '11', '32', 4, 2, NULL, '2020-01-22 05:57:14', '2020-01-22 11:57:14'),
(710, 2, '[\"3\"]', 3, 1, 4, 1, '<strong>9 weeks is equal to how many days?</strong>', NULL, 'null', 1, 1, 1, '63', '55', '61', '73', 1, 2, NULL, '2020-01-22 05:57:58', '2020-01-22 11:57:58'),
(711, 2, '[\"3\"]', 3, 1, 4, 1, '<strong>In a classroom, each group has 8 students. If there are 6 groups, how many students are there?</strong>', NULL, 'null', 1, 1, 1, '84', '45', '68', '48', 4, 2, NULL, '2020-01-22 05:58:45', '2020-01-22 11:58:45'),
(712, 2, '[\"3\"]', 3, 1, 4, 1, '<strong>Raju works 12 hours a day. If he works 7 days then, how many hours will he work?</strong>', NULL, 'null', 1, 1, 1, '48', '84', '12', '13', 2, 2, NULL, '2020-01-22 05:59:23', '2020-01-22 11:59:23'),
(713, 2, '[\"3\"]', 3, 1, 4, 1, '<strong>How many papers will each child get if 48 papers are divided by 8 children evenly?</strong>', NULL, 'null', 1, 1, 1, '8', '5', '6', '13', 3, 2, NULL, '2020-01-22 06:00:04', '2020-01-22 12:00:04'),
(714, 2, '[\"3\"]', 3, 1, 4, 1, '<strong>A school has 55 notebooks for an award to students. If the school gives one student 5 notebooks, how many students will get the award?</strong>', NULL, 'null', 1, 1, 1, '8', '5', '11', '13', 3, 2, NULL, '2020-01-22 06:00:42', '2020-01-22 12:00:42'),
(715, 2, '[\"3\"]', 3, 1, 4, 1, '<strong>100 Taka is equal to how many pieces of 5 Taka note?</strong>', NULL, 'null', 1, 1, 1, '10', '20', '30', '40', 2, 2, NULL, '2020-01-22 06:01:26', '2020-01-22 12:01:26'),
(716, 2, '[\"3\"]', 3, 1, 4, 1, '<strong>In a Eid day, Rima gets 3 pieces of 20 Taka notes, 4 pieces of 10 Taka notes and 5 pieces of 5 Taka notes. How much Taka did she get as a gift?</strong>', NULL, 'null', 1, 1, 1, '100 Taka  ', '150 Taka', '600 Taka ', '125 Taka ', 4, 2, NULL, '2020-01-22 06:02:12', '2020-01-22 12:02:12'),
(717, 2, '[\"3\"]', 3, 1, 4, 1, '<strong>A paper has been divided into 4 parts equally. What is said one of the four equal parts?</strong>', NULL, 'null', 1, 1, 1, 'Half', 'One fourth', 'Four of the one part', 'Four', 2, 2, NULL, '2020-01-22 06:02:58', '2020-01-22 12:02:58'),
(718, 2, '[\"3\"]', 3, 1, 4, 1, '<strong>Two pieces of&nbsp; $\\frac{1}{4}$&nbsp; &nbsp;is <u>&nbsp;&nbsp;&nbsp;&nbsp;&nbsp;&nbsp;&nbsp;&nbsp;&nbsp;&nbsp;&nbsp;&nbsp;&nbsp;&nbsp; &nbsp;</u>than&nbsp; $\\farc{1}{2}$&nbsp;</strong><br />\r\n&nbsp;', NULL, 'null', 1, 1, 1, 'greater', 'equal', 'smaller', 'none of the above', 2, 2, NULL, '2020-01-22 06:04:34', '2020-01-22 12:04:34'),
(719, 2, '[\"3\"]', 3, 1, 4, 1, '<strong>When we need to express the length of a small object, which unit we should use?</strong>', NULL, 'null', 1, 1, 1, 'Centimeter', 'Kilometre', 'Metre', 'None of the above ', 1, 2, NULL, '2020-01-22 06:05:19', '2020-01-22 12:05:19'),
(720, 2, '[\"3\"]', 3, 1, 4, 1, '<strong>1 metre is equal to <u>&nbsp;&nbsp;&nbsp;&nbsp; &nbsp;&nbsp;&nbsp;&nbsp;&nbsp;&nbsp;&nbsp;</u>&nbsp;centimetre.</strong>', NULL, 'null', 1, 1, 1, '10 centimetre.', '100 centimetre.', '1000 centimetre.', '20 centimetre.', 2, 2, NULL, '2020-01-22 06:06:06', '2020-01-22 12:06:06'),
(721, 2, '[\"3\"]', 3, 1, 4, 1, '<strong><u>&nbsp;&nbsp;&nbsp;&nbsp;&nbsp;&nbsp;&nbsp;&nbsp;</u>&nbsp;is used for measuring less amount of weight.</strong>', NULL, 'null', 1, 1, 1, 'Gram', 'Kilogram', 'Centigram', 'None of the above', 1, 2, NULL, '2020-01-22 06:06:59', '2020-01-22 12:06:59'),
(722, 2, '[\"3\"]', 3, 1, 4, 1, '<strong>1 kilogram potato is equal to <u> &nbsp;&nbsp;&nbsp;&nbsp;&nbsp;&nbsp;&nbsp;</u>&nbsp;gram potato.</strong>', NULL, 'null', 1, 1, 1, '10 gram.', '100 gram.', '1000 gram.', '20 gram', 3, 2, NULL, '2020-01-22 06:08:05', '2020-01-22 12:08:05'),
(723, 2, '[\"3\"]', 3, 1, 4, 1, '<strong>One 50-grams weight, five 20-grams weight, and three 10-grams weight, how much weight altogether?</strong>', NULL, 'null', 1, 1, 1, '50-grams', '100-grams', '150-grams', '180-grams', 4, 2, NULL, '2020-01-22 06:08:54', '2020-01-22 12:08:54'),
(724, 2, '[\"3\"]', 3, 1, 4, 1, '<strong>Which one of the following is correct?</strong>', NULL, 'null', 1, 1, 1, 'The day before Friday is Sunday', 'Three days before Friday is Sunday', 'The day after Sunday is Monday', 'None of the above ', 3, 2, NULL, '2020-01-22 06:09:39', '2020-01-22 12:09:39'),
(725, 2, '[\"3\"]', 3, 1, 4, 1, '<strong>Which one of the following is not correct?</strong>', NULL, 'null', 1, 1, 1, 'One week is equal to seven days', 'There are 12 months in a year.', 'Unit for time is second.', '60 seconds = 1 hour', 4, 2, NULL, '2020-01-22 06:10:26', '2020-01-22 12:10:26'),
(726, 2, '[\"3\"]', 3, 1, 4, 1, '<strong>Which one of the following is not correct?</strong>', NULL, 'null', 1, 1, 1, 'Next month of Ashar is Srabon.', 'Preceding month of Magh is Falgoon.', 'Preceding month of Baishakh is Chaitra.', 'Preceding month of Kartik is Ausheen.', 2, 2, NULL, '2020-01-22 06:11:21', '2020-01-22 12:11:21'),
(727, 2, '[\"3\"]', 3, 1, 4, 1, '​​​​', '1579673567_Q44.png', 'null', 2, 1, 1, '50', '60', '70', '90', 3, 2, NULL, '2020-01-22 06:12:47', '2020-01-22 12:12:47'),
(728, 2, '[\"3\"]', 3, 1, 4, 1, '<strong>Which month is the preceding month of September?</strong>​​​​​​', NULL, 'null', 1, 1, 1, 'April', 'May', 'June', 'August', 4, 2, NULL, '2020-01-22 06:13:34', '2020-01-22 12:13:34'),
(729, 2, '[\"3\"]', 3, 1, 4, 1, '<strong>30 hours = <u>&nbsp;&nbsp;&nbsp;&nbsp; &nbsp;&nbsp;</u>&nbsp;day and<u>&nbsp;&nbsp;&nbsp;&nbsp;&nbsp;&nbsp;&nbsp;&nbsp; </u> hour.</strong>', NULL, 'null', 1, 1, 1, '1 day and 3 hour.', '2 day and 3 hour.', '2 day and 6 hour.', '1 day and 6 hour.', 4, 2, NULL, '2020-01-22 06:14:33', '2020-01-22 12:14:33'),
(730, 2, '[\"3\"]', 3, 1, 4, 1, '<strong>110 minutes =<u> &nbsp;&nbsp;&nbsp;&nbsp; </u>&nbsp;hour and<u> &nbsp;&nbsp; &nbsp;&nbsp;&nbsp;&nbsp;</u>&nbsp;minutes.</strong>', NULL, 'null', 1, 1, 1, '1 hour and 10 minutes.', '2 hour and 10 minutes.', '2 hour and 50 minutes.', '1 hour and 50 minutes.', 4, 2, NULL, '2020-01-22 06:15:43', '2020-01-22 12:15:43'),
(731, 2, '[\"3\"]', 3, 1, 4, 1, '<strong>Meena usually goes to bed at 10 O&rsquo;clock at night and wakes up at 6 O&rsquo;clock in a morning. How many hours does she sleep?</strong>', NULL, 'null', 1, 1, 1, '6 hours', '7 Hours', '8 Hours', '9 hours', 3, 2, NULL, '2020-01-22 06:16:34', '2020-01-22 12:16:34'),
(732, 2, '[\"3\"]', 3, 1, 4, 1, '<strong>Ranu went to market with 100 taka. She bought 2 books, each cost 35 taka. How much money does she have now?</strong>', NULL, 'null', 1, 1, 1, '70 taka', '65 taka', '170 taka', '30 taka', 4, 2, NULL, '2020-01-22 06:17:21', '2020-01-22 12:17:21'),
(733, 2, '[\"3\"]', 3, 1, 4, 1, '<strong>Which one of the following is not correct?</strong>', NULL, 'null', 1, 1, 1, '28 + 22 – 30 = 20', '100 + 10 + 1 = 111', '100 × 0 = 100', '50 – 9 – 1 = 40', 3, 2, NULL, '2020-01-22 06:18:47', '2020-01-22 12:18:47'),
(734, 3, '[\"3\"]', 3, 1, 1, 1, '<strong>নিচের বার ডায়াগ্রামটি ব্যবহার করে প্রশ্নের উত্তর দাও। &nbsp;সবচেয়ে প্রিয় রং কোনটি?</strong>', '1579758098_Q1.png', '[\"2\"]', 2, 1, 1, 'সবুজ', 'কমলা', 'নীল', 'বেগুনী', 2, 2, NULL, '2020-01-23 05:41:38', '2020-01-23 11:41:38'),
(735, 3, '[\"3\"]', 3, 1, 1, 1, '<strong>০ , ২ , ৪ , ৬ , ৮ , ___ , ____ ধারাটির পরবর্তী দুটি সংখ্যা কত?</strong>', NULL, '[\"2\"]', 1, 1, 1, '৯ , ১২', '১০ , ১২', '১০ , ১১', '১০ , ১৩', 2, 2, NULL, '2020-01-23 05:43:12', '2020-01-23 11:43:12'),
(736, 3, '[\"3\"]', 3, 1, 1, 1, '<strong>নিচের কোন সংখ্যাটি ২ দ্বারা বিভাজ্য নয়?</strong>', NULL, '[\"2\"]', 1, 1, 1, '৫৩৭০', '২৪৬১', '১২৩৪', '৪৫০০', 2, 2, NULL, '2020-01-23 05:44:08', '2020-01-23 11:44:08'),
(737, 3, '[\"3\"]', 3, 1, 1, 1, '<strong>৩ থেকে ১৩ পর্যন্ত সংখ্যা কতটি?</strong>', NULL, '[\"2\"]', 1, 1, 1, '১০', '১১', '১২', '৯', 2, 2, NULL, '2020-01-23 05:45:19', '2020-01-23 11:45:19'),
(738, 3, '[\"3\"]', 3, 1, 1, 1, '<strong>উপযুক্ত ছবি দ্বারা খালিঘর পূরণ কর-</strong>', '1579758466_Q5.png', '[\"2\"]', 2, 2, 1, '1579758466_Q5A1.png', '1579758466_Q5A2.png', '1579758466_Q5A3.png', '1579758466_Q5A4.png', 2, 2, NULL, '2020-01-23 05:47:46', '2020-01-23 11:47:46'),
(739, 3, '[\"3\"]', 3, 1, 1, 1, '<strong>কিছুসংখ্যক দেশের জনসংখ্যার পরিমাপ চিত্রে দেয়া হল। নিচের কোন দেশের জনসংখ্যা সর্বোচ্চ?</strong>', '1579758549_Q6.png', '[\"2\"]', 2, 1, 1, 'কানাডা', 'যুক্তরাষ্ট্র', 'যুক্তরাজ্য', 'অস্ট্রেলিয়া', 2, 2, NULL, '2020-01-23 05:49:09', '2020-01-23 11:49:09'),
(740, 3, '[\"3\"]', 3, 1, 1, 1, '<strong>নিচের সারণিটি ব্যবহার করে প্রশ্নের উত্তর দাও। কোন শহরের জনসংখ্যা সর্বোচ্চ?</strong>', '1579758644_Q7.png', '[\"2\"]', 2, 1, 1, 'স্যানহিল', 'বমবার্গ', 'ডেন্টন', 'উইন্ডহেম', 4, 2, 2, '2020-01-23 05:50:15', '2020-01-23 05:50:44'),
(741, 3, '[\"3\"]', 3, 1, 1, 1, '<strong>উপযুক্ত আকার দ্বারা খালিঘর পূরণ কর-</strong>', '1579758716_Q8.png', '[\"2\"]', 2, 2, 1, '1579758716_Q8A1.png', '1579758716_Q8A2.png', '1579758716_Q8A3.png', '1579758716_Q8A4.png', NULL, 2, NULL, '2020-01-23 05:51:56', '2020-01-23 11:51:56'),
(742, 3, '[\"3\"]', 3, 1, 1, 1, '<strong>দশক এবং একক স্থানীয় অঙ্ক যথাক্রমে ৩ এবং ২ হলে, সংখ্যাটি হবে -</strong>', NULL, '[\"2\"]', 1, 1, 1, '২৩', '২২', '৩২', '৩৩', 3, 2, 2, '2020-01-23 05:53:05', '2020-01-23 05:53:14'),
(744, 3, '[\"3\"]', 3, 1, 1, 1, '<strong>৪৩ সংখ্যার অংকদ্বয় স্থান বিনিময় করে যে সংখ্যা পাওয়া যায়, সে সংখ্যা এবং পুরাতন সংখ্যার পার্থক্য কত?</strong>', NULL, '[\"2\"]', 1, 1, 1, '৩৪', '৪৩', '৭৭ ', '৯', 4, 2, NULL, '2020-01-23 05:55:24', '2020-01-23 11:55:24'),
(745, 3, '[\"3\"]', 3, 1, 1, 1, '<strong>একটি লাইনে মিতু সামনে থেকে সপ্তম এবং পিছনে থেকে পঞ্চম হলে, সেখানে মোট লোকসংখ্যা কত?</strong>', NULL, '[\"2\"]', 1, 1, 1, '৭', '৫', '১১', '১২', 3, 2, NULL, '2020-01-23 05:56:17', '2020-01-23 11:56:17'),
(746, 3, '[\"3\"]', 3, 1, 1, 1, '<strong>দুটি বিজোড় সংখ্যার যোগফল সর্বদা:</strong><br />\r\n&nbsp;', NULL, '[\"2\"]', 1, 1, 1, 'জোড় সংখ্যা', 'বিজোড় সংখ্যা', 'মৌলিক সংখ্যা', 'কোনটি নয়', 1, 2, NULL, '2020-01-23 05:57:33', '2020-01-23 11:57:33'),
(747, 3, '[\"3\"]', 3, 1, 1, 1, '<strong>মা ও মেয়ের বয়সের যোগফল ৭০। মেয়ের বয়স ২২ বছর হলে মায়ের বয়স কত?</strong>', NULL, '[\"2\"]', 1, 1, 1, '৯২', '৭০', '৪৮', 'কোনটি নয়', 3, 2, NULL, '2020-01-23 05:58:28', '2020-01-23 11:58:28'),
(748, 3, '[\"3\"]', 3, 1, 1, 1, '<strong>টেবিলের উপর ৭টি থালার প্রত্যেকটিতে ৬টি করে আম আছে। মোট কতগুলো আম আছে?</strong>', NULL, '[\"2\"]', 1, 1, 1, '১৩', '৪২', '৭', '৬', 2, 2, NULL, '2020-01-23 05:59:17', '2020-01-23 11:59:17'),
(749, 3, '[\"3\"]', 3, 1, 1, 1, '<strong>দশ জোড়া শিশু খেলছে। একত্রে কতজন শিশু খেলছে?</strong>', NULL, '[\"2\"]', 1, 1, 1, '১০', '২০', '১৫', '২৫', 2, 2, NULL, '2020-01-23 06:00:29', '2020-01-23 12:00:29'),
(750, 3, '[\"3\"]', 3, 1, 1, 1, '<strong>ঈদের দিন রিমা ৩টি ২০ টাকার নোট, ৪টি ১০ টাকার নোট এবং ৫টি ৫ টাকার নোট উপহার পেল। সে মোট কত টাকা উপহার পায়?</strong>', NULL, '[\"2\"]', 1, 1, 1, '১০০ টাকা', '১৫০ টাকা', '৬০০ টাকা', '১২৫ টাকা', 4, 2, NULL, '2020-01-23 06:01:13', '2020-01-23 12:01:13'),
(751, 3, '[\"3\"]', 3, 1, 1, 1, '<strong>একটি কাগজকে ৪টি সমান ভাগে ভাগ করলে প্রতিটি ভাগকে কী বলা হয়?</strong>', NULL, '[\"2\"]', 1, 1, 1, 'অর্ধেক', 'এক চতুর্থাংশ', 'এক ভাগের চার', 'চার', 2, 2, NULL, '2020-01-23 06:01:54', '2020-01-23 12:01:54'),
(752, 3, '[\"3\"]', 3, 1, 1, 1, '<strong>একটি পেন্সিলের দৈর্ঘ্য পরিমাপ করতে কোন একক ব্যবহার করা হয়?</strong>', '1579759370_Q18.png', '[\"2\"]', 2, 1, 1, 'কিলোমিটার', 'মিটার', 'সেন্টিমিটার', 'কোনটি নয়', 3, 2, 2, '2020-01-23 06:02:50', '2020-01-23 06:28:58'),
(753, 3, '[\"3\"]', 3, 1, 1, 1, '<strong>নিচের কোন উক্তিটি সত্য?</strong>', NULL, '[\"2\"]', 1, 1, 1, 'রবিবারের আগের দিন শুক্রবার।', 'রবিবারের তিন দিন আগে হয় শুক্রবার।', 'রবিবারের পরের দিন সোমবার।', 'কোনটি নয়।', 3, 2, NULL, '2020-01-23 06:05:16', '2020-01-23 12:05:16');
INSERT INTO `bdedu_exam_questions` (`exam_question_row_id`, `education_type_row_id`, `class_row_id`, `module_row_id`, `school_row_id`, `exam_category_row_id`, `question_type`, `question_title`, `question_title_attachment`, `question_level`, `question_mimetype`, `answer_type`, `mark_weight`, `answer_1`, `answer_2`, `answer_3`, `answer_4`, `is_correct_answer`, `created_by`, `updated_by`, `created_at`, `updated_at`) VALUES
(754, 3, '[\"3\"]', 3, 1, 1, 1, '<strong>১ মিটার সমান<u>&nbsp;&nbsp;&nbsp;&nbsp;&nbsp;&nbsp;&nbsp; &nbsp;&nbsp;&nbsp;&nbsp;&nbsp;&nbsp; </u>&nbsp;সেন্টিমিটার</strong>', NULL, '[\"2\"]', 1, 1, 1, '১০ সেন্টিমিটার', '১০০ সেন্টিমিটার', '১০০০ সেন্টিমিটার', '২০ সেন্টিমিটার', 2, 2, 2, '2020-01-23 06:06:42', '2020-01-23 06:28:36'),
(755, 3, '[\"3\"]', 3, 1, 1, 1, '<strong>একটি ইটের আকৃতি কিসের মত?</strong>', NULL, '[\"2\"]', 1, 1, 1, 'কোণক', 'বেলন', 'ঘনক', 'কোনটি নয়', 3, 2, NULL, '2020-01-23 06:07:35', '2020-01-23 12:07:35'),
(756, 3, '[\"3\"]', 3, 1, 1, 1, '<strong>একটি ত্রিভুজের কতটি বাহু থাকে?</strong>', NULL, '[\"2\"]', 1, 1, 1, '৩', '৫', '৪', '২', 1, 2, NULL, '2020-01-23 06:08:24', '2020-01-23 12:08:24'),
(757, 3, '[\"3\"]', 3, 1, 1, 1, '<strong>চিত্রের বস্তুটি কোন আকৃতির?</strong>', '1579759756_Q23.png', '[\"2\"]', 2, 1, 1, 'মোচাকার', 'ঘনক', 'বেলন', 'গোলক', 3, 2, NULL, '2020-01-23 06:09:16', '2020-01-23 12:09:16'),
(758, 3, '[\"3\"]', 3, 1, 1, 1, '<strong>একটি ত্রিভুজের শীর্ষবিন্দু কতটি?</strong>', NULL, '[\"2\"]', 1, 1, 1, '২', '৩', '৪', '১', 2, 2, NULL, '2020-01-23 06:10:01', '2020-01-23 12:10:01'),
(759, 3, '[\"3\"]', 3, 1, 1, 1, '<strong>বৃত্তের লাল অংশের ভগ্নাংশ কত?</strong>', NULL, '[\"2\"]', 1, 1, 1, '$\\frac{১}{৪}$', '$\\frac{২}{৫}$', '$\\frac{২}{৭}$', '$\\frac{২}{৬}$', 3, 2, NULL, '2020-01-23 06:11:51', '2020-01-23 12:11:51'),
(760, 3, '[\"3\"]', 3, 1, 1, 1, '<strong>মিনা রাত ১০ টায় বিছানায় যায় এবং সকাল ৬টায় ওঠে। সে কত ঘণ্টা ঘুমায়?</strong>', NULL, '[\"2\"]', 1, 1, 1, '৬ ঘণ্টা', '৭ ঘণ্টা', '৮ ঘণ্টা', '৯ ঘণ্টা', 3, 2, 2, '2020-01-23 06:12:46', '2020-01-23 06:29:26'),
(761, 3, '[\"3\"]', 3, 1, 1, 1, '<strong>৭৫ মিনিট =<u> &nbsp;&nbsp;&nbsp;&nbsp; </u>&nbsp;ঘণ্টা ও<u>&nbsp;&nbsp;&nbsp;&nbsp;&nbsp; &nbsp;&nbsp;&nbsp; </u>&nbsp;মিনিট</strong> ​​​​​​', NULL, '[\"2\"]', 1, 1, 1, '১ ঘণ্টা ও ৫ মিনিট', '১ ঘণ্টা ও ২৫  মিনিট', '২ ঘণ্টা ও ৫০ মিনিট', '১ ঘণ্টা ও ১৫  মিনিট', 4, 2, NULL, '2020-01-23 06:13:37', '2020-01-23 12:13:37'),
(762, 3, '[\"3\"]', 3, 1, 1, 1, '<strong>১৮ - ৭ + ৯ = ?</strong>', NULL, '[\"2\"]', 1, 1, 1, '১', '২', '২০', '১৯', 3, 2, NULL, '2020-01-23 06:15:19', '2020-01-23 12:15:19'),
(763, 3, '[\"3\"]', 3, 1, 1, 1, '<strong>সেপ্টেম্বরের আগে কোন মাস?</strong>​​​​​​', NULL, '[\"2\"]', 1, 1, 1, 'এপ্রিল', 'মে', 'জুন', 'আগস্ট', 4, 2, NULL, '2020-01-23 06:16:06', '2020-01-23 12:16:06'),
(764, 3, '[\"3\"]', 3, 1, 1, 1, '<strong>নিচের কোন উক্তিটি সত্য নয়?</strong>', NULL, '[\"2\"]', 1, 1, 1, 'এক সপ্তাহ সমান সাত দিন।', 'এক বছরে ১২ মাস।', 'এক বছরে ৩৬৫ দিন।', '৬০ সেকেন্ড= ১ ঘণ্টা।', 4, 2, NULL, '2020-01-23 06:16:49', '2020-01-23 12:16:49'),
(765, 3, '[\"3\"]', 3, 1, 1, 1, '<strong>২০৩০৫ সংখ্যাটিতে ৩ এর স্থানীয় মান কত?</strong>', NULL, '[\"2\"]', 1, 1, 1, '৩০০', '৩০', '১০০', '৩০০০', 1, 2, NULL, '2020-01-23 06:17:38', '2020-01-23 12:17:38'),
(766, 3, '[\"3\"]', 3, 1, 1, 1, '<strong>সর্বনিম্ন মৌলিক সংখ্যা কোনটি?</strong>', NULL, '[\"2\"]', 1, 1, 1, '১', '২', '৩', '৪', 2, 2, NULL, '2020-01-23 06:18:25', '2020-01-23 12:18:25'),
(767, 3, '[\"3\"]', 3, 1, 1, 1, '<strong>নিচের ভগ্নাংশগুলোর মধ্যে কোন ভগ্নাংশটি সর্বনিম্ন?</strong>', NULL, '[\"2\"]', 1, 1, 1, '$\\frac{১}{২}$', '$\\frac{১}{৩}$', '$\\frac{১}{৪}$', '$\\frac{১}{৫}$', 4, 2, NULL, '2020-01-23 06:19:39', '2020-01-23 12:19:39'),
(768, 3, '[\"3\"]', 3, 1, 1, 1, '<strong>নিচের কোনটি অন্য তিনটির থেকে আলাদা?</strong>', NULL, '[\"2\"]', 1, 1, 1, 'ঘোড়া', 'জেব্রা', 'গরু', 'ব্যাঙ  ', 4, 2, NULL, '2020-01-23 06:20:29', '2020-01-23 12:20:29'),
(769, 3, '[\"3\"]', 3, 1, 1, 1, '<strong>$\\frac{১}{২}$&nbsp;এর দ্বিগুণ কত?</strong>', NULL, '[\"2\"]', 1, 1, 1, '$\\frac{১}{৪}$', '২', '১', '$\\frac{২}{৪}$', 3, 2, NULL, '2020-01-23 06:22:02', '2020-01-23 12:22:02'),
(770, 3, '[\"3\"]', 3, 1, 1, 1, '<strong>নিচের ছবিতে মোট কত টাকা?</strong>', '1579760660_Q36.png', '[\"2\"]', 2, 1, 1, '৮ টাকা', '১৪ টাকা', '১৫ টাকা', '১০ টাকা', 3, 2, NULL, '2020-01-23 06:24:20', '2020-01-23 12:24:20'),
(771, 3, '[\"3\"]', 3, 1, 1, 1, '<strong>ঘড়িতে সময় কত?</strong>', '1579760883_Q37.png', '[\"2\"]', 2, 1, 1, '০৩:০০', '০৩:০৭', '০১:১৫', '০৩:০১', 2, 2, 2, '2020-01-23 06:28:03', '2020-01-23 06:30:49'),
(772, 3, '[\"3\"]', 3, 1, 1, 1, '<strong>একটি ঘনকের তল সংখ্যা কত?</strong>', NULL, '[\"2\"]', 1, 1, 1, '৩', '৫', '৬', '৪', 3, 2, NULL, '2020-01-23 06:31:31', '2020-01-23 12:31:31'),
(773, 3, '[\"3\"]', 3, 1, 1, 1, '<strong>৪৮টি চকলেট ৮ জন শিশুকে সমানভাবে ভাগ করে দেওয়া হলে প্রত্যেকে কয়টি করে চকলেট পাবে?</strong><br />\r\n&nbsp;', NULL, '[\"2\"]', 1, 1, 1, '৮', '৬', '১২', '৪০', 2, 2, NULL, '2020-01-23 06:33:01', '2020-01-23 12:33:01'),
(774, 3, '[\"3\"]', 3, 1, 1, 1, '<strong>পরবর্তী ছবি কোনটি হবে?</strong>', '1579761259_Q40.png', '[\"2\"]', 2, 2, 1, '1579761245_Q40A1.png', '1579761245_Q40A2.png', '1579761245_Q40A3.png', '1579761245_Q40A4.png', 2, 2, 2, '2020-01-23 06:34:05', '2020-01-23 06:34:19'),
(775, 3, '[\"4\"]', 3, 1, 2, 1, '<strong>নিচের সারণিটি ব্যবহার করে প্রশ্নের উত্তর দাও।কোন শহরের জনসংখ্যা সর্বনিম্ন?</strong>', NULL, 'null', 1, 1, 1, 'স্যানহিল', 'বমবার্গ', 'ডেন্টন', 'উইন্ডহেম', 1, 2, NULL, '2020-01-23 07:10:09', '2020-01-23 13:10:09'),
(776, 3, '[\"4\"]', 3, 1, 2, 1, '<strong>নিচের সারণিটি ব্যবহার করে প্রশ্নের উত্তর দাও। কোন শহরের জনসংখ্যা সর্বোচ্চ?</strong>', '1579763810_Q2.png', 'null', 2, 1, 1, 'স্যানহিল', 'বমবার্গ', 'ডেন্টন', 'উইন্ডহেম', 4, 2, NULL, '2020-01-23 07:16:50', '2020-01-23 13:16:50'),
(777, 3, '[\"4\"]', 3, 1, 2, 1, '<strong>কিছুসংখ্যক দেশের আয়তন বর্গ কিলোমিটারে দেয়া হল- &nbsp;&nbsp;নিচের কোন ক্রমটি আয়তন অনুসারে বড় থেকে ছোট আকারে সঠিকভাবে সাজানো?</strong>', '1579763888_Q3.png', 'null', 2, 1, 1, 'রাশিয়া, কানাডা, যুক্তরাষ্ট্র, চীন, ভারত, যুক্তরাজ্য', 'চীন, রাশিয়া, যুক্তরাজ্য, কানাডা, যুক্তরাষ্ট্র, ভারত', 'কানাডা, যুক্তরাষ্ট্র, রাশিয়া, চীন, যুক্তরাজ্য, ভারত', 'যুক্তরাষ্ট্র, ভারত, রাশিয়া, যুক্তরাজ্য, চীন, কানাডা  ', 1, 2, NULL, '2020-01-23 07:18:08', '2020-01-23 13:18:08'),
(778, 3, '[\"4\"]', 3, 1, 2, 1, '<strong>নিচের ছবিটি ব্যবহার করে প্রশ্নের উত্তর দাও।বৃত্তগুলোর অর্ধেক পরিমান রং করতে স্যাম একটি রঙের মার্কার ব্যবহার করবে। সে কোন রঙের মার্কার ব্যবহার করবে?</strong>', '1579763973_Q4.png', 'null', 2, 1, 1, 'নীল', 'সবুজ', 'লাল', 'হলুদ', 2, 2, NULL, '2020-01-23 07:19:33', '2020-01-23 13:19:33'),
(779, 3, '[\"4\"]', 3, 1, 2, 1, '<strong>নিচের বার ডায়াগ্রামটি ব্যবহার করে প্রশ্নের উত্তর দাও। সবচেয়ে প্রিয় রং কোনটি?</strong>', '1579764076_Q5.png', 'null', 2, 1, 1, 'সবুজ', 'কমলা', 'নীল', 'বেগুনী', 2, 2, NULL, '2020-01-23 07:21:16', '2020-01-23 13:21:16'),
(780, 3, '[\"4\"]', 3, 1, 2, 1, '<strong>নিচের বার ডায়াগ্রামটি ব্যবহার করে প্রশ্নের উত্তর দাও। কোনটি রং সবচেয়ে কম ব্যবহৃত হয় ?</strong>', '1579764151_Q6.png', 'null', 2, 1, 1, 'সবুজ', 'কমলা', 'নীল', 'বেগুনী', 1, 2, NULL, '2020-01-23 07:22:31', '2020-01-23 13:22:31'),
(781, 3, '[\"4\"]', 3, 1, 2, 1, '<strong>নিচের বার ডায়াগ্রামটি ব্যবহার করে প্রশ্নের উত্তর দাও। একটি ক্লাসের শিক্ষার্থীরা তাদের প্রিয় রং দিয়ে চিত্রাংকন করছে। চিত্রাংকনের শুরুতে সব গুলো রঙের বোতলে সমপরিমাণ রং ছিল।<br />\r\nকোন দুটি রঙের বোতল তাড়াতাড়ি শেষ হবে?</strong>', '1579764270_Q7.png', 'null', 2, 1, 1, 'লাল এবং সবুজ  ', 'লাল এবং কমলা', 'কমলা এবং নীল  ', 'হলুদ এবং বেগুনী', 3, 2, NULL, '2020-01-23 07:24:30', '2020-01-23 13:24:30'),
(782, 3, '[\"4\"]', 3, 1, 2, 1, '<strong>কোন ঘড়িতে ৩:৪২ টা বাজে?</strong>', NULL, 'null', 1, 2, 1, '1579764321_Q8A1.png', '1579764321_Q8A2.png', '1579764321_Q8A3.png', '1579764321_Q8A4.png', 4, 2, NULL, '2020-01-23 07:25:21', '2020-01-23 13:25:21'),
(783, 3, '[\"4\"]', 3, 1, 2, 1, '<strong>নিচের সারণিটি ব্যবহার করে প্রশ্নের উত্তর দাও।চতুর্থ শ্রেণির শিক্ষার্থীরা তাদের প্রিয় খেলার জন্য ভোট দিয়েছে। নিচের কোন ডায়াগ্রামটি শিক্ষার্থীদের প্রদত্ত ভোটের ফলাফল নির্দেশ করবে?</strong><br />\r\n&nbsp;', '1579764497_Q9.png', 'null', 2, 2, 1, '1579764497_Q9A1.png', '1579764497_Q9A2.png', '1579764497_Q9A3.png', '1579764497_Q9A4.png', 1, 2, NULL, '2020-01-23 07:28:17', '2020-01-23 13:28:17'),
(784, 3, '[\"4\"]', 3, 1, 2, 1, '<strong>বেলাল সাহেবের একটি ক্লাসের ১৬ জন শিক্ষার্থী পাঠাগারে আছে। অন্য চার জন শিক্ষার্থী শ্রেণিকক্ষে বসে গণিত অনুশীলন করছে। নিচের কোন গাণিতিক বাক্য দ্বারা বেলাল সাহেবের ক্লাসের সর্বমোট শিক্ষার্থীর সংখ্যা &nbsp;প্রকাশ করা যায়?</strong>', NULL, 'null', 1, 1, 1, '১৬ + ৪', '১৬ – ৪', '১৬ × ৪', '১৬ ÷ ৪', 1, 2, NULL, '2020-01-23 07:29:16', '2020-01-23 13:29:16'),
(785, 3, '[\"4\"]', 3, 1, 2, 1, '<strong>কোনাল সাইকেল চালিয়ে তার এক বন্ধুর সাথে ঠিক দুপুরে দেখা করবে বলে পার্কে গেল। সে সকাল ১১:০০ টায় পার্কে পৌছাল। উপরের তথ্য ব্যবহার করে নিচের কোন প্রশ্নটির উত্তর দেয়া যাবে?</strong>', NULL, 'null', 1, 1, 1, 'পার্ক এবং কোনালের বাড়ির দূরত্ব কত?', 'বন্ধুর সাথে দেখা করতে কোনালের কতক্ষণ অপেক্ষা করতে হবে?', 'কোনাল পার্কে কতক্ষণ অবস্থান করবে?', 'কোনাল কখন বাড়ি ফিরবে?', 2, 2, 2, '2020-01-23 07:30:11', '2020-01-23 07:30:42'),
(786, 3, '[\"4\"]', 3, 1, 2, 1, '<strong>নিচের ছবিটি ব্যবহার করে প্রশ্নের উত্তর দাও। নিচের কোন দশমিক সংখ্যাটি দ্বারা বর্গের ছায়াযুক্ত অংশের মান প্রকাশ পায় ?</strong>', '1579766145_Q12.png', 'null', 2, 1, 1, '০.০৮', '০.২০', '০.৯২', '০.৯৮', 3, 2, NULL, '2020-01-23 07:55:45', '2020-01-23 13:55:45'),
(787, 3, '[\"4\"]', 3, 1, 2, 1, '<strong>কিছুসংখ্যক দেশের জনসংখ্যার পরিমাপ চিত্রে দেয়া হল। নিচের কোন দেশের জনসংখ্যা সর্বোচ্চ?</strong>', '1579766290_Q13.png', 'null', 2, 1, 1, 'কানাডা', 'যুক্তরাষ্ট্র', 'যুক্তরাজ্য', 'অস্ট্রেলিয়া', 2, 2, NULL, '2020-01-23 07:58:10', '2020-01-23 13:58:10'),
(788, 3, '[\"4\"]', 3, 1, 2, 1, '<strong>কিছুসংখ্যক দেশের জনসংখ্যার পরিমাপ চিত্রে দেয়া হল। নিচের কোন দেশের জনসংখ্যা সর্বনিম্ন?</strong>', '1579766415_Q14.png', 'null', 2, 1, 1, 'কানাডা', 'যুক্তরাষ্ট্র', 'যুক্তরাজ্য', 'অস্ট্রেলিয়া', 4, 2, NULL, '2020-01-23 08:00:15', '2020-01-23 14:00:15'),
(789, 3, '[\"4\"]', 3, 1, 2, 1, '<strong>রং করা অংশের ভগ্নাংশের ক্ষেত্রে, নিচের কোন দুটি চিত্রের ভগ্নাংশদ্বয় সমতুল ভগ্নাংশ নির্দেশ করে?</strong>', '1579769110_Q15.png', 'null', 2, 1, 1, 'I এবং II', 'II এবং III', 'III এবং IV', 'I এবং IV', 2, 2, NULL, '2020-01-23 08:45:10', '2020-01-23 14:45:10'),
(790, 3, '[\"4\"]', 3, 1, 2, 1, 'নিচের সারণিতে বুদ্ধিমত্তার বিভিন্ন সীমা<strong> </strong>এবং সংশ্লিষ্ট স্তর দেখানো হলো-&nbsp;<br />\r\nখুব উচ্চতর হওয়ার সর্বনিম্ন মান কোনটি?', '1579769177_Q16.png', 'null', 2, 1, 1, '১২৯', '১২০', '১১৯', '১৩০', 4, 2, NULL, '2020-01-23 08:46:17', '2020-01-23 14:46:17'),
(791, 3, '[\"4\"]', 3, 1, 2, 1, 'নিচের সারণিতে বুদ্ধিমত্তার বিভিন্ন সীমা<strong> </strong>এবং সংশ্লিষ্ট স্তর দেখানো হলো-<br />\r\nউপরের সারণি অনুসারে যে শিক্ষার্থীর স্কোর ৯৬ তার শ্রেণিবিন্যাস হবে:', '1579769256_Q17.png', 'null', 2, 1, 1, 'খুব উচ্চতর', 'গড়', 'গড় মানের নিচে', 'কোনটি নয়', 2, 2, NULL, '2020-01-23 08:47:36', '2020-01-23 14:47:36'),
(792, 3, '[\"4\"]', 3, 1, 2, 1, '<strong>জিসান, তন্ময়, জনি এবং রিয়াদ এক সারিতে দাঁড়িয়ে আছে। তন্ময় জিসানের পিছনে এবং রিয়াদের সামনে দাঁড়িয়েছে। জনি রিয়াদের পিছনে দাঁড়িয়েছে। জিসান, তন্ময়, জনি এবং রিয়াদ কোন ক্রমে দাঁড়িয়ে আছে?</strong>', NULL, 'null', 1, 1, 1, 'রিয়াদ, তন্ময়, জিসান, জনি', 'জনি, জিসান , তন্ময়, রিয়াদ', 'জিসান, তন্ময়, জিসান, রিয়াদ', 'জিসান, তন্ময়, রিয়াদ, জনি', 4, 2, 2, '2020-01-23 08:50:15', '2020-01-23 08:50:41'),
(793, 3, '[\"4\"]', 3, 1, 2, 1, '<strong>ব্যায়াম শুরুর পূর্বে দৌড়িয়ে মাঠ প্রদক্ষিণ করে এমন&nbsp; শিক্ষার্থীর সংখ্যা ডান পাশের ডায়াগ্রামে দেখানো হয়েছে। নয়জন শিক্ষার্থী দৌড়িয়ে কতবার মাঠ প্রদক্ষিণ করে?</strong>', '1579769509_Q19.png', 'null', 2, 1, 1, '৫', '৬', '১০ ', '৮', 3, 2, NULL, '2020-01-23 08:51:49', '2020-01-23 14:51:49'),
(794, 3, '[\"4\"]', 3, 1, 2, 1, '<strong>ব্যায়াম শুরুর পূর্বে দৌড়িয়ে মাঠ প্রদক্ষিণ করে এমন&nbsp; শিক্ষার্থীর সংখ্যা ডান পাশের ডায়াগ্রামে দেখানো হয়েছে। দৌড়িয়ে তিনবারের কম মাঠ প্রদক্ষিণ করে কতজন শিক্ষার্থী ?</strong>', '1579769583_Q20.png', 'null', 2, 1, 1, '৫', '৭', '১০', '৮', 2, 2, NULL, '2020-01-23 08:53:03', '2020-01-23 14:53:03'),
(795, 2, '[\"4\"]', 3, 1, 1, 1, '<strong>A journey starts at 9:50 and ends at 11:15. Calculate the time taken for the journey in minutes.</strong>', NULL, 'null', 1, 1, 1, '90 minutes', '75 minutes', '85 minutes', '70 minutes', 3, 2, NULL, '2020-01-23 08:58:20', '2020-01-23 14:58:20'),
(796, 2, '[\"4\"]', 3, 1, 1, 1, '<strong>Which of the following statements is not true?</strong>', NULL, 'null', 1, 1, 1, 'All the sides of an equilateral triangle are equal', 'Acute angles are more than 90<sup>0</sup>', 'The diameter of a circle is twice as much as its radius', 'The sum of the angles of a triangle is 180<sup>0</sup>.', 2, 2, NULL, '2020-01-23 08:59:41', '2020-01-23 14:59:41'),
(797, 2, '[\"4\"]', 3, 1, 1, 1, '<strong>Five boys and three girls share $ 80 equally. How much do the boys get altogether?</strong>', NULL, 'null', 1, 1, 1, '$ 40', '$ 50', '$ 160', '$ 640', 2, 2, NULL, '2020-01-23 09:00:29', '2020-01-23 15:00:29'),
(798, 2, '[\"4\"]', 3, 1, 1, 1, '<strong>An empty lorry has a mass of 170 tones. If the total mass of the lorry and its load is 245 tones, find the mass of the load.</strong>', NULL, 'null', 1, 1, 1, '415', '75', '262', '228', 2, 2, NULL, '2020-01-23 09:01:21', '2020-01-23 15:01:21'),
(799, 2, '[\"4\"]', 3, 1, 1, 1, '<strong>Use the graph below to answer the question.Which one is the favorite color?</strong>', '1579770169_Q5.png', 'null', 2, 1, 1, 'Green', 'Orange', 'Blue', 'Purple', 2, 2, 2, '2020-01-23 09:02:38', '2020-01-23 09:02:49'),
(800, 2, '[\"4\"]', 3, 1, 1, 1, '<strong>Find the missing number in the pattern.17, 14 , 11 , 8 , 5&nbsp;&nbsp;&nbsp; ?__ </strong><br />\r\n&nbsp;', NULL, 'null', 1, 1, 1, '4', '3', '2', '1', 3, 2, NULL, '2020-01-23 09:03:36', '2020-01-23 15:03:36'),
(801, 2, '[\"4\"]', 3, 1, 1, 1, '<strong>Which of the following numbers in not divisible by 2</strong>', NULL, 'null', 1, 1, 1, '15370', '32461', '21234', '34500', 3, 2, NULL, '2020-01-23 09:04:26', '2020-01-23 15:04:26'),
(802, 2, '[\"4\"]', 3, 1, 1, 1, '<strong>How many numbers are there from 10 to 30</strong>', NULL, 'null', 1, 1, 1, '10', '21', '12', '9', 2, 2, NULL, '2020-01-23 09:05:15', '2020-01-23 15:05:15'),
(803, 2, '[\"4\"]', 3, 1, 1, 1, NULL, '1579770540_Q9.png', 'null', 2, 2, 1, '1579770540_Q9A1.png', '1579770540_Q9A2.png', '1579770540_Q9A3.png', '1579770540_Q9A4.png', 4, 2, NULL, '2020-01-23 09:09:00', '2020-01-23 15:09:00'),
(804, 2, '[\"4\"]', 3, 1, 1, 1, '<strong>Fill in the gape with appropriate shape.</strong>', '1579770590_Q10.png', 'null', 2, 2, 1, '1579770590_Q10A1.png', '1579770590_Q10A2.png', '1579770590_Q10A3.png', '1579770590_Q10A4.png', 4, 2, NULL, '2020-01-23 09:09:50', '2020-01-23 15:09:50'),
(805, 2, '[\"4\"]', 3, 1, 1, 1, '<strong>If the tens and ones digits of a number are 6 and 5 respectively, what is the number?</strong>', NULL, 'null', 1, 1, 1, '56', '11', '65', '61', 3, 2, NULL, '2020-01-23 09:10:43', '2020-01-23 15:10:43'),
(806, 2, '[\"4\"]', 3, 1, 1, 1, '<strong>If the digits in the number 43 are interchanged, then what will be difference between the existing number and the new number?</strong>', NULL, 'null', 1, 1, 1, '34 ', '43', '77', '9', 4, 2, NULL, '2020-01-23 09:11:22', '2020-01-23 15:11:22'),
(807, 2, '[\"4\"]', 3, 1, 1, 1, '<strong>In a line, Mitu is seventh from the front, and fifth from the back. How many students are there?</strong>', NULL, 'null', 1, 1, 1, '7', '5', '11', '12', 3, 2, NULL, '2020-01-23 09:11:56', '2020-01-23 15:11:56'),
(808, 2, '[\"4\"]', 3, 1, 1, 1, '<strong>The sum of one odd number and an even numbers is always:</strong>', NULL, 'null', 1, 1, 1, 'Even', 'Odd ', 'prime   ', 'None of them', 2, 2, NULL, '2020-01-23 09:12:40', '2020-01-23 15:12:40'),
(809, 2, '[\"4\"]', 3, 1, 1, 1, '<strong>The sum of the ages of a mother and her daughter is 70. If mother is 30 years older than her daughter, how old is the mother?</strong><br />\r\n&nbsp;', NULL, 'null', 1, 1, 1, '40', '100', '20', '50', 4, 2, NULL, '2020-01-23 09:13:33', '2020-01-23 15:13:33'),
(810, 2, '[\"4\"]', 3, 1, 1, 1, '<strong>In a Eid day, Rita gets 5 notes&nbsp; of 20 Taka, 5 notes of 10 Taka and 10 notes 5 Taka as a gift. How much Taka did she get as a gift?</strong>', NULL, 'null', 1, 1, 1, '100 Taka  ', '150 Taka  ', '200 Taka  ', '175 Taka  ', 3, 2, NULL, '2020-01-23 09:14:15', '2020-01-23 15:14:15'),
(812, 2, '[\"4\"]', 3, 1, 1, 1, '<strong>1005 <em>&divide;</em>&nbsp;5 = ?</strong>', NULL, 'null', 1, 1, 1, '21', '201', '205', '105  ', 2, 2, NULL, '2020-01-23 09:16:27', '2020-01-23 15:16:27'),
(813, 2, '[\"4\"]', 3, 1, 1, 1, '<strong>Which of the following unit do we use in measuring the length of a pencil?</strong>', '1579771154_Q18.png', 'null', 2, 1, 1, 'km (kilometer)', 'm  ( meter)', 'cm ( centimeter)', 'none of them', 3, 2, 2, '2020-01-23 09:19:14', '2020-01-23 09:25:18'),
(814, 2, '[\"4\"]', 3, 1, 1, 1, '<strong>metre is equal to <u>&nbsp;&nbsp; &nbsp;&nbsp;&nbsp;&nbsp;&nbsp;&nbsp;&nbsp;</u>&nbsp;centimetre.</strong>', NULL, 'null', 1, 1, 1, '10 centimetre.', '100 centimetre.', '1000 centimetre.', '20 centimetre.', 2, 2, NULL, '2020-01-23 09:20:22', '2020-01-23 15:20:22'),
(815, 2, '[\"4\"]', 3, 1, 1, 1, '<strong>What is the shape of a brick?</strong>', NULL, 'null', 1, 1, 1, 'Cone', 'Cylinder', 'Cuboid', 'None of the above', 3, 2, NULL, '2020-01-23 09:21:06', '2020-01-23 15:21:06'),
(816, 2, '[\"4\"]', 3, 1, 1, 1, '<strong>How many edges does a cuboid have?</strong>', NULL, 'null', 1, 1, 1, '12', '8', '6', '4', 1, 2, 2, '2020-01-23 09:21:44', '2020-01-26 04:47:10'),
(817, 2, '[\"4\"]', 3, 1, 1, 1, '<strong>What is the name of the shape/object in the above picture?</strong><br />\r\n<br />\r\n&nbsp;', '1579771365_Q22.png', 'null', 2, 1, 1, 'Cone', 'cube', 'cylinder ', 'sphere', 3, 2, NULL, '2020-01-23 09:22:45', '2020-01-23 15:22:45'),
(818, 2, '[\"4\"]', 3, 1, 1, 1, '<strong>What fraction of the circle is not colored red?</strong>', '1579771460_Q23.png', 'null', 2, 1, 1, '$\\farc{5}{7}$', '$\\farc{2}{5}$', '$\\farc{2}{7}$', '$\\farc{2}{6}$', 1, 2, NULL, '2020-01-23 09:24:20', '2020-01-23 15:24:20'),
(819, 2, '[\"4\"]', 3, 1, 1, 1, '<strong>Meena usually goes to bed at 10 O&rsquo;clock at night and wakes up at 6 O&rsquo;clock in a morning. How many hours does she sleep?</strong>', NULL, 'null', 1, 1, 1, '6 hours', '7 hours', '8 hours', '9 hours', 3, 2, NULL, '2020-01-23 09:25:03', '2020-01-23 15:25:03'),
(820, 2, '[\"4\"]', 3, 1, 1, 1, '<strong>75 minutes =<u>&nbsp;&nbsp;&nbsp;&nbsp;&nbsp;&nbsp;&nbsp; &nbsp;&nbsp;&nbsp;&nbsp; </u>&nbsp;hour and<u> &nbsp;&nbsp; &nbsp;&nbsp;&nbsp;&nbsp;</u>&nbsp;minutes.</strong>', NULL, 'null', 1, 1, 1, '1 hour and 5  minutes.', '1 hour and 25  minutes.', '2 hour and 50  minutes.', '1 hour and 15  minutes.', 4, 2, NULL, '2020-01-23 09:26:17', '2020-01-23 15:26:17'),
(821, 2, '[\"4\"]', 3, 1, 1, 1, '<strong>99 - 7 - 9 + 3 = ?</strong><br />\r\n<br />\r\n&nbsp;', NULL, 'null', 1, 1, 1, '80', '86', '78', '68', 2, 2, NULL, '2020-01-23 09:27:18', '2020-01-23 15:27:18'),
(822, 2, '[\"4\"]', 3, 1, 1, 1, '<strong>What is the value of the digit 3 in the number 20305?</strong>', NULL, 'null', 1, 1, 1, '300', '30', '100', '3000', 1, 2, NULL, '2020-01-23 09:28:06', '2020-01-23 15:28:06'),
(823, 2, '[\"4\"]', 3, 1, 1, 1, '<strong>Which one of the following is not a prime number ?</strong>', NULL, 'null', 1, 1, 1, '19', '29', '39', '31', 3, 2, NULL, '2020-01-23 09:28:45', '2020-01-23 15:28:45'),
(824, 2, '[\"4\"]', 3, 1, 1, 1, '<strong>Which one of the following fraction is the lowest fraction?</strong>', NULL, 'null', 1, 1, 1, '$\\frac{1}{2}$', '$\\frac{1}{3}$', '$\\frac{1}{4}$', '$\\frac{1}{5}$', 4, 2, NULL, '2020-01-23 09:29:53', '2020-01-23 15:29:53'),
(825, 2, '[\"4\"]', 3, 1, 1, 1, '<strong>Which one of the four is least like the other three?</strong>', NULL, 'null', 1, 1, 1, 'Horse', 'Zebra', 'Cow', 'Frog', 4, 2, NULL, '2020-01-23 09:30:35', '2020-01-23 15:30:35'),
(826, 2, '[\"4\"]', 3, 1, 1, 1, '<strong>What is double of $\\frac{1}{2}$?</strong>', NULL, 'null', 1, 1, 1, '$\\frac{1}{4}$', '2', '1', '$\\frac{2}{4}$', 3, 2, NULL, '2020-01-23 09:31:44', '2020-01-23 15:31:44'),
(827, 2, '[\"4\"]', 3, 1, 1, 1, '<strong>How much money are there?</strong>', '1579772145_Q32.png', 'null', 2, 1, 1, 'Tk. 20', 'Tk. 14', 'Tk. 15', 'Tk. 10', 1, 2, 2, '2020-01-23 09:32:40', '2020-01-23 09:35:45'),
(828, 2, '[\"4\"]', 3, 1, 1, 1, '<strong>What is the time in the watch?</strong><br />\r\n&nbsp;', '1579772131_Q33.png', 'null', 2, 1, 1, '03:00', '03:07', '01:15', '03:01', 2, 2, NULL, '2020-01-23 09:35:31', '2020-01-23 15:35:31'),
(829, 2, '[\"4\"]', 3, 1, 1, 1, '<strong>How many faces does a cuboid has?</strong>', NULL, 'null', 1, 1, 1, '3', '5', '6', '4', 3, 2, NULL, '2020-01-23 09:36:27', '2020-01-23 15:36:27'),
(830, 2, '[\"4\"]', 3, 1, 1, 1, '<strong>If 48 chocolates are divided among 8 students, how many chocolates will each student get?</strong>', NULL, 'null', 1, 1, 1, '8', '6', '12', '40', 2, 2, NULL, '2020-01-23 09:37:25', '2020-01-23 15:37:25'),
(831, 2, '[\"4\"]', 3, 1, 1, 1, '<strong>Which one of the following will be in the next ? </strong>', '1579772441_Q36.png', 'null', 2, 2, 1, '1579772426_Q36A1.png', '1579772426_Q36A2.png', '1579772426_Q36A3.png', '1579772426_Q36A4.png', 2, 2, 2, '2020-01-23 09:40:26', '2020-01-23 09:40:41'),
(832, 2, '[\"4\"]', 3, 1, 1, 1, '<strong>Figure out the equivalent fraction<em>&nbsp;</em>$\\farc{1}{4}$ in decimal points?</strong><br />\r\n&nbsp;', NULL, 'null', 1, 1, 1, '0.4', '0.25', '0.1', '2.5', 2, 2, NULL, '2020-01-23 09:42:40', '2020-01-23 15:42:40'),
(833, 2, '[\"4\"]', 3, 1, 1, 1, '<strong>Which inequality is valid?</strong>', NULL, 'null', 1, 1, 1, '0.5 < 0.05', '$\\frac{1}{2}$ < $\\frac{1}{3}$', '$\\frac{1}{2}$ > $\\frac{1}{3}$', '7.7 < 7.077', 3, 2, NULL, '2020-01-23 09:44:23', '2020-01-23 15:44:23'),
(834, 1, '[\"4\"]', 3, 1, 1, 1, '<strong>A net of a 3D figure is shown below. Which is most likely the figure?</strong>', '1579772925_Q39.png', 'null', 2, 2, 1, '1579772925_Q39A1.png', '1579772925_Q39A2.png', '1579772925_Q39A3.png', '1579772925_Q39A4.png', 3, 2, NULL, '2020-01-23 09:48:45', '2020-01-23 15:48:45'),
(835, 2, '[\"4\"]', 3, 1, 1, 1, '<strong>What is the difference between 3 digits&rsquo; smallest and largest number?</strong>', NULL, 'null', 1, 1, 1, '1099', '111', '1110', '899', 4, 2, NULL, '2020-01-23 09:49:49', '2020-01-23 15:49:49');

-- --------------------------------------------------------

--
-- Table structure for table `bdedu_exam_results`
--

CREATE TABLE `bdedu_exam_results` (
  `exam_result_row_id` int(11) NOT NULL,
  `student_row_id` int(11) NOT NULL,
  `class_row_id` int(11) DEFAULT NULL,
  `exam_category_row_id` int(11) NOT NULL,
  `is_psychology` tinyint(4) NOT NULL DEFAULT '0',
  `exam_row_id` int(3) DEFAULT NULL,
  `total_time_taken` varchar(150) DEFAULT NULL COMMENT 'time taken in hour: minute format',
  `total_questions` int(11) NOT NULL,
  `total_correct_answer` int(11) DEFAULT NULL,
  `total_wrong_answer` int(11) DEFAULT NULL,
  `all_question_row_id` text CHARACTER SET utf8 COLLATE utf8_unicode_ci COMMENT 'all exam question row id in json format',
  `total_marks` float(8,2) DEFAULT NULL,
  `percentage_obtained` float(8,2) DEFAULT NULL,
  `comment` text,
  `assessor_comment` text,
  `created_by` int(11) DEFAULT NULL,
  `updated_by` int(11) DEFAULT NULL,
  `created_at` datetime DEFAULT CURRENT_TIMESTAMP,
  `updated_at` datetime DEFAULT CURRENT_TIMESTAMP
) ENGINE=InnoDB DEFAULT CHARSET=latin1;

--
-- Dumping data for table `bdedu_exam_results`
--

INSERT INTO `bdedu_exam_results` (`exam_result_row_id`, `student_row_id`, `class_row_id`, `exam_category_row_id`, `is_psychology`, `exam_row_id`, `total_time_taken`, `total_questions`, `total_correct_answer`, `total_wrong_answer`, `all_question_row_id`, `total_marks`, `percentage_obtained`, `comment`, `assessor_comment`, `created_by`, `updated_by`, `created_at`, `updated_at`) VALUES
(1, 1, 8, 1, 0, 2, '01:11', 15, 5, 10, '{\"78\":\"3\",\"72\":\"2\",\"80\":\"1\",\"83\":\"4\",\"168\":\"3\",\"58\":\"0\",\"87\":\"0\",\"79\":\"4\",\"69\":\"4\",\"65\":\"0\",\"63\":\"4\",\"88\":\"4\",\"59\":\"4\",\"70\":\"4\",\"68\":\"0\"}', 5.00, 33.33, 'Poor-Overall skills are lower than grade level. Have difficulties in attending important details and operational techniques.', NULL, 1, 1, '2019-06-23 13:14:48', '2019-06-23 13:14:48'),
(2, 1, 8, 1, 1, 1, '00:28', 10, NULL, NULL, '{\"1\":\"3\",\"2\":\"2\",\"3\":\"3\",\"4\":\"1\",\"5\":\"2\",\"6\":\"5\",\"7\":\"2\",\"8\":\"3\",\"9\":\"3\",\"10\":\"1\"}', 25.00, NULL, 'Exhibit moderate level of nervousness which is healthy to keep a student focused and attentive.', NULL, 1, 1, '2019-06-23 13:45:48', '2019-06-23 13:45:48'),
(3, 1, 8, 6, 0, 9, '01:45', 25, 11, 14, '{\"185\":\"2\",\"172\":\"2\",\"184\":\"3\",\"188\":\"2\",\"186\":\"3\",\"180\":\"2\",\"182\":\"2\",\"177\":\"3\",\"187\":\"2\",\"197\":\"4\",\"193\":\"4\",\"179\":\"1\",\"174\":\"2\",\"198\":\"2\",\"170\":\"2\",\"173\":\"3\",\"195\":\"3\",\"189\":\"2\",\"178\":\"3\",\"175\":\"2\",\"190\":\"2\",\"183\":\"3\",\"181\":\"2\",\"176\":\"2\",\"191\":\"1\"}', 11.00, 44.00, 'Does not have the basic foundation of algebraic thinking and terms of algebra.', NULL, 1, 1, '2019-06-24 11:44:35', '2019-06-24 11:44:35'),
(4, 1, 8, 3, 0, 6, '01:39', 25, 6, 19, '{\"18\":\"2\",\"39\":\"2\",\"49\":\"4\",\"37\":\"2\",\"35\":\"1\",\"42\":\"2\",\"12\":\"2\",\"46\":\"4\",\"19\":\"2\",\"50\":\"2\",\"2\":\"2\",\"8\":\"2\",\"10\":\"2\",\"33\":\"3\",\"29\":\"2\",\"44\":\"3\",\"23\":\"2\",\"43\":\"2\",\"24\":\"2\",\"11\":\"2\",\"45\":\"2\",\"27\":\"2\",\"47\":\"2\",\"3\":\"2\",\"36\":\"2\"}', 6.00, 24.00, 'Short (below average)', NULL, 1, 1, '2019-06-24 12:22:35', '2019-06-24 12:22:35'),
(5, 1, 8, 3, 1, 4, '00:47', 10, NULL, NULL, '{\"21\":\"2\",\"22\":\"2\",\"23\":\"2\",\"24\":\"1\",\"25\":\"5\",\"26\":\"3\",\"27\":\"2\",\"28\":\"3\",\"29\":\"4\",\"30\":\"1\"}', 25.00, NULL, 'Has low interest and easily distracted.', NULL, 1, 1, '2019-06-24 14:44:31', '2019-06-24 14:44:31'),
(6, 1, 8, 5, 0, 8, '00:51', 25, 10, 15, '{\"160\":\"2\",\"152\":\"2\",\"151\":\"3\",\"153\":\"2\",\"154\":\"3\",\"138\":\"2\",\"143\":\"3\",\"124\":\"2\",\"137\":\"2\",\"162\":\"3\",\"122\":\"2\",\"157\":\"2\",\"139\":\"2\",\"146\":\"3\",\"136\":\"2\",\"133\":\"3\",\"155\":\"2\",\"141\":\"2\",\"163\":\"2\",\"126\":\"2\",\"259\":\"2\",\"128\":\"2\",\"159\":\"2\",\"145\":\"2\",\"166\":\"2\"}', 10.00, 40.00, 'Has fundamental problem in recognizing basic geometrical shapesand their properties.', NULL, 1, 1, '2019-06-25 09:49:27', '2019-06-25 09:49:27'),
(7, 1, 8, 4, 0, 7, '02:49', 25, 11, 14, '{\"246\":\"3\",\"201\":\"1\",\"202\":\"3\",\"227\":\"2\",\"213\":\"3\",\"244\":\"2\",\"203\":\"3\",\"231\":\"2\",\"208\":\"2\",\"199\":\"2\",\"228\":\"3\",\"255\":\"4\",\"212\":\"2\",\"238\":\"2\",\"223\":\"3\",\"206\":\"2\",\"216\":\"3\",\"224\":\"2\",\"219\":\"2\",\"250\":\"2\",\"241\":\"2\",\"257\":\"2\",\"254\":\"2\",\"234\":\"2\",\"210\":\"2\"}', 11.00, 44.00, 'Does not know the basic mathematical operations and has got tremendous challenges in identifying the logical extension of mathematical pattern.', NULL, 1, 1, '2019-06-25 17:58:49', '2019-06-25 17:58:49'),
(8, 1, 8, 2, 1, 3, '01:16', 10, NULL, NULL, '{\"11\":\"4\",\"12\":\"4\",\"13\":\"2\",\"14\":\"5\",\"15\":\"4\",\"16\":\"4\",\"17\":\"3\",\"18\":\"4\",\"19\":\"4\",\"20\":\"3\"}', 37.00, NULL, 'Severely affected by external factors. Has high level of discomfort towards Mathematical learning that stemmed either from unpleasant past experience or from poor teaching Methodology and negative life experience associated with learning mathematics.', NULL, 1, 1, '2019-06-26 11:07:28', '2019-06-26 11:07:28'),
(9, 2, 8, 1, 0, 2, '22:37', 15, 11, 4, '{\"79\":\"1\",\"72\":\"3\",\"81\":\"3\",\"76\":\"4\",\"65\":\"3\",\"83\":\"1\",\"89\":\"3\",\"61\":\"1\",\"68\":\"2\",\"86\":\"1\",\"63\":\"4\",\"56\":\"1\",\"55\":\"4\",\"60\":\"2\",\"85\":\"3\"}', 11.00, 73.33, 'Good-Has sound Mathematical understanding and reasoning for solving problems.', NULL, 2, 2, '2019-07-03 11:15:52', '2019-07-03 11:15:52'),
(10, 2, 8, 1, 1, 1, '04:10', 10, NULL, NULL, '{\"1\":\"5\",\"2\":\"3\",\"3\":\"4\",\"4\":\"5\",\"5\":\"2\",\"6\":\"0\",\"7\":\"4\",\"8\":\"5\",\"9\":\"5\",\"10\":\"2\"}', 35.00, NULL, 'Exhibit moderate level of nervousness which is healthy to keep a student focused and attentive.', NULL, 2, 2, '2019-07-03 11:35:32', '2019-07-03 11:35:32'),
(11, 2, 8, 2, 1, 3, '02:30', 10, NULL, NULL, '{\"11\":\"2\",\"12\":\"4\",\"13\":\"2\",\"14\":\"4\",\"15\":\"2\",\"16\":\"2\",\"17\":\"5\",\"18\":\"3\",\"19\":\"2\",\"20\":\"5\"}', 31.00, NULL, 'Somewhat discontent about Mathematical learning that may be stemmed from lack of proper guidance and lack of practice.', NULL, 2, 2, '2019-07-03 11:45:10', '2019-07-03 11:45:10'),
(12, 1, 8, 1, 2, 10, '00:39', 15, NULL, NULL, '{\"1\":\"5\",\"2\":\"5\",\"3\":\"4\",\"4\":\"3\",\"5\":\"1\",\"6\":\"5\",\"7\":\"5\",\"8\":\"3\",\"9\":\"5\",\"10\":\"1\",\"11\":\"4\",\"12\":\"3\",\"13\":\"2\",\"14\":\"5\",\"15\":\"1\"}', 52.00, NULL, NULL, NULL, 1, 1, '2019-08-29 10:51:20', '2019-08-29 10:51:20'),
(13, 1, 8, 2, 0, 11, '01:40', 10, 8, 2, '{\"1\":\"3\",\"2\":\"4\",\"3\":\"3\",\"4\":\"4\",\"5\":\"1\",\"6\":\"1\",\"7\":\"1\",\"8\":\"3\",\"9\":\"2\",\"10\":\"2\"}', 8.00, 80.00, NULL, NULL, 1, 1, '2019-08-29 10:53:22', '2019-08-29 10:53:22'),
(14, 1, 8, 4, 1, 5, '00:34', 10, NULL, NULL, '{\"31\":\"4\",\"32\":\"3\",\"33\":\"2\",\"34\":\"2\",\"35\":\"1\",\"36\":\"4\",\"37\":\"2\",\"38\":\"5\",\"39\":\"2\",\"40\":\"1\"}', 26.00, NULL, 'Not focused, shows signs of low interest in mathematics.', NULL, 1, 1, '2019-11-18 14:18:30', '2019-11-18 14:18:30'),
(15, 2, 8, 3, 1, 4, '01:01', 10, NULL, NULL, '{\"21\":\"3\",\"22\":\"2\",\"23\":\"2\",\"24\":\"2\",\"25\":\"3\",\"26\":\"1\",\"27\":\"5\",\"28\":\"2\",\"29\":\"1\",\"30\":\"3\"}', 24.00, NULL, 'Has low interest and easily distracted.', NULL, 2, 2, '2019-11-18 14:42:54', '2019-11-18 14:42:54'),
(16, 2, 8, 1, 2, 10, '01:14', 15, NULL, NULL, '{\"1\":\"5\",\"2\":\"4\",\"3\":\"4\",\"4\":\"3\",\"5\":\"3\",\"6\":\"3\",\"7\":\"3\",\"8\":\"3\",\"9\":\"4\",\"10\":\"4\",\"11\":\"4\",\"12\":\"3\",\"13\":\"3\",\"14\":\"5\",\"15\":\"4\"}', 55.00, NULL, NULL, NULL, 2, 2, '2019-11-18 14:45:28', '2019-11-18 14:45:28'),
(17, 2, 8, 2, 0, 11, '02:15', 10, 7, 3, '{\"1\":\"2\",\"2\":\"4\",\"3\":\"3\",\"4\":\"4\",\"5\":\"1\",\"6\":\"1\",\"7\":\"1\",\"8\":\"3\",\"9\":\"2\",\"10\":\"1\"}', 7.00, 70.00, NULL, NULL, 2, 2, '2019-11-18 14:49:08', '2019-11-18 14:49:08'),
(18, 8, 8, 3, 0, 6, '19:25', 25, 14, 11, '{\"34\":\"4\",\"11\":\"1\",\"27\":\"3\",\"26\":\"3\",\"43\":\"4\",\"8\":\"4\",\"18\":\"4\",\"51\":\"1\",\"28\":\"3\",\"25\":\"3\",\"17\":\"4\",\"38\":\"3\",\"40\":\"1\",\"1\":\"3\",\"49\":\"3\",\"45\":\"2\",\"19\":\"1\",\"4\":\"0\",\"3\":\"2\",\"31\":\"0\",\"6\":\"4\",\"47\":\"4\",\"12\":\"2\",\"30\":\"3\",\"36\":\"2\"}', 14.00, 56.00, 'Short (below average)', NULL, 8, 8, '2019-12-02 16:31:32', '2019-12-02 16:31:32'),
(19, 2, 8, 4, 1, 5, '01:12', 30, NULL, NULL, '{\"31\":\"4\",\"32\":\"3\",\"33\":\"2\",\"34\":\"0\",\"35\":\"4\",\"36\":\"2\",\"37\":\"1\",\"38\":\"4\",\"39\":\"5\",\"40\":\"2\",\"71\":\"3\",\"72\":\"0\",\"73\":\"0\",\"74\":\"1\",\"75\":\"0\",\"76\":\"0\",\"77\":\"2\",\"78\":\"0\",\"79\":\"0\",\"80\":\"0\",\"111\":\"0\",\"112\":\"0\",\"113\":\"0\",\"114\":\"0\",\"115\":\"0\",\"116\":\"0\",\"117\":\"0\",\"118\":\"0\",\"119\":\"0\",\"120\":\"0\"}', 33.00, NULL, 'Not focused, shows signs of low interest in mathematics.', NULL, 2, 2, '2020-01-16 13:40:12', '2020-01-16 13:40:12'),
(20, 7, 8, 1, 1, 13, '03:41', 10, NULL, NULL, '{\"81\":\"5\",\"82\":\"3\",\"83\":\"3\",\"84\":\"4\",\"85\":\"5\",\"86\":\"3\",\"87\":\"2\",\"88\":\"3\",\"89\":\"5\",\"90\":\"3\"}', 36.00, NULL, 'Exhibit a severe and unhealthy level of nervousness or tension which sometimes stem from very poor preparation/huge lack of basic knowledge/ tremendous pressure doing good which is not justified.', NULL, 7, 7, '2020-01-26 15:00:19', '2020-01-26 15:00:19'),
(21, 7, 8, 3, 0, 14, '02:25', 30, 10, 20, '{\"367\":\"2\",\"344\":\"2\",\"380\":\"2\",\"342\":\"2\",\"366\":\"1\",\"376\":\"2\",\"365\":\"2\",\"371\":\"2\",\"347\":\"2\",\"355\":\"4\",\"357\":\"2\",\"370\":\"2\",\"361\":\"2\",\"322\":\"1\",\"358\":\"1\",\"377\":\"1\",\"346\":\"2\",\"369\":\"2\",\"363\":\"2\",\"354\":\"2\",\"373\":\"2\",\"379\":\"2\",\"343\":\"1\",\"364\":\"4\",\"349\":\"2\",\"356\":\"2\",\"348\":\"2\",\"375\":\"3\",\"350\":\"2\",\"372\":\"1\"}', 10.00, 33.33, 'Short (below average)', NULL, 7, 7, '2020-01-26 16:06:38', '2020-01-26 16:06:38'),
(22, 12, 3, 3, 0, 15, '08:12', 30, 24, 6, '{\"590\":\"2\",\"595\":\"3\",\"565\":\"3\",\"569\":\"4\",\"566\":\"3\",\"597\":\"2\",\"563\":\"3\",\"574\":\"3\",\"592\":\"2\",\"579\":\"1\",\"588\":\"1\",\"593\":\"2\",\"583\":\"1\",\"584\":\"2\",\"578\":\"2\",\"561\":\"2\",\"582\":\"2\",\"562\":\"3\",\"567\":\"1\",\"598\":\"3\",\"580\":\"4\",\"586\":\"1\",\"576\":\"2\",\"581\":\"4\",\"587\":\"2\",\"591\":\"1\",\"575\":\"3\",\"572\":\"2\",\"599\":\"3\",\"585\":\"2\"}', 24.00, 80.00, 'Short (below average)', NULL, 12, 12, '2020-01-26 16:57:53', '2020-01-26 16:57:53'),
(23, 18, 4, 2, 0, 16, '01:16', 20, 8, 12, '{\"791\":\"4\",\"781\":\"2\",\"790\":\"2\",\"787\":\"2\",\"785\":\"2\",\"783\":\"4\",\"793\":\"2\",\"792\":\"1\",\"782\":\"4\",\"788\":\"2\",\"778\":\"2\",\"775\":\"1\",\"777\":\"3\",\"786\":\"2\",\"784\":\"4\",\"789\":\"2\",\"776\":\"2\",\"794\":\"2\",\"779\":\"2\",\"780\":\"3\"}', 8.00, 40.00, '', NULL, 18, 18, '2020-01-26 17:24:13', '2020-01-26 17:24:13'),
(24, 12, 3, 1, 0, 17, '04:15', 40, 14, 26, '{\"756\":\"1\",\"747\":\"3\",\"766\":\"2\",\"735\":\"2\",\"768\":\"4\",\"750\":\"2\",\"774\":\"1\",\"764\":\"2\",\"741\":\"2\",\"757\":\"2\",\"749\":\"2\",\"771\":\"2\",\"761\":\"2\",\"769\":\"2\",\"736\":\"2\",\"763\":\"1\",\"767\":\"2\",\"746\":\"2\",\"759\":\"2\",\"754\":\"1\",\"752\":\"2\",\"739\":\"2\",\"753\":\"2\",\"744\":\"2\",\"758\":\"2\",\"770\":\"3\",\"762\":\"2\",\"765\":\"3\",\"772\":\"1\",\"738\":\"1\",\"760\":\"1\",\"751\":\"3\",\"740\":\"2\",\"737\":\"2\",\"734\":\"1\",\"742\":\"2\",\"773\":\"2\",\"745\":\"2\",\"748\":\"3\",\"755\":\"3\"}', 14.00, 35.00, 'Poor-Overall skills are lower than grade level. Have difficulties in attending important details and operational techniques.', NULL, 12, 12, '2020-01-26 18:12:45', '2020-01-26 18:12:45'),
(25, 18, 4, 4, 0, 18, '00:47', 23, 3, 19, '{\"668\":\"2\",\"673\":\"2\",\"679\":\"2\",\"661\":\"2\",\"666\":\"2\",\"672\":\"1\",\"670\":\"2\",\"669\":\"2\",\"663\":\"1\",\"683\":\"4\",\"667\":\"1\",\"680\":\"2\",\"674\":\"1\",\"681\":\"2\",\"664\":\"1\",\"675\":\"2\",\"671\":\"2\",\"676\":\"1\",\"665\":\"2\",\"677\":\"1\",\"678\":\"2\",\"662\":\"4\"}', 3.00, 13.04, 'Does not know the basic mathematical operations and has got tremendous challenges in identifying the logical extension of mathematical pattern.', NULL, 18, 18, '2020-01-26 18:22:18', '2020-01-26 18:22:18');

-- --------------------------------------------------------

--
-- Table structure for table `bdedu_iq_standard_marks`
--

CREATE TABLE `bdedu_iq_standard_marks` (
  `mark_row_id` int(11) NOT NULL,
  `school_row_id` int(3) DEFAULT '1',
  `mark_title` varchar(150) DEFAULT NULL,
  `mark` int(11) DEFAULT NULL,
  `status` tinyint(1) NOT NULL DEFAULT '0',
  `created_by` int(11) NOT NULL,
  `updated_by` int(11) NOT NULL,
  `created_at` datetime NOT NULL,
  `updated_at` datetime NOT NULL
) ENGINE=InnoDB DEFAULT CHARSET=latin1;

--
-- Dumping data for table `bdedu_iq_standard_marks`
--

INSERT INTO `bdedu_iq_standard_marks` (`mark_row_id`, `school_row_id`, `mark_title`, `mark`, `status`, `created_by`, `updated_by`, `created_at`, `updated_at`) VALUES
(1, 1, 'International Standard', 75, 0, 2, 2, '2019-07-04 10:32:03', '2019-07-04 10:32:03'),
(2, 1, 'Local Standard', 72, 1, 2, 2, '2019-07-04 10:32:12', '2019-07-04 10:32:12'),
(3, 1, 'General  Standard', 62, 0, 2, 2, '2019-07-04 10:32:27', '2019-07-04 10:32:27');

-- --------------------------------------------------------

--
-- Table structure for table `bdedu_master_classes`
--

CREATE TABLE `bdedu_master_classes` (
  `class_row_id` int(3) NOT NULL,
  `class_name` varchar(100) NOT NULL,
  `class_name_roman` varchar(100) NOT NULL,
  `sort_order` int(3) NOT NULL,
  `school_group` tinyint(1) NOT NULL,
  `created_by` int(11) NOT NULL,
  `updated_by` int(11) NOT NULL,
  `created_at` datetime DEFAULT NULL,
  `updated_at` datetime DEFAULT NULL
) ENGINE=InnoDB DEFAULT CHARSET=latin1;

--
-- Dumping data for table `bdedu_master_classes`
--

INSERT INTO `bdedu_master_classes` (`class_row_id`, `class_name`, `class_name_roman`, `sort_order`, `school_group`, `created_by`, `updated_by`, `created_at`, `updated_at`) VALUES
(1, 'One', 'I', 6, 2, 1, 1, '2016-09-06 11:00:00', '2016-09-06 11:00:00'),
(2, 'Two', 'II', 7, 2, 1, 1, '2016-09-06 11:00:00', '2016-09-06 11:00:00'),
(3, 'Three', 'III', 8, 2, 1, 1, '2016-09-06 11:00:00', '2016-09-06 11:00:00'),
(4, 'Four', 'IV', 9, 2, 1, 1, '2016-09-06 11:00:00', '2016-09-06 11:00:00'),
(5, 'Five', 'V', 10, 2, 1, 1, '2016-09-06 11:00:00', '2016-09-06 11:00:00'),
(6, 'Six', 'VI', 11, 3, 1, 1, '2016-09-06 11:00:00', '2016-09-06 11:00:00'),
(7, 'Seven', 'VII', 12, 3, 1, 1, '2016-09-06 11:00:00', '2016-09-06 11:00:00'),
(8, 'Eight', 'VIII', 13, 3, 1, 1, '2016-09-06 11:00:00', '2016-09-06 11:00:00'),
(9, 'Nine', 'IX', 14, 3, 1, 1, '2016-09-06 11:00:00', '2016-09-06 11:00:00'),
(10, 'Ten', 'X', 15, 3, 1, 1, '2016-09-06 11:00:00', '2016-09-06 11:00:00'),
(11, 'Eleven', 'XI', 16, 4, 1, 1, '2016-09-06 11:00:00', '2016-09-06 11:00:00'),
(12, 'Twelve', 'XII', 17, 4, 1, 1, '2016-09-06 11:00:00', '2016-09-06 11:00:00'),
(13, 'Pre Primary', 'Pre Primary', 1, 1, 1, 0, '2016-09-06 11:00:00', '2016-09-06 11:00:00'),
(14, 'Nursery', 'Nursery', 2, 1, 1, 0, '2016-09-06 11:00:00', '2016-09-06 11:00:00'),
(15, 'KG', 'KG', 3, 1, 1, 0, '2016-09-06 11:00:00', '2016-09-06 11:00:00'),
(16, 'KG-1', 'KG-1', 4, 1, 0, 0, '2016-09-06 11:00:00', '2016-09-06 11:00:00'),
(17, 'KG-2', 'KG-2', 5, 1, 0, 0, '2016-09-06 11:00:00', '2016-09-06 11:00:00');

-- --------------------------------------------------------

--
-- Table structure for table `bdedu_memory_exam_categories`
--

CREATE TABLE `bdedu_memory_exam_categories` (
  `memory_exam_category_row_id` int(11) NOT NULL,
  `module_row_id` int(11) NOT NULL,
  `school_row_id` int(3) DEFAULT NULL,
  `exam_category_name` varchar(255) NOT NULL,
  `exam_category_slug` varchar(255) NOT NULL,
  `icon_name` varchar(255) DEFAULT NULL,
  `is_time_base` tinyint(1) NOT NULL DEFAULT '1',
  `parent_id` int(11) DEFAULT NULL,
  `has_child` int(11) DEFAULT NULL,
  `level` int(11) DEFAULT NULL,
  `sort_order` int(3) NOT NULL DEFAULT '1',
  `status` tinyint(1) DEFAULT '1',
  `created_by` int(11) NOT NULL,
  `updated_by` int(11) DEFAULT NULL,
  `created_at` datetime DEFAULT CURRENT_TIMESTAMP,
  `updated_at` datetime DEFAULT CURRENT_TIMESTAMP
) ENGINE=InnoDB DEFAULT CHARSET=latin1;

--
-- Dumping data for table `bdedu_memory_exam_categories`
--

INSERT INTO `bdedu_memory_exam_categories` (`memory_exam_category_row_id`, `module_row_id`, `school_row_id`, `exam_category_name`, `exam_category_slug`, `icon_name`, `is_time_base`, `parent_id`, `has_child`, `level`, `sort_order`, `status`, `created_by`, `updated_by`, `created_at`, `updated_at`) VALUES
(1, 3, 1, 'Remembering and Recognition', 'rembering-recognition', NULL, 0, NULL, NULL, NULL, 1, 1, 2, 2, '2019-08-19 14:55:13', '2019-08-19 14:55:13'),
(2, 3, 1, 'Visual Spatial', 'visual-spatial', NULL, 1, NULL, NULL, NULL, 2, 1, 2, 2, '2019-08-19 14:56:24', '2019-08-19 14:56:24'),
(3, 3, 1, 'Operation Span', 'operation-span', NULL, 1, NULL, NULL, NULL, 3, 1, 2, 2, '2019-08-19 14:56:24', '2019-08-19 14:56:24'),
(4, 3, 1, 'Reading Span', 'reading-span', NULL, 1, NULL, NULL, NULL, 4, 1, 2, 2, '2019-08-19 14:56:24', '2019-08-19 14:56:24'),
(5, 3, 1, 'Rotation Span', 'rotation-span', NULL, 1, NULL, NULL, NULL, 5, 1, 2, 2, '2019-08-19 14:56:24', '2019-08-19 14:56:24');

-- --------------------------------------------------------

--
-- Table structure for table `bdedu_memory_exam_questions`
--

CREATE TABLE `bdedu_memory_exam_questions` (
  `memory_question_row_id` int(11) NOT NULL,
  `education_type_row_id` int(11) NOT NULL,
  `class_row_id` text CHARACTER SET utf8 COLLATE utf8_unicode_ci COMMENT 'JSON Format Class',
  `module_row_id` int(11) NOT NULL,
  `school_row_id` int(3) DEFAULT NULL,
  `memory_exam_category_row_id` int(11) NOT NULL,
  `question_type` int(11) NOT NULL COMMENT '1 ~ Multiple Choice, 2 ~ Short Descriptive, 3 ~ Broad Descriptive',
  `question_title` text CHARACTER SET utf8 COLLATE utf8_unicode_ci,
  `question_title_attachment` varchar(255) CHARACTER SET utf8 COLLATE utf8_unicode_ci DEFAULT NULL COMMENT 'Image,Audio,Video',
  `question_title_answer` text CHARACTER SET utf8 COLLATE utf8_unicode_ci,
  `question_title_attachment_answer` varchar(255) CHARACTER SET utf8 COLLATE utf8_unicode_ci DEFAULT NULL,
  `question_level` text CHARACTER SET utf8 COLLATE utf8_unicode_ci COMMENT '1 ~ Foundation, 2 ~ Intermediate, 3 ~ Advance',
  `question_mimetype` int(3) DEFAULT NULL COMMENT '1 ~ Text Question, 2 ~ Image Question, 3 ~ Audio(MP3) Question, 4 ~ Video(MP4) Question',
  `answer_type` int(3) DEFAULT NULL COMMENT '1 ~ Text Answer, 2 ~ Image Answer',
  `mark_weight` int(3) NOT NULL DEFAULT '1',
  `answer_1` varchar(250) CHARACTER SET utf8 COLLATE utf8_unicode_ci DEFAULT NULL,
  `answer_2` varchar(250) CHARACTER SET utf8 COLLATE utf8_unicode_ci DEFAULT NULL,
  `answer_3` varchar(250) CHARACTER SET utf8 COLLATE utf8_unicode_ci DEFAULT NULL,
  `answer_4` varchar(250) CHARACTER SET utf8 COLLATE utf8_unicode_ci DEFAULT NULL,
  `is_correct_answer` int(3) DEFAULT NULL,
  `created_by` int(11) DEFAULT NULL,
  `updated_by` int(11) DEFAULT NULL,
  `created_at` datetime DEFAULT CURRENT_TIMESTAMP,
  `updated_at` datetime DEFAULT CURRENT_TIMESTAMP
) ENGINE=InnoDB DEFAULT CHARSET=latin1;

--
-- Dumping data for table `bdedu_memory_exam_questions`
--

INSERT INTO `bdedu_memory_exam_questions` (`memory_question_row_id`, `education_type_row_id`, `class_row_id`, `module_row_id`, `school_row_id`, `memory_exam_category_row_id`, `question_type`, `question_title`, `question_title_attachment`, `question_title_answer`, `question_title_attachment_answer`, `question_level`, `question_mimetype`, `answer_type`, `mark_weight`, `answer_1`, `answer_2`, `answer_3`, `answer_4`, `is_correct_answer`, `created_by`, `updated_by`, `created_at`, `updated_at`) VALUES
(1, 1, '[\"8\"]', 3, 1, 2, 1, NULL, '1566721990_memory_test_2_Q_part_1.png', 'Select the locations of green squares in the diagram', '1566721990_memory_test_Q_part_2.png', 'null', 2, 1, 1, 'a)	[ 6, 2]', '[ 7, 3]', '[ 7, 2]', '[ 1, 3]', 3, 2, NULL, '2019-08-25 08:33:10', '2019-08-25 14:33:10'),
(2, 1, '[\"8\"]', 3, 1, 2, 1, NULL, '1566722095_memory_test_2_Q_part_1.png', 'Select the locations of Yellow squares in the diagram', '1566722095_memory_test_2_Q_part_2.png', 'null', 2, 1, 1, 'a)	[ 1, 4]', '[8, 3]', '[ 1, 3]', '[ 8, 4]', 4, 2, NULL, '2019-08-25 08:34:55', '2019-08-25 14:34:55'),
(3, 1, '[\"8\"]', 3, 1, 2, 1, NULL, '1566723248_iq_l1_q11.jpg', 'What is the clock time you see?', NULL, 'null', 2, 1, 1, '5:30 PM', '6:300 PM', '7:30 PM', '11:30 PM', 3, 2, NULL, '2019-08-25 08:54:08', '2019-08-25 14:54:08'),
(4, 1, '[\"8\"]', 3, 1, 2, 1, NULL, '1566723433_sub_geo_l1_q8.jpg', 'What shape you see?', NULL, 'null', 2, 1, 1, 'Square', 'Rectangle', 'Polygon', 'Right-angled-Triangle', 4, 2, NULL, '2019-08-25 08:57:13', '2019-08-25 14:57:13'),
(5, 1, '[\"8\"]', 3, 1, 2, 1, NULL, '1566723665_sub_geo_l1_q14.jpg', 'What shape you see in picture?', NULL, 'null', 2, 1, 1, 'Circle', 'Cube', 'Sphare', 'Cylinder', 1, 2, NULL, '2019-08-25 09:01:05', '2019-08-25 15:01:05'),
(6, 1, '[\"8\"]', 3, 1, 2, 1, NULL, '1566723841_sub_geo_l1_q7.jpg', 'What shape you see in picture?', NULL, 'null', 2, 1, 1, 'Cube', 'Triangle', 'Square', 'Rectangle', 1, 2, NULL, '2019-08-25 09:04:01', '2019-08-25 15:04:01'),
(7, 1, '[\"8\"]', 3, 1, 2, 1, NULL, '1566724044_diag1_l3_8.jpg', 'What shape see in picture?', NULL, 'null', 2, 1, 1, 'Cylinder', 'Circle', 'Polygon', 'Quadric', 1, 2, NULL, '2019-08-25 09:07:24', '2019-08-25 15:07:24'),
(8, 1, '[\"8\"]', 3, 1, 2, 1, NULL, '1566725090_memory_apple_question.jpg', 'How Many appel you see in picture?', NULL, 'null', 2, 1, 1, '6', '9', '3', '1', 3, 2, NULL, '2019-08-25 09:24:50', '2019-08-25 15:24:50'),
(9, 1, '[\"8\"]', 3, 1, 2, 1, NULL, '1566725186_memory_question_3.jpg', 'How many Bannana in picture?', NULL, 'null', 2, 1, 1, '5', '7', '4', '3', 1, 2, NULL, '2019-08-25 09:26:26', '2019-08-25 15:26:26'),
(10, 1, '[\"8\"]', 3, 1, 2, 1, NULL, '1566725280_memory_test_question_6.jpg', 'How many pineappel you see in picture?', NULL, 'null', 2, 1, 1, '3', '5', '1', '2', 3, 2, NULL, '2019-08-25 09:28:00', '2019-08-25 15:28:01');

-- --------------------------------------------------------

--
-- Table structure for table `bdedu_modules`
--

CREATE TABLE `bdedu_modules` (
  `module_row_id` int(11) NOT NULL,
  `school_row_id` int(3) DEFAULT NULL,
  `module_name` varchar(255) NOT NULL,
  `module_slug` varchar(255) NOT NULL,
  `sort_order` int(3) NOT NULL DEFAULT '1',
  `status` tinyint(1) NOT NULL DEFAULT '1',
  `created_by` int(11) NOT NULL,
  `updated_by` int(11) NOT NULL,
  `created_at` datetime NOT NULL,
  `updated_at` datetime NOT NULL
) ENGINE=InnoDB DEFAULT CHARSET=latin1;

--
-- Dumping data for table `bdedu_modules`
--

INSERT INTO `bdedu_modules` (`module_row_id`, `school_row_id`, `module_name`, `module_slug`, `sort_order`, `status`, `created_by`, `updated_by`, `created_at`, `updated_at`) VALUES
(1, 1, 'IIDP', 'iidp', 1, 1, 2, 2, '2019-04-17 00:00:00', '2019-04-17 00:00:00'),
(2, 1, 'ECDP', 'ecdp', 2, 1, 2, 2, '2019-04-17 00:00:00', '2019-04-17 00:00:00'),
(3, 1, 'MSDP', 'msdp', 3, 1, 2, 2, '2019-04-17 09:42:00', '2019-04-17 00:00:00'),
(4, 1, 'BCDP', 'bcdp', 4, 1, 2, 2, '2019-04-17 09:42:00', '2019-04-17 00:00:00'),
(5, 1, 'SSDP', 'ssdp', 5, 1, 2, 2, '2019-04-17 09:42:00', '2019-04-17 09:44:07'),
(6, 1, 'HMMS', 'hmms', 6, 1, 2, 2, '2019-04-17 09:42:00', '2019-04-17 09:44:07');

-- --------------------------------------------------------

--
-- Table structure for table `bdedu_psychology_categories`
--

CREATE TABLE `bdedu_psychology_categories` (
  `psychology_exam_category_row_id` int(11) NOT NULL,
  `module_row_id` int(11) NOT NULL,
  `school_row_id` int(3) DEFAULT NULL,
  `exam_category_name` varchar(255) NOT NULL,
  `exam_category_slug` varchar(255) NOT NULL,
  `icon_name` varchar(255) DEFAULT NULL,
  `parent_id` int(11) DEFAULT NULL,
  `has_child` int(11) DEFAULT NULL,
  `level` int(11) DEFAULT NULL,
  `sort_order` int(3) NOT NULL DEFAULT '1',
  `status` tinyint(1) DEFAULT '1',
  `created_by` int(11) NOT NULL,
  `updated_by` int(11) DEFAULT NULL,
  `created_at` datetime DEFAULT CURRENT_TIMESTAMP,
  `updated_at` datetime DEFAULT CURRENT_TIMESTAMP
) ENGINE=InnoDB DEFAULT CHARSET=latin1;

--
-- Dumping data for table `bdedu_psychology_categories`
--

INSERT INTO `bdedu_psychology_categories` (`psychology_exam_category_row_id`, `module_row_id`, `school_row_id`, `exam_category_name`, `exam_category_slug`, `icon_name`, `parent_id`, `has_child`, `level`, `sort_order`, `status`, `created_by`, `updated_by`, `created_at`, `updated_at`) VALUES
(1, 3, 1, 'Maths Anxiety symptoms (Internal and External)', 'maths-anxiety-symptoms', NULL, NULL, NULL, NULL, 1, 1, 2, 2, '2019-05-12 11:14:24', '2019-06-17 08:40:33'),
(2, 3, 1, 'Past Experience', 'past-experience', NULL, NULL, NULL, NULL, 2, 1, 2, 2, '2019-05-12 11:14:24', '2019-06-17 08:40:58'),
(3, 3, 1, 'Learning Habit', 'learning-habit', NULL, NULL, NULL, NULL, 3, 1, 2, 2, '2019-05-12 11:14:33', '2019-06-17 08:41:39'),
(4, 3, 1, 'Productive / Mathematical Disposition', 'productive-mathematical-disposition', NULL, NULL, NULL, NULL, 4, 1, 2, 2, '2019-05-12 12:18:17', '2019-06-17 08:42:25');

-- --------------------------------------------------------

--
-- Table structure for table `bdedu_psychology_questions`
--

CREATE TABLE `bdedu_psychology_questions` (
  `psychology_question_row_id` int(11) NOT NULL,
  `school_row_id` int(11) DEFAULT NULL,
  `education_type_row_id` int(11) NOT NULL,
  `class_row_id` text CHARACTER SET utf8 COLLATE utf8_unicode_ci,
  `module_row_id` int(11) DEFAULT NULL,
  `psychology_exam_category_row_id` int(11) DEFAULT NULL,
  `question_title` varchar(255) CHARACTER SET utf8 COLLATE utf8_unicode_ci DEFAULT NULL,
  `question_title_attachment` varchar(255) CHARACTER SET utf8 COLLATE utf8_unicode_ci DEFAULT NULL,
  `question_level` text CHARACTER SET utf8 COLLATE utf8_unicode_ci COMMENT '1 ~ Foundation, 2 ~ Intermediate, 3 ~ Advance',
  `updated_by` int(11) DEFAULT NULL,
  `updated_at` datetime DEFAULT CURRENT_TIMESTAMP,
  `created_at` datetime DEFAULT CURRENT_TIMESTAMP,
  `created_by` int(11) DEFAULT NULL,
  `answer_1` varchar(255) CHARACTER SET utf8 COLLATE utf8_unicode_ci DEFAULT NULL,
  `marks_1` int(2) DEFAULT NULL,
  `answer_2` varchar(255) CHARACTER SET utf8 COLLATE utf8_unicode_ci DEFAULT NULL,
  `marks_2` int(2) DEFAULT NULL,
  `answer_3` varchar(255) CHARACTER SET utf8 COLLATE utf8_unicode_ci DEFAULT NULL,
  `marks_3` int(2) DEFAULT NULL,
  `answer_4` varchar(255) CHARACTER SET utf8 COLLATE utf8_unicode_ci DEFAULT NULL,
  `marks_4` int(2) DEFAULT NULL,
  `answer_5` varchar(255) CHARACTER SET utf8 COLLATE utf8_unicode_ci DEFAULT NULL,
  `marks_5` int(2) DEFAULT NULL
) ENGINE=InnoDB DEFAULT CHARSET=latin1;

--
-- Dumping data for table `bdedu_psychology_questions`
--

INSERT INTO `bdedu_psychology_questions` (`psychology_question_row_id`, `school_row_id`, `education_type_row_id`, `class_row_id`, `module_row_id`, `psychology_exam_category_row_id`, `question_title`, `question_title_attachment`, `question_level`, `updated_by`, `updated_at`, `created_at`, `created_by`, `answer_1`, `marks_1`, `answer_2`, `marks_2`, `answer_3`, `marks_3`, `answer_4`, `marks_4`, `answer_5`, `marks_5`) VALUES
(1, 1, 1, '[\"8\"]', 3, 1, 'I have visible signs of nervousness (sweaty palms, shaky hands, and so on) right before a test.', NULL, 'null', NULL, '2019-06-09 17:14:09', '2019-06-09 11:14:09', 2, 'Strongly Agree', 5, 'Agree', 4, 'Not Agree', 3, 'Strongly Not Agree', 2, 'None of them', 1),
(2, 1, 1, '[\"8\"]', 3, 1, 'I have &ldquo;butterflies / empty feelings&rdquo; in my stomach before a test.', NULL, 'null', NULL, '2019-06-09 17:15:33', '2019-06-09 11:15:33', 2, 'Strongly Agree', 5, 'Agree', 4, 'Not Agree', 3, 'Strongly Not Agree', 2, 'None of them', 1),
(3, 1, 1, '[\"8\"]', 3, 1, 'I feel nauseous / uneasy before a test.', NULL, 'null', NULL, '2019-06-09 17:16:08', '2019-06-09 11:16:08', 2, 'Strongly Agree', 5, 'Agree', 4, 'Not Agree', 3, 'Strongly Not Agree', 2, 'None of them', 1),
(4, 1, 1, '[\"8\"]', 3, 1, 'I have trouble sleeping the night before a test.', NULL, 'null', NULL, '2019-06-09 17:27:38', '2019-06-09 11:27:38', 2, 'Strongly Agree', 5, 'Agree', 4, 'Not Agree', 3, 'Strongly Not Agree', 2, 'None of them', 1),
(5, 1, 1, '[\"8\"]', 3, 1, 'I panic before and during a test.', NULL, 'null', NULL, '2019-06-09 17:28:08', '2019-06-09 11:28:08', 2, 'Strongly Agree', 5, 'Agree', 4, 'Not Agree', 3, 'Strongly Not Agree', 2, 'None of them', 1),
(6, 1, 1, '[\"8\"]', 3, 1, 'My mouth becomes dry and my body breaks out in sweat.', NULL, 'null', NULL, '2019-06-09 17:28:43', '2019-06-09 11:28:43', 2, 'Strongly Agree', 5, 'Agree', 4, 'Not Agree', 3, 'Strongly Not Agree', 2, 'None of them', 1),
(7, 1, 1, '[\"8\"]', 3, 1, 'Math tests are always more stressful to me than other tests.', NULL, 'null', NULL, '2019-06-09 17:29:16', '2019-06-09 11:29:16', 2, 'Strongly Agree', 5, 'Agree', 4, 'Not Agree', 3, 'Strongly Not Agree', 2, 'None of them', 1),
(8, 1, 1, '[\"8\"]', 3, 1, 'When I go through the test paper I feel that I do not know any of the answers.', NULL, 'null', NULL, '2019-06-09 17:29:55', '2019-06-09 11:29:55', 2, 'Strongly Agree', 5, 'Agree', 4, 'Not Agree', 3, 'Strongly Not Agree', 2, 'None of them', 1),
(9, 1, 1, '[\"8\"]', 3, 1, 'I always suffer from &lsquo;fear of failure&rsquo; (fear of what others might say in case of my failure)', NULL, 'null', NULL, '2019-06-09 17:30:23', '2019-06-09 11:30:23', 2, 'Strongly Agree', 5, 'Agree', 4, 'Not Agree', 3, 'Strongly Not Agree', 2, 'None of them', 1),
(10, 1, 1, '[\"8\"]', 3, 1, 'I have trouble in choosing questions in the test.', NULL, 'null', NULL, '2019-06-09 17:31:15', '2019-06-09 11:31:15', 2, 'Strongly Agree', 5, 'Agree', 4, 'Not Agree', 3, 'Strongly Not Agree', 2, 'None of them', 1),
(11, 1, 1, '[\"8\"]', 3, 2, 'I have been punished or embarrassed in math class for not understanding something.', NULL, 'null', NULL, '2019-06-09 17:32:17', '2019-06-09 11:32:17', 2, 'Strongly Agree', 5, 'Agree', 4, 'Not Agree', 3, 'Strongly Not Agree', 2, 'None of them', 1),
(12, 1, 1, '[\"8\"]', 3, 2, 'I had a break from study/ long discontinuation and since then I found mathematics challenging.', NULL, 'null', NULL, '2019-06-09 17:32:47', '2019-06-09 11:32:47', 2, 'Strongly Agree', 5, 'Agree', 4, 'Not Agree', 3, 'Strongly Not Agree', 2, 'None of them', 1),
(13, 1, 1, '[\"8\"]', 3, 2, 'I am always worried about being called on or questioned in the math class.', NULL, 'null', NULL, '2019-06-09 17:33:22', '2019-06-09 11:33:22', 2, 'Strongly Agree', 5, 'Agree', 4, 'Not Agree', 3, 'Strongly Not Agree', 2, 'None of them', 1),
(14, 1, 1, '[\"8\"]', 3, 2, 'My teacher is always inclined to / prefers his own methods when solving math problems.', NULL, 'null', NULL, '2019-06-09 17:34:07', '2019-06-09 11:34:07', 2, 'Strongly Agree', 5, 'Agree', 4, 'Not Agree', 3, 'Strongly Not Agree', 2, 'None of them', 1),
(15, 1, 1, '[\"8\"]', 3, 2, 'My math teacher became/ becomes annoyed when I ask questions and I am unable to communicate easily with him/her.', NULL, 'null', NULL, '2019-06-09 17:34:37', '2019-06-09 11:34:37', 2, 'Strongly Agree', 5, 'Agree', 4, 'Not Agree', 3, 'Strongly Not Agree', 2, 'None of them', 1),
(16, 1, 1, '[\"8\"]', 3, 2, 'I have been promoted to the next class even though I did poorly in earlier math classes.', NULL, 'null', NULL, '2019-06-09 17:35:08', '2019-06-09 11:35:08', 2, 'Strongly Agree', 5, 'Agree', 4, 'Not Agree', 3, 'Strongly Not Agree', 2, 'None of them', 1),
(17, 1, 1, '[\"8\"]', 3, 2, 'My parents, elder brothers and sisters, friends or teachers shared their own struggles and frustration in math with me.', NULL, 'null', NULL, '2019-06-09 17:35:37', '2019-06-09 11:35:37', 2, 'Strongly Agree', 5, 'Agree', 4, 'Not Agree', 3, 'Strongly Not Agree', 2, 'None of them', 1),
(18, 1, 1, '[\"8\"]', 3, 2, 'I always practice Mathematics but never get the expected result.', NULL, 'null', NULL, '2019-06-09 17:36:01', '2019-06-09 11:36:01', 2, 'Strongly Agree', 5, 'Agree', 4, 'Not Agree', 3, 'Strongly Not Agree', 2, 'None of them', 1),
(19, 1, 1, '[\"8\"]', 3, 2, 'I believe in superstitions/stereotypes and I cannot innately learn math.', NULL, 'null', NULL, '2019-06-09 17:36:18', '2019-06-09 11:36:18', 2, 'Strongly Agree', 5, 'Agree', 4, 'Not Agree', 3, 'Strongly Not Agree', 2, 'None of them', 1),
(20, 1, 1, '[\"8\"]', 3, 2, 'My parents/teachers expect a lot from me.', NULL, 'null', NULL, '2019-06-09 17:36:42', '2019-06-09 11:36:42', 2, 'Strongly Agree', 5, 'Agree', 4, 'Not Agree', 3, 'Strongly Not Agree', 2, 'None of them', 1),
(21, 1, 1, '[\"8\"]', 3, 3, 'I do not practice math regularly', NULL, 'null', NULL, '2019-06-09 17:38:14', '2019-06-09 11:38:14', 2, 'Strongly Agree', 5, 'Agree', 4, 'Not Agree', 3, 'Strongly Not Agree', 2, 'None of them', 1),
(22, 1, 1, '[\"8\"]', 3, 3, 'I prefer memorize the process to understand the process in learning math', NULL, 'null', NULL, '2019-06-09 17:38:42', '2019-06-09 11:38:42', 2, 'Strongly Agree', 5, 'Agree', 4, 'Not Agree', 3, 'Strongly Not Agree', 2, 'None of them', 1),
(23, 1, 1, '[\"8\"]', 3, 3, 'Even though I do not understand anything in the class, I still pretend that I have understood everything.', NULL, 'null', NULL, '2019-06-09 17:39:09', '2019-06-09 11:39:09', 2, 'Strongly Agree', 5, 'Agree', 4, 'Not Agree', 3, 'Strongly Not Agree', 2, 'None of them', 1),
(24, 1, 1, '[\"8\"]', 3, 3, 'I am not organized in answering the math questions and do lot of messy work in between.', NULL, 'null', NULL, '2019-06-09 17:39:31', '2019-06-09 11:39:31', 2, 'Strongly Agree', 5, 'Agree', 4, 'Not Agree', 3, 'Strongly Not Agree', 2, 'None of them', 1),
(25, 1, 1, '[\"8\"]', 3, 3, 'Even when doing simple or easy math problems, I depend on other&rsquo;s assistance/support.', NULL, 'null', NULL, '2019-06-09 17:39:57', '2019-06-09 11:39:57', 2, 'Strongly Agree', 5, 'Agree', 4, 'Not Agree', 3, 'Strongly Not Agree', 2, 'None of them', 1),
(26, 1, 1, '[\"8\"]', 3, 3, 'I do not like to study thoroughly and always do the selective math problems and completely avoid the difficult ones.', NULL, 'null', NULL, '2019-06-09 17:40:31', '2019-06-09 11:40:31', 2, 'Strongly Agree', 5, 'Agree', 4, 'Not Agree', 3, 'Strongly Not Agree', 2, 'None of them', 1),
(27, 1, 1, '[\"8\"]', 3, 3, 'I always suffer from an inferiority complex.', NULL, 'null', NULL, '2019-06-09 17:40:55', '2019-06-09 11:40:55', 2, 'Strongly Agree', 5, 'Agree', 4, 'Not Agree', 3, 'Strongly Not Agree', 2, 'None of them', 1),
(28, 1, 1, '[\"8\"]', 3, 3, 'I have trouble in choosing answers.', NULL, 'null', NULL, '2019-06-09 17:41:20', '2019-06-09 11:41:20', 2, 'Strongly Agree', 5, 'Agree', 4, 'Not Agree', 3, 'Strongly Not Agree', 2, 'None of them', 1),
(29, 1, 1, '[\"8\"]', 3, 3, 'I get exhausted easily and never revise my math test script after the test.', NULL, 'null', NULL, '2019-06-09 17:41:48', '2019-06-09 11:41:48', 2, 'Strongly Agree', 5, 'Agree', 4, 'Not Agree', 3, 'Strongly Not Agree', 2, 'None of them', 1),
(30, 1, 1, '[\"8\"]', 3, 3, 'Everyone including myself believe that I am weak in math and hence I do not try harder to improve myself.', NULL, 'null', NULL, '2019-06-09 17:42:21', '2019-06-09 11:42:21', 2, 'Strongly Agree', 5, 'Agree', 4, 'Not Agree', 3, 'Strongly Not Agree', 2, 'None of them', 1),
(31, 1, 1, '[\"8\"]', 3, 4, 'I like to go to math class every day.', NULL, 'null', NULL, '2019-06-09 17:43:11', '2019-06-09 11:43:11', 2, 'Strongly Agree', 5, 'Agree', 4, 'Not Agree', 3, 'Strongly Not Agree', 2, 'None of them', 1),
(32, 1, 1, '[\"8\"]', 3, 4, 'I practice mathematics regularly.', NULL, 'null', NULL, '2019-06-09 17:43:29', '2019-06-09 11:43:29', 2, 'Strongly Agree', 5, 'Agree', 4, 'Not Agree', 3, 'Strongly Not Agree', 2, 'None of them', 1),
(33, 1, 1, '[\"8\"]', 3, 4, 'I am or I like to be an independent learner.', NULL, 'null', NULL, '2019-06-09 17:43:55', '2019-06-09 11:43:55', 2, 'Strongly Agree', 5, 'Agree', 4, 'Not Agree', 3, 'Strongly Not Agree', 2, 'None of them', 1),
(34, 1, 1, '[\"8\"]', 3, 4, 'When solving a mathematical problem, I always try by myself first then seek help from others.', NULL, 'null', NULL, '2019-06-09 17:44:18', '2019-06-09 11:44:18', 2, 'Strongly Agree', 5, 'Agree', 4, 'Not Agree', 3, 'Strongly Not Agree', 2, 'None of them', 1),
(35, 1, 1, '[\"8\"]', 3, 4, 'I believe regular practice is very important to learn mathematics.', NULL, 'null', NULL, '2019-06-09 17:44:48', '2019-06-09 11:44:48', 2, 'Strongly Agree', 5, 'Agree', 4, 'Not Agree', 3, 'Strongly Not Agree', 2, 'None of them', 1),
(36, 1, 1, '[\"8\"]', 3, 4, 'To me math is understandable, not arbitrary and has a sensible structure.', NULL, 'null', NULL, '2019-06-09 17:45:25', '2019-06-09 11:45:25', 2, 'Strongly Agree', 5, 'Agree', 4, 'Not Agree', 3, 'Strongly Not Agree', 2, 'None of them', 1),
(37, 1, 1, '[\"8\"]', 3, 4, 'I like to contribute or help others to learn math.', NULL, 'null', NULL, '2019-06-09 17:46:46', '2019-06-09 11:46:46', 2, 'Strongly Agree', 5, 'Agree', 4, 'Not Agree', 3, 'Strongly Not Agree', 2, 'None of them', 1),
(38, 1, 1, '[\"8\"]', 3, 4, 'I know the importance of mathematics and believe that mathematics is a very useful subject.', NULL, 'null', NULL, '2019-06-09 17:47:05', '2019-06-09 11:47:05', 2, 'Strongly Agree', 5, 'Agree', 4, 'Not Agree', 3, 'Strongly Not Agree', 2, 'None of them', 1),
(39, 1, 1, '[\"8\"]', 3, 4, 'I am aware of how mathematical relationships are used in social, environmental, cultural and economic relations.', NULL, 'null', 2, '2019-06-17 10:38:59', '2019-06-09 11:47:24', 2, 'Strongly Agree', 5, 'Agree', 4, 'Not Agree', 3, 'Strongly Not Agree', 2, 'None of them', 1),
(40, 1, 1, '[\"8\"]', 3, 4, 'I find mathematics interesting and I am confident in my ability to solve math problems.', NULL, 'null', NULL, '2019-06-09 17:47:43', '2019-06-09 11:47:43', 2, 'Strongly Agree', 5, 'Agree', 4, 'Not Agree', 3, 'Strongly Not Agree', 2, 'None of them', 1),
(41, 1, 2, '[\"3\",\"4\",\"5\",\"6\",\"7\",\"8\"]', 3, 1, '<strong>I have visible signs of nervousness (sweaty palms, shaky hands, and so on) right before atest.</strong><br />\r\n&nbsp;', NULL, 'null', 2, '2019-12-17 04:56:01', '2019-12-17 03:46:35', 2, 'Strongly Agree', 5, 'Agree', 4, 'Not Agree', 3, 'Strongly Not Agree', 2, 'None of them', 1),
(42, 1, 2, '[\"3\",\"4\",\"5\",\"6\",\"7\",\"8\"]', 3, 1, '<strong>I have &ldquo;butterflies / empty feelings&rdquo; in my stomach before a test.</strong>', NULL, 'null', 2, '2019-12-17 04:54:33', '2019-12-17 03:48:04', 2, 'Strongly Agree', 5, 'Agree', 4, 'Not Agree', 3, 'Strongly Not Agree', 2, 'None of them', 1),
(43, 1, 2, '[\"3\",\"4\",\"5\",\"6\",\"7\",\"8\"]', 3, 1, '<strong>I feel nauseous / uneasy before a test.</strong>', NULL, 'null', 2, '2019-12-17 04:54:13', '2019-12-17 03:48:32', 2, 'Strongly Agree', 5, 'Agree', 4, 'Not Agree', 3, 'Strongly Not Agree', 2, 'None of them', 1),
(44, 1, 2, '[\"3\",\"4\",\"5\",\"6\",\"7\",\"8\"]', 3, 1, '<strong>I have trouble sleeping the night before a test.</strong>', NULL, 'null', 2, '2019-12-17 04:53:29', '2019-12-17 03:48:55', 2, 'Strongly Agree', 5, 'Agree', 4, 'Not Agree', 3, 'Strongly Not Agree', 2, 'None of them', 1),
(45, 1, 2, '[\"3\",\"4\",\"5\",\"6\",\"7\",\"8\"]', 3, 1, '<strong>I panic before and during a test.</strong>', NULL, 'null', 2, '2019-12-17 04:52:23', '2019-12-17 03:57:38', 2, 'Strongly Agree', 5, 'Agree', 4, 'Not Agree', 3, 'Strongly Not Agree', 2, 'None of them', 1),
(46, 1, 2, '[\"3\",\"4\",\"5\",\"6\",\"7\",\"8\"]', 3, 1, '<strong>My mouth becomes dry and my body breaks out in sweat.</strong>', NULL, 'null', 2, '2019-12-17 04:52:08', '2019-12-17 03:58:05', 2, 'Strongly Agree', 5, 'Agree', 4, 'Not Agree', 3, 'Strongly Not Agree', 2, 'None of them', 1),
(47, 1, 2, '[\"3\",\"4\",\"5\",\"6\",\"7\",\"8\"]', 3, 1, '<strong>Math tests are always more stressful to me than other tests.</strong>', NULL, 'null', 2, '2019-12-17 04:51:34', '2019-12-17 03:58:39', 2, 'Strongly Agree', 5, 'Agree', 4, 'Not Agree', 3, 'Strongly Not Agree', 2, 'None of them', 1),
(48, 1, 2, '[\"3\",\"4\",\"5\",\"6\",\"7\",\"8\"]', 3, 1, '<strong>When I go through the test paper I feel that I do not know any of the answers.</strong>', NULL, 'null', 2, '2019-12-17 04:57:44', '2019-12-17 03:59:05', 2, 'Strongly Agree', 5, 'Agree', 4, 'Not Agree', 3, 'Strongly Not Agree', 2, 'None of them', 1),
(49, 1, 2, '[\"3\",\"4\",\"5\",\"6\",\"7\",\"8\"]', 3, 1, '<strong>I always suffer from &lsquo;fear of failure&rsquo; (fear of what others might say in case of my failure)</strong>', NULL, 'null', 2, '2019-12-17 04:50:48', '2019-12-17 03:59:35', 2, 'Strongly Agree', 5, 'Agree', 4, 'Not Agree', 3, 'Strongly Not Agree', 2, 'None of them', 1),
(50, 1, 2, '[\"3\",\"4\",\"5\",\"6\",\"7\",\"8\"]', 3, 1, '<strong>I have trouble in choosing questions in the test.</strong>', NULL, 'null', 2, '2019-12-17 04:50:31', '2019-12-17 03:59:54', 2, 'Strongly Agree', 5, 'Agree', 4, 'Not Agree', 3, 'Strongly Not Agree', 2, 'None of them', 1),
(51, 1, 2, '[\"3\",\"4\",\"5\",\"6\",\"7\",\"8\"]', 3, 2, '<strong>I have been punished or embarrassed in math class for not understanding something.</strong>', NULL, 'null', 2, '2019-12-17 04:50:17', '2019-12-17 04:00:18', 2, 'Strongly Agree', 5, 'Agree', 4, 'Not Agree', 3, 'Strongly Not Agree', 2, 'None of them', 1),
(52, 1, 2, '[\"3\",\"4\",\"5\",\"6\",\"7\",\"8\"]', 3, 2, '<strong>I had a break of study/ long discontinuation of study and since then I found mathematics challenging.</strong>', NULL, 'null', 2, '2019-12-17 04:49:48', '2019-12-17 04:01:23', 2, 'Strongly Agree', 5, 'Agree', 4, 'Not Agree', 3, 'Strongly Not Agree', 2, 'None of them', 1),
(53, 1, 2, '[\"3\",\"4\",\"5\",\"6\",\"7\",\"8\"]', 3, 2, '<strong>I am always worried about being called on or questioned in the math class.</strong>', NULL, 'null', 2, '2019-12-17 04:49:24', '2019-12-17 04:01:42', 2, 'Strongly Agree', 5, 'Agree', 4, 'Not Agree', 3, 'Strongly Not Agree', 2, 'None of them', 1),
(54, 1, 2, '[\"3\",\"4\",\"5\",\"6\",\"7\",\"8\"]', 3, 2, '<strong>My teacher is always inclined to / prefers his own methods when solving math problems.</strong>', NULL, 'null', 2, '2019-12-17 04:48:59', '2019-12-17 04:02:05', 2, 'Strongly Agree', 5, 'Agree', 4, 'Not Agree', 3, 'Strongly Not Agree', 2, 'None of them', 1),
(55, 1, 2, '[\"3\",\"4\",\"5\",\"6\",\"7\",\"8\"]', 3, 2, '<strong>My math teacher &nbsp;becomes annoyed when I ask questions and I am unable to communicate easily with him/her.</strong>', NULL, 'null', 2, '2019-12-17 04:48:38', '2019-12-17 04:03:54', 2, 'Strongly Agree', 5, 'Agree', 4, 'Not Agree', 3, 'Strongly Not Agree', 2, 'None of them', 1),
(56, 1, 2, '[\"3\",\"4\",\"5\",\"6\",\"7\",\"8\"]', 3, 2, '<strong>I have been promoted to the next class even though I did poorly in earlier math classes.</strong>', NULL, 'null', 2, '2019-12-17 04:48:15', '2019-12-17 04:04:30', 2, 'Strongly Agree', 5, 'Agree', 4, 'Not Agree', 3, 'Strongly Not Agree', 2, 'None of them', 1),
(57, 1, 2, '[\"3\",\"4\",\"5\",\"6\",\"7\",\"8\"]', 3, 2, '<strong>My parents, elder brothers and sisters, friends or teachers shared their own struggles andfrustration in math with me.</strong><br />\r\n&nbsp;', NULL, 'null', 2, '2019-12-17 04:47:31', '2019-12-17 04:04:51', 2, 'Strongly Agree', 5, 'Agree', 4, 'Not Agree', 3, 'Strongly Not Agree', 2, 'None of them', 1),
(58, 1, 2, '[\"3\",\"4\",\"5\",\"6\",\"7\",\"8\"]', 3, 2, '<strong>I always practice Mathematics but never get the expected result.</strong>', NULL, 'null', 2, '2019-12-17 04:47:17', '2019-12-17 04:05:11', 2, 'Strongly Agree', 5, 'Agree', 4, 'Not Agree', 3, 'Strongly Not Agree', 2, 'None of them', 1),
(59, 1, 2, '[\"3\",\"4\",\"5\",\"6\",\"7\",\"8\"]', 3, 2, '<strong>I believe in superstitions/stereotypes and I cannot innately learn math.</strong>', NULL, 'null', 2, '2019-12-17 04:46:36', '2019-12-17 04:05:33', 2, 'Strongly Agree', 5, 'Agree', 4, 'Not Agree', 3, 'Strongly Not Agree', 2, 'None of them', 1),
(60, 1, 2, '[\"3\",\"4\",\"5\",\"6\",\"7\",\"8\"]', 3, 2, '<strong>My parents/teachers expect a lot from me</strong>', NULL, 'null', 2, '2019-12-17 04:45:59', '2019-12-17 04:05:52', 2, 'Strongly Agree', 5, 'Agree', 4, 'Not Agree', 3, 'Strongly Not Agree', 2, 'None of them', 1),
(61, 1, 2, '[\"3\",\"4\",\"5\",\"6\",\"7\",\"8\"]', 3, 3, '<strong>I do not practice math regularly</strong>', NULL, 'null', 2, '2019-12-17 04:45:41', '2019-12-17 04:06:23', 2, 'Strongly Agree', 5, 'Agree', 4, 'Not Agree', 3, 'Strongly Not Agree', 2, 'None of them', 1),
(62, 1, 2, '[\"3\",\"4\",\"5\",\"6\",\"7\",\"8\"]', 3, 3, '<strong>I prefer memorize the process to understand the process in learning math</strong>', NULL, 'null', 2, '2019-12-17 04:44:56', '2019-12-17 04:06:47', 2, 'Strongly Agree', 5, 'Agree', 4, 'Not Agree', 3, 'Strongly Not Agree', 2, 'None of them', 1),
(63, 1, 2, '[\"3\",\"4\",\"5\",\"6\",\"7\",\"8\"]', 3, 3, '<strong>Even though I do not understand anything in the class, I still pretend that I have understood everything.</strong>', NULL, 'null', 2, '2019-12-17 04:44:33', '2019-12-17 04:07:13', 2, 'Strongly Agree', 5, 'Agree', 4, 'Not Agree', 3, 'Strongly Not Agree', 2, 'None of them', 1),
(64, 1, 2, '[\"3\",\"4\",\"5\",\"6\",\"7\"]', 3, 3, '<strong>I am not organized in answering the math questions and do lot of messy work in between.</strong>', NULL, 'null', 2, '2019-12-17 04:44:16', '2019-12-17 04:07:34', 2, 'Strongly Agree', 5, 'Agree', 4, 'Not Agree', 3, 'Strongly Not Agree', 2, 'None of them', 1),
(65, 1, 2, '[\"3\",\"4\",\"5\",\"6\",\"7\",\"8\"]', 3, 3, '<strong>Even when doing simple or easy math problems, I depend on other&rsquo;s assistance/support.</strong>', NULL, 'null', 2, '2019-12-17 04:43:43', '2019-12-17 04:07:57', 2, 'Strongly Agree', 5, 'Agree', 4, 'Not Agree', 3, 'Strongly Not Agree', 2, 'None of them', 1),
(66, 1, 2, '[\"3\",\"4\",\"5\",\"6\",\"7\",\"8\"]', 3, 3, '<strong>I do not like to study thoroughly and always do the selective math problems and completely avoid the difficult ones.</strong>', NULL, 'null', 2, '2019-12-17 04:42:27', '2019-12-17 04:08:18', 2, 'Strongly Agree', 5, 'Agree', 4, 'Not Agree', 3, 'Strongly Not Agree', 2, 'None of them', 1),
(67, 1, 2, '[\"3\",\"4\",\"5\",\"6\",\"7\",\"8\"]', 3, 3, '<strong>I always suffer from an inferiority complex.</strong>', NULL, 'null', 2, '2019-12-17 04:41:56', '2019-12-17 04:08:40', 2, 'Strongly Agree', 5, 'Agree', 4, 'Not Agree', 3, 'Strongly Not Agree', 2, 'None of them', 1),
(68, 1, 2, '[\"3\",\"4\",\"5\",\"6\",\"7\",\"8\"]', 3, 3, '<strong>I have trouble in choosing answers.</strong>', NULL, 'null', 2, '2019-12-17 04:41:39', '2019-12-17 04:09:07', 2, 'Strongly Agree', 5, 'Agree', 4, 'Not Agree', 3, 'Strongly Not Agree', 2, 'None of them', 1),
(69, 1, 2, '[\"3\",\"4\",\"5\",\"6\",\"7\",\"8\"]', 3, 3, '<strong>I get exhausted easily and never revise my math test script after the test.</strong>', NULL, 'null', 2, '2019-12-17 04:41:27', '2019-12-17 04:09:32', 2, 'Strongly Agree', 5, 'Agree', 4, 'Not Agree', 3, 'Strongly Not Agree', 2, 'None of them', 1),
(70, 1, 2, '[\"3\",\"4\",\"5\",\"6\",\"7\",\"8\"]', 3, 3, '<strong>Everyone including myself believe that I am weak in math and hence I do not try harder to improve myself.</strong>', NULL, 'null', 2, '2019-12-17 04:41:00', '2019-12-17 04:09:55', 2, 'Strongly Agree', 5, 'Agree', 4, 'Not Agree', 3, 'Strongly Not Agree', 2, 'None of them', 1),
(71, 1, 2, '[\"3\",\"4\",\"5\",\"6\",\"7\",\"8\"]', 3, 4, '<strong>I know mathematics is an important subject.</strong>', NULL, 'null', 2, '2019-12-17 04:40:45', '2019-12-17 04:12:41', 2, 'Strongly Agree', 5, 'Agree', 4, 'Not Agree', 3, 'Strongly Not Agree', 2, 'None of them', 1),
(72, 1, 2, '[\"3\",\"4\",\"5\",\"6\",\"7\",\"8\"]', 3, 4, '<strong>I like to go to math class every day.</strong>', NULL, 'null', 2, '2019-12-17 04:53:59', '2019-12-17 04:13:02', 2, 'Strongly Agree', 5, 'Agree', 4, 'Not Agree', 3, 'Strongly Not Agree', 2, 'None of them', 1),
(73, 1, 2, '[\"3\",\"4\",\"5\",\"6\",\"7\",\"8\"]', 3, 4, '<strong>I am or I like to be an independent learner.</strong>', NULL, 'null', 2, '2019-12-19 03:20:47', '2019-12-17 04:13:19', 2, 'Strongly Agree', 5, 'Agree', 4, 'Not Agree', 3, 'Strongly Not Agree', 2, 'None of them', 1),
(74, 1, 2, '[\"3\",\"4\",\"5\",\"6\",\"7\",\"8\"]', 3, 4, '<strong>When solving a mathematical problem, I always try by myself first then seek help from others.</strong>', NULL, 'null', 2, '2019-12-17 04:39:38', '2019-12-17 04:13:43', 2, 'Strongly Agree', 5, 'Agree', 4, 'Not Agree', 3, 'Strongly Not Agree', 2, 'None of them', 1),
(75, 1, 2, '[\"3\",\"4\",\"5\",\"6\",\"7\",\"8\"]', 3, 4, '<strong>I believe regular practice is very important to learn mathematics.</strong>', NULL, 'null', 2, '2019-12-17 04:38:50', '2019-12-17 04:14:12', 2, 'Strongly Agree', 5, 'Agree', 4, 'Not Agree', 3, 'Strongly Not Agree', 2, 'None of them', 1),
(76, 1, 2, '[\"3\",\"4\",\"5\",\"6\",\"7\",\"8\"]', 3, 4, '<strong>To me math is understandable, not arbitrary and has a sensible structure.</strong>', NULL, 'null', 2, '2019-12-17 04:23:23', '2019-12-17 04:14:39', 2, 'Strongly Agree', 5, 'Agree', 4, 'Not Agree', 3, 'Strongly Not Agree', 2, 'None of them', 1),
(77, 1, 2, '[\"3\",\"4\",\"5\",\"6\",\"7\",\"8\"]', 3, 4, '<strong>I like to contribute or help others to learn math.</strong>', NULL, 'null', 2, '2019-12-17 04:23:01', '2019-12-17 04:14:59', 2, 'Strongly Agree', 5, 'Agree', 4, 'Not Agree', 3, 'Strongly Not Agree', 2, 'None of them', 1),
(78, 1, 2, '[\"3\",\"4\",\"5\",\"6\",\"7\",\"8\"]', 3, 4, '<strong>I know the importance of mathematics and believe that mathematics is very useful for heigher studies.</strong>', NULL, 'null', 2, '2019-12-19 03:24:33', '2019-12-17 04:15:22', 2, 'Strongly Agree', 5, 'Agree', 4, 'Not Agree', 3, 'Strongly Not Agree', 2, 'None of them', 1),
(79, 1, 2, '[\"3\",\"4\",\"5\",\"6\",\"7\",\"8\"]', 3, 4, '<strong>I am aware of how mathematical relationships are used in social, environmental, cultural and economic relations.</strong>', NULL, 'null', 2, '2019-12-19 03:22:06', '2019-12-17 04:15:43', 2, 'Strongly Agree', 5, 'Agree', 4, 'Neutral', 3, 'Disagree', 2, 'Strongly Disagree', 1),
(80, 1, 2, '[\"3\",\"4\",\"5\",\"6\",\"7\",\"8\"]', 3, 4, '<strong>I find mathematics interesting and I am confident in my ability to solve math problems.</strong>', NULL, 'null', 2, '2019-12-17 06:58:44', '2019-12-17 04:16:04', 2, 'Strongly Agree', 5, 'Agree', 4, 'Neutral', 3, 'Disagree', 2, 'Strongly Disagree', 1),
(81, 1, 3, '[\"3\",\"4\",\"5\",\"6\",\"7\",\"8\"]', 3, 1, '<strong>পরীক্ষার ঠিক আগে আমার ঘাবড়ে যাওয়ার লক্ষণ (যেমন হাতের তালুতে ঘাম, হাত কাঁপা ইত্যাদি) প্রকাশ পায়।</strong>', NULL, 'null', 2, '2019-12-19 05:24:35', '2019-12-17 05:00:29', 2, 'দৃঢ়ভাবে একমত', 5, 'একমত', 4, 'নিরপক্ষ', 3, 'অসম্মত', 2, 'দৃঢ়ভাবে অসম্মত', 1),
(82, 1, 3, '[\"3\",\"4\",\"5\",\"6\",\"7\",\"8\"]', 3, 1, '<strong>পরীক্ষার ঠিক পূর্বমুহুর্তে আমার প্রচন্ড ক্ষুধা অনুভুত হয়।</strong>', NULL, 'null', 2, '2019-12-18 03:36:40', '2019-12-18 03:36:03', 2, 'দৃঢ়ভাবে একমত', 5, 'একমত', 4, 'নিরপক্ষ', 3, 'অসম্মত', 2, 'দৃঢ়ভাবে অসম্মত', 1),
(83, 1, 3, '[\"3\",\"4\",\"5\",\"6\",\"7\",\"8\"]', 3, 1, '<strong>পরীক্ষার পূর্বমুহুর্তে আমার বমি বমি ভাব হয়। </strong>', NULL, 'null', NULL, '2019-12-18 09:37:51', '2019-12-18 03:37:51', 2, 'দৃঢ়ভাবে একমত', 5, 'একমত', 4, 'নিরপক্ষ', 3, 'অসম্মত', 2, 'দৃঢ়ভাবে অসম্মত', 1),
(84, 1, 3, '[\"3\",\"4\",\"5\",\"6\",\"7\",\"8\"]', 3, 1, '<strong>পরীক্ষার আগের রাতে আমার ভাল ঘুম হয় না।</strong>', NULL, 'null', NULL, '2019-12-18 09:38:49', '2019-12-18 03:38:49', 2, 'দৃঢ়ভাবে একমত', 5, 'একমত', 4, 'নিরপক্ষ', 3, 'অসম্মত', 2, 'দৃঢ়ভাবে অসম্মত', 1),
(85, 1, 3, '[\"3\",\"4\",\"5\",\"6\",\"7\",\"8\"]', 3, 1, '<strong>পরীক্ষার আগে এবং পরীক্ষা চলাকালীন সময়ে আমি খুব উদ্বিগ্ন থাকি।</strong>', NULL, 'null', NULL, '2019-12-18 09:39:55', '2019-12-18 03:39:55', 2, 'দৃঢ়ভাবে একমত', 5, 'একমত', 4, 'নিরপক্ষ', 3, 'অসম্মত', 2, 'দৃঢ়ভাবে অসম্মত', 1),
(86, 1, 3, '[\"3\",\"4\",\"5\",\"6\",\"7\",\"8\"]', 3, 1, '<strong>আমার খুব পানির পিপাসা পায় এবং শরীর ঘামে ভিজে যায়।</strong>', NULL, 'null', NULL, '2019-12-18 09:49:42', '2019-12-18 03:49:42', 2, 'দৃঢ়ভাবে একমত', 5, 'একমত', 4, 'নিরপক্ষ', 3, 'অসম্মত', 2, 'দৃঢ়ভাবে অসম্মত', 1),
(87, 1, 3, '[\"3\",\"4\",\"5\",\"6\",\"7\",\"8\"]', 3, 1, '<strong>অন্যান্য পরীক্ষার চেয়ে গণিত পরীক্ষার সময় আমি বেশি চাপ অনুভব করি।</strong>', NULL, 'null', NULL, '2019-12-18 09:50:54', '2019-12-18 03:50:54', 2, 'দৃঢ়ভাবে একমত', 5, 'একমত', 4, 'নিরপক্ষ', 3, 'অসম্মত', 2, 'দৃঢ়ভাবে অসম্মত', 1),
(88, 1, 3, '[\"3\",\"4\",\"5\",\"6\",\"7\",\"8\"]', 3, 1, '<strong>যখন আমি পরীক্ষার প্রশ্ন দেখি আমার কাছে মনে হয় কোনো প্রশ্নের উত্তর আমার জানা নাই।</strong>', NULL, 'null', NULL, '2019-12-18 09:51:45', '2019-12-18 03:51:45', 2, 'দৃঢ়ভাবে একমত', 5, 'একমত', 4, 'নিরপক্ষ', 3, 'অসম্মত', 2, 'দৃঢ়ভাবে অসম্মত', 1),
(89, 1, 3, '[\"3\",\"4\",\"5\",\"6\",\"7\",\"8\"]', 3, 1, '<strong>আমার মধ্যে সবসময় অকৃতকার্য হওয়ার এবং অকৃতকার্য হলে অন্যরা আমার সম্পর্কে কি বলবে সে ভয় কাজ করে।</strong>', NULL, 'null', NULL, '2019-12-18 09:52:32', '2019-12-18 03:52:32', 2, 'দৃঢ়ভাবে একমত', 5, 'একমত', 4, 'নিরপক্ষ', 3, 'অসম্মত', 2, 'দৃঢ়ভাবে অসম্মত', 1),
(90, 1, 3, '[\"3\",\"4\",\"5\",\"6\",\"7\",\"8\"]', 3, 1, '<strong>পরীক্ষার সময় প্রশ্ন নির্বাচন করতে আমি সমস্যার সম্মুখীন হই। </strong>', NULL, 'null', NULL, '2019-12-18 09:53:47', '2019-12-18 03:53:47', 2, 'দৃঢ়ভাবে একমত', 5, 'একমত', 4, 'নিরপক্ষ', 3, 'অসম্মত', 2, 'দৃঢ়ভাবে অসম্মত', 1),
(91, 1, 3, '[\"3\",\"4\",\"5\",\"6\",\"7\",\"8\"]', 3, 2, '<strong>গণিত ক্লাসে কোন কিছু না বুঝতে পারলে আমি শাস্তি পেয়েছি বা বিব্রত হয়েছি।</strong>', NULL, 'null', NULL, '2019-12-18 09:59:06', '2019-12-18 03:59:06', 2, 'দৃঢ়ভাবে একমত', 5, 'একমত', 4, 'নিরপক্ষ', 3, 'অসম্মত', 2, 'দৃঢ়ভাবে অসম্মত', 1),
(92, 1, 3, '[\"3\",\"4\",\"5\",\"6\",\"7\",\"8\"]', 3, 2, '<strong>আমার অধ্যয়নে দীর্ঘ বিরতি ছিল এবং তার পর থেকে গণিত আমার কাছে খুব কঠিন মনে হতে থাকে।</strong>', NULL, 'null', NULL, '2019-12-18 10:00:50', '2019-12-18 04:00:50', 2, 'দৃঢ়ভাবে একমত', 5, 'একমত', 4, 'নিরপক্ষ', 3, 'অসম্মত', 2, 'দৃঢ়ভাবে অসম্মত', 1),
(93, 1, 3, '[\"3\",\"4\",\"5\",\"6\",\"7\",\"8\"]', 3, 2, '<strong>গণিত ক্লাসে এই ভেবে আমি সবসময় চিন্তিত থাকতাম যে আমাকে কোন প্রশ্ন করা হয় কিনা অথবা ডাকা হয় কিনা । </strong>', NULL, 'null', NULL, '2019-12-18 10:02:09', '2019-12-18 04:02:09', 2, 'দৃঢ়ভাবে একমত', 5, 'একমত', 4, 'নিরপক্ষ', 3, 'অসম্মত', 2, 'দৃঢ়ভাবে অসম্মত', 1),
(94, 1, 3, '[\"3\",\"4\",\"5\",\"6\",\"7\",\"8\"]', 3, 2, '<strong>গণিতের সমস্যাগুলি সমাধানে আমার শিক্ষক সর্বদা নিজস্ব পদ্ধতি ব্যবহার করতে পছন্দ করতেন।</strong>', NULL, 'null', NULL, '2019-12-18 10:02:51', '2019-12-18 04:02:51', 2, 'দৃঢ়ভাবে একমত', 5, 'একমত', 4, 'নিরপক্ষ', 3, 'অসম্মত', 2, 'দৃঢ়ভাবে অসম্মত', 1),
(95, 1, 3, '[\"3\",\"4\",\"5\",\"6\",\"7\",\"8\"]', 3, 2, '<strong>আমি কোন প্রশ্ন করলে আমার গণিত শিক্ষক বিরক্ত বোধ করতেন এবং তাই তাকে আমি সহজে কোন প্রশ্ন করতে পারতাম না।</strong>', NULL, 'null', NULL, '2019-12-18 10:03:49', '2019-12-18 04:03:49', 2, 'দৃঢ়ভাবে একমত', 5, 'একমত', 4, 'নিরপক্ষ', 3, 'অসম্মত', 2, 'দৃঢ়ভাবে অসম্মত', 1),
(96, 1, 3, '[\"3\",\"4\",\"5\",\"6\",\"7\",\"8\"]', 3, 2, '<strong>আগের শ্রেণিতে গণিতে ভাল নাম্বার না পাওয়া স্বত্ত্বেও আমাকে পরের ক্লাসে উত্তীর্ণ করা হয়। &nbsp;</strong>', NULL, 'null', NULL, '2019-12-18 10:04:29', '2019-12-18 04:04:29', 2, 'দৃঢ়ভাবে একমত', 5, 'একমত', 4, 'নিরপক্ষ', 3, 'অসম্মত', 2, 'দৃঢ়ভাবে অসম্মত', 1),
(97, 1, 3, '[\"3\",\"4\",\"5\",\"6\",\"7\",\"8\"]', 3, 2, '<strong>গণিতের প্রতি ভয় ও হতাশার অভিজ্ঞতার কথা আমার বাবা-মা, বড় ভাইবোন, বন্ধু-বান্ধব, শিক্ষকগণ সর্বদা আমার সাথে বলত।</strong>', NULL, 'null', NULL, '2019-12-18 10:27:19', '2019-12-18 04:27:19', 2, 'দৃঢ়ভাবে একমত', 5, 'একমত', 4, 'নিরপক্ষ', 3, 'অসম্মত', 2, 'দৃঢ়ভাবে অসম্মত', 1),
(98, 1, 3, '[\"3\",\"4\",\"5\",\"6\",\"7\",\"8\"]', 3, 2, '<strong>আমি সবসময় গণিত অনুশীলন করতাম, কিন্তু কখনও আশানুরূপ নম্বর পাই নাই। &nbsp;</strong>', NULL, 'null', NULL, '2019-12-18 10:28:23', '2019-12-18 04:28:23', 2, 'দৃঢ়ভাবে একমত', 5, 'একমত', 4, 'নিরপক্ষ', 3, 'অসম্মত', 2, 'দৃঢ়ভাবে অসম্মত', 1),
(99, 1, 3, '[\"3\",\"4\",\"5\",\"6\",\"7\",\"8\"]', 3, 2, '<strong>আমি সবসময় না বুঝে গণিত অনুশীলন/মুখস্ত করতাম। &nbsp;</strong>', NULL, 'null', NULL, '2019-12-18 10:29:55', '2019-12-18 04:29:55', 2, 'দৃঢ়ভাবে একমত', 5, 'একমত', 4, 'নিরপক্ষ', 3, 'অসম্মত', 2, 'দৃঢ়ভাবে অসম্মত', 1),
(100, 1, 3, '[\"3\",\"4\",\"5\",\"6\",\"7\",\"8\"]', 3, 2, '<strong>আমার বাবা-মা সবসময় আমার কাছ থেকে ভাল ফলাফল আশা করত। যার কারণে আমি চাপ অনুভব করি।</strong>', NULL, 'null', NULL, '2019-12-18 10:31:01', '2019-12-18 04:31:01', 2, 'দৃঢ়ভাবে একমত', 5, 'একমত', 4, 'নিরপক্ষ', 3, 'অসম্মত', 2, 'দৃঢ়ভাবে অসম্মত', 1),
(101, 1, 3, '[\"3\",\"4\",\"5\",\"6\",\"7\",\"8\"]', 3, 3, '<strong>আমি প্রতিদিন গণিত অনুশীলন/ চর্চা করি না।</strong>', NULL, 'null', NULL, '2019-12-18 10:31:55', '2019-12-18 04:31:55', 2, 'দৃঢ়ভাবে একমত', 5, 'একমত', 4, 'নিরপক্ষ', 3, 'অসম্মত', 2, 'দৃঢ়ভাবে অসম্মত', 1),
(102, 1, 3, '[\"3\",\"4\",\"5\",\"6\",\"7\",\"8\"]', 3, 3, '<strong>গণিতের পদ্ধতি বুঝার চেয়ে মুখস্ত করতে আমি বেশি পছন্দ করি।</strong>', NULL, 'null', NULL, '2019-12-18 10:32:47', '2019-12-18 04:32:47', 2, 'দৃঢ়ভাবে একমত', 5, 'একমত', 4, 'নিরপক্ষ', 3, 'অসম্মত', 2, 'দৃঢ়ভাবে অসম্মত', 1),
(103, 1, 3, '[\"3\",\"4\",\"5\",\"6\",\"7\",\"8\"]', 3, 3, '<strong>&nbsp;গণিত ক্লাসে আমি কোন কিছু না বুঝলেও এমন ভাব করি যেন সব কিছু বুঝতে পেরেছি ।</strong>', NULL, 'null', NULL, '2019-12-18 10:34:03', '2019-12-18 04:34:03', 2, 'দৃঢ়ভাবে একমত', 5, 'একমত', 4, 'নিরপক্ষ', 3, 'অসম্মত', 2, 'দৃঢ়ভাবে অসম্মত', 1),
(104, 1, 3, '[\"3\",\"4\",\"5\",\"6\",\"7\",\"8\"]', 3, 3, '<strong>আমি গণিতের প্রশ্নের উত্তর সাজিয়ে লিখতে পারি না এবং উত্তর সাজানোর সময় অনেক সমস্যার সম্মুখীন হই।</strong>', NULL, 'null', NULL, '2019-12-18 10:34:47', '2019-12-18 04:34:47', 2, 'দৃঢ়ভাবে একমত', 5, 'একমত', 4, 'নিরপক্ষ', 3, 'অসম্মত', 2, 'দৃঢ়ভাবে অসম্মত', 1),
(105, 1, 3, '[\"3\",\"4\",\"5\",\"6\",\"7\",\"8\"]', 3, 3, '<strong>খুব সহজ প্রশ্নের সমাধানের ক্ষেত্রেও আমি অন্যের সহযোগিতার উপর নির্ভরশীল থাকি। &nbsp;</strong>', NULL, 'null', NULL, '2019-12-18 10:35:28', '2019-12-18 04:35:28', 2, 'দৃঢ়ভাবে একমত', 5, 'একমত', 4, 'নিরপক্ষ', 3, 'অসম্মত', 2, 'দৃঢ়ভাবে অসম্মত', 1),
(106, 1, 3, '[\"3\",\"4\",\"5\",\"6\",\"7\",\"8\"]', 3, 3, '<strong>কঠিন গাণিতিক সমস্যা আমি এড়িয়ে চলি এবং সবসময় বেছে বেছে সহজ প্রশ্নের সমাধান করি। </strong>', NULL, 'null', NULL, '2019-12-18 10:36:06', '2019-12-18 04:36:06', 2, 'দৃঢ়ভাবে একমত', 5, 'একমত', 4, 'নিরপক্ষ', 3, 'অসম্মত', 2, 'দৃঢ়ভাবে অসম্মত', 1),
(107, 1, 3, '[\"3\",\"4\",\"5\",\"6\",\"7\",\"8\"]', 3, 3, '<strong>আমার মধ্যে সবসময় হীনমন্যতা কাজ করে।</strong>', NULL, 'null', NULL, '2019-12-18 10:37:07', '2019-12-18 04:37:07', 2, 'দৃঢ়ভাবে একমত', 5, 'একমত', 4, 'নিরপক্ষ', 3, 'অসম্মত', 2, 'দৃঢ়ভাবে অসম্মত', 1),
(108, 1, 3, '[\"3\",\"4\",\"5\",\"6\",\"7\",\"8\"]', 3, 3, '<strong>প্রথম চেষ্টায় কোন গাণিতিক সমস্যা সমাধান করতে না পারলে দ্বিতীয় বার চেষ্টা করিনা। </strong>', NULL, 'null', NULL, '2019-12-18 10:37:52', '2019-12-18 04:37:52', 2, 'দৃঢ়ভাবে একমত', 5, 'একমত', 4, 'নিরপক্ষ', 3, 'অসম্মত', 2, 'দৃঢ়ভাবে অসম্মত', 1),
(109, 1, 3, '[\"3\",\"4\",\"5\",\"6\",\"7\",\"8\"]', 3, 3, '<strong>আমি সহজে ক্লান্ত হয়ে যাই এবং গণিত পরীক্ষার শেষে কখনও পুনরায় খাতা মূল্যায়ন করি না। </strong>', NULL, 'null', NULL, '2019-12-18 10:38:43', '2019-12-18 04:38:43', 2, 'দৃঢ়ভাবে একমত', 5, 'একমত', 4, 'নিরপক্ষ', 3, 'অসম্মত', 2, 'দৃঢ়ভাবে অসম্মত', 1),
(110, 1, 3, '[\"3\",\"4\",\"5\",\"6\",\"7\",\"8\"]', 3, 3, '<strong>আমি সহ সবাই মনে করে আমি গণিতে দূর্বল এবং সেজন্য আমি কখনও গণিত বিষয়ে নিজেকে উন্নত করার চেষ্টা করি না।</strong>', NULL, 'null', NULL, '2019-12-18 10:39:33', '2019-12-18 04:39:33', 2, 'দৃঢ়ভাবে একমত', 5, 'একমত', 4, 'নিরপক্ষ', 3, 'অসম্মত', 2, 'দৃঢ়ভাবে অসম্মত', 1),
(111, 1, 3, '[\"3\",\"4\",\"5\",\"6\",\"7\",\"8\"]', 3, 4, '<strong>আমি জানি গণিত খুব গুরুত্বপূর্ণ একটি বিষয়।</strong>', NULL, 'null', NULL, '2019-12-18 10:40:52', '2019-12-18 04:40:52', 2, 'দৃঢ়ভাবে একমত', 5, 'একমত', 4, 'নিরপক্ষ', 3, 'অসম্মত', 2, 'দৃঢ়ভাবে অসম্মত', 1),
(112, 1, 3, '[\"3\",\"4\",\"5\",\"6\",\"7\",\"8\"]', 3, 4, '<strong>প্রতিদিন গণিত ক্লাস করতে আমি পছন্দ করি।</strong>', NULL, 'null', NULL, '2019-12-18 10:41:30', '2019-12-18 04:41:30', 2, 'দৃঢ়ভাবে একমত', 5, 'একমত', 4, 'নিরপক্ষ', 3, 'অসম্মত', 2, 'দৃঢ়ভাবে অসম্মত', 1),
(113, 1, 3, '[\"3\",\"4\",\"5\",\"6\",\"7\",\"8\"]', 3, 4, '<strong>আমি নিজে নিজেই পড়াশুনা করতে পছন্দ করি।</strong>', NULL, 'null', NULL, '2019-12-18 10:42:13', '2019-12-18 04:42:13', 2, 'দৃঢ়ভাবে একমত', 5, 'একমত', 4, 'নিরপক্ষ', 3, 'অসম্মত', 2, 'দৃঢ়ভাবে অসম্মত', 1),
(114, 1, 3, '[\"3\",\"4\",\"5\",\"6\",\"7\",\"8\"]', 3, 4, '<strong>গাণিতিক সমস্যা সমাধানের ক্ষেত্রে আমি প্রথমে নিজে নিজে সমাধান করার চেষ্টা করি, সমস্যার সম্মুখীন হলে অন্যের সহযোগিতা নেই।</strong>', NULL, 'null', NULL, '2019-12-18 10:42:52', '2019-12-18 04:42:52', 2, 'দৃঢ়ভাবে একমত', 5, 'একমত', 4, 'নিরপক্ষ', 3, 'অসম্মত', 2, 'দৃঢ়ভাবে অসম্মত', 1),
(115, 1, 3, '[\"3\",\"4\",\"5\",\"6\",\"7\",\"8\"]', 3, 4, '<strong>আমি বিশ্বাস করি, গণিত শিখার ক্ষেত্রে প্রতিদিন অনুশীলন করা খুব গুরুত্বপূর্ণ।</strong>', NULL, 'null', NULL, '2019-12-18 10:43:31', '2019-12-18 04:43:31', 2, 'দৃঢ়ভাবে একমত', 5, 'একমত', 4, 'নিরপক্ষ', 3, 'অসম্মত', 2, 'দৃঢ়ভাবে অসম্মত', 1),
(116, 1, 3, '[\"3\",\"4\",\"5\",\"6\",\"7\",\"8\"]', 3, 4, '<strong>আমার মতে গণিত হচ্ছে বোঝার বিষয় এবং গণিতের নির্দিষ্ট নিয়ম/পদ্ধতি আছে।</strong>', NULL, 'null', NULL, '2019-12-18 10:44:10', '2019-12-18 04:44:10', 2, 'দৃঢ়ভাবে একমত', 5, 'একমত', 4, 'নিরপক্ষ', 3, 'অসম্মত', 2, 'দৃঢ়ভাবে অসম্মত', 1),
(117, 1, 3, '[\"3\",\"4\",\"5\",\"6\",\"7\",\"8\"]', 3, 4, '<strong>আমি অন্যকে গণিত শিখাতে বা বোঝাতে পছন্দ করি। </strong>', NULL, 'null', NULL, '2019-12-18 10:44:48', '2019-12-18 04:44:48', 2, 'দৃঢ়ভাবে একমত', 5, 'একমত', 4, 'নিরপক্ষ', 3, 'অসম্মত', 2, 'দৃঢ়ভাবে অসম্মত', 1),
(118, 1, 3, '[\"3\",\"4\",\"5\",\"6\",\"7\",\"8\"]', 3, 4, '<strong>আমি গণিতের গুরুত্ব বুঝি এবং বিশ্বাস করি গণিত ছাড়া উচ্চতর পড়াশুনা সম্ভব নয়। </strong>', NULL, 'null', NULL, '2019-12-18 11:05:49', '2019-12-18 05:05:49', 2, 'দৃঢ়ভাবে একমত', 5, 'একমত', 4, 'নিরপক্ষ', 3, 'অসম্মত', 2, 'দৃঢ়ভাবে অসম্মত', 1),
(119, 1, 3, '[\"3\",\"4\",\"5\",\"6\",\"7\",\"8\"]', 3, 4, '<strong>সামাজিক, সাংস্কৃতিক এবং অর্থনৈতিক ক্ষেত্রে গণিতের ব্যবহার সম্পর্কে আমি অবগত আছি। </strong>', NULL, 'null', NULL, '2019-12-18 11:06:38', '2019-12-18 05:06:38', 2, 'দৃঢ়ভাবে একমত', 5, 'একমত', 4, 'নিরপক্ষ', 3, 'অসম্মত', 2, 'দৃঢ়ভাবে অসম্মত', 1),
(120, 1, 3, '[\"3\",\"4\",\"5\",\"6\",\"7\",\"8\"]', 3, 4, '<strong>গণিত আমার কাছে খুব মজাদার বিষয় মনে হয় । </strong>', NULL, 'null', NULL, '2019-12-18 11:34:24', '2019-12-18 05:34:24', 2, 'দৃঢ়ভাবে একমত', 5, 'একমত', NULL, 'নিরপক্ষ', 3, 'অসম্মত', 2, 'দৃঢ়ভাবে অসম্মত', 1);

-- --------------------------------------------------------

--
-- Table structure for table `bdedu_remembering_questions`
--

CREATE TABLE `bdedu_remembering_questions` (
  `remembering_question_row_id` int(11) NOT NULL,
  `school_row_id` int(11) DEFAULT NULL,
  `education_type_row_id` int(11) NOT NULL,
  `class_row_id` text CHARACTER SET utf8 COLLATE utf8_unicode_ci,
  `module_row_id` int(11) DEFAULT NULL,
  `memory_exam_category_row_id` int(11) DEFAULT NULL,
  `question_title` varchar(255) CHARACTER SET utf8 COLLATE utf8_unicode_ci DEFAULT NULL,
  `question_title_attachment` varchar(255) CHARACTER SET utf8 COLLATE utf8_unicode_ci DEFAULT NULL,
  `question_level` text CHARACTER SET utf8 COLLATE utf8_unicode_ci COMMENT '1 ~ Foundation, 2 ~ Intermediate, 3 ~ Advance',
  `updated_by` int(11) DEFAULT NULL,
  `updated_at` datetime DEFAULT CURRENT_TIMESTAMP,
  `created_at` datetime DEFAULT CURRENT_TIMESTAMP,
  `created_by` int(11) DEFAULT NULL,
  `answer_1` varchar(255) CHARACTER SET utf8 COLLATE utf8_unicode_ci DEFAULT NULL,
  `marks_1` int(2) DEFAULT NULL,
  `answer_2` varchar(255) CHARACTER SET utf8 COLLATE utf8_unicode_ci DEFAULT NULL,
  `marks_2` int(2) DEFAULT NULL,
  `answer_3` varchar(255) CHARACTER SET utf8 COLLATE utf8_unicode_ci DEFAULT NULL,
  `marks_3` int(2) DEFAULT NULL,
  `answer_4` varchar(255) CHARACTER SET utf8 COLLATE utf8_unicode_ci DEFAULT NULL,
  `marks_4` int(2) DEFAULT NULL,
  `answer_5` varchar(255) CHARACTER SET utf8 COLLATE utf8_unicode_ci DEFAULT NULL,
  `marks_5` int(2) DEFAULT NULL
) ENGINE=InnoDB DEFAULT CHARSET=latin1;

--
-- Dumping data for table `bdedu_remembering_questions`
--

INSERT INTO `bdedu_remembering_questions` (`remembering_question_row_id`, `school_row_id`, `education_type_row_id`, `class_row_id`, `module_row_id`, `memory_exam_category_row_id`, `question_title`, `question_title_attachment`, `question_level`, `updated_by`, `updated_at`, `created_at`, `created_by`, `answer_1`, `marks_1`, `answer_2`, `marks_2`, `answer_3`, `marks_3`, `answer_4`, `marks_4`, `answer_5`, `marks_5`) VALUES
(1, 1, 1, '[\"8\"]', 3, 1, 'Do you have difficulty remembering people&rsquo;s names or phone numbers?', NULL, 'null', 2, '2019-12-15 07:03:53', '2019-08-22 06:17:56', 2, 'Almost always', 1, 'Often', 2, 'Sometimes', 3, 'Rarely', 4, 'Almost never', 5),
(2, 1, 1, '[\"8\"]', 3, 1, 'How often do you find yourself trying to remember the location of everyday items (e. g. your school bags, shoes, books, etc)?', NULL, 'null', NULL, '2019-08-22 12:18:37', '2019-08-22 06:18:37', 2, 'Almost always', 1, 'Often', 2, 'Sometimes', 3, 'Rarely', 4, 'Almost never', 5),
(3, 1, 1, '[\"8\"]', 3, 1, 'How often do you have to replace passwords (numerical or verbal) because you&rsquo;ve forgotten the original one?', NULL, 'null', NULL, '2019-08-22 12:19:47', '2019-08-22 06:19:47', 2, 'Almost always', 1, 'Often', 2, 'Sometimes', 3, 'Rarely', 4, 'Almost never', 5),
(4, 1, 1, '[\"8\"]', 3, 1, 'How often do you find yourself asking questions like, &ldquo;What was I about to do next&rdquo;?', NULL, 'null', NULL, '2019-08-22 12:20:24', '2019-08-22 06:20:24', 2, 'Almost always', 1, 'Often', 2, 'Sometimes', 3, 'Rarely', 4, 'Almost never', 5),
(5, 1, 1, '[\"8\"]', 3, 1, 'How often do you have to ask someone to repeat instructions or a story because you can&rsquo;t remember what was said the first time around?', NULL, 'null', NULL, '2019-08-22 12:22:54', '2019-08-22 06:22:54', 2, 'Almost always', 1, 'Often', 2, 'Sometimes', 3, 'Rarely', 4, 'Almost never', 5),
(6, 1, 1, '[\"8\"]', 3, 1, 'How often do maintain dairy/notes to remember the important dates/times (i. e. exam date, birth date, etc)?', NULL, 'null', NULL, '2019-08-22 12:23:25', '2019-08-22 06:23:25', 2, 'Almost always', 1, 'Often', 2, 'Sometimes', 3, 'Rarely', 4, 'Almost never', 5),
(7, 1, 1, '[\"8\"]', 3, 1, 'How often do you have trouble finding words when you are talking to?', NULL, 'null', NULL, '2019-08-22 12:23:58', '2019-08-22 06:23:58', 2, 'Almost always', 1, 'Often', 2, 'Sometimes', 3, 'Rarely', 4, 'Almost never', 5),
(8, 1, 1, '[\"8\"]', 3, 1, 'How often do you forget the lesson you have just learnt?<br />\r\n&nbsp;', NULL, 'null', NULL, '2019-08-22 12:24:34', '2019-08-22 06:24:34', 2, 'Almost always', 1, 'Often', 2, 'Sometimes', 3, 'Rarely', 4, 'Almost never', 5),
(9, 1, 1, '[\"8\"]', 3, 1, 'How often do your family members or friends complaints about your forgetfulness', NULL, 'null', NULL, '2019-08-22 12:24:53', '2019-08-22 06:24:53', 2, 'Almost always', 1, 'Often', 2, 'Sometimes', 3, 'Rarely', 4, 'Almost never', 5),
(10, 1, 1, '[\"8\"]', 3, 1, 'How often you get lost in the neighborhood when you visit a new place?', NULL, 'null', NULL, '2019-08-22 12:27:15', '2019-08-22 06:27:15', 2, 'Almost always', 1, 'Often', 2, 'Sometimes', 3, 'Rarely', 4, 'Almost never', 5),
(11, 1, 1, '[\"8\"]', 3, 1, 'How often do you understand what the people say?', NULL, 'null', NULL, '2019-08-22 12:27:42', '2019-08-22 06:27:42', 2, 'Almost always', 1, 'Often', 2, 'Sometimes', 3, 'Rarely', 4, 'Almost never', 5),
(12, 1, 1, '[\"8\"]', 3, 1, 'How often can you reconcile with your past memories?', NULL, 'null', NULL, '2019-08-22 12:28:24', '2019-08-22 06:28:24', 2, 'Almost always', 1, 'Often', 2, 'Sometimes', 3, 'Rarely', 4, 'Almost never', 5),
(13, 1, 1, '[\"8\"]', 3, 1, 'How often do you feel that you are tired / exhausted?', NULL, 'null', NULL, '2019-08-22 12:28:56', '2019-08-22 06:28:56', 2, 'Almost always', 1, 'Often', 2, 'Sometimes', 3, 'Rarely', 4, 'Almost never', 5),
(14, 1, 1, '[\"8\"]', 3, 1, 'How often do you remember your friends&rsquo; name when you suddenly meet him after a long time ?', NULL, 'null', NULL, '2019-08-22 12:29:28', '2019-08-22 06:29:28', 2, 'Almost always', 1, 'Often', 2, 'Sometimes', 3, 'Rarely', 4, 'Almost never', 5),
(15, 1, 1, '[\"8\"]', 3, 1, 'How often do you remain busy with electronic devices?', NULL, 'null', NULL, '2019-08-22 12:30:11', '2019-08-22 06:30:11', 2, 'Almost always', 1, 'Often', 2, 'Sometimes', 3, 'Rarely', 4, 'Almost never', 5);

-- --------------------------------------------------------

--
-- Table structure for table `bdedu_schools`
--

CREATE TABLE `bdedu_schools` (
  `school_row_id` int(11) NOT NULL,
  `school_encrypted_row_id` varchar(255) NOT NULL,
  `school_id` int(3) NOT NULL,
  `academic_session_row_id` int(1) DEFAULT NULL,
  `school_name` varchar(255) NOT NULL,
  `school_name_bn` varchar(255) CHARACTER SET utf8 DEFAULT NULL,
  `school_classes` varchar(255) NOT NULL,
  `school_eiin_id` varchar(100) NOT NULL,
  `school_mobile_no` varchar(255) NOT NULL,
  `school_phone_no` varchar(255) NOT NULL,
  `school_logo` text CHARACTER SET utf8 NOT NULL,
  `school_slogan` text CHARACTER SET utf8 NOT NULL,
  `school_slogan_bangla` text CHARACTER SET utf8 NOT NULL,
  `school_address` text NOT NULL,
  `division_id` tinyint(1) DEFAULT NULL,
  `district_id` int(3) DEFAULT NULL,
  `upazila_id` int(5) DEFAULT NULL,
  `post_code` int(5) NOT NULL,
  `school_establishment_date` varchar(255) NOT NULL,
  `is_active` tinyint(1) NOT NULL DEFAULT '1',
  `created_by` int(11) NOT NULL,
  `updated_by` int(11) NOT NULL,
  `created_at` datetime NOT NULL,
  `updated_at` datetime NOT NULL
) ENGINE=InnoDB DEFAULT CHARSET=latin1;

--
-- Dumping data for table `bdedu_schools`
--

INSERT INTO `bdedu_schools` (`school_row_id`, `school_encrypted_row_id`, `school_id`, `academic_session_row_id`, `school_name`, `school_name_bn`, `school_classes`, `school_eiin_id`, `school_mobile_no`, `school_phone_no`, `school_logo`, `school_slogan`, `school_slogan_bangla`, `school_address`, `division_id`, `district_id`, `upazila_id`, `post_code`, `school_establishment_date`, `is_active`, `created_by`, `updated_by`, `created_at`, `updated_at`) VALUES
(1, 'c4ca4238a0b923820dcc509a6f75849b', 1001, 1, 'ASIYA BARI IDEAL SCHOOL', '', '[\"3\",\"4\",\"5\",\"6\",\"7\",\"8\"]', '11111', '', '', 'Asiya-Bari-Logo.png', '', '', 'Mothkhola', 1, 18, 40, 2326, '', 1, 1, 2, '0000-00-00 00:00:00', '2020-01-29 03:42:01');

-- --------------------------------------------------------

--
-- Table structure for table `bdedu_school_class_shifts`
--

CREATE TABLE `bdedu_school_class_shifts` (
  `class_shift_row_id` int(11) NOT NULL,
  `school_row_id` int(11) NOT NULL,
  `class_row_id` int(11) NOT NULL,
  `shift_row_id` int(11) NOT NULL,
  `academic_session` int(5) NOT NULL,
  `is_active` tinyint(1) NOT NULL DEFAULT '1',
  `created_by` int(11) NOT NULL,
  `updated_by` int(111) DEFAULT NULL,
  `created_at` datetime NOT NULL DEFAULT CURRENT_TIMESTAMP,
  `updated_at` datetime DEFAULT CURRENT_TIMESTAMP
) ENGINE=InnoDB DEFAULT CHARSET=latin1;

--
-- Dumping data for table `bdedu_school_class_shifts`
--

INSERT INTO `bdedu_school_class_shifts` (`class_shift_row_id`, `school_row_id`, `class_row_id`, `shift_row_id`, `academic_session`, `is_active`, `created_by`, `updated_by`, `created_at`, `updated_at`) VALUES
(1, 1, 13, 1, 1, 0, 2, 2, '2019-04-28 07:21:10', '2019-06-19 08:22:44'),
(2, 1, 14, 1, 1, 0, 2, 2, '2019-04-28 07:21:10', '2019-06-19 08:22:44'),
(3, 1, 1, 1, 1, 0, 2, 2, '2019-04-28 07:21:10', '2019-06-19 08:22:44'),
(4, 1, 2, 1, 1, 0, 2, 2, '2019-04-28 07:21:10', '2019-06-19 08:22:44'),
(5, 1, 3, 1, 1, 0, 2, 2, '2019-04-28 07:21:10', '2019-06-19 08:22:44'),
(6, 1, 4, 1, 1, 0, 2, 2, '2019-04-28 07:21:10', '2019-06-19 08:22:44'),
(7, 1, 5, 1, 1, 0, 2, 2, '2019-04-28 07:21:10', '2019-06-19 08:22:44'),
(8, 1, 6, 1, 1, 0, 2, 2, '2019-04-28 07:21:10', '2019-06-19 08:22:44'),
(9, 1, 7, 1, 1, 0, 2, 2, '2019-04-28 07:21:10', '2019-06-19 08:22:44'),
(10, 1, 8, 1, 1, 1, 2, 2, '2019-04-28 07:21:10', '2019-06-19 08:22:44'),
(11, 1, 9, 1, 1, 1, 2, 2, '2019-04-28 07:21:10', '2019-06-19 08:22:44'),
(12, 1, 10, 1, 1, 1, 2, 2, '2019-04-28 07:21:10', '2019-06-19 08:22:44'),
(13, 1, 11, 1, 1, 1, 2, 2, '2019-05-15 06:38:11', '2019-06-19 08:22:44'),
(14, 1, 12, 1, 1, 1, 2, 2, '2019-05-15 06:38:11', '2019-06-19 08:22:44'),
(15, 1, 8, 2, 1, 1, 2, 2, '2019-06-19 08:05:20', '2019-06-19 08:22:44'),
(16, 1, 9, 2, 1, 1, 2, 2, '2019-06-19 08:05:20', '2019-06-19 08:22:44'),
(17, 1, 10, 2, 1, 1, 2, 2, '2019-06-19 08:05:20', '2019-06-19 08:22:44'),
(18, 1, 11, 2, 1, 0, 2, 2, '2019-06-19 08:05:20', '2019-06-19 08:22:44'),
(19, 1, 12, 2, 1, 0, 2, 2, '2019-06-19 08:05:20', '2019-06-19 08:22:44');

-- --------------------------------------------------------

--
-- Table structure for table `bdedu_school_sections`
--

CREATE TABLE `bdedu_school_sections` (
  `section_row_id` int(11) NOT NULL,
  `class_row_id` int(3) NOT NULL,
  `section_name` varchar(100) NOT NULL,
  `school_row_id` int(11) NOT NULL,
  `academic_session` int(5) NOT NULL,
  `is_active` tinyint(1) NOT NULL DEFAULT '1',
  `created_by` int(11) DEFAULT NULL,
  `updated_by` int(11) DEFAULT NULL,
  `created_at` datetime NOT NULL DEFAULT CURRENT_TIMESTAMP,
  `updated_at` datetime NOT NULL DEFAULT CURRENT_TIMESTAMP
) ENGINE=InnoDB DEFAULT CHARSET=latin1;

--
-- Dumping data for table `bdedu_school_sections`
--

INSERT INTO `bdedu_school_sections` (`section_row_id`, `class_row_id`, `section_name`, `school_row_id`, `academic_session`, `is_active`, `created_by`, `updated_by`, `created_at`, `updated_at`) VALUES
(1, 8, 'General', 1, 1, 1, 2, NULL, '2019-06-13 06:34:30', '2019-06-13 12:34:30');

-- --------------------------------------------------------

--
-- Table structure for table `bdedu_school_shifts`
--

CREATE TABLE `bdedu_school_shifts` (
  `shift_row_id` int(11) NOT NULL,
  `school_row_id` int(11) NOT NULL,
  `shift_title` varchar(255) CHARACTER SET utf8 NOT NULL,
  `shift_start_from` time NOT NULL,
  `shift_end_to` time NOT NULL,
  `is_active` tinyint(1) NOT NULL DEFAULT '1',
  `academic_session` int(5) NOT NULL,
  `created_by` int(11) NOT NULL,
  `updated_by` int(11) NOT NULL,
  `created_at` datetime NOT NULL DEFAULT CURRENT_TIMESTAMP,
  `updated_at` datetime NOT NULL DEFAULT CURRENT_TIMESTAMP
) ENGINE=InnoDB DEFAULT CHARSET=latin1;

--
-- Dumping data for table `bdedu_school_shifts`
--

INSERT INTO `bdedu_school_shifts` (`shift_row_id`, `school_row_id`, `shift_title`, `shift_start_from`, `shift_end_to`, `is_active`, `academic_session`, `created_by`, `updated_by`, `created_at`, `updated_at`) VALUES
(1, 1, 'Batch-1(2019)', '19:00:00', '21:00:00', 1, 1, 2, 2, '2019-04-28 07:11:39', '2019-06-19 08:04:16'),
(2, 1, 'Batch-2(2019)', '19:30:00', '21:30:00', 1, 1, 2, 2, '2019-06-19 08:05:20', '2019-06-19 08:05:20');

-- --------------------------------------------------------

--
-- Table structure for table `bdedu_sessions`
--

CREATE TABLE `bdedu_sessions` (
  `id` varchar(255) NOT NULL,
  `user_id` int(11) DEFAULT NULL,
  `ip_address` varchar(45) DEFAULT NULL,
  `user_agent` text,
  `payload` text NOT NULL,
  `last_activity` int(11) NOT NULL
) ENGINE=InnoDB DEFAULT CHARSET=latin1;

--
-- Dumping data for table `bdedu_sessions`
--

INSERT INTO `bdedu_sessions` (`id`, `user_id`, `ip_address`, `user_agent`, `payload`, `last_activity`) VALUES
('Lv0TUn9mWCAid0rn09mIhtDLa4tQ6q4OGzJHHZYf', NULL, '::1', 'Mozilla/5.0 (Windows NT 10.0; WOW64; rv:65.0) Gecko/20100101 Firefox/65.0', 'YTo2OntzOjY6Il90b2tlbiI7czo0MDoiUXJxTFlqT3RaWWh6QjVqYnRmMGJLRnQ2eWt5UHBEN3loR0MzWDdtZSI7czo5OiJfcHJldmlvdXMiO2E6MTp7czozOiJ1cmwiO3M6NDA6Imh0dHA6Ly9sb2NhbGhvc3QvYmRlZHVjYXRpb24vc2Nob29sQWRtaW4iO31zOjY6Il9mbGFzaCI7YToyOntzOjM6Im9sZCI7YTowOnt9czozOiJuZXciO2E6MDp7fX1zOjExOiJzY2hvb2xfbG9nbyI7czoxOToiQXNpeWEtQmFyaS1Mb2dvLnBuZyI7czoxMToic2Nob29sX25hbWUiO3M6MjM6IkFTSVlBIEJBUkkgSURFQUwgU0NIT09MIjtzOjIzOiJhY2FkZW1pY19zZXNzaW9uX3Jvd19pZCI7aToyO30=', 1551958475),
('yNFkLP5vYaZHwTKRZerpLbj1rBzb8gYUqvkHCZva', NULL, '::1', 'Mozilla/5.0 (Windows NT 10.0; WOW64; rv:65.0) Gecko/20100101 Firefox/65.0', 'YTo4OntzOjY6Il90b2tlbiI7czo0MDoiWVFHYVNQd29lSzNGYXF3SnVUZmU3UkZrSERQdjl2dEVOZDFQRm1TUyI7czo5OiJfcHJldmlvdXMiO2E6MTp7czozOiJ1cmwiO3M6Njk6Imh0dHA6Ly9sb2NhbGhvc3QvYmRlZHVjYXRpb24vc2Nob29sQWRtaW4vc2Nob2xhcnNoaXAvbWFzcy9lbnRpdGxlbWVudCI7fXM6NjoiX2ZsYXNoIjthOjI6e3M6Mzoib2xkIjthOjA6e31zOjM6Im5ldyI7YTowOnt9fXM6NTk6ImxvZ2luX3NjaG9vbEFkbWluc181OWJhMzZhZGRjMmIyZjk0MDE1ODBmMDE0YzdmNThlYTRlMzA5ODlkIjtpOjI7czoxMzoic2Nob29sX3Jvd19pZCI7aToxO3M6MTE6InNjaG9vbF9sb2dvIjtzOjE5OiJBc2l5YS1CYXJpLUxvZ28ucG5nIjtzOjExOiJzY2hvb2xfbmFtZSI7czoyMzoiQVNJWUEgQkFSSSBJREVBTCBTQ0hPT0wiO3M6MjM6ImFjYWRlbWljX3Nlc3Npb25fcm93X2lkIjtpOjI7fQ==', 1552394380),
('bUt502K50OQdOwEwHP3M4ka03Ki7yqJhgQDVp8zD', NULL, '::1', 'Mozilla/5.0 (Windows NT 10.0; WOW64; rv:65.0) Gecko/20100101 Firefox/65.0', 'YTo2OntzOjY6Il90b2tlbiI7czo0MDoiRkV0SldwekFEQmRGZ3QwQXJxRXFvd1VsOEszM0I5Qzl1MGZ3MWZpVCI7czo5OiJfcHJldmlvdXMiO2E6MTp7czozOiJ1cmwiO3M6NDA6Imh0dHA6Ly9sb2NhbGhvc3QvYmRlZHVjYXRpb24vc2Nob29sQWRtaW4iO31zOjY6Il9mbGFzaCI7YToyOntzOjM6Im9sZCI7YTowOnt9czozOiJuZXciO2E6MDp7fX1zOjExOiJzY2hvb2xfbG9nbyI7czoxOToiQXNpeWEtQmFyaS1Mb2dvLnBuZyI7czoxMToic2Nob29sX25hbWUiO3M6MjM6IkFTSVlBIEJBUkkgSURFQUwgU0NIT09MIjtzOjIzOiJhY2FkZW1pY19zZXNzaW9uX3Jvd19pZCI7aToyO30=', 1552453210),
('UBYbNT6LZnoKMcX98LzKmweW5yEfhchIzlYKERke', NULL, '::1', 'Mozilla/5.0 (Windows NT 10.0; WOW64; rv:66.0) Gecko/20100101 Firefox/66.0', 'YTo4OntzOjY6Il90b2tlbiI7czo0MDoiTUlXZkVmb3A5R3ZEVGRmTkRWbUZMUXA3WW5wdnRoRmd1cTY0eGhWQiI7czo5OiJfcHJldmlvdXMiO2E6MTp7czozOiJ1cmwiO3M6NzY6Imh0dHA6Ly9sb2NhbGhvc3QvYmRlZHVjYXRpb24vc2Nob29sQWRtaW4vc2Nob29sU2V0dGluZy9tYW5hZ2VBY2FkZW1pY1Nlc3Npb24iO31zOjY6Il9mbGFzaCI7YToyOntzOjM6Im9sZCI7YTowOnt9czozOiJuZXciO2E6MDp7fX1zOjU5OiJsb2dpbl9zY2hvb2xBZG1pbnNfNTliYTM2YWRkYzJiMmY5NDAxNTgwZjAxNGM3ZjU4ZWE0ZTMwOTg5ZCI7aToyO3M6MTM6InNjaG9vbF9yb3dfaWQiO2k6MTtzOjExOiJzY2hvb2xfbG9nbyI7czoxOToiQXNpeWEtQmFyaS1Mb2dvLnBuZyI7czoxMToic2Nob29sX25hbWUiO3M6MjM6IkFTSVlBIEJBUkkgSURFQUwgU0NIT09MIjtzOjIzOiJhY2FkZW1pY19zZXNzaW9uX3Jvd19pZCI7aToyO30=', 1555475577),
('75ksTueIlVHF2A9XiqFPZgYpcb7NuejuniPkofwQ', NULL, '::1', 'Mozilla/5.0 (Windows NT 10.0; Win64; x64) AppleWebKit/537.36 (KHTML, like Gecko) Chrome/73.0.3683.103 Safari/537.36', 'YTo4OntzOjY6Il90b2tlbiI7czo0MDoiWmkwclFzZlVmdHdjTkxCR3U2M0lFRlJoT2RiS0d5bXVxTHNPS01pNiI7czo5OiJfcHJldmlvdXMiO2E6MTp7czozOiJ1cmwiO3M6NzY6Imh0dHA6Ly9sb2NhbGhvc3QvYmRlZHVjYXRpb24vc2Nob29sQWRtaW4vc2Nob29sU2V0dGluZy9tYW5hZ2VBY2FkZW1pY1Nlc3Npb24iO31zOjY6Il9mbGFzaCI7YToyOntzOjM6Im9sZCI7YTowOnt9czozOiJuZXciO2E6MDp7fX1zOjU5OiJsb2dpbl9zY2hvb2xBZG1pbnNfNTliYTM2YWRkYzJiMmY5NDAxNTgwZjAxNGM3ZjU4ZWE0ZTMwOTg5ZCI7aToyO3M6MTM6InNjaG9vbF9yb3dfaWQiO2k6MTtzOjExOiJzY2hvb2xfbG9nbyI7czoxOToiQXNpeWEtQmFyaS1Mb2dvLnBuZyI7czoxMToic2Nob29sX25hbWUiO3M6MjM6IkFTSVlBIEJBUkkgSURFQUwgU0NIT09MIjtzOjIzOiJhY2FkZW1pY19zZXNzaW9uX3Jvd19pZCI7aToyO30=', 1555998056);

-- --------------------------------------------------------

--
-- Table structure for table `bdedu_students`
--

CREATE TABLE `bdedu_students` (
  `student_row_id` int(11) UNSIGNED NOT NULL,
  `student_id` bigint(20) DEFAULT NULL,
  `student_name` varchar(255) COLLATE utf8_unicode_ci NOT NULL,
  `student_name_bangla` varchar(255) COLLATE utf8_unicode_ci NOT NULL,
  `email` varchar(255) COLLATE utf8_unicode_ci DEFAULT NULL,
  `institute_name` varchar(250) COLLATE utf8_unicode_ci DEFAULT NULL,
  `status` tinyint(1) NOT NULL DEFAULT '1',
  `password` varchar(255) COLLATE utf8_unicode_ci NOT NULL,
  `student_password_text` varchar(255) COLLATE utf8_unicode_ci NOT NULL,
  `school_row_id` int(11) NOT NULL,
  `current_session` int(3) DEFAULT NULL,
  `version_row_id` tinyint(1) NOT NULL DEFAULT '2',
  `current_class` tinyint(1) NOT NULL,
  `current_shift` tinyint(1) NOT NULL DEFAULT '1',
  `current_department` tinyint(1) NOT NULL DEFAULT '1' COMMENT '1=General, 2= Science, 3=Arts, 4=commerce, 5=other',
  `current_section` int(11) DEFAULT NULL,
  `current_rollnumber` int(11) DEFAULT NULL,
  `contact` varchar(255) COLLATE utf8_unicode_ci DEFAULT NULL,
  `student_photo` varchar(255) COLLATE utf8_unicode_ci DEFAULT NULL,
  `student_phone` varchar(255) COLLATE utf8_unicode_ci NOT NULL,
  `student_gender` tinyint(1) NOT NULL,
  `student_blood_group` varchar(255) COLLATE utf8_unicode_ci DEFAULT NULL,
  `student_religion` varchar(255) COLLATE utf8_unicode_ci DEFAULT NULL,
  `nationality` varchar(255) COLLATE utf8_unicode_ci DEFAULT NULL,
  `father_name` varchar(255) COLLATE utf8_unicode_ci DEFAULT NULL,
  `mother_name` varchar(255) COLLATE utf8_unicode_ci DEFAULT NULL,
  `student_dob` date DEFAULT NULL,
  `admission_date` date DEFAULT NULL,
  `guardian_row_id` int(11) DEFAULT NULL,
  `guardian_login_row_id` int(11) DEFAULT NULL,
  `remember_token` varchar(100) COLLATE utf8_unicode_ci DEFAULT NULL,
  `active_status` tinyint(1) NOT NULL DEFAULT '1' COMMENT '0 = inactive, 1 = active',
  `created_by` int(11) NOT NULL,
  `updated_by` int(11) DEFAULT NULL,
  `created_at` timestamp NULL DEFAULT NULL,
  `updated_at` timestamp NULL DEFAULT NULL
) ENGINE=InnoDB DEFAULT CHARSET=utf8 COLLATE=utf8_unicode_ci;

--
-- Dumping data for table `bdedu_students`
--

INSERT INTO `bdedu_students` (`student_row_id`, `student_id`, `student_name`, `student_name_bangla`, `email`, `institute_name`, `status`, `password`, `student_password_text`, `school_row_id`, `current_session`, `version_row_id`, `current_class`, `current_shift`, `current_department`, `current_section`, `current_rollnumber`, `contact`, `student_photo`, `student_phone`, `student_gender`, `student_blood_group`, `student_religion`, `nationality`, `father_name`, `mother_name`, `student_dob`, `admission_date`, `guardian_row_id`, `guardian_login_row_id`, `remember_token`, `active_status`, `created_by`, `updated_by`, `created_at`, `updated_at`) VALUES
(1, 80047, 'Amina Billah', 'আমিনা বিল্লাহ', 'aminabillah@gmail.com', 'Scholastica', 1, '$2y$10$t9rw5cqi5B8HI.68IuxQAu.nm8n11IlT0XITAFGntcIwEw7S9ARDi', '123456', 1, NULL, 1, 8, 1, 1, 1, NULL, NULL, '1561445204_Amina Billah.png', '01787062659', 2, '0', '1', 'Bangladeshi', 'Arif Billah', 'Zakia Khan', NULL, '2019-04-10', NULL, NULL, 'DYy3bIHdy18nm7YNUvJwkCig3gejQomQhZEP8eATAYkpxXjXYl0m5l0RKWpe', 1, 2, NULL, '2019-06-25 04:57:53', NULL),
(2, 80047, 'Mehereen Noor', 'মেহেরীন নুর', 'mehereennoor@gmail.com', 'Scholastica', 1, '$2y$10$ulWnSuzFyRYgDQA71nnq.uCUZQl5/kixlFK2e3GMyXjFyv35pOqAC', '123456', 1, NULL, 1, 8, 1, 1, 1, NULL, NULL, '1561445303_Mehereen Noor.png', '01715992691', 2, '0', '1', 'Bangladeshi', 'Kazi Ahsanul Houqe', 'Shamim Ara Nipa', NULL, '2019-04-10', NULL, NULL, 'jhzRpu6cWFnR6xkfm5nkqeQyRdb6GcgD1EFDVwpyzSsUqC5yIUMxD0UCWAX4', 1, 2, NULL, '2019-06-25 00:48:23', NULL),
(3, 80003, 'Zareef Yeasin Zaman', 'জারীফ ইয়াসিন জামান', 'zareefyeasinzaman@gmail.com', 'Scholastica', 1, '$2y$10$96HkZy5BrAPMWA2QDoKkRObcbmLEVB/F9p9M1ZgB1FolIV6QKAo8y', '123456', 1, NULL, 2, 8, 1, 1, 1, NULL, NULL, '1560935829_Zareef Yeasin Zaman.png', '01711439925', 1, '0', '0', 'Bangladeshi', 'M. Musleh Uz Zaman', 'Mallika Nabi', NULL, '2019-04-27', NULL, NULL, 'q97mnxjnH7u4EHfPComnP3BnJxUjsAp4yjb6UT35LJaHAFkNDZgleswAZzlY', 1, 2, NULL, '2019-06-19 03:17:09', NULL),
(4, 80004, 'Ahnaf Ahmed Joarder', 'আহনাফ আহমেদ জোয়ারদার', 'ahnafahmedjoarder@gmail.com', 'Scholastica', 1, '$2y$10$0PU6BA/SXvMz.c5gc6bHtOTi7ddhI8fx5OL22eyGOZF74S.Ddrlte', '123456', 1, NULL, 2, 8, 1, 1, 1, NULL, NULL, '1560936075_Ahnaf Ahmed Joarder.png', '01711861551', 1, '0', '1', 'Bangladeshi', 'Qamar Alam', 'Farhana Haque', NULL, '2019-04-09', NULL, NULL, 'j6lTWHSxuWkcvGQScahZZoQY7iCEUgximxVQGUDG5SKvCkLRAQZghVYNSNtc', 1, 2, NULL, '2019-06-19 03:21:15', NULL),
(5, 80047, 'Md. Yeasin Mahmud Piash', 'মোঃ ইয়াসিন মাহমুদ পিয়াস', 'mdyeasinmahmudpiash@gmail.com', 'Scholastica', 1, '$2y$10$ZVeHm6Uy8dBYsk8qpr0M..dDj/0ey7Zjg.zVNRHK39P/wLHFe0K2m', '123456', 1, NULL, 2, 8, 1, 1, 1, NULL, NULL, '1561445342_Md. Yeasin.png', '01629467128', 1, '0', '1', 'Bangladeshi', 'Md. Moffiz Uddin', 'Yasmin Akter', NULL, '2019-04-09', NULL, NULL, NULL, 1, 2, NULL, '2019-06-25 00:49:02', NULL),
(6, 80006, 'Azmine Saeed', 'আজমায়িন সাইদ', 'azminesaeed@gmail.com', 'Scholastica', 1, '$2y$10$SoDZ6piMyzzdLr9QXImvJuSAozBSG1Nj3Ld1jeB5TWDaO3kIVaiiy', '123456', 1, NULL, 2, 8, 1, 1, 1, NULL, NULL, '', '01746603799', 1, '0', '1', 'Bangladeshi', 'Sayeed Rahman', 'Sabina Saeed', NULL, '2019-06-07', NULL, NULL, NULL, 1, 2, NULL, '2019-06-22 23:14:55', NULL),
(7, 80007, 'Ahmed Ithmam Jabari', 'আহমেদ ইতমাম জাবারি', 'ahmedithmamjabari@gmail.com', 'Scholastica', 1, '$2y$10$bbNTP4Djh193jlWjTNsZAu7fSvhfkqWBRWljxrwVm4HNwv./.j9Xm', '123456', 1, NULL, 3, 8, 1, 1, 1, NULL, NULL, '1561267131_Jabari.png', '018200683557', 1, '0', '1', 'Bangladeshi', 'Mohammad Khasru Meah', 'Sayeda Chowdhury', NULL, '2019-06-06', NULL, NULL, 'I48o8zobYrrNj0F38YHstrdEShiGaSwnADBSDqklAR7OpGXMzV69RBOz1F29', 1, 2, NULL, '2019-06-22 23:18:51', NULL),
(8, 80008, 'Jobaida Rafique Raida', 'জোবাইদা রফিক রাইদা', 'jobaudarafiqueraida@gmail.com', 'Scholastica', 1, '$2y$10$80NQ3sg8E87PsF7LUKsxouGCsVb9rCDJFYUqGhUu0O0VrqtRa7YYG', '123456', 1, NULL, 2, 8, 1, 1, 1, NULL, NULL, '1561267336_Jubaida Rafique Raida.png', '01819239497', 2, '0', '1', 'Bangladeshi', 'Md. Rafique Islam Khan', 'Zakia Rafique', NULL, '2019-06-07', NULL, NULL, 'bjUWSmqokPeBsR9EKxeKXLzxtEef1yQAPh6MN7A7GMk79mycHHBQjqMiyWWK', 1, 2, NULL, '2019-06-22 23:22:16', NULL),
(9, 80009, 'Ana Maria Hasan', 'এনা মারিয়া হাসান', 'anamariahasan@gmail.com', 'Scholastica', 1, '$2y$10$ZhBNP/4q3070F04fkZx5sOhqpcGB2Wrn3ynyuLDsoX/KQRvUYUqXi', '123456', 1, NULL, 2, 8, 1, 1, 1, NULL, NULL, '1561267491_Ana Maria Hasan.png', '01730373366', 2, '0', '0', 'Bangladeshi', 'Z. Hasan Tipu', 'Sajida Ahmed', NULL, '2019-06-07', NULL, NULL, NULL, 1, 2, NULL, '2019-06-22 23:24:51', NULL),
(10, 80010, 'Fatiha Mahdiyat', 'ফাতিহা মাহদিয়াত', 'fateehamahdiyat@gmail.com', 'Scholastica', 1, '$2y$10$c9xLGLKt5tNHdbEh/5MoJ.9Bmcp8qfdaY37GjCAu0cfOeFcGog/2e', '123456', 1, NULL, 2, 8, 1, 1, 1, NULL, NULL, '1561267667_Fateeha Mahhdiyat.png', '01712270728', 2, '0', '1', 'Bangladeshi', 'Adnan Fahee', 'Tasnia Ahmed', NULL, '2019-06-07', NULL, NULL, NULL, 1, 2, NULL, '2019-06-22 23:27:47', NULL),
(11, 80047, 'Dia Kabir', 'দিয়া কাবির', 'diakabir@gmail.com', 'Scholastica', 1, '$2y$10$NxHiFbnmnRIQv8.7.JHXuu5NchUFpMBhRWYRkH0zxMMrDF2fkldYW', '123456', 1, NULL, 2, 8, 1, 1, 1, NULL, NULL, '1561455983_1561267823_Dia Kabir.png', '01718550790', 2, '0', '1', 'Bangladeshi', 'Hemayetul Kabir', 'Farhana Kabir', NULL, '2019-06-07', NULL, NULL, NULL, 1, 2, NULL, '2019-06-25 03:46:23', NULL),
(12, 80012, 'Kenneth Shifa', 'কেনেথ শিফা', 'kennethshifa@gmail.com', 'Scholastica', 1, '$2y$10$abZxdC4bCrbyv.Ptu7fOgeCL65cGRet7f0BPr908Z89FbWsEFmBhC', '123456', 1, NULL, 3, 3, 1, 1, 1, NULL, NULL, '1561267962_Keneth Shifa.png', '01713201863', 2, '0', '1', 'Bangladeshi', 'Md. Abul Kashem', 'Habiba Begum', NULL, '2019-06-07', NULL, NULL, 'VBFEq1tbOwWIFAuR7KBglwSj4bbLQjJqj7DJNP0hjW81kxWnoxipLXty4Z8c', 1, 2, NULL, '2019-06-22 23:32:54', NULL),
(13, 80013, 'Lamisa Zaheen', 'লামিসা জাহিন', 'lamisazaheen@gmail.com', 'Scholastica', 1, '$2y$10$rqPGYQK.fugq4wjBGYia2.Fnbxo36uWFHLpyOLC9/lfdxS8f6JDMW', '123456', 1, NULL, 2, 8, 1, 1, 1, NULL, NULL, '1561268141_Lamisa Zaheen.png', '01712108592', 2, '0', '1', 'Bangladeshi', 'syed Obaidul Bari', 'Suraiya Hossain', NULL, '2019-06-07', NULL, NULL, NULL, 1, 2, NULL, '2019-06-22 23:35:41', NULL),
(14, 80047, 'Farha Mehjabin Tahia', 'ফারহা মেহজাবিন তাহিয়া', 'farhamehjabintahia@gmail.com', 'Scholastica', 1, '$2y$10$Pezv2UMD2iJOFbeYrwjLwemPlAR2ZyCHj9eZspl55xrcKDm4trqG.', '123456', 1, NULL, 2, 8, 1, 1, 1, NULL, NULL, '1561463462_1561268796_Fariha Mehjabin Tahia.png', '01715750428', 2, '0', '1', 'Bangladeshi', 'Mohammad Humayon kabir', 'Sayeda Mahabuba Shaheen', NULL, '2019-06-07', NULL, NULL, NULL, 1, 2, NULL, '2019-06-25 05:51:39', NULL),
(15, 80015, 'Md. Ragib Hasan', 'রাগিব হাসান', 'mdragibhasan@gmail.com', 'Scholastica', 1, '$2y$10$G2LDhCyW0R.K1Bx4NWTKAuRmvMfJyMlyvhSdQ38x3bcNOq06M3RC2', '123456', 1, NULL, 2, 8, 1, 1, 1, NULL, NULL, '1561268957_Md Ragib Hasan.png', '01732485060', 1, '0', '1', 'Bangladeshi', 'Md. Shahidul Islam', 'Mst. Rubina Khatun', NULL, '2019-06-07', NULL, NULL, NULL, 1, 2, NULL, '2019-06-22 23:49:17', NULL),
(16, 80016, 'Ramisa Sujana Khan', 'রামিসা সুজানা খান', 'ramisasujanakhan@gmail.com', 'Scholastica', 1, '$2y$10$GqrFyBFLZlqN1uElUAxtsOHWJZ4ag99jMnS5FReBSkDJkISIhIpqq', '123456', 1, NULL, 2, 8, 1, 1, 1, NULL, NULL, '1561269153_Ramisa Sujan Khan.png', '01714138618', 2, '0', '1', 'Bangladeshi', 'Md. Nazmul Haque Khan', 'Noor Nahar Afroza', NULL, '2019-06-07', NULL, NULL, NULL, 1, 2, NULL, '2019-06-22 23:52:33', NULL),
(17, 80017, 'Sumaiya Binte Shasid', 'সুমাইয়া বিনতে শাসিদ', 'sumaiyabinteshasid@gmail.com', 'Scholastica', 1, '$2y$10$CPo13SZldc/AcYRCoelk0uhqmtx/J7eQ/Q8yBQlIz/BSwPwHyZ2PK', '123456', 1, NULL, 2, 8, 1, 1, 1, NULL, NULL, '1561269372_Sumaiya Binte Shahid.png', '01720216996', 2, '0', '0', 'Bangladeshi', 'Md. Shasid Hossain', 'Taslima Akter', NULL, '2019-06-07', NULL, NULL, NULL, 1, 2, NULL, '2019-06-22 23:56:12', NULL),
(18, 80018, 'Ishmam Yaseen Taha', 'ইশমাম ইয়াসিন তাহা', 'ishmamyaseentaha@gmail.com', 'Scholastica', 1, '$2y$10$u982mDp42sPvCwP8abB10.6LcsD9Pps01nw3CkQkhZ8c8VeJXvg/6', '123456', 1, NULL, 3, 4, 1, 1, 1, NULL, NULL, '1561269587_Ishmam Yaseen Taha.png', '01912974789', 1, '0', '1', 'Bangladeshi', 'Mofiz Uddin Ahmed', 'Andelip Sazia', NULL, '2019-06-07', NULL, NULL, 'lAmJdg12SzWe6iSn2PZNBvncrN1wEOO7bd5ZYyXBycAK5CjSuUTx2LmWCXsR', 1, 2, NULL, '2019-06-25 03:46:42', NULL),
(19, 80019, 'Rafin Almas Ahon', 'রাফিন আলমাস আহন', 'rafinalmasahon@gmail.com', 'Scholastica', 1, '$2y$10$dzyqLtFEBIGqtX8qEhDup.TFPGtkjphi/rDvHxXvEA2QK7zs8IgmW', '123456', 1, NULL, 2, 8, 1, 1, 1, NULL, NULL, '1561269776_Rafin Almas Ahon.png', '01718735518', 1, '0', '1', 'Bangladeshi', 'Dr. Md. Durul Hoda', 'Mst. Masuma Sultana', NULL, '2019-06-07', NULL, NULL, NULL, 1, 2, NULL, '2019-06-23 00:02:56', NULL),
(20, 80020, 'Syeda Rifa Sanjida', 'সায়েদা রিফা সানজিদা', 'syedarifasanjida@gmail.com', 'Scholastica', 1, '$2y$10$Xd9oHz..NZqnhBMZ3GcrWuCvkIWr2fCQ9C.bz7JWMCEVt4ZKiYzIe', '123456', 1, NULL, 2, 8, 1, 1, 1, NULL, NULL, '1561270009_Syeda Rifa Khan.png', '01711168762', 2, '0', '1', 'Bangladeshi', 'Syed Ahsan Ghoni', 'Noor - e Farzana huq', NULL, '2019-06-07', NULL, NULL, NULL, 1, 2, NULL, '2019-06-23 00:06:49', NULL),
(21, 80021, 'Nazwa Nasheeta Rahman', 'নাজওয়া নাজহিতা রহমান', 'najwanaheetarahman@gmail.com', 'Scholastica', 1, '$2y$10$q.akkq7iqi9SVNCPlYYEAelReFhtzX3s79qHX7wjNAH50vglH6xGi', '123456', 1, NULL, 2, 8, 1, 1, 1, NULL, NULL, '', '01552309038', 2, '0', '1', 'Bangladeshi', 'Md. Golam Sarwer', 'Dr. Nahid Farhana Amin', NULL, '2019-06-07', NULL, NULL, NULL, 1, 2, NULL, '2019-06-23 00:11:10', NULL),
(22, 80022, 'Hasinur Rahman Sahil', 'হাসিনুর রহমান সাহিল', 'nasinurrahmansahil@gmail.com', 'Scholastica', 1, '$2y$10$yzof7fWxgHKuoRS1tk1TWudV9/XPt9emX725BsMzX8WFBhVZRjDU6', '123456', 1, NULL, 2, 8, 1, 1, 1, NULL, NULL, '', '01552309038', 1, '0', '0', 'Bangladeshi', 'Md. Golam Sarwer', 'Dr. Nahid Farhana Amin', NULL, '2019-06-07', NULL, NULL, NULL, 1, 2, NULL, '2019-06-23 00:36:57', NULL),
(23, 80024, 'Munshatia Islam Merry', 'মুনতাশিয়া ইসলাম মেরি', 'munshatiaislammerry@gmail.com', 'Scholastica', 1, '$2y$10$xNdndTWymYVR1xQqABJ2UeFugxx4oC/QLyme0mU6renCO0BA2r11.', '123456', 1, NULL, 2, 8, 1, 1, 1, NULL, NULL, '', '01749279990', 2, '0', '1', 'Bangladeshi', '', '', NULL, '2019-06-07', NULL, NULL, NULL, 1, 2, NULL, '2019-06-23 00:42:43', NULL),
(24, 80024, 'Amrin Rafa', 'আমরিন রাফা', 'amrinrafa@gmail.com', 'Scholastica', 1, '$2y$10$qpYgEredtXdhWzTwpCL3Uu3udzwHFtPRyOZM//XT6JWE8nqX6ASne', '123456', 1, NULL, 2, 8, 1, 1, 1, NULL, NULL, '', '01948889428', 2, '0', '1', 'Bangladeshi', '', '', NULL, '2019-06-07', NULL, NULL, NULL, 1, 2, NULL, '2019-06-23 00:41:44', NULL),
(25, 80025, 'Syeda Aysha Bushra', 'সৈয়দা আয়শা বুশরা', 'syedaayshabushra@gmail.com', 'Scholastica', 1, '$2y$10$W3AwxDCc1eDoMS86IwLL2u4YK/AiE2CnjlDDoFxxNEauEd1dGKCIe', '123456', 1, NULL, 2, 8, 1, 1, 1, NULL, NULL, '1561272371_Syeda Aysha Bushra.png', '01614504902', 2, '0', '1', 'Bangladeshi', 'Syed Khaled Hossain', 'Syeda Arifa', NULL, '2019-06-07', NULL, NULL, NULL, 1, 2, NULL, '2019-06-23 00:46:11', NULL),
(26, 80026, 'Progga Parmita Rupkotha', 'প্রজ্ঞা পরমিতা রূপকথা', 'proggaparmitarupkothatest@gmail.com', 'Scholastica', 1, '$2y$10$vV6b1q.y/JtzI2QjtVwX9ucA9t3xpuXt24GUuvyO31YoZriUFNT8i', '123456', 1, NULL, 2, 8, 1, 1, 1, NULL, NULL, '', '01726396214', 2, '0', '1', 'Bangladeshi', 'Mahbub Aziz', 'Alpona Akter', NULL, '2019-06-27', NULL, NULL, NULL, 1, 2, NULL, '2019-06-24 21:59:34', NULL),
(27, 80028, 'Mohammad Akif Hasan', 'মোঃ আকিফ হাসান', 'mohammadakifhasan@gmail.com', 'Scholastica', 1, '$2y$10$hiL85JEdGtd1bqFk01LufO77Nfa/GVPt5j4g2WbRar.pz.n0lTnmu', '123456', 1, NULL, 2, 8, 1, 1, 1, NULL, NULL, '1561435769_Akif Hasan.png', '01819176836', 1, '0', '1', 'Bangladeshi', 'Hasan Mahammad Tareque', 'Zakia Rahman', NULL, '2019-04-08', NULL, NULL, NULL, 1, 2, NULL, '2019-06-24 22:09:29', NULL),
(28, 80028, 'Walisa Wahid Tarin', 'ওয়ালিসা ওয়াহিদ তারিন', 'walisawahidtarin@gmail.com', 'Scholastica', 1, '$2y$10$IyUrlajgf9R.Q80beT.eoegWmSvs0AG1rmp50hYSjG.yVJrUUL/t6', '123456', 1, NULL, 2, 8, 1, 1, 1, NULL, NULL, '1561435701_Walisa Wahid Tarin.png', '01790492688', 2, '0', '1', 'Bangladeshi', 'Wahidur Rahman', 'Shaheen Sarwar', NULL, '2019-04-07', NULL, NULL, NULL, 1, 2, NULL, '2019-06-24 22:08:21', NULL),
(29, 80029, 'S. M Hassin Arman Araf', 'এস এম হাসিন আরমান আরাফ', 'smhassinarmanaraf@gmail.com', 'Scholastica', 1, '$2y$10$N7MisskoPYazIrsgSLJs..n/Up6Ub6iIPjT.5wXQ7tpmFu07Amnua', '123456', 1, NULL, 2, 8, 1, 1, 1, NULL, NULL, '', '01717769416', 1, '0', '1', 'Bangladeshi', 'S. M Shahidul Islam', 'Dewan Khodejatul Zannat', NULL, '2019-04-08', NULL, NULL, NULL, 1, 2, NULL, '2019-06-24 22:13:05', NULL),
(30, 80030, 'Sian Ahbab Khan', 'সিয়ান আহবাব খান', 'sianahbabkhan@gmail.com', 'Scholastica', 1, '$2y$10$AcoUUB4GWtZRl5J.WyfKue7J2iXcXU3zSSFxvbhGFAA5WRMij.C4e', '123456', 1, NULL, 2, 8, 1, 1, 1, NULL, NULL, '1561436299_Sian Ahbab Khan.png', '01713009502', 1, '0', '1', 'Bangladeshi', 'M Habibur Rahman Khan', 'Sharmin Mastafi Koni', NULL, '2019-04-08', NULL, NULL, NULL, 1, 2, NULL, '2019-06-24 22:18:19', NULL),
(31, 80031, 'Md. Kaif Faisal Al Gafur', 'মোঃ কাইফ ফয়সাল আল গফুর', 'mdkaiffaisalalgafur@gmail.com', 'Scholastica', 1, '$2y$10$gQoGX3SyG0ckfnrjvwgJ6.OCR1.OhUSkrI.ejSjfxgO8tyHJURg16', '123456', 1, NULL, 2, 8, 1, 1, 1, NULL, NULL, '1561436520_Kaif Faisal.png', '01779099681', 1, '0', '1', 'Bangladeshi', 'Mohammad Faisal Al Gafur', 'Kamrun Nahar', NULL, '2019-04-17', NULL, NULL, NULL, 1, 2, NULL, '2019-06-24 22:22:00', NULL),
(32, 80032, 'Tanisha Kabir', 'টানিশা কবির', 'tanishakabir@gmail.com', 'Scholastica', 1, '$2y$10$9aDjPYfMyk.RvYFaPW6gGeGQYfbIkp.5rPktDWUZ1.6HFd6td2kyu', '123456', 1, NULL, 2, 8, 1, 1, 1, NULL, NULL, '1561436662_Tanisha Kabir.png', '01676610907', 2, '0', '1', 'Bangladeshi', 'Ekramul Kabir', 'Rokeya Sultana', NULL, '2019-04-27', NULL, NULL, NULL, 1, 2, NULL, '2019-06-24 22:24:22', NULL),
(33, 80033, 'Md. Yusha Rumman', 'মোঃ ইউশা রুম্মান', 'mdyusharumman@gmail.com', 'Scholastica', 1, '$2y$10$7krTZoK5SRcidqnCSLXE.OUc4Xeo6yBtu2TD5tMl/g9RDxvUmEEXO', '123456', 1, NULL, 2, 8, 1, 1, 1, NULL, NULL, '', '01819245371', 2, '0', '1', 'Bangladeshi', 'Hanif Md. Kawser', 'Afrin Kawser', NULL, '2019-04-11', NULL, NULL, NULL, 1, 2, NULL, '2019-06-24 22:28:16', NULL),
(34, 80034, 'Mahadir Haque', 'মোঃ মাহাদির হক', 'mahadirhaque@gmail.com', 'Scholastica', 1, '$2y$10$D/f7.9LdibminSsbJp1SfeJSKe1JbHS4kvAQy2hiEryGecCFzcyJC', '123456', 1, NULL, 2, 8, 1, 1, 1, NULL, NULL, '', '01964797340', 1, '0', '0', 'Bangladeshi', 'Mozammel Haque', 'Dilara Haque', NULL, '2019-04-10', NULL, NULL, NULL, 1, 2, NULL, '2019-06-24 22:39:14', NULL),
(35, 80035, 'Farhana Tasnim', 'ফারহানা তাসনিম', 'farhanatasnim@gmail.com', 'Scholastica', 1, '$2y$10$43aF2PC0QXK3590fZVh.1OrGF5RZMu1JMFVaaUrjutUFwNMNZ//dm', '123456', 1, NULL, 2, 8, 1, 1, 1, NULL, NULL, '1561437730_Farhana Tasnim.png', '01817631114', 2, '0', '1', 'Bangladeshi', 'AKM Abu Sayeed', 'Selina Akhter', NULL, '2019-04-08', NULL, NULL, NULL, 1, 2, NULL, '2019-06-24 22:42:10', NULL),
(36, 80037, 'Binuli Minayani Weerasekara', 'বিনুলি মিরাইয়া ওয়েসেকারা', 'binuliminayaniweerasekara@gmail.com', 'International Hope School Bangladesh', 1, '$2y$10$fkwmODmuv44Am7K9O4myau6xEZHl/VbgyGnoio0EjFLBXChsyFWT6', '123456', 1, NULL, 2, 8, 1, 1, 1, NULL, NULL, '1561438266_Binuli.png', '01771666820', 2, '0', '3', 'Bangladeshi', 'Jayantha Weerasekara', 'Poornima Weerasekara', NULL, '2019-04-10', NULL, NULL, NULL, 1, 2, NULL, '2019-06-25 03:48:12', NULL),
(37, 80037, 'Yenuli Minayani Weerasekara', 'ইয়ানলি মিরাইয়া ওয়েসেকারা', 'yenuliminayaniweerasekara@gmail.com', 'International Hope School Bangladesh', 1, '$2y$10$yj2VVSw/yBut51uvrLuGO.BqikeGId1alJyqIvdSFEdpFQa/dxSvS', '123456', 1, NULL, 2, 8, 1, 1, 1, NULL, NULL, '1561438204_Yenuli.png', '01771666820', 2, '0', '3', 'Bangladeshi', 'Jayantha Weerasekara', 'Poornima Weerasekara', NULL, '2019-04-10', NULL, NULL, NULL, 1, 2, NULL, '2019-06-24 22:50:04', NULL),
(38, 80038, 'Azmayeen Ameen', 'আজমাইন আমিন', 'azmayeenameen@gmail.com', 'Scholastica', 1, '$2y$10$kPe3uZenozofAlgqmNJL6.hTFpvVMRYv6m3ObzOB7eq3kd.aEIzPi', '123456', 1, NULL, 2, 8, 1, 1, 1, NULL, NULL, '1561438442_Azmayeen Ameen.png', '01818210583', 1, '0', '1', 'Bangladeshi', 'Md. Shahidul Ameen', 'Farzana Mahjabeen Khan', NULL, '2019-04-10', NULL, NULL, NULL, 1, 2, NULL, '2019-06-25 03:47:15', NULL),
(39, 80040, 'Lisara Fernando', 'লিসারা ফারনান্দু', 'lisarafernando@gmail.com', 'DPS STS Dhaka', 1, '$2y$10$.StkoNwAnJwdAzMGwLifI.ATXS/LCguXfwnRnc/55SkVO5i.cDsmi', '123456', 1, NULL, 2, 8, 1, 1, 1, NULL, NULL, '', '01836952670', 2, '0', '3', 'Bangladeshi', 'Hilary Fernando', 'Nirosha Fernando', NULL, '2019-04-10', NULL, NULL, NULL, 1, 2, NULL, '2019-06-24 23:04:21', NULL),
(40, 80040, 'Indueara Jayasekara', 'ইন্দুয়ারি জয়াসেকারা', 'induearajayasekara@gmail.com', 'DPS STS Dhaka', 1, '$2y$10$yP8FRYWsXSgYpHbo/uQhOu25XTzshdOIOK3cxb0739XHj3k2hjX9O', '123456', 1, NULL, 2, 8, 1, 1, 1, NULL, NULL, '', '01629369531', 2, '0', '3', 'Bangladeshi', 'Indika Jayasekara', 'Kalani Jayasekara', NULL, '2019-04-10', NULL, NULL, NULL, 1, 2, NULL, '2019-06-24 23:04:06', NULL),
(41, 80041, 'Ramisha Nishad Anam', 'রামিশা নিশাত আনাম', 'ramishanishadanam@gmail.com', 'Scholastica', 1, '$2y$10$mHkNUraxYs0ZKWQTtpc3QuUC2VRzyT5traAkTgbeDSCTfoF6vx8ky', '123456', 1, NULL, 2, 8, 1, 1, 1, NULL, NULL, '', '01711856507', 2, '0', '1', 'Bangladeshi', 'Md. Zakir Anam', 'Rubaiya Nisat', NULL, '2019-04-10', NULL, NULL, NULL, 1, 2, NULL, '2019-06-24 23:10:49', NULL),
(42, 80042, 'Tasnim Anower', 'তাসনিম আনোয়ার', 'tasnimanower@gmail.com', 'Scholastica', 1, '$2y$10$ncstfRbEEGQyhqUgZOS.Ze7WqO1q7v9D0HaGwtM4MKYTXnTnIqrnS', '123456', 1, NULL, 2, 8, 1, 1, 1, NULL, NULL, '1561439628_Tasnim Anower.png', '01710981313', 2, '0', '1', 'Bangladeshi', 'Gazi Majharul Anower', 'Jubaida Yeasmin', NULL, '2019-04-09', NULL, NULL, NULL, 1, 2, NULL, '2019-06-24 23:13:48', NULL),
(43, 80043, 'Nafi Ali Quaderi', 'নাফি আলী কাদেরী', 'nafialiquaderi@gmail.com', 'Scholastica', 1, '$2y$10$MZjVSV8OfUxayYQGx6E5OuoPqn90s4At.fIr9uQKkuuj3ppOZDHV2', '123456', 1, NULL, 2, 8, 1, 1, 1, NULL, NULL, '1561439850_Nafi Ali Quaderi.png', '01711359198', 1, '0', '1', 'Bangladeshi', 'Mahtuz Ali Quaderi', 'Nazmin Islam', NULL, '2019-04-09', NULL, NULL, NULL, 1, 2, NULL, '2019-06-24 23:17:30', NULL),
(44, 80047, 'Sheikh Araf Anwar', 'শেখ আরাফ আনোয়ার', 'sheikharafanwar@gmail.com', 'Scholastica', 1, '$2y$10$Q95cfmI10TRXJjfrkRmbteLFhKFFTlEhkz6SJrHbpjNT.5Tk.tjGy', '123456', 1, NULL, 2, 8, 1, 1, 1, NULL, NULL, '1561447779_1561440040_Sheikh Araf Anwar.png', '01711945842', 1, '0', '1', 'Bangladeshi', 'Sheikh Anwar Ali', 'Lutfun Nahar', NULL, '2019-04-07', NULL, NULL, NULL, 1, 2, NULL, '2019-06-25 01:29:46', NULL),
(45, 80045, 'Amasha Nethemi', 'আমাশা নেথেমি', 'amashanethemi@gmail.com', 'Scholastica', 1, '$2y$10$2PLtHrOg6dgAT8KeIojsx.YPeuAULf7JV3SiebEYVBMgFLt/12OeK', '123456', 1, NULL, 2, 8, 1, 1, 1, NULL, NULL, '', '01842331381', 2, '0', '3', 'Bangladeshi', 'Dhammika Hetharachchi', 'M. A Parashara', NULL, '2019-04-09', NULL, NULL, NULL, 1, 2, NULL, '2019-06-24 23:24:00', NULL),
(46, 80047, 'Sanam Marjan', 'সানাম মারজান', 'sanammarjan@gmail.com', 'Scholastica', 1, '$2y$10$o1Gcvb1z33xZ.ymqumDd3epgUIQGjbEfIb2GGrQe1F9So9HTUeBQi', '123456', 1, NULL, 2, 8, 1, 1, 1, NULL, NULL, '1561463545_1561440429_Sanam Marjan.png', '01843745731', 2, '0', '1', 'Bangladeshi', 'Dr. Hossain Md. Shadid', 'Nadia Patuary Mitu', NULL, '2019-04-08', NULL, NULL, NULL, 1, 2, NULL, '2019-06-25 05:52:40', NULL),
(47, 80047, 'Ashfia Islam', 'আশফিয়া ইসলাম', 'ashfiaislam@gmail.com', 'Scholastica', 1, '$2y$10$Cxc1fmFAZt3PAri9DO88NepgkDC9txQjLFUrWtLSQ/ReQd6x8OSIC', '123456', 1, NULL, 2, 8, 1, 1, 1, NULL, NULL, '1561441147_Ashfia Islam.png', '01714026087', 2, '0', '1', 'Bangladeshi', 'Md. Ruhul Islam', 'Keisarun Nahar', NULL, '2019-04-10', NULL, NULL, NULL, 1, 2, NULL, '2019-06-25 03:47:34', NULL);

-- --------------------------------------------------------

--
-- Table structure for table `bdedu_students_academic_details`
--

CREATE TABLE `bdedu_students_academic_details` (
  `student_academic_details_row_id` int(11) NOT NULL,
  `student_row_id` int(11) NOT NULL,
  `date_of_admission` date NOT NULL,
  `academic_session` int(3) NOT NULL,
  `academic_class` tinyint(1) NOT NULL,
  `academic_shift` tinyint(1) NOT NULL,
  `academic_department` tinyint(1) NOT NULL,
  `academic_section` int(11) NOT NULL,
  `academic_rollnumber` int(11) NOT NULL,
  `created_at` datetime NOT NULL DEFAULT CURRENT_TIMESTAMP,
  `updated_at` datetime NOT NULL DEFAULT CURRENT_TIMESTAMP
) ENGINE=InnoDB DEFAULT CHARSET=latin1;

-- --------------------------------------------------------

--
-- Table structure for table `bdedu_students_assesments`
--

CREATE TABLE `bdedu_students_assesments` (
  `assessment_row_id` int(11) NOT NULL,
  `student_row_id` int(11) NOT NULL,
  `school_row_id` int(3) DEFAULT '1',
  `comment` text COLLATE utf8_unicode_ci NOT NULL,
  `status` tinyint(1) NOT NULL DEFAULT '1',
  `has_math_anxiety` tinyint(2) NOT NULL DEFAULT '0',
  `anxiety_level` int(3) NOT NULL DEFAULT '0',
  `created_by` int(11) NOT NULL,
  `updated_by` int(11) DEFAULT NULL,
  `created_at` datetime NOT NULL DEFAULT CURRENT_TIMESTAMP,
  `updated_at` datetime DEFAULT CURRENT_TIMESTAMP
) ENGINE=InnoDB DEFAULT CHARSET=utf8 COLLATE=utf8_unicode_ci;

--
-- Dumping data for table `bdedu_students_assesments`
--

INSERT INTO `bdedu_students_assesments` (`assessment_row_id`, `student_row_id`, `school_row_id`, `comment`, `status`, `has_math_anxiety`, `anxiety_level`, `created_by`, `updated_by`, `created_at`, `updated_at`) VALUES
(1, 1, 1, 'Very poor performace', 1, 0, 2, 2, NULL, '2019-11-28 03:56:46', '2019-06-25 09:35:43');

-- --------------------------------------------------------

--
-- Table structure for table `bdedu_students_details`
--

CREATE TABLE `bdedu_students_details` (
  `student_details_row_id` int(11) UNSIGNED NOT NULL,
  `student_row_id` int(11) NOT NULL,
  `student_blood_group` int(3) NOT NULL,
  `student_dob` date NOT NULL,
  `student_birth_place` text COLLATE utf8_unicode_ci NOT NULL,
  `student_religion` tinyint(1) NOT NULL,
  `is_physically_disabled` tinyint(1) NOT NULL DEFAULT '1',
  `student_medical_problem` text COLLATE utf8_unicode_ci NOT NULL,
  `student_present_address` text COLLATE utf8_unicode_ci NOT NULL,
  `student_present_address_bangla` text COLLATE utf8_unicode_ci NOT NULL,
  `student_division_present` tinyint(4) DEFAULT NULL,
  `student_district_present` tinyint(4) DEFAULT NULL,
  `student_upazila_present` int(11) DEFAULT NULL,
  `student_postcode_present` int(11) DEFAULT NULL,
  `permanentaspresent` tinyint(1) NOT NULL,
  `student_permanent_address` text COLLATE utf8_unicode_ci NOT NULL,
  `student_permanent_address_bangla` varchar(255) COLLATE utf8_unicode_ci NOT NULL,
  `student_division_permanent` tinyint(4) DEFAULT NULL,
  `student_district_permanent` tinyint(4) DEFAULT NULL,
  `student_upazila_permanent` int(11) DEFAULT NULL,
  `student_postcode_permanent` int(11) DEFAULT NULL,
  `student_telephone` varchar(255) COLLATE utf8_unicode_ci NOT NULL,
  `student_photo` varchar(255) COLLATE utf8_unicode_ci NOT NULL,
  `student_signature` varchar(255) COLLATE utf8_unicode_ci NOT NULL,
  `student_nationality` varchar(255) COLLATE utf8_unicode_ci NOT NULL,
  `student_birthcertificateno` varchar(100) COLLATE utf8_unicode_ci NOT NULL,
  `student_birthcertificatephoto` varchar(255) COLLATE utf8_unicode_ci NOT NULL,
  `father_name` varchar(255) COLLATE utf8_unicode_ci NOT NULL,
  `father_name_bangla` varchar(255) CHARACTER SET utf8 NOT NULL,
  `father_email` varchar(100) COLLATE utf8_unicode_ci NOT NULL,
  `father_occupation` varchar(255) COLLATE utf8_unicode_ci NOT NULL,
  `father_office_address` text COLLATE utf8_unicode_ci NOT NULL,
  `father_nid` varchar(255) COLLATE utf8_unicode_ci NOT NULL,
  `father_mobile` varchar(100) COLLATE utf8_unicode_ci NOT NULL,
  `father_income_annual` float(8,2) NOT NULL,
  `father_phone_office` varchar(100) COLLATE utf8_unicode_ci NOT NULL,
  `father_photo` varchar(255) COLLATE utf8_unicode_ci NOT NULL,
  `father_signature` varchar(255) COLLATE utf8_unicode_ci NOT NULL,
  `mother_name` varchar(100) COLLATE utf8_unicode_ci NOT NULL,
  `mother_name_bangla` varchar(255) CHARACTER SET utf8 NOT NULL,
  `mother_email` varchar(100) COLLATE utf8_unicode_ci NOT NULL,
  `mother_occupation` varchar(255) COLLATE utf8_unicode_ci NOT NULL,
  `mother_office_address` text COLLATE utf8_unicode_ci NOT NULL,
  `mother_nid` varchar(255) COLLATE utf8_unicode_ci NOT NULL,
  `mother_mobile` varchar(100) COLLATE utf8_unicode_ci NOT NULL,
  `mother_income_annual` float(8,2) NOT NULL,
  `mother_phone_office` varchar(100) COLLATE utf8_unicode_ci NOT NULL,
  `mother_photo` varchar(255) COLLATE utf8_unicode_ci NOT NULL,
  `mother_signature` varchar(255) COLLATE utf8_unicode_ci NOT NULL,
  `visitor_info` text COLLATE utf8_unicode_ci NOT NULL,
  `emergency_contact_name` varchar(100) COLLATE utf8_unicode_ci NOT NULL,
  `emergency_contact_name_bangla` varchar(255) CHARACTER SET utf8 NOT NULL,
  `emergency_contact_number` varchar(100) COLLATE utf8_unicode_ci NOT NULL,
  `previous_institute_name` varchar(255) COLLATE utf8_unicode_ci NOT NULL,
  `previous_institute_class` varchar(50) COLLATE utf8_unicode_ci NOT NULL,
  `previous_institute_board` varchar(50) COLLATE utf8_unicode_ci NOT NULL,
  `previous_institute_year` varchar(50) COLLATE utf8_unicode_ci NOT NULL,
  `previous_institute_grade` varchar(50) COLLATE utf8_unicode_ci NOT NULL,
  `previous_institute_cgpa` varchar(50) COLLATE utf8_unicode_ci NOT NULL,
  `student_siblings_id` text COLLATE utf8_unicode_ci NOT NULL,
  `who_is_gurdian` tinyint(1) NOT NULL COMMENT '1=father, 2=mother, 3= others',
  `guardian_row_id` int(11) NOT NULL,
  `created_at` timestamp NULL DEFAULT CURRENT_TIMESTAMP,
  `updated_at` timestamp NULL DEFAULT CURRENT_TIMESTAMP
) ENGINE=InnoDB DEFAULT CHARSET=utf8 COLLATE=utf8_unicode_ci;

-- --------------------------------------------------------

--
-- Table structure for table `bdedu_upazila`
--

CREATE TABLE `bdedu_upazila` (
  `id` int(11) NOT NULL,
  `full_name` varchar(255) COLLATE utf8_unicode_ci NOT NULL,
  `short_name` varchar(20) COLLATE utf8_unicode_ci NOT NULL,
  `code` int(11) NOT NULL,
  `district_id` int(11) NOT NULL,
  `createdAt` datetime NOT NULL,
  `updatedAt` datetime NOT NULL
) ENGINE=InnoDB DEFAULT CHARSET=utf8 COLLATE=utf8_unicode_ci;

--
-- Dumping data for table `bdedu_upazila`
--

INSERT INTO `bdedu_upazila` (`id`, `full_name`, `short_name`, `code`, `district_id`, `createdAt`, `updatedAt`) VALUES
(1, 'DCC North', '01', 200, 1, '2014-09-14 19:33:23', '2014-09-14 19:33:23'),
(2, 'DCC South', '02', 200, 1, '2014-09-14 19:33:23', '2014-09-14 19:33:23'),
(3, 'Dhamrai', '03', 200, 1, '2014-09-14 19:33:23', '2014-09-14 19:33:23'),
(4, 'Dohar', '04', 200, 1, '2014-09-14 19:33:23', '2014-09-14 19:33:23'),
(5, 'Keraniganj', '05', 200, 1, '2014-09-14 19:33:23', '2014-09-14 19:33:23'),
(6, 'Nawabganj', '06', 200, 1, '2014-09-14 19:33:23', '2014-09-14 19:33:23'),
(7, 'Savar', '07', 200, 1, '2014-10-17 04:15:47', '2014-10-17 04:15:47'),
(8, 'Gazipur Sadar', '01', 18, 9, '2014-10-17 06:00:43', '2014-10-17 06:00:43'),
(12, 'Kaliakair', '02', 200, 9, '2014-10-27 21:48:37', '2014-10-27 21:48:37'),
(13, 'Kaliganj', '03', 200, 9, '2014-10-27 21:49:39', '2014-10-27 21:49:39'),
(14, 'Kapasia', '04', 200, 9, '2014-10-27 21:50:06', '2014-10-27 21:50:06'),
(15, 'Sreepur', '05', 200, 9, '2014-10-27 21:50:48', '2014-10-27 21:50:48'),
(16, 'Tangail Sadar', '06', 200, 12, '2014-10-27 21:52:01', '2014-10-27 21:52:01'),
(17, 'Gopalpur', '07', 200, 12, '2014-10-27 21:52:30', '2014-10-27 21:52:30'),
(18, 'Basail', '08', 200, 12, '2014-10-27 21:53:02', '2014-10-27 21:53:02'),
(19, 'Basail', '09', 200, 9, '0000-00-00 00:00:00', '0000-00-00 00:00:00'),
(20, 'Bhuapur', '10', 200, 9, '0000-00-00 00:00:00', '0000-00-00 00:00:00'),
(21, 'Delduar', '11', 200, 9, '0000-00-00 00:00:00', '0000-00-00 00:00:00'),
(22, 'Ghatail', '12', 200, 9, '0000-00-00 00:00:00', '0000-00-00 00:00:00'),
(23, 'Kalihati', '13', 200, 9, '0000-00-00 00:00:00', '0000-00-00 00:00:00'),
(24, 'Madhupur', '14', 200, 9, '0000-00-00 00:00:00', '0000-00-00 00:00:00'),
(25, 'Mirzapur', '15', 200, 9, '0000-00-00 00:00:00', '0000-00-00 00:00:00'),
(26, 'Nagarpur', '16', 200, 9, '0000-00-00 00:00:00', '0000-00-00 00:00:00'),
(27, 'Sakhipur', '17', 200, 9, '0000-00-00 00:00:00', '0000-00-00 00:00:00'),
(28, 'Dhanbari', '18', 200, 9, '0000-00-00 00:00:00', '0000-00-00 00:00:00'),
(29, 'Astagram', '25', 200, 18, '0000-00-00 00:00:00', '0000-00-00 00:00:00'),
(30, 'Bajitpur', '26', 200, 18, '0000-00-00 00:00:00', '0000-00-00 00:00:00'),
(31, 'Bhairab', '27', 200, 18, '0000-00-00 00:00:00', '0000-00-00 00:00:00'),
(32, 'Hossainpur', '28', 200, 18, '0000-00-00 00:00:00', '0000-00-00 00:00:00'),
(33, 'Itna', '29', 200, 18, '0000-00-00 00:00:00', '0000-00-00 00:00:00'),
(34, 'Karimganj', '30', 200, 18, '0000-00-00 00:00:00', '0000-00-00 00:00:00'),
(35, 'Katiadi', '31', 200, 18, '0000-00-00 00:00:00', '0000-00-00 00:00:00'),
(36, 'Kishoreganj Sadar', '33', 200, 18, '0000-00-00 00:00:00', '0000-00-00 00:00:00'),
(37, 'Kuliarchar', '34', 200, 18, '0000-00-00 00:00:00', '0000-00-00 00:00:00'),
(38, 'Mithamain', '35', 200, 18, '0000-00-00 00:00:00', '0000-00-00 00:00:00'),
(39, 'Nikli', '36', 200, 18, '0000-00-00 00:00:00', '0000-00-00 00:00:00'),
(40, 'Pakundia', '37', 200, 18, '0000-00-00 00:00:00', '0000-00-00 00:00:00'),
(41, 'Tarail', '38', 200, 18, '0000-00-00 00:00:00', '0000-00-00 00:00:00'),
(42, 'Araihazar', '01', 200, 11, '0000-00-00 00:00:00', '0000-00-00 00:00:00'),
(43, 'Bandar', '02', 200, 11, '0000-00-00 00:00:00', '0000-00-00 00:00:00'),
(44, 'Narayanganj Sadar', '03', 200, 11, '0000-00-00 00:00:00', '0000-00-00 00:00:00'),
(45, 'Rupganj', '04', 200, 11, '0000-00-00 00:00:00', '0000-00-00 00:00:00'),
(46, 'Sonargaon', '05', 200, 11, '0000-00-00 00:00:00', '0000-00-00 00:00:00'),
(47, 'Fatullah', '06', 200, 11, '0000-00-00 00:00:00', '0000-00-00 00:00:00'),
(48, 'Siddhirganj', '07', 200, 11, '0000-00-00 00:00:00', '0000-00-00 00:00:00'),
(49, 'Daulatpur', '14', 200, 8, '0000-00-00 00:00:00', '0000-00-00 00:00:00'),
(50, 'Ghior', '09', 200, 8, '0000-00-00 00:00:00', '0000-00-00 00:00:00'),
(51, 'Harirampur', '10', 200, 8, '0000-00-00 00:00:00', '0000-00-00 00:00:00'),
(52, 'Manikgonj Sadar', '11', 200, 8, '0000-00-00 00:00:00', '0000-00-00 00:00:00'),
(53, 'Saturia', '12', 200, 8, '0000-00-00 00:00:00', '0000-00-00 00:00:00'),
(54, 'Shivalaya', '13', 200, 8, '0000-00-00 00:00:00', '0000-00-00 00:00:00'),
(55, 'Singair', '08', 200, 8, '0000-00-00 00:00:00', '0000-00-00 00:00:00'),
(56, 'Narsingdi Sadar', '15', 200, 19, '0000-00-00 00:00:00', '0000-00-00 00:00:00'),
(57, 'Belabo', '16', 200, 19, '0000-00-00 00:00:00', '0000-00-00 00:00:00'),
(58, 'Monohardi', '17', 200, 19, '0000-00-00 00:00:00', '0000-00-00 00:00:00'),
(59, 'Palash', '18', 200, 19, '0000-00-00 00:00:00', '0000-00-00 00:00:00'),
(60, 'Raipura', '19', 200, 19, '0000-00-00 00:00:00', '0000-00-00 00:00:00'),
(61, 'Shibpur', '20', 200, 19, '0000-00-00 00:00:00', '0000-00-00 00:00:00'),
(62, 'Gazaria', '21', 200, 15, '0000-00-00 00:00:00', '0000-00-00 00:00:00'),
(63, 'Lohajang', '22', 200, 15, '0000-00-00 00:00:00', '0000-00-00 00:00:00'),
(64, 'Munshiganj Sadar', '23', 200, 15, '0000-00-00 00:00:00', '0000-00-00 00:00:00'),
(65, 'Sirajdikhan', '24', 200, 15, '0000-00-00 00:00:00', '0000-00-00 00:00:00'),
(66, 'Sreenagar', '25', 200, 15, '0000-00-00 00:00:00', '0000-00-00 00:00:00'),
(67, 'Tongibari', '26', 200, 15, '0000-00-00 00:00:00', '0000-00-00 00:00:00'),
(68, 'Ajmiriganj', '01', 1, 56, '2014-10-28 15:21:56', '2014-10-28 15:21:56'),
(69, 'Bahubal', '02', 200, 56, '2014-10-28 15:24:32', '2014-10-28 15:24:32'),
(70, 'Baniyachong', '03', 200, 56, '2014-10-28 15:25:21', '2014-10-28 15:25:21'),
(71, 'Chunarughat', '04', 200, 56, '2014-10-28 15:25:58', '2014-10-28 15:25:58'),
(72, 'Habiganj Sadar', '05', 200, 56, '2014-10-28 15:26:31', '2014-10-28 15:26:31'),
(73, 'Lakhai', '06', 200, 56, '2014-10-28 15:27:07', '2014-10-28 15:27:07'),
(74, 'Madhabpur', '07', 200, 56, '2014-10-28 15:27:40', '2014-10-28 15:27:40'),
(75, 'Nabiganj', '08', 200, 56, '2014-10-28 15:28:23', '2014-10-28 15:28:23'),
(76, 'Barlekha', '09', 200, 55, '2014-10-28 15:29:09', '2014-10-28 15:29:09'),
(77, 'Kamalganj', '10', 200, 55, '2014-10-28 15:29:59', '2014-10-28 15:29:59'),
(78, 'Kulaura', '11', 200, 55, '2014-10-28 15:30:30', '2014-10-28 15:30:30'),
(79, 'Moulvibazar Sadar', '12', 200, 55, '2014-10-28 15:31:01', '2014-10-28 15:31:01'),
(80, 'Rajnagar', '13', 200, 55, '2014-10-28 15:31:40', '2014-10-28 15:31:40'),
(81, 'Sreemangal', '14', 200, 55, '2014-10-28 15:35:51', '2014-10-28 15:35:51'),
(82, 'Juri', '15', 200, 55, '2014-10-28 15:36:21', '2014-10-28 15:36:21'),
(83, 'Bishwamvarpur', '16', 200, 57, '2014-10-28 15:38:01', '2014-10-28 15:38:01'),
(84, 'Chhatak', '17', 200, 57, '2014-10-28 15:38:42', '2014-10-28 15:38:42'),
(85, 'Derai', '18', 200, 57, '2014-10-28 15:39:17', '2014-10-28 15:39:17'),
(86, 'Dharampasha', '19', 200, 57, '2014-10-28 15:39:52', '2014-10-28 15:39:52'),
(87, 'Dowarabazar', '20', 200, 57, '2014-10-28 15:40:25', '2014-10-28 15:40:25'),
(88, 'Jagannathpur', '21', 200, 57, '2014-10-28 15:41:07', '2014-10-28 15:41:07'),
(89, 'Jamalganj', '22', 200, 57, '2014-10-28 15:43:05', '2014-10-28 15:43:05'),
(90, 'Sullah', '23', 200, 57, '2014-10-28 15:44:07', '2014-10-28 15:44:07'),
(91, 'Sunamganj	Sadar', '24', 200, 57, '2014-10-28 15:45:59', '2014-10-28 15:45:59'),
(92, 'Tahirpur', '25', 200, 57, '2014-10-28 15:46:38', '2014-10-28 15:46:38'),
(93, 'South Sunamganj', '26', 200, 57, '2014-10-28 15:47:28', '2014-10-28 15:47:28'),
(94, 'Balaganj', '27', 200, 6, '2014-10-28 15:48:54', '2014-10-28 15:48:54'),
(95, 'Beanibazar', '28', 200, 6, '2014-10-28 15:49:42', '2014-10-28 15:49:42'),
(96, 'Bishwanath', '29', 200, 6, '2014-10-28 15:50:10', '2014-10-28 15:50:10'),
(97, 'Companigonj', '30', 200, 6, '2014-10-28 15:50:46', '2014-10-28 15:50:46'),
(98, 'Fenchuganj', '31', 200, 6, '2014-10-28 15:51:11', '2014-10-28 15:51:11'),
(99, 'Golapganj', '32', 200, 6, '2014-10-28 15:51:51', '2014-10-28 15:51:51'),
(100, 'Gowainghat', '33', 200, 6, '2014-10-28 15:52:55', '2014-10-28 15:52:55'),
(101, 'Jaintiapur', '34', 200, 6, '2014-10-28 15:53:31', '2014-10-28 15:53:31'),
(102, 'Kanaighat', '35', 200, 6, '2014-10-28 15:54:04', '2014-10-28 15:54:04'),
(103, 'Sylhet Sadar', '36', 200, 6, '2014-10-28 15:54:48', '2014-10-28 15:54:48'),
(104, 'Zakiganj', '37', 200, 6, '2014-10-28 15:55:15', '2014-10-28 15:55:15'),
(105, 'South Shurma', '38', 200, 6, '2014-10-28 15:55:45', '2014-10-28 15:55:45'),
(106, 'Birampur', '01', 9, 58, '2014-10-28 16:05:32', '2014-10-28 16:05:32'),
(107, 'Birganj', '02', 9, 58, '2014-10-28 16:06:19', '2014-10-28 16:06:19'),
(108, 'Biral', '03', 9, 58, '2014-10-28 16:06:50', '2014-10-28 16:06:50'),
(109, 'Bochaganj', '04', 9, 58, '2014-10-28 16:07:26', '2014-10-28 16:07:26'),
(110, 'Chirirbandar', '05', 9, 58, '2014-10-28 16:08:44', '2014-10-28 16:08:44'),
(111, 'Phulbari', '06', 9, 58, '2014-10-28 16:12:01', '2014-10-28 16:12:01'),
(112, 'Ghoraghat', '07', 9, 58, '2014-10-28 16:12:39', '2014-10-28 16:12:39'),
(113, 'Hakimpur', '08', 900, 58, '2014-10-28 16:13:34', '2014-10-28 16:13:34'),
(114, 'Kaharole', '09', 900, 58, '2014-10-28 16:14:08', '2014-10-28 16:14:08'),
(115, 'Khansama', '10', 900, 58, '2014-10-28 16:14:38', '2014-10-28 16:14:38'),
(116, 'Dinajpur Sadar', '11', 900, 58, '2014-10-28 16:15:11', '2014-10-28 16:15:11'),
(117, 'Nawabganj', '12', 900, 58, '2014-10-28 16:15:43', '2014-10-28 16:15:43'),
(118, 'Parbatipur', '13', 900, 58, '2014-10-28 16:16:10', '2014-10-28 16:16:10'),
(119, 'Phulchhari', '14', 900, 59, '2014-10-28 16:16:53', '2014-10-28 16:16:53'),
(120, 'Gaibandha Sadar', '15', 900, 59, '2014-10-28 16:17:38', '2014-10-28 16:17:38'),
(121, 'Gobindaganj', '16', 900, 59, '2014-10-28 16:18:23', '2014-10-28 16:18:23'),
(122, 'Palashbari', '17', 900, 59, '2014-10-28 16:19:04', '2014-10-28 16:19:04'),
(123, 'Sadullapur', '18', 900, 59, '2014-10-28 16:19:31', '2014-10-28 16:19:31'),
(124, 'Sughatta', '19', 900, 59, '2014-10-28 16:20:03', '2014-10-28 16:20:03'),
(125, 'Sundarganj', '20', 900, 59, '2014-10-28 16:20:43', '2014-10-28 16:20:43'),
(126, 'Badarganj', '21', 900, 7, '2014-10-28 16:21:27', '2014-10-28 16:21:27'),
(127, 'Gangachhara', '22', 900, 7, '2014-10-28 16:21:56', '2014-10-28 16:21:56'),
(128, 'Kaunia', '23', 900, 7, '2014-10-28 16:22:35', '2014-10-28 16:22:35'),
(129, 'Rangpur Sadar', '24', 900, 7, '2014-10-28 16:23:05', '2014-10-28 16:23:05'),
(130, 'Mithapukur', '25', 900, 7, '2014-10-28 16:23:31', '2014-10-28 16:23:31'),
(131, 'Pirgachha', '26', 900, 7, '2014-10-28 16:23:59', '2014-10-28 16:23:59'),
(132, 'Pirganj', '27', 900, 7, '2014-10-28 16:24:27', '2014-10-28 16:24:27'),
(133, 'Taraganj', '28', 900, 7, '2014-10-28 16:24:53', '2014-10-28 16:24:53'),
(134, 'Baliadangi', '29', 900, 64, '2014-10-28 16:25:31', '2014-10-28 16:25:31'),
(135, 'Haripur', '30', 900, 64, '2014-10-28 16:26:00', '2014-10-28 16:26:00'),
(136, 'Pirganj', '31', 900, 64, '2014-10-28 16:26:29', '2014-10-28 16:26:29'),
(137, 'Ranisankail', '32', 900, 64, '2014-10-28 16:27:04', '2014-10-28 16:27:04'),
(138, 'Thakurgaon Sadar', '33', 900, 64, '2014-10-28 16:27:39', '2014-10-28 16:27:39'),
(139, 'Bhurungamari', '01', 100, 60, '2014-10-28 16:40:52', '2014-10-28 16:40:52'),
(140, 'Char	 Rajibpur', '02', 100, 60, '2014-10-28 16:41:57', '2014-10-28 16:41:57'),
(141, 'Chilmari', '03', 100, 60, '2014-10-28 16:42:33', '2014-10-28 16:42:33'),
(142, 'Phulbari', '04', 100, 60, '2014-10-28 16:43:18', '2014-10-28 16:43:18'),
(143, 'Kurigram	Sadar', '05', 100, 60, '2014-10-28 16:44:02', '2014-10-28 16:44:02'),
(144, 'Nageshwari', '06', 100, 60, '2014-10-28 16:44:37', '2014-10-28 16:44:37'),
(145, 'Rajarhat', '07', 100, 60, '2014-10-28 16:45:20', '2014-10-28 16:45:20'),
(146, 'Raomari', '08', 100, 60, '2014-10-28 16:45:51', '2014-10-28 16:45:51'),
(147, 'Ulipur', '09', 100, 60, '2014-10-28 16:46:25', '2014-10-28 16:46:25'),
(148, 'Aditmari', '10', 100, 61, '2014-10-28 16:47:02', '2014-10-28 16:47:02'),
(149, 'Hatibandha', '11', 100, 61, '2014-10-28 16:47:35', '2014-10-28 16:47:35'),
(150, 'Kaliganj', '12', 100, 61, '2014-10-28 16:48:20', '2014-10-28 16:48:20'),
(151, 'Lalmonirhat Sadar', '13', 100, 61, '2014-10-28 16:48:55', '2014-10-28 16:48:55'),
(152, 'Patgram', '14', 100, 61, '2014-10-28 16:49:26', '2014-10-28 16:49:26'),
(153, 'Dimla', '15', 100, 62, '2014-10-28 16:50:37', '2014-10-28 16:50:37'),
(154, 'Domar', '16', 100, 62, '2014-10-28 16:51:13', '2014-10-28 16:51:13'),
(155, 'Jaldhaka', '17', 100, 62, '2014-10-28 16:51:46', '2014-10-28 16:51:46'),
(156, 'Kishoreganj', '18', 100, 62, '2014-10-28 16:52:31', '2014-10-28 16:52:31'),
(157, 'Nilphamari Sadar', '19', 100, 62, '2014-10-28 16:53:07', '2014-10-28 16:53:07'),
(158, 'Saidpur', '20', 100, 62, '2014-10-28 16:53:36', '2014-10-28 16:53:36'),
(159, 'Atwari', '21', 100, 63, '2014-10-28 16:54:21', '2014-10-28 16:54:21'),
(160, 'Boda', '22', 100, 63, '2014-10-28 16:54:47', '2014-10-28 16:54:47'),
(161, 'Debiganj', '23', 100, 63, '2014-10-28 16:55:28', '2014-10-28 16:55:28'),
(162, 'Panchagarh Sadar', '24', 100, 63, '2014-10-28 16:56:12', '2014-10-28 16:56:12'),
(163, 'Tetulia', '25', 100, 63, '2014-10-28 16:56:40', '2014-10-28 16:56:40'),
(164, 'Bagha', '01', 700, 2, '2014-10-28 17:26:42', '2014-10-28 17:26:42'),
(165, 'Bagmara', '02', 700, 2, '2014-10-28 17:27:18', '2014-10-28 17:27:18'),
(166, 'Charghat', '03', 700, 2, '2014-10-28 17:28:01', '2014-10-28 17:28:01'),
(167, 'Durgapur', '04', 700, 2, '2014-10-28 17:28:31', '2014-10-28 17:28:31'),
(168, 'Godagari', '05', 700, 2, '2014-10-28 17:28:57', '2014-10-28 17:28:57'),
(169, 'Mohanpur', '06', 700, 2, '2014-10-28 17:29:23', '2014-10-28 17:29:23'),
(170, 'Paba', '07', 700, 2, '2014-10-28 17:29:52', '2014-10-28 17:29:52'),
(171, 'Puthia', '08', 700, 2, '2014-10-28 17:30:23', '2014-10-28 17:30:23'),
(172, 'Tanore', '09', 700, 2, '2014-10-28 17:30:50', '2014-10-28 17:30:50'),
(173, 'Boalia', '10', 700, 2, '2014-10-28 17:33:10', '2014-10-28 17:33:10'),
(174, 'Matihar', '11', 700, 2, '2014-10-28 17:33:34', '2014-10-28 17:33:34'),
(175, 'Rajpara', '12', 700, 2, '2014-10-28 17:34:05', '2014-10-28 17:34:05'),
(176, 'Shah Mokdum', '13', 700, 2, '2014-10-28 17:35:00', '2014-10-28 17:35:00'),
(177, 'Akkelpur', '14', 700, 25, '2014-10-28 17:35:41', '2014-10-28 17:35:41'),
(178, 'Joypurhat	Sadar', '15', 700, 25, '2014-10-28 17:36:49', '2014-10-28 17:36:49'),
(179, 'Kalai', '16', 700, 25, '2014-10-28 17:37:43', '2014-10-28 17:37:43'),
(180, 'Khetlal', '17', 200, 25, '2014-10-28 17:38:23', '2014-10-28 17:38:23'),
(181, 'Baksiganj', '01', 200, 14, '2014-10-28 17:38:37', '2014-10-28 17:38:37'),
(182, 'Panchbibi', '18', 700, 25, '2014-10-28 17:39:01', '2014-10-28 17:39:01'),
(183, 'Dewanganj', '02', 200, 14, '2014-10-28 17:39:08', '2014-10-28 17:39:08'),
(184, 'Islampur', '03', 200, 14, '2014-10-28 17:39:50', '2014-10-28 17:39:50'),
(185, 'Atrai', '19', 700, 26, '2014-10-28 17:40:26', '2014-10-28 17:40:26'),
(186, 'Badalgachhi', '20', 700, 26, '2014-10-28 17:41:00', '2014-10-28 17:41:00'),
(187, 'Manda', '21', 700, 26, '2014-10-28 17:41:30', '2014-10-28 17:41:30'),
(188, 'Dhamoirhat', '22', 700, 26, '2014-10-28 17:42:04', '2014-10-28 17:42:04'),
(189, 'Mohadevpur', '23', 700, 26, '2014-10-28 17:42:34', '2014-10-28 17:42:34'),
(190, 'Naogaon	Sadar', '24', 700, 26, '2014-10-28 17:43:04', '2014-10-28 17:43:04'),
(191, 'Niamatpur', '25', 700, 26, '2014-10-28 17:43:37', '2014-10-28 17:43:37'),
(192, 'Patnitala', '26', 700, 26, '2014-10-28 17:44:19', '2014-10-28 17:44:19'),
(193, 'Jamalpur Sadar', '05', 200, 14, '2014-10-28 17:44:27', '2014-10-28 17:44:27'),
(194, 'Porsha', '27', 700, 26, '2014-10-28 17:44:59', '2014-10-28 17:44:59'),
(195, 'Madarganj', '04', 200, 14, '2014-10-28 17:45:17', '2014-10-28 17:45:17'),
(196, 'Raninagar', '28', 700, 26, '2014-10-28 17:45:55', '2014-10-28 17:45:55'),
(197, 'Melandaha', '06', 200, 14, '2014-10-28 17:47:09', '2014-10-28 17:47:09'),
(198, 'Sapahar', '29', 700, 26, '2014-10-28 17:47:17', '2014-10-28 17:47:17'),
(199, 'Sarishabari', '07', 200, 14, '2014-10-28 17:47:36', '2014-10-28 17:47:36'),
(200, 'Bholahat', '30', 700, 28, '2014-10-28 17:48:46', '2014-10-28 17:48:46'),
(201, 'Gomastapur', '31', 700, 28, '2014-10-28 17:49:15', '2014-10-28 17:49:15'),
(202, 'Nachole', '32', 700, 28, '2014-10-28 17:49:43', '2014-10-28 17:49:43'),
(203, 'Nawabganj', '33', 700, 28, '2014-10-28 17:50:10', '2014-10-28 17:50:10'),
(204, 'Shibganj', '34', 700, 28, '2014-10-28 17:50:43', '2014-10-28 17:50:43'),
(205, 'Bhaluka', '08', 200, 10, '2014-10-28 17:50:47', '2014-10-28 17:50:47'),
(206, 'Dhobaura', '09', 200, 10, '2014-10-28 17:51:43', '2014-10-28 17:51:43'),
(207, 'Fulbaria', '10', 200, 10, '2014-10-28 17:52:12', '2014-10-28 17:52:12'),
(208, 'Gaffargaon', '11', 200, 10, '2014-10-28 17:53:14', '2014-10-28 17:53:14'),
(209, 'Gauripur', '12', 200, 10, '2014-10-28 17:54:53', '2014-10-28 17:54:53'),
(210, 'Haluaghat', '13', 200, 10, '2014-10-28 17:55:37', '2014-10-28 17:55:37'),
(211, 'Ishwarganj', '14', 200, 10, '2014-10-28 17:55:59', '2014-10-28 17:55:59'),
(212, 'Mymensingh Sadar', '15', 200, 10, '2014-10-28 17:56:34', '2014-10-28 17:56:34'),
(213, 'Muktagachha', '16', 200, 10, '2014-10-28 17:56:53', '2014-10-28 17:56:53'),
(214, 'Nandail', '17', 200, 10, '2014-10-28 17:57:13', '2014-10-28 17:57:13'),
(215, 'Adamdighi', '01', 800, 24, '2014-10-28 17:58:52', '2014-10-28 17:58:52'),
(216, 'Bogra Sadar', '02', 800, 24, '2014-10-28 17:59:37', '2014-10-28 17:59:37'),
(217, 'Dhunat', '03', 800, 24, '2014-10-28 18:00:06', '2014-10-28 18:00:06'),
(218, 'Phulpur', '18', 200, 10, '2014-10-28 18:00:11', '2014-10-28 18:00:11'),
(219, 'Dhupchanchia', '04', 800, 24, '2014-10-28 18:00:41', '2014-10-28 18:00:41'),
(220, 'Gabtali', '05', 800, 24, '2014-10-28 18:01:10', '2014-10-28 18:01:10'),
(221, 'Trishal', '19', 200, 10, '2014-10-28 18:01:31', '2014-10-28 18:01:31'),
(222, 'Kahaloo', '06', 800, 24, '2014-10-28 18:01:38', '2014-10-28 18:01:38'),
(223, 'Nandigram', '07', 800, 24, '2014-10-28 18:02:04', '2014-10-28 18:02:04'),
(224, 'Tara Khanda', '20', 200, 10, '2014-10-28 18:02:11', '2014-10-28 18:02:11'),
(225, 'Sariakandi', '08', 800, 24, '2014-10-28 18:02:32', '2014-10-28 18:02:32'),
(226, 'Shajahanpur', '09', 800, 24, '2014-10-28 18:03:13', '2014-10-28 18:03:13'),
(227, 'Sherpur', '10', 800, 24, '2014-10-28 18:03:44', '2014-10-28 18:03:44'),
(228, 'Shibganj', '11', 800, 24, '2014-10-28 18:04:19', '2014-10-28 18:04:19'),
(229, 'Sonatola', '12', 800, 24, '2014-10-28 18:04:47', '2014-10-28 18:04:47'),
(230, 'Bagatipara', '13', 800, 27, '2014-10-28 18:05:31', '2014-10-28 18:05:31'),
(231, 'Baraigram', '14', 800, 27, '2014-10-28 18:06:01', '2014-10-28 18:06:01'),
(232, 'Gurudaspur', '15', 800, 27, '2014-10-28 18:06:32', '2014-10-28 18:06:32'),
(233, 'Lalpur', '16', 800, 27, '2014-10-28 18:06:56', '2014-10-28 18:06:56'),
(234, 'Natore Sadar', '17', 800, 27, '2014-10-28 18:07:32', '2014-10-28 18:07:32'),
(235, 'Atpara', '21', 200, 21, '2014-10-28 18:07:40', '2014-10-28 18:07:40'),
(236, 'Singra', '18', 800, 27, '2014-10-28 18:08:04', '2014-10-28 18:08:04'),
(237, 'Naldanga', '19', 800, 27, '2014-10-28 18:08:28', '2014-10-28 18:08:28'),
(238, 'Ataikula', '20', 800, 29, '2014-10-28 18:09:40', '2014-10-28 18:09:40'),
(239, 'Atgharia', '21', 800, 29, '2014-10-28 18:10:06', '2014-10-28 18:10:06'),
(240, 'Bera', '22', 800, 29, '2014-10-28 18:10:36', '2014-10-28 18:10:36'),
(241, 'Bhangura', '23', 800, 29, '2014-10-28 18:11:02', '2014-10-28 18:11:02'),
(242, 'Barhatta', '22', 200, 21, '2014-10-28 18:11:06', '2014-10-28 18:11:06'),
(243, 'Chatmohar', '24', 800, 29, '2014-10-28 18:11:25', '2014-10-28 18:11:25'),
(244, 'Faridpur', '25', 700, 29, '2014-10-28 18:11:51', '2014-10-28 18:11:51'),
(245, 'Ishwardi', '26', 800, 29, '2014-10-28 18:13:00', '2014-10-28 18:13:00'),
(246, 'Pabna Sadar', '27', 800, 29, '2014-10-28 18:13:38', '2014-10-28 18:13:38'),
(247, 'Santhia', '28', 800, 29, '2014-10-28 18:14:07', '2014-10-28 18:14:07'),
(248, 'Sujanagar', '29', 800, 29, '2014-10-28 18:14:34', '2014-10-28 18:14:34'),
(249, 'Durgapur', '23', 200, 21, '2014-10-28 18:14:50', '2014-10-28 18:14:50'),
(250, 'Khaliajuri', '24', 200, 21, '2014-10-28 18:15:28', '2014-10-28 18:15:28'),
(251, 'Belkuchi', '30', 800, 30, '2014-10-28 18:15:45', '2014-10-28 18:15:45'),
(252, 'Kalmakanda', '25', 200, 21, '2014-10-28 18:15:59', '2014-10-28 18:15:59'),
(253, 'Chauhali', '31', 800, 30, '2014-10-28 18:16:24', '2014-10-28 18:16:24'),
(254, 'Kendua', '26', 200, 21, '2014-10-28 18:16:56', '2014-10-28 18:16:56'),
(255, 'Kamarkhanda', '32', 800, 30, '2014-10-28 18:17:08', '2014-10-28 18:17:08'),
(256, 'Madan', '27', 200, 21, '2014-10-28 18:17:34', '2014-10-28 18:17:34'),
(257, 'Kazipur', '33', 800, 30, '2014-10-28 18:17:39', '2014-10-28 18:17:39'),
(258, 'Raiganj', '34', 800, 30, '2014-10-28 18:18:09', '2014-10-28 18:18:09'),
(259, 'Mohanganj', '28', 200, 21, '2014-10-28 18:18:20', '2014-10-28 18:18:20'),
(260, 'Netrokona Sadar', '29', 200, 21, '2014-10-28 18:18:40', '2014-10-28 18:18:40'),
(261, 'Shahjadpur', '35', 800, 30, '2014-10-28 18:18:44', '2014-10-28 18:18:44'),
(262, 'Sirajganj	Sadar', '36', 800, 30, '2014-10-28 18:19:17', '2014-10-28 18:19:17'),
(263, 'Tarash', '37', 800, 30, '2014-10-28 18:20:04', '2014-10-28 18:20:04'),
(264, 'Ullahpara', '38', 800, 30, '2014-10-28 18:20:42', '2014-10-28 18:20:42'),
(265, 'Purbadhala', '30', 200, 21, '2014-10-28 18:21:13', '2014-10-28 18:21:13'),
(266, 'Bagerhat	Sadar', '01', 110, 32, '2014-10-28 18:25:27', '2014-10-28 18:25:27'),
(267, 'Chitalmari', '02', 110, 32, '2014-10-28 18:26:07', '2014-10-28 18:26:07'),
(268, 'Fakirhat', '03', 110, 32, '2014-10-28 18:26:59', '2014-10-28 18:26:59'),
(269, 'Kachua', '04', 110, 32, '2014-10-28 18:27:28', '2014-10-28 18:27:28'),
(270, 'Mollahat', '05', 110, 32, '2014-10-28 18:28:04', '2014-10-28 18:28:04'),
(271, 'Mongla', '06', 110, 32, '2014-10-28 18:28:31', '2014-10-28 18:28:31'),
(272, 'Morrelganj', '07', 110, 32, '2014-10-28 18:29:00', '2014-10-28 18:29:00'),
(273, 'Rampal', '08', 110, 32, '2014-10-28 18:29:34', '2014-10-28 18:29:34'),
(274, 'Sarankhola', '09', 110, 32, '2014-10-28 18:29:57', '2014-10-28 18:29:57'),
(275, 'Batiaghata', '10', 110, 3, '2014-10-28 18:30:33', '2014-10-28 18:30:33'),
(276, 'Dacope', '11', 110, 3, '2014-10-28 18:31:05', '2014-10-28 18:31:05'),
(277, 'Dumuria', '12', 110, 3, '2014-10-28 18:31:49', '2014-10-28 18:31:49'),
(278, 'Dighalia', '13', 110, 3, '2014-10-28 18:32:17', '2014-10-28 18:32:17'),
(279, 'Koyra', '14', 110, 3, '2014-10-28 18:32:42', '2014-10-28 18:32:42'),
(280, 'Paikgachha', '15', 110, 3, '2014-10-28 18:33:06', '2014-10-28 18:33:06'),
(281, 'Phultala', '16', 110, 3, '2014-10-28 18:33:43', '2014-10-28 18:33:43'),
(282, 'Rupsha', '17', 110, 3, '2014-10-28 18:34:07', '2014-10-28 18:34:07'),
(283, 'Terokhada', '18', 110, 3, '2014-10-28 18:34:31', '2014-10-28 18:34:31'),
(284, 'Daulatpur', '19', 110, 3, '2014-10-28 18:34:58', '2014-10-28 18:34:58'),
(285, 'Khalishpur', '20', 110, 3, '2014-10-28 18:35:21', '2014-10-28 18:35:21'),
(286, 'Khan Jahan Ali', '21', 110, 3, '2014-10-28 18:36:00', '2014-10-28 18:36:00'),
(287, 'Kotwali', '22', 110, 3, '2014-10-28 18:36:16', '2014-10-28 18:36:16'),
(288, 'Sonadanga', '23', 110, 3, '2014-10-28 18:36:38', '2014-10-28 18:36:38'),
(289, 'Harintana', '24', 110, 6, '2014-10-28 18:37:05', '2014-10-28 18:37:05'),
(290, 'Assasuni', '25', 110, 31, '2014-10-28 18:38:07', '2014-10-28 18:38:07'),
(291, 'Kalaroa', '27', 110, 3, '2014-10-28 18:38:30', '2014-10-28 18:38:30'),
(292, 'Kaliganj', '28', 110, 31, '2014-10-28 18:39:11', '2014-10-28 18:39:11'),
(293, 'Satkhira sadar', '29', 110, 31, '2014-10-28 18:39:49', '2014-10-28 18:39:49'),
(294, 'Shyamnagar', '30', 110, 31, '2014-10-28 18:41:03', '2014-10-28 18:41:03'),
(295, 'Tala', '31', 110, 31, '2014-10-28 18:41:38', '2014-10-28 18:41:38'),
(296, 'Kalia', '01', 120, 34, '2014-10-28 18:42:41', '2014-10-28 18:42:41'),
(297, 'Lohagara', '02', 120, 34, '2014-10-28 18:43:36', '2014-10-28 18:43:36'),
(298, 'Narail	Sadar', '03', 120, 34, '2014-10-28 18:44:23', '2014-10-28 18:44:23'),
(299, 'Naragati', '04', 120, 34, '2014-10-28 18:45:01', '2014-10-28 18:45:01'),
(300, 'Abhaynagar', '05', 120, 33, '2014-10-28 18:45:46', '2014-10-28 18:45:46'),
(301, 'Bagherpara', '06', 120, 33, '2014-10-28 18:46:51', '2014-10-28 18:46:51'),
(302, 'Chaugachha', '07', 120, 33, '2014-10-28 18:47:25', '2014-10-28 18:47:25'),
(303, 'Jhikargachha', '08', 120, 33, '2014-10-28 18:47:55', '2014-10-28 18:47:55'),
(304, 'Keshabpur', '09', 120, 33, '2014-10-28 18:48:29', '2014-10-28 18:48:29'),
(305, 'Jessore	Sadar', '10', 120, 33, '2014-10-28 18:49:15', '2014-10-28 18:49:15'),
(306, 'Manirampur', '11', 120, 33, '2014-10-28 18:50:23', '2014-10-28 18:50:23'),
(307, 'Sharsha', '12', 120, 33, '2014-10-28 18:51:04', '2014-10-28 18:51:04'),
(308, 'Magura Sadar', '13', 21, 35, '2014-10-28 18:51:52', '2014-10-28 18:51:52'),
(309, 'Mohammadpur', '14', 120, 35, '2014-10-28 18:53:24', '2014-10-28 18:53:24'),
(310, 'Shalikha', '15', 120, 35, '2014-10-28 18:53:48', '2014-10-28 18:53:48'),
(311, 'Sreepur', '16', 120, 35, '2014-10-28 18:54:27', '2014-10-28 18:54:27'),
(312, 'Alamdanga', '01', 130, 37, '2014-10-28 18:55:17', '2014-10-28 18:55:17'),
(313, 'Chuadanga Sadar', '02', 120, 37, '2014-10-28 18:55:59', '2014-10-28 18:55:59'),
(314, 'Damurhuda', '03', 120, 37, '2014-10-28 18:56:53', '2014-10-28 18:56:53'),
(315, 'Jibannagar', '04', 120, 37, '2014-10-28 18:57:20', '2014-10-28 18:57:20'),
(316, 'Harinakunda', '05', 120, 36, '2014-10-28 18:57:58', '2014-10-28 18:57:58'),
(317, 'Jhenaidah Sadar', '06', 120, 36, '2014-10-28 18:58:55', '2014-10-28 18:58:55'),
(318, 'Kaliganj', '07', 120, 36, '2014-10-28 19:00:11', '2014-10-28 19:00:11'),
(319, 'Kotchandpur', '08', 120, 36, '2014-10-28 19:00:55', '2014-10-28 19:00:55'),
(320, 'Maheshpur', '09', 120, 36, '2014-10-28 19:01:21', '2014-10-28 19:01:21'),
(321, 'Shailkupa', '10', 120, 36, '2014-10-28 19:01:49', '2014-10-28 19:01:49'),
(322, 'Bheramara', '11', 130, 38, '2014-10-28 19:03:45', '2014-10-28 19:03:45'),
(323, 'Daulatpur', '12', 130, 38, '2014-10-28 19:04:20', '2014-10-28 19:04:20'),
(324, 'Khoksa', '13', 130, 38, '2014-10-28 19:04:45', '2014-10-28 19:04:45'),
(325, 'Kumarkhali', '14', 130, 38, '2014-10-28 19:05:08', '2014-10-28 19:05:08'),
(326, 'Kushtia Sadar', '15', 130, 38, '2014-10-28 19:05:50', '2014-10-28 19:05:50'),
(327, 'Mirpur', '16', 130, 38, '2014-10-28 19:06:19', '2014-10-28 19:06:19'),
(328, 'Shekhpara', '17', 130, 38, '2014-10-28 19:07:08', '2014-10-28 19:07:08'),
(329, 'Gangni', '18', 130, 39, '2014-10-28 19:08:13', '2014-10-28 19:08:13'),
(330, 'Meherpur Sadar', '19', 130, 39, '2014-10-28 19:09:14', '2014-10-28 19:09:14'),
(331, 'Mujibnagar', '20', 130, 39, '2014-10-28 19:09:41', '2014-10-28 19:09:41'),
(332, 'Ali Kadam', '01', 140, 40, '2014-10-28 19:23:22', '2014-10-28 19:23:22'),
(333, 'Bandarban Sadar', '02', 140, 40, '2014-10-28 19:24:28', '2014-10-28 19:24:28'),
(334, 'Lama', '03', 140, 40, '2014-10-28 19:26:00', '2014-10-28 19:26:00'),
(335, 'Naikhongchhari', '04', 140, 40, '2014-10-28 19:26:30', '2014-10-28 19:26:30'),
(336, 'Rowangchhari', '05', 140, 40, '2014-10-28 19:27:10', '2014-10-28 19:27:10'),
(337, 'Ruma', '06', 140, 40, '2014-10-28 19:27:52', '2014-10-28 19:27:52'),
(338, 'Thanchi', '07', 140, 40, '2014-10-28 19:28:27', '2014-10-28 19:28:27'),
(339, 'Chakaria', '08', 140, 43, '2014-10-28 19:38:47', '2014-10-28 19:38:47'),
(340, 'Cox\'s Bazar Sadar', '09', 140, 43, '2014-10-28 19:39:28', '2014-10-28 19:39:28'),
(341, 'Kutubdia', '10', 140, 43, '2014-10-28 19:39:56', '2014-10-28 19:39:56'),
(342, 'Maheshkhali', '11', 140, 43, '2014-10-28 19:40:26', '2014-10-28 19:40:26'),
(343, 'Ramu', '12', 140, 43, '2014-10-28 19:40:59', '2014-10-28 19:40:59'),
(344, 'Teknaf', '13', 140, 43, '2014-10-28 19:41:27', '2014-10-28 19:41:27'),
(345, 'Ukhia', '14', 140, 43, '2014-10-28 19:41:53', '2014-10-28 19:41:53'),
(346, 'Pekua', '15', 140, 43, '2014-10-28 19:42:16', '2014-10-28 19:42:16'),
(347, 'Chhagalnaiya', '16', 140, 44, '2014-10-28 19:42:43', '2014-10-28 19:42:43'),
(348, 'Daganbhuiyan', '17', 140, 44, '2014-10-28 19:43:08', '2014-10-28 19:43:08'),
(349, 'Feni	Sadar', '18', 140, 44, '2014-10-28 19:43:39', '2014-10-28 19:43:39'),
(350, 'Parshuram', '19', 140, 44, '2014-10-28 19:44:02', '2014-10-28 19:44:02'),
(351, 'Sonagazi', '20', 140, 44, '2014-10-28 19:44:25', '2014-10-28 19:44:25'),
(352, 'Fulgazi', '21', 140, 44, '2014-10-28 19:44:47', '2014-10-28 19:44:47'),
(353, 'Anwara', '22', 140, 4, '2014-10-28 19:45:15', '2014-10-28 19:45:15'),
(354, 'Banshkhali', '23', 140, 4, '2014-10-28 19:45:46', '2014-10-28 19:45:46'),
(355, 'Boalkhali', '24', 140, 4, '2014-10-28 19:46:10', '2014-10-28 19:46:10'),
(356, 'Chandanaish', '25', 140, 4, '2014-10-28 19:46:46', '2014-10-28 19:46:46'),
(357, 'Fatikchhari', '26', 140, 4, '2014-10-28 19:47:12', '2014-10-28 19:47:12'),
(358, 'Hathazari', '27', 140, 4, '2014-10-28 19:47:36', '2014-10-28 19:47:36'),
(359, 'Lohagara', '28', 140, 4, '2014-10-28 19:48:07', '2014-10-28 19:48:07'),
(360, 'Mirsharai', '29', 140, 4, '2014-10-28 19:48:30', '2014-10-28 19:48:30'),
(361, 'Jhenaigati', '31', 200, 17, '2014-10-28 19:48:45', '2014-10-28 19:48:45'),
(362, 'Patiya', '30', 140, 4, '2014-10-28 19:48:59', '2014-10-28 19:48:59'),
(363, 'Nakla', '32', 200, 17, '2014-10-28 19:49:15', '2014-10-28 19:49:15'),
(364, 'Rangunia', '31', 140, 4, '2014-10-28 19:49:24', '2014-10-28 19:49:24'),
(365, 'Raozan', '32', 140, 4, '2014-10-28 19:49:46', '2014-10-28 19:49:46'),
(366, 'Sandwip', '33', 140, 4, '2014-10-28 19:50:08', '2014-10-28 19:50:08'),
(367, 'Nalitabari', '33', 200, 17, '2014-10-28 19:50:24', '2014-10-28 19:50:24'),
(368, 'Satkania', '34', 140, 4, '2014-10-28 19:50:42', '2014-10-28 19:50:42'),
(369, 'Sitakunda', '35', 140, 4, '2014-10-28 19:51:03', '2014-10-28 19:51:03'),
(370, 'Sherpur Sadar', '34', 200, 17, '2014-10-28 19:51:03', '2014-10-28 19:51:03'),
(371, 'Bandor-Chittagong	Port', '36', 140, 4, '2014-10-28 19:51:59', '2014-10-28 19:51:59'),
(372, 'Chandgaon', '37', 140, 4, '2014-10-28 19:52:28', '2014-10-28 19:52:28'),
(373, 'Sreebardi', '35', 200, 17, '2014-10-28 19:52:29', '2014-10-28 19:52:29'),
(374, 'Double	Mooring', '38', 140, 4, '2014-10-28 19:52:57', '2014-10-28 19:52:57'),
(375, 'Kotwali', '39', 140, 4, '2014-10-28 19:53:26', '2014-10-28 19:53:26'),
(376, 'Pahartali', '40', 140, 4, '2014-10-28 19:53:50', '2014-10-28 19:53:50'),
(377, 'Panchlaish', '41', 140, 4, '2014-10-28 19:54:16', '2014-10-28 19:54:16'),
(378, 'Dighinala', '42', 140, 42, '2014-10-28 19:54:54', '2014-10-28 19:54:54'),
(379, 'Alfadanga', '01', 200, 23, '2014-10-28 19:55:09', '2014-10-28 19:55:09'),
(380, 'Khagrachhari sadar', '43', 140, 42, '2014-10-28 19:56:37', '2014-10-28 19:56:37'),
(381, 'Bhanga', '02', 200, 23, '2014-10-28 19:56:59', '2014-10-28 19:56:59'),
(382, 'Lakshmichhari', '44', 140, 42, '2014-10-28 19:57:04', '2014-10-28 19:57:04'),
(383, 'Mahalchhari', '45', 140, 42, '2014-10-28 19:57:31', '2014-10-28 19:57:31'),
(384, 'Manikchhari', '46', 140, 42, '2014-10-28 19:58:00', '2014-10-28 19:58:00'),
(385, 'Matiranga', '47', 140, 42, '2014-10-28 19:58:45', '2014-10-28 19:58:45'),
(386, 'Panchhari', '48', 140, 42, '2014-10-28 20:01:12', '2014-10-28 20:01:12'),
(387, 'Ramgarh', '49', 140, 42, '2014-10-28 20:01:39', '2014-10-28 20:01:39'),
(388, 'Bagaichhari', '50', 140, 41, '2014-10-28 20:02:18', '2014-10-28 20:02:18'),
(389, 'Barkal', '51', 140, 41, '2014-10-28 20:02:58', '2014-10-28 20:02:58'),
(390, 'Kawkhali-Betbunia', '52', 140, 41, '2014-10-28 20:04:02', '2014-10-28 20:04:02'),
(391, 'Belaichhari', '53', 140, 41, '2014-10-28 20:04:32', '2014-10-28 20:04:32'),
(392, 'Kaptai', '54', 140, 41, '2014-10-28 20:04:59', '2014-10-28 20:04:59'),
(393, 'Juraichhari', '55', 140, 41, '2014-10-28 20:05:27', '2014-10-28 20:05:27'),
(394, 'Langadu', '56', 140, 41, '2014-10-28 20:05:53', '2014-10-28 20:05:53'),
(395, 'Naniyachar', '57', 140, 41, '2014-10-28 20:06:20', '2014-10-28 20:06:20'),
(396, 'Rajasthali', '58', 140, 41, '2014-10-28 20:06:46', '2014-10-28 20:06:46'),
(397, 'Rangamati', '59', 140, 41, '2014-10-28 20:07:09', '2014-10-28 20:07:09'),
(398, 'Amtali', '01', 160, 50, '2014-10-28 20:13:24', '2014-10-28 20:13:24'),
(399, 'Bamna', '02', 160, 50, '2014-10-28 20:13:54', '2014-10-28 20:13:54'),
(400, 'Barguna Sadar', '03', 160, 50, '2014-10-28 20:14:27', '2014-10-28 20:14:27'),
(401, 'Betagi', '04', 160, 50, '2014-10-28 20:14:52', '2014-10-28 20:14:52'),
(402, 'Patharghata', '05', 160, 50, '2014-10-28 20:15:22', '2014-10-28 20:15:22'),
(403, 'Taltoli', '06', 160, 50, '2014-10-28 20:15:57', '2014-10-28 20:15:57'),
(404, 'Agailjhara', '07', 160, 5, '2014-10-28 20:16:34', '2014-10-28 20:16:34'),
(405, 'Babuganj', '08', 160, 5, '2014-10-28 20:16:59', '2014-10-28 20:16:59'),
(406, 'Bakerganj', '09', 160, 5, '2014-10-28 20:17:26', '2014-10-28 20:17:26'),
(407, 'Boalmari', '03', 200, 23, '2014-10-28 20:17:30', '2014-10-28 20:17:30'),
(408, 'Banaripara', '10', 160, 5, '2014-10-28 20:17:50', '2014-10-28 20:17:50'),
(409, 'Charbhadrasan', '04', 200, 23, '2014-10-28 20:18:04', '2014-10-28 20:18:04'),
(410, 'Gaurnadi', '11', 160, 5, '2014-10-28 20:18:24', '2014-10-28 20:18:24'),
(411, 'Hizla', '12', 160, 5, '2014-10-28 20:18:44', '2014-10-28 20:18:44'),
(412, 'Faridpur Sadar', '05', 200, 23, '2014-10-28 20:19:12', '2014-10-28 20:19:12'),
(413, 'Barisal Sadar', '13', 160, 5, '2014-10-28 20:19:17', '2014-10-28 20:19:17'),
(414, 'Madhukhali', '06', 200, 23, '2014-10-28 20:19:42', '2014-10-28 20:19:42'),
(415, 'Mehendiganj', '14', 160, 5, '2014-10-28 20:19:52', '2014-10-28 20:19:52'),
(416, 'Nagarkanda', '07', 200, 23, '2014-10-28 20:20:08', '2014-10-28 20:20:08'),
(417, 'Muladi', '15', 160, 5, '2014-10-28 20:20:18', '2014-10-28 20:20:18'),
(418, 'Wazirpur', '16', 160, 5, '2014-10-28 20:20:41', '2014-10-28 20:20:41'),
(419, 'Sadarpur', '08', 200, 23, '2014-10-28 20:20:48', '2014-10-28 20:20:48'),
(420, 'Bhola Sadar', '17', 160, 51, '2014-10-28 20:21:13', '2014-10-28 20:21:13'),
(421, 'Burhanuddin', '18', 160, 51, '2014-10-28 20:21:50', '2014-10-28 20:21:50'),
(422, 'Char	Fasson', '19', 160, 51, '2014-10-28 20:22:27', '2014-10-28 20:22:27'),
(423, 'Gopalganj Sadar', '09', 200, 16, '2014-10-28 20:22:54', '2014-10-28 20:22:54'),
(424, 'Daulatkhan', '20', 160, 51, '2014-10-28 20:23:10', '2014-10-28 20:23:10'),
(425, 'Lalmohan', '21', 160, 51, '2014-10-28 20:23:43', '2014-10-28 20:23:43'),
(426, 'Manpura', '22', 160, 51, '2014-10-28 20:24:07', '2014-10-28 20:24:07'),
(427, 'Kashiani', '10', 200, 16, '2014-10-28 20:24:09', '2014-10-28 20:24:09'),
(428, 'Tazumuddin', '23', 160, 51, '2014-10-28 20:24:51', '2014-10-28 20:24:51'),
(429, 'Jhalokati	Sadar', '24', 160, 52, '2014-10-28 20:25:42', '2014-10-28 20:25:42'),
(430, 'Kathalia', '25', 160, 52, '2014-10-28 20:26:17', '2014-10-28 20:26:17'),
(431, 'Kotalipara', '11', 200, 16, '2014-10-28 20:26:21', '2014-10-28 20:26:21'),
(432, 'Nalchity', '26', 160, 52, '2014-10-28 20:26:46', '2014-10-28 20:26:46'),
(433, 'Muksudpur', '12', 200, 16, '2014-10-28 20:26:57', '2014-10-28 20:26:57'),
(434, 'Rajapur', '27', 160, 52, '2014-10-28 20:27:16', '2014-10-28 20:27:16'),
(435, 'Bauphal', '28', 160, 53, '2014-10-28 20:27:55', '2014-10-28 20:27:55'),
(436, 'Dashmina', '29', 160, 53, '2014-10-28 20:28:29', '2014-10-28 20:28:29'),
(437, 'Galachipa', '30', 160, 53, '2014-10-28 20:28:53', '2014-10-28 20:28:53'),
(438, 'Kalapara', '31', 160, 53, '2014-10-28 20:29:18', '2014-10-28 20:29:18'),
(439, 'Mirzaganj', '32', 160, 53, '2014-10-28 20:29:47', '2014-10-28 20:29:47'),
(440, 'Patuakhali Sadar', '33', 160, 53, '2014-10-28 20:30:23', '2014-10-28 20:30:23'),
(441, 'Rangabali', '34', 140, 53, '2014-10-28 20:30:55', '2014-10-28 20:30:55'),
(442, 'Dumki', '35', 160, 53, '2014-10-28 20:31:32', '2014-10-28 20:31:32'),
(443, 'Bhandaria', '36', 160, 54, '2014-10-28 20:32:09', '2014-10-28 20:32:09'),
(444, 'Kawkhali', '37', 160, 54, '2014-10-28 20:32:39', '2014-10-28 20:32:39'),
(445, 'Mathbaria', '38', 160, 54, '2014-10-28 20:33:06', '2014-10-28 20:33:06'),
(446, 'Nazirpur', '39', 160, 54, '2014-10-28 20:33:33', '2014-10-28 20:33:33'),
(447, 'Pirojpur Sadar', '40', 160, 54, '2014-10-28 20:34:14', '2014-10-28 20:34:14'),
(448, 'Tungipara', '13', 200, 16, '2014-10-28 20:34:14', '2014-10-28 20:34:14'),
(449, 'Nesarabad-Swarupkati', '41', 160, 54, '2014-10-28 20:35:16', '2014-10-28 20:35:16'),
(450, 'Zianagor', '42', 160, 54, '2014-10-28 20:35:43', '2014-10-28 20:35:43'),
(451, 'Rajoir', '14', 200, 8, '2014-10-28 20:36:02', '2014-10-28 20:36:02'),
(452, 'Akhaura', '01', 170, 48, '2014-10-28 20:41:40', '2014-10-28 20:41:40'),
(453, 'Bancharampur', '02', 170, 48, '2014-10-28 20:42:29', '2014-10-28 20:42:29'),
(454, 'Madaripur Sadar', '15', 200, 13, '2014-10-28 20:45:46', '2014-10-28 20:45:46'),
(455, 'Kalkini', '16', 200, 13, '2014-10-28 20:46:40', '2014-10-28 20:46:40'),
(456, 'Brahmanbaria sadar', '03', 170, 48, '2014-10-28 20:46:53', '2014-10-28 20:46:53'),
(457, 'Kasba', '04', 170, 48, '2014-10-28 20:47:34', '2014-10-28 20:47:34'),
(458, 'Shibchar', '17', 200, 13, '2014-10-28 20:47:47', '2014-10-28 20:47:47'),
(459, 'Nabinagar', '05', 170, 48, '2014-10-28 20:48:08', '2014-10-28 20:48:08'),
(460, 'Nasirnagar', '06', 170, 48, '2014-10-28 20:48:32', '2014-10-28 20:48:32'),
(461, 'Sarail', '07', 170, 48, '2014-10-28 20:49:01', '2014-10-28 20:49:01'),
(462, 'Ashuganj', '08', 170, 48, '2014-10-28 20:49:29', '2014-10-28 20:49:29'),
(463, 'Bijoynagar', '09', 170, 48, '2014-10-28 20:49:57', '2014-10-28 20:49:57'),
(464, 'Chandpur sadar', '10', 170, 49, '2014-10-28 20:51:04', '2014-10-28 20:51:04'),
(465, 'Faridganj', '11', 170, 49, '2014-10-28 20:51:33', '2014-10-28 20:51:33'),
(466, 'Haimchar', '12', 170, 49, '2014-10-28 20:52:07', '2014-10-28 20:52:07'),
(467, 'Haziganj', '13', 170, 49, '2014-10-28 20:52:44', '2014-10-28 20:52:44'),
(468, 'Kachua', '14', 170, 49, '2014-10-28 20:53:10', '2014-10-28 20:53:10'),
(469, 'Matlab Dakshin', '15', 170, 49, '2014-10-28 20:53:50', '2014-10-28 20:53:50'),
(470, 'Matlab Uttar', '16', 170, 49, '2014-10-28 20:54:25', '2014-10-28 20:54:25'),
(471, 'Shahrasti', '17', 170, 49, '2014-10-28 20:54:56', '2014-10-28 20:54:56'),
(472, 'Barura', '18', 170, 47, '2014-10-28 20:55:55', '2014-10-28 20:55:55'),
(473, 'Brahmanpara', '19', 170, 47, '2014-10-28 20:56:20', '2014-10-28 20:56:20'),
(474, 'Burichang', '20', 170, 47, '2014-10-28 20:56:52', '2014-10-28 20:56:52'),
(475, 'Chandina', '21', 170, 47, '2014-10-28 20:57:17', '2014-10-28 20:57:17'),
(476, 'Chauddagram', '22', 170, 47, '2014-10-28 20:57:40', '2014-10-28 20:57:40'),
(477, 'Daudkandi', '23', 170, 47, '2014-10-28 20:58:15', '2014-10-28 20:58:15'),
(478, 'Debidwar', '24', 170, 47, '2014-10-28 20:58:39', '2014-10-28 20:58:39'),
(479, 'Homna', '25', 170, 47, '2014-10-28 20:59:04', '2014-10-28 20:59:04'),
(480, 'Laksam', '26', 170, 47, '2014-10-28 20:59:31', '2014-10-28 20:59:31'),
(481, 'Muradnagar', '27', 170, 47, '2014-10-28 20:59:56', '2014-10-28 20:59:56'),
(482, 'Nangalkot', '28', 170, 47, '2014-10-28 21:00:20', '2014-10-28 21:00:20'),
(483, 'Comilla Sadar', '29', 170, 47, '2014-10-28 21:00:51', '2014-10-28 21:00:51'),
(484, 'Meghna', '30', 170, 47, '2014-10-28 21:01:17', '2014-10-28 21:01:17'),
(485, 'Titas', '31', 170, 47, '2014-10-28 21:01:48', '2014-10-28 21:01:48'),
(486, 'Monohargonj', '32', 170, 47, '2014-10-28 21:02:11', '2014-10-28 21:02:11'),
(487, 'Sadar South Upazila', '33', 170, 47, '2014-10-28 21:03:08', '2014-10-28 21:03:08'),
(488, 'Lakshmipur Sadar', '34', 170, 46, '2014-10-28 21:03:38', '2014-10-28 21:03:38'),
(489, 'Raipur', '35', 170, 46, '2014-10-28 21:04:02', '2014-10-28 21:04:02'),
(490, 'Ramganj', '36', 170, 46, '2014-10-28 21:04:25', '2014-10-28 21:04:25'),
(491, 'Ramgati', '37', 170, 46, '2014-10-28 21:04:49', '2014-10-28 21:04:49'),
(492, 'Komolnagar', '38', 170, 46, '2014-10-28 21:05:15', '2014-10-28 21:05:15'),
(493, 'Begumganj', '39', 170, 45, '2014-10-28 21:05:53', '2014-10-28 21:05:53'),
(494, 'Noakhali	Sadar', '40', 170, 45, '2014-10-28 21:06:35', '2014-10-28 21:06:35'),
(495, 'Chatkhil', '41', 170, 45, '2014-10-28 21:07:10', '2014-10-28 21:07:10'),
(496, 'Companiganj', '42', 170, 45, '2014-10-28 21:07:43', '2014-10-28 21:07:43'),
(497, 'Hatiya', '43', 170, 45, '2014-10-28 21:08:13', '2014-10-28 21:08:13'),
(498, 'Senbagh', '44', 170, 45, '2014-10-28 21:08:47', '2014-10-28 21:08:47'),
(499, 'Sonaimuri', '45', 170, 45, '2014-10-28 21:09:17', '2014-10-28 21:09:17'),
(500, 'Subarnachar', '46', 170, 45, '2014-10-28 21:09:43', '2014-10-28 21:09:43'),
(501, 'Kabirhat', '47', 170, 45, '2014-10-28 21:10:11', '2014-10-28 21:10:11'),
(502, 'Baliakandi', '18', 600, 22, '2014-10-28 21:11:05', '2014-10-28 21:11:05'),
(503, 'Goalandaghat', '19', 170, 22, '2014-10-28 21:11:31', '2014-10-28 21:11:31'),
(504, 'Pangsha', '20', 170, 22, '2014-10-28 21:11:58', '2014-10-28 21:11:58'),
(505, 'Rajbari Sadar', '21', 600, 22, '2014-10-28 21:12:47', '2014-10-28 21:12:47'),
(506, 'Kalukhali', '22', 170, 22, '2014-10-28 21:13:12', '2014-10-28 21:13:12'),
(507, 'Bhedarganj', '23', 600, 20, '2014-10-28 21:13:47', '2014-10-28 21:13:47'),
(508, 'Damudya', '24', 600, 20, '2014-10-28 21:14:20', '2014-10-28 21:14:20'),
(509, 'Gosairhat', '25', 170, 20, '2014-10-28 21:14:45', '2014-10-28 21:14:45'),
(510, 'Naria', '26', 170, 20, '2014-10-28 21:15:20', '2014-10-28 21:15:20'),
(511, 'Shariatpur Sadar', '27', 600, 20, '2014-10-28 21:16:01', '2014-10-28 21:16:01'),
(512, 'Zanjira', '28', 170, 20, '2014-10-28 21:16:31', '2014-10-28 21:16:31'),
(513, 'Shakhipur', '29', 600, 20, '2014-10-28 21:17:07', '2014-10-28 21:17:07');

-- --------------------------------------------------------

--
-- Table structure for table `migrations`
--

CREATE TABLE `migrations` (
  `id` int(10) UNSIGNED NOT NULL,
  `migration` varchar(255) COLLATE utf8mb4_unicode_ci NOT NULL,
  `batch` int(11) NOT NULL
) ENGINE=InnoDB DEFAULT CHARSET=utf8mb4 COLLATE=utf8mb4_unicode_ci;

-- --------------------------------------------------------

--
-- Table structure for table `users`
--

CREATE TABLE `users` (
  `id` bigint(20) UNSIGNED NOT NULL,
  `name` varchar(255) COLLATE utf8mb4_unicode_ci NOT NULL,
  `email` varchar(255) COLLATE utf8mb4_unicode_ci NOT NULL,
  `email_verified_at` timestamp NULL DEFAULT NULL,
  `password` varchar(255) COLLATE utf8mb4_unicode_ci NOT NULL,
  `remember_token` varchar(100) COLLATE utf8mb4_unicode_ci DEFAULT NULL,
  `created_at` timestamp NULL DEFAULT NULL,
  `updated_at` timestamp NULL DEFAULT NULL
) ENGINE=InnoDB DEFAULT CHARSET=utf8mb4 COLLATE=utf8mb4_unicode_ci;

--
-- Dumping data for table `users`
--

INSERT INTO `users` (`id`, `name`, `email`, `email_verified_at`, `password`, `remember_token`, `created_at`, `updated_at`) VALUES
(1, 'Md.Sakoat Hossen', 'sakoatcse@gmail.com', NULL, '$2y$10$6.qpj1ic5ewIC61VbklEeO9Rb1NxeP3DMf1Ee0v3lYPU.uO5NJtRm', NULL, '2019-04-03 23:13:41', '2019-04-03 23:13:41');

--
-- Indexes for dumped tables
--

--
-- Indexes for table `bdedu_academic_session`
--
ALTER TABLE `bdedu_academic_session`
  ADD PRIMARY KEY (`academic_session_row_id`);

--
-- Indexes for table `bdedu_admins`
--
ALTER TABLE `bdedu_admins`
  ADD PRIMARY KEY (`admin_row_id`);

--
-- Indexes for table `bdedu_admin_details`
--
ALTER TABLE `bdedu_admin_details`
  ADD PRIMARY KEY (`admin_details_row_id`);

--
-- Indexes for table `bdedu_descriptive_exam_results`
--
ALTER TABLE `bdedu_descriptive_exam_results`
  ADD PRIMARY KEY (`descriptive_answer_row_id`);

--
-- Indexes for table `bdedu_districts`
--
ALTER TABLE `bdedu_districts`
  ADD PRIMARY KEY (`id`);

--
-- Indexes for table `bdedu_education_types`
--
ALTER TABLE `bdedu_education_types`
  ADD PRIMARY KEY (`education_type_row_id`);

--
-- Indexes for table `bdedu_exams`
--
ALTER TABLE `bdedu_exams`
  ADD PRIMARY KEY (`exam_row_id`);

--
-- Indexes for table `bdedu_exam_categories`
--
ALTER TABLE `bdedu_exam_categories`
  ADD PRIMARY KEY (`exam_category_row_id`);

--
-- Indexes for table `bdedu_exam_questions`
--
ALTER TABLE `bdedu_exam_questions`
  ADD PRIMARY KEY (`exam_question_row_id`);

--
-- Indexes for table `bdedu_exam_results`
--
ALTER TABLE `bdedu_exam_results`
  ADD PRIMARY KEY (`exam_result_row_id`);

--
-- Indexes for table `bdedu_iq_standard_marks`
--
ALTER TABLE `bdedu_iq_standard_marks`
  ADD PRIMARY KEY (`mark_row_id`);

--
-- Indexes for table `bdedu_master_classes`
--
ALTER TABLE `bdedu_master_classes`
  ADD PRIMARY KEY (`class_row_id`);

--
-- Indexes for table `bdedu_memory_exam_categories`
--
ALTER TABLE `bdedu_memory_exam_categories`
  ADD PRIMARY KEY (`memory_exam_category_row_id`);

--
-- Indexes for table `bdedu_memory_exam_questions`
--
ALTER TABLE `bdedu_memory_exam_questions`
  ADD PRIMARY KEY (`memory_question_row_id`);

--
-- Indexes for table `bdedu_modules`
--
ALTER TABLE `bdedu_modules`
  ADD PRIMARY KEY (`module_row_id`);

--
-- Indexes for table `bdedu_psychology_categories`
--
ALTER TABLE `bdedu_psychology_categories`
  ADD PRIMARY KEY (`psychology_exam_category_row_id`);

--
-- Indexes for table `bdedu_psychology_questions`
--
ALTER TABLE `bdedu_psychology_questions`
  ADD PRIMARY KEY (`psychology_question_row_id`);

--
-- Indexes for table `bdedu_remembering_questions`
--
ALTER TABLE `bdedu_remembering_questions`
  ADD PRIMARY KEY (`remembering_question_row_id`);

--
-- Indexes for table `bdedu_schools`
--
ALTER TABLE `bdedu_schools`
  ADD PRIMARY KEY (`school_row_id`);

--
-- Indexes for table `bdedu_school_class_shifts`
--
ALTER TABLE `bdedu_school_class_shifts`
  ADD PRIMARY KEY (`class_shift_row_id`);

--
-- Indexes for table `bdedu_school_sections`
--
ALTER TABLE `bdedu_school_sections`
  ADD PRIMARY KEY (`section_row_id`);

--
-- Indexes for table `bdedu_school_shifts`
--
ALTER TABLE `bdedu_school_shifts`
  ADD PRIMARY KEY (`shift_row_id`);

--
-- Indexes for table `bdedu_students`
--
ALTER TABLE `bdedu_students`
  ADD PRIMARY KEY (`student_row_id`);

--
-- Indexes for table `bdedu_students_academic_details`
--
ALTER TABLE `bdedu_students_academic_details`
  ADD PRIMARY KEY (`student_academic_details_row_id`);

--
-- Indexes for table `bdedu_students_assesments`
--
ALTER TABLE `bdedu_students_assesments`
  ADD PRIMARY KEY (`assessment_row_id`);

--
-- Indexes for table `bdedu_students_details`
--
ALTER TABLE `bdedu_students_details`
  ADD PRIMARY KEY (`student_details_row_id`);

--
-- Indexes for table `migrations`
--
ALTER TABLE `migrations`
  ADD PRIMARY KEY (`id`);

--
-- Indexes for table `users`
--
ALTER TABLE `users`
  ADD PRIMARY KEY (`id`);

--
-- AUTO_INCREMENT for dumped tables
--

--
-- AUTO_INCREMENT for table `bdedu_academic_session`
--
ALTER TABLE `bdedu_academic_session`
  MODIFY `academic_session_row_id` int(3) NOT NULL AUTO_INCREMENT, AUTO_INCREMENT=2;

--
-- AUTO_INCREMENT for table `bdedu_admins`
--
ALTER TABLE `bdedu_admins`
  MODIFY `admin_row_id` int(10) UNSIGNED NOT NULL AUTO_INCREMENT, AUTO_INCREMENT=22;

--
-- AUTO_INCREMENT for table `bdedu_admin_details`
--
ALTER TABLE `bdedu_admin_details`
  MODIFY `admin_details_row_id` int(11) NOT NULL AUTO_INCREMENT, AUTO_INCREMENT=40;

--
-- AUTO_INCREMENT for table `bdedu_descriptive_exam_results`
--
ALTER TABLE `bdedu_descriptive_exam_results`
  MODIFY `descriptive_answer_row_id` int(11) NOT NULL AUTO_INCREMENT;

--
-- AUTO_INCREMENT for table `bdedu_education_types`
--
ALTER TABLE `bdedu_education_types`
  MODIFY `education_type_row_id` int(11) NOT NULL AUTO_INCREMENT, AUTO_INCREMENT=4;

--
-- AUTO_INCREMENT for table `bdedu_exams`
--
ALTER TABLE `bdedu_exams`
  MODIFY `exam_row_id` int(11) NOT NULL AUTO_INCREMENT, AUTO_INCREMENT=19;

--
-- AUTO_INCREMENT for table `bdedu_exam_categories`
--
ALTER TABLE `bdedu_exam_categories`
  MODIFY `exam_category_row_id` int(11) NOT NULL AUTO_INCREMENT, AUTO_INCREMENT=9;

--
-- AUTO_INCREMENT for table `bdedu_exam_questions`
--
ALTER TABLE `bdedu_exam_questions`
  MODIFY `exam_question_row_id` int(11) NOT NULL AUTO_INCREMENT, AUTO_INCREMENT=836;

--
-- AUTO_INCREMENT for table `bdedu_exam_results`
--
ALTER TABLE `bdedu_exam_results`
  MODIFY `exam_result_row_id` int(11) NOT NULL AUTO_INCREMENT, AUTO_INCREMENT=26;

--
-- AUTO_INCREMENT for table `bdedu_iq_standard_marks`
--
ALTER TABLE `bdedu_iq_standard_marks`
  MODIFY `mark_row_id` int(11) NOT NULL AUTO_INCREMENT, AUTO_INCREMENT=4;

--
-- AUTO_INCREMENT for table `bdedu_master_classes`
--
ALTER TABLE `bdedu_master_classes`
  MODIFY `class_row_id` int(3) NOT NULL AUTO_INCREMENT, AUTO_INCREMENT=18;

--
-- AUTO_INCREMENT for table `bdedu_memory_exam_categories`
--
ALTER TABLE `bdedu_memory_exam_categories`
  MODIFY `memory_exam_category_row_id` int(11) NOT NULL AUTO_INCREMENT, AUTO_INCREMENT=6;

--
-- AUTO_INCREMENT for table `bdedu_memory_exam_questions`
--
ALTER TABLE `bdedu_memory_exam_questions`
  MODIFY `memory_question_row_id` int(11) NOT NULL AUTO_INCREMENT, AUTO_INCREMENT=11;

--
-- AUTO_INCREMENT for table `bdedu_modules`
--
ALTER TABLE `bdedu_modules`
  MODIFY `module_row_id` int(11) NOT NULL AUTO_INCREMENT, AUTO_INCREMENT=7;

--
-- AUTO_INCREMENT for table `bdedu_psychology_categories`
--
ALTER TABLE `bdedu_psychology_categories`
  MODIFY `psychology_exam_category_row_id` int(11) NOT NULL AUTO_INCREMENT, AUTO_INCREMENT=5;

--
-- AUTO_INCREMENT for table `bdedu_psychology_questions`
--
ALTER TABLE `bdedu_psychology_questions`
  MODIFY `psychology_question_row_id` int(11) NOT NULL AUTO_INCREMENT, AUTO_INCREMENT=121;

--
-- AUTO_INCREMENT for table `bdedu_remembering_questions`
--
ALTER TABLE `bdedu_remembering_questions`
  MODIFY `remembering_question_row_id` int(11) NOT NULL AUTO_INCREMENT, AUTO_INCREMENT=16;

--
-- AUTO_INCREMENT for table `bdedu_schools`
--
ALTER TABLE `bdedu_schools`
  MODIFY `school_row_id` int(11) NOT NULL AUTO_INCREMENT, AUTO_INCREMENT=2;

--
-- AUTO_INCREMENT for table `bdedu_school_class_shifts`
--
ALTER TABLE `bdedu_school_class_shifts`
  MODIFY `class_shift_row_id` int(11) NOT NULL AUTO_INCREMENT, AUTO_INCREMENT=20;

--
-- AUTO_INCREMENT for table `bdedu_school_sections`
--
ALTER TABLE `bdedu_school_sections`
  MODIFY `section_row_id` int(11) NOT NULL AUTO_INCREMENT, AUTO_INCREMENT=2;

--
-- AUTO_INCREMENT for table `bdedu_school_shifts`
--
ALTER TABLE `bdedu_school_shifts`
  MODIFY `shift_row_id` int(11) NOT NULL AUTO_INCREMENT, AUTO_INCREMENT=3;

--
-- AUTO_INCREMENT for table `bdedu_students`
--
ALTER TABLE `bdedu_students`
  MODIFY `student_row_id` int(11) UNSIGNED NOT NULL AUTO_INCREMENT, AUTO_INCREMENT=48;

--
-- AUTO_INCREMENT for table `bdedu_students_academic_details`
--
ALTER TABLE `bdedu_students_academic_details`
  MODIFY `student_academic_details_row_id` int(11) NOT NULL AUTO_INCREMENT;

--
-- AUTO_INCREMENT for table `bdedu_students_assesments`
--
ALTER TABLE `bdedu_students_assesments`
  MODIFY `assessment_row_id` int(11) NOT NULL AUTO_INCREMENT, AUTO_INCREMENT=2;

--
-- AUTO_INCREMENT for table `bdedu_students_details`
--
ALTER TABLE `bdedu_students_details`
  MODIFY `student_details_row_id` int(11) UNSIGNED NOT NULL AUTO_INCREMENT;

--
-- AUTO_INCREMENT for table `migrations`
--
ALTER TABLE `migrations`
  MODIFY `id` int(10) UNSIGNED NOT NULL AUTO_INCREMENT;

--
-- AUTO_INCREMENT for table `users`
--
ALTER TABLE `users`
  MODIFY `id` bigint(20) UNSIGNED NOT NULL AUTO_INCREMENT, AUTO_INCREMENT=2;
COMMIT;

