INSERT INTO `bdedu_exam_results` (`exam_result_row_id`, `student_id`, `class_row_id`, `exam_category_row_id`, `is_psychology`, `exam_row_id`, `exam_year`, `total_time_taken`, `total_questions`, `total_correct_answer`, `total_wrong_answer`, `all_question_row_id`, `total_marks`, `percentage_obtained`, `comment`, `assessor_comment`, `created_by`, `updated_by`, `created_at`, `updated_at`, `attempt_no`) VALUES
(532, 10318030013, 5, 1, 2, 65, 2020, '02:36', 15, NULL, NULL, '{\"39\":\"4\",\"37\":\"1\",\"34\":\"5\",\"38\":\"4\",\"43\":\"1\",\"44\":\"2\",\"40\":\"3\",\"42\":\"4\",\"32\":\"5\",\"31\":\"2\",\"45\":\"0\",\"36\":\"5\",\"35\":\"4\",\"41\":\"3\",\"33\":\"1\"}', 44.00, NULL, 'অতীতের ঘটনা, তথ্য বা প্রক্রিয়া গুলো স্মরণ করার সক্ষমতা পরিমিত।', NULL, 10318030013, 10318030013, '2020-02-25 11:06:53', '2020-02-25 11:06:53', 1),
(533, 10318030029, 5, 1, 0, 40, 2020, '18:59', 25, 6, 19, '{\"973\":\"1\",\"1008\":\"1\",\"983\":\"2\",\"988\":\"1\",\"1003\":\"1\",\"986\":\"4\",\"978\":\"3\",\"1001\":\"3\",\"993\":\"1\",\"972\":\"4\",\"977\":\"1\",\"995\":\"2\",\"1002\":\"4\",\"990\":\"1\",\"994\":\"3\",\"996\":\"0\",\"1007\":\"2\",\"976\":\"3\",\"1004\":\"1\",\"1000\":\"1\",\"987\":\"1\",\"974\":\"4\",\"975\":\"2\",\"981\":\"3\",\"985\":\"1\"}', 6.00, 24.00, 'যথেষ্ট দূর্বল!  গণিতের মৌলিক  জ্ঞানের তীব্র অভাব পরিলক্ষিত হয়।', NULL, 10318030029, 10318030029, '2020-02-25 11:07:25', '2020-02-25 11:07:25', 1),
(534, 10318030026, 5, 5, 0, 30, 2020, '11:47', 25, 11, 14, '{\"510\":\"2\",\"517\":\"4\",\"499\":\"2\",\"494\":\"2\",\"515\":\"4\",\"506\":\"1\",\"509\":\"3\",\"511\":\"2\",\"513\":\"4\",\"514\":\"2\",\"501\":\"2\",\"512\":\"1\",\"516\":\"1\",\"500\":\"3\",\"490\":\"1\",\"492\":\"4\",\"498\":\"4\",\"491\":\"4\",\"495\":\"1\",\"502\":\"2\",\"497\":\"2\",\"508\":\"2\",\"518\":\"1\",\"505\":\"3\",\"519\":\"2\"}', 11.00, 44.00, 'মৌলিক জ্যামিতিক আকার এবং তাদের বৈশিষ্ট্যগুলি স্বীকৃতি দেওয়ার ক্ষেত্রে মৌলিক সমস্যা রয়েছে।', NULL, 10318030026, 10318030026, '2020-02-25 11:09:41', '2020-02-25 11:09:41', 1),
(535, 10318030031, 5, 2, 2, 68, 2020, '04:41', 15, 7, 8, '{\"62\":\"3\",\"56\":\"2\",\"63\":\"4\",\"68\":\"2\",\"60\":\"2\",\"69\":\"1\",\"65\":\"3\",\"64\":\"3\",\"58\":\"0\",\"67\":\"2\",\"70\":\"0\",\"57\":\"4\",\"59\":\"2\",\"66\":\"4\",\"61\":\"2\"}', 7.00, 46.67, 'তথ্য সংরক্ষণ, পরিচালনা এবং পুনরুদ্ধারের ক্ষমতা পরিমিত।', NULL, 10318030031, 10318030031, '2020-02-25 11:09:57', '2020-02-25 11:09:57', 1),
(536, 10319040039, 5, 1, 1, 82, 2020, '04:10', 10, NULL, NULL, '{\"81\":\"3\",\"82\":\"3\",\"83\":\"3\",\"84\":\"3\",\"85\":\"3\",\"86\":\"5\",\"87\":\"5\",\"88\":\"3\",\"89\":\"3\",\"90\":\"3\"}', 34.00, NULL, 'মাঝারি বা পরিমিত পরিমান ঘাবড়ানোর লক্ষণ প্রদর্শিত হয়, যা একজন শিক্ষার্থীকে তার লক্ষ ঠিক রাখতে এবং মনোযোগী হতে সাহায্য করতে পারে।', NULL, 10319040039, 10319040039, '2020-02-25 11:10:27', '2020-02-25 11:10:27', 1),
(537, 10318030031, 5, 3, 1, 84, 2020, '01:10', 10, NULL, NULL, '{\"101\":\"2\",\"102\":\"1\",\"103\":\"3\",\"104\":\"4\",\"105\":\"0\",\"106\":\"0\",\"107\":\"1\",\"108\":\"2\",\"109\":\"5\",\"110\":\"0\"}', 18.00, NULL, 'গণিত শিখার প্রতি ভাল আগ্রহ আছে এবং নিয়মিত গণিত চর্চা করার অভ্যাস আছে।', NULL, 10318030031, 10318030031, '2020-02-25 11:11:26', '2020-02-25 11:11:26', 1),
(538, 10318030029, 5, 1, 1, 82, 2020, '03:54', 10, NULL, NULL, '{\"81\":\"1\",\"82\":\"2\",\"83\":\"2\",\"84\":\"2\",\"85\":\"4\",\"86\":\"3\",\"87\":\"5\",\"88\":\"3\",\"89\":\"3\",\"90\":\"2\"}', 27.00, NULL, 'মাঝারি বা পরিমিত পরিমান ঘাবড়ানোর লক্ষণ প্রদর্শিত হয়, যা একজন শিক্ষার্থীকে তার লক্ষ ঠিক রাখতে এবং মনোযোগী হতে সাহায্য করতে পারে।', NULL, 10318030029, 10318030029, '2020-02-25 11:11:46', '2020-02-25 11:11:46', 1),
(539, 10318030030, 5, 2, 2, 68, 2020, '06:13', 15, 4, 11, '{\"57\":\"2\",\"70\":\"4\",\"63\":\"2\",\"61\":\"4\",\"60\":\"4\",\"62\":\"3\",\"68\":\"2\",\"69\":\"2\",\"56\":\"4\",\"65\":\"4\",\"64\":\"2\",\"67\":\"2\",\"58\":\"1\",\"66\":\"2\",\"59\":\"1\"}', 4.00, 26.67, 'তথ্য সংরক্ষণ, পরিচালনা এবং পুনরুদ্ধারের ক্ষমতা খুব কম।', NULL, 10318030030, 10318030030, '2020-02-25 11:12:21', '2020-02-25 11:12:21', 1),
(540, 10318030013, 5, 2, 2, 68, 2020, '05:12', 15, 7, 8, '{\"59\":\"2\",\"66\":\"2\",\"60\":\"4\",\"64\":\"4\",\"67\":\"4\",\"58\":\"4\",\"56\":\"4\",\"69\":\"4\",\"57\":\"4\",\"65\":\"4\",\"63\":\"2\",\"70\":\"3\",\"68\":\"4\",\"61\":\"4\",\"62\":\"3\"}', 7.00, 46.67, 'তথ্য সংরক্ষণ, পরিচালনা এবং পুনরুদ্ধারের ক্ষমতা পরিমিত।', NULL, 10318030013, 10318030013, '2020-02-25 11:13:01', '2020-02-25 11:13:01', 1),
(541, 10318030036, 5, 4, 0, 53, 2020, '34:40', 35, 14, 21, '{\"1247\":\"3\",\"1239\":\"2\",\"1255\":\"2\",\"1261\":\"4\",\"1235\":\"2\",\"1233\":\"1\",\"1228\":\"1\",\"1245\":\"4\",\"1241\":\"3\",\"1272\":\"2\",\"1221\":\"3\",\"1248\":\"4\",\"1242\":\"2\",\"1271\":\"3\",\"1258\":\"1\",\"1236\":\"2\",\"1237\":\"4\",\"1262\":\"4\",\"1267\":\"4\",\"1253\":\"4\",\"1257\":\"4\",\"1230\":\"1\",\"1254\":\"1\",\"1240\":\"2\",\"1265\":\"2\",\"1226\":\"4\",\"1225\":\"3\",\"1277\":\"2\",\"1274\":\"3\",\"1268\":\"4\",\"1263\":\"3\",\"1251\":\"4\",\"1238\":\"1\",\"1244\":\"3\",\"1249\":\"4\"}', 14.00, 40.00, 'যথেষ্ট দূর্বল!  গাণিতিক প্রক্রিয়ায় প্রয়োজনীয় মৌলিক  জ্ঞানের অভাব পরিলক্ষিত হয়।', NULL, 10318030036, 10318030036, '2020-02-25 11:13:54', '2020-02-25 11:13:54', 1),
(542, 10318030043, 5, 4, 0, 53, 2020, '25:22', 35, 10, 25, '{\"1236\":\"4\",\"1256\":\"4\",\"1245\":\"2\",\"1272\":\"4\",\"1242\":\"2\",\"1266\":\"3\",\"1262\":\"1\",\"1257\":\"1\",\"1243\":\"2\",\"1263\":\"4\",\"1224\":\"3\",\"1220\":\"4\",\"1234\":\"2\",\"1250\":\"1\",\"1239\":\"2\",\"1276\":\"4\",\"1219\":\"2\",\"1270\":\"1\",\"1244\":\"3\",\"1221\":\"1\",\"1226\":\"4\",\"1258\":\"2\",\"1223\":\"2\",\"1259\":\"4\",\"1227\":\"1\",\"1237\":\"3\",\"1275\":\"0\",\"1267\":\"4\",\"1241\":\"2\",\"1264\":\"4\",\"1273\":\"4\",\"1246\":\"4\",\"1230\":\"4\",\"1261\":\"3\",\"1252\":\"2\"}', 10.00, 28.57, 'যথেষ্ট দূর্বল!  গাণিতিক প্রক্রিয়ায় প্রয়োজনীয় মৌলিক  জ্ঞানের অভাব পরিলক্ষিত হয়।', NULL, 10318030043, 10318030043, '2020-02-25 11:14:57', '2020-02-25 11:14:57', 1),
(543, 10318050038, 5, 5, 0, 30, 2020, '05:31', 25, 11, 14, '{\"504\":\"1\",\"495\":\"1\",\"502\":\"3\",\"493\":\"2\",\"519\":\"2\",\"514\":\"1\",\"490\":\"2\",\"513\":\"1\",\"515\":\"1\",\"497\":\"2\",\"503\":\"3\",\"491\":\"4\",\"512\":\"3\",\"505\":\"4\",\"517\":\"2\",\"509\":\"2\",\"518\":\"1\",\"501\":\"2\",\"511\":\"2\",\"494\":\"1\",\"498\":\"4\",\"510\":\"1\",\"500\":\"1\",\"508\":\"1\",\"499\":\"2\"}', 11.00, 44.00, 'মৌলিক জ্যামিতিক আকার এবং তাদের বৈশিষ্ট্যগুলি স্বীকৃতি দেওয়ার ক্ষেত্রে মৌলিক সমস্যা রয়েছে।', NULL, 10318050038, 10318050038, '2020-02-25 11:15:09', '2020-02-25 11:15:09', 1),
(544, 10318030010, 5, 1, 0, 40, 2020, '14:38', 25, 8, 17, '{\"1005\":\"4\",\"999\":\"4\",\"979\":\"2\",\"1004\":\"2\",\"981\":\"4\",\"977\":\"4\",\"970\":\"4\",\"980\":\"2\",\"989\":\"1\",\"1007\":\"2\",\"978\":\"1\",\"997\":\"1\",\"992\":\"1\",\"1001\":\"4\",\"994\":\"1\",\"1009\":\"0\",\"1003\":\"2\",\"975\":\"2\",\"984\":\"1\",\"973\":\"4\",\"983\":\"1\",\"976\":\"2\",\"974\":\"1\",\"987\":\"1\",\"1000\":\"1\"}', 8.00, 32.00, 'যথেষ্ট দূর্বল!  গণিতের মৌলিক  জ্ঞানের তীব্র অভাব পরিলক্ষিত হয়।', NULL, 10318030010, 10318030010, '2020-02-25 11:15:43', '2020-02-25 11:15:43', 1),
(545, 10319040039, 5, 2, 1, 83, 2020, '05:08', 10, NULL, NULL, '{\"91\":\"3\",\"92\":\"3\",\"93\":\"5\",\"94\":\"0\",\"95\":\"3\",\"96\":\"3\",\"97\":\"5\",\"98\":\"3\",\"99\":\"3\",\"100\":\"5\"}', 33.00, NULL, 'সঠিক দিকনির্দেশনা এবং সঠিকভাবে অনুশীলনের অভাবে গণিত শিখার ক্ষেত্রে অসন্তোষ প্রকাশ পায়।', NULL, 10319040039, 10319040039, '2020-02-25 11:15:56', '2020-02-25 11:15:56', 1),
(546, 10318030013, 5, 4, 1, 85, 2020, '01:03', 10, NULL, NULL, '{\"111\":\"2\",\"112\":\"1\",\"113\":\"2\",\"114\":\"4\",\"115\":\"1\",\"116\":\"2\",\"117\":\"3\",\"118\":\"2\",\"119\":\"1\",\"120\":\"3\"}', 21.00, NULL, 'অমনোযোগী, গণিতের প্রতি কম আগ্রহ।', NULL, 10318030013, 10318030013, '2020-02-25 11:15:58', '2020-02-25 11:15:58', 1),
(547, 10318030029, 5, 2, 1, 83, 2020, '03:58', 10, NULL, NULL, '{\"91\":\"3\",\"92\":\"2\",\"93\":\"2\",\"94\":\"4\",\"95\":\"2\",\"96\":\"3\",\"97\":\"4\",\"98\":\"3\",\"99\":\"3\",\"100\":\"4\"}', 30.00, NULL, 'সঠিক দিকনির্দেশনা এবং সঠিকভাবে অনুশীলনের অভাবে গণিত শিখার ক্ষেত্রে অসন্তোষ প্রকাশ পায়।', NULL, 10318030029, 10318030029, '2020-02-25 11:16:54', '2020-02-25 11:16:54', 1),
(548, 10318030031, 5, 2, 0, 45, 2020, '04:38', 20, 7, 13, '{\"777\":\"2\",\"781\":\"4\",\"783\":\"2\",\"776\":\"0\",\"794\":\"2\",\"787\":\"2\",\"785\":\"4\",\"775\":\"4\",\"780\":\"4\",\"786\":\"4\",\"790\":\"2\",\"784\":\"4\",\"789\":\"2\",\"791\":\"2\",\"782\":\"4\",\"779\":\"0\",\"778\":\"2\",\"792\":\"4\",\"788\":\"2\",\"793\":\"4\"}', 7.00, 35.00, 'ডেটা ব্যাখ্যা করার জ্ঞান অত্যন্ত কম।', NULL, 10318030031, 10318030031, '2020-02-25 11:17:44', '2020-02-25 11:17:44', 1),
(549, 10319040038, 5, 2, 0, 45, 2020, '14:21', 20, 12, 8, '{\"778\":\"2\",\"785\":\"3\",\"782\":\"4\",\"788\":\"4\",\"791\":\"2\",\"784\":\"2\",\"783\":\"4\",\"790\":\"2\",\"787\":\"2\",\"794\":\"3\",\"776\":\"4\",\"777\":\"1\",\"789\":\"1\",\"779\":\"2\",\"775\":\"1\",\"781\":\"3\",\"793\":\"3\",\"792\":\"2\",\"780\":\"1\",\"786\":\"1\"}', 12.00, 60.00, 'ডেটা বিশ্লেষণ এবং ব্যাখ্যা করার জ্ঞান সীমিত।', NULL, 10319040038, 10319040038, '2020-02-25 11:18:37', '2020-02-25 11:18:37', 1),
(550, 10318030010, 5, 1, 1, 82, 2020, '02:50', 10, NULL, NULL, '{\"81\":\"4\",\"82\":\"3\",\"83\":\"1\",\"84\":\"4\",\"85\":\"3\",\"86\":\"3\",\"87\":\"5\",\"88\":\"5\",\"89\":\"4\",\"90\":\"4\"}', 36.00, NULL, 'মাত্রাতিরিক্ত ঘাবড়ানোর বা চাপের লক্ষণ প্রদর্শিত হয়। প্রস্তুতি খুব কম নেওয়া হয় অথবা মৌলিক জ্ঞানের অভাব অথবা ভাল করার অতিরিক্ত মানসিক চাপ থেকে হতে পারে। যা কখনই সমর্থন যোগ্য নয়।', NULL, 10318030010, 10318030010, '2020-02-25 11:18:43', '2020-02-25 11:18:43', 1),
(551, 10319040039, 5, 3, 1, 84, 2020, '04:07', 10, NULL, NULL, '{\"101\":\"3\",\"102\":\"3\",\"103\":\"3\",\"104\":\"3\",\"105\":\"3\",\"106\":\"3\",\"107\":\"3\",\"108\":\"3\",\"109\":\"5\",\"110\":\"3\"}', 32.00, NULL, 'গণিতের প্রতি আগ্রহ কম এবং সহজে অমনোযোগী হয়ে যায়।', NULL, 10319040039, 10319040039, '2020-02-25 11:20:26', '2020-02-25 11:20:26', 1),
(552, 10318030010, 5, 2, 1, 83, 2020, '03:17', 10, NULL, NULL, '{\"91\":\"4\",\"92\":\"4\",\"93\":\"4\",\"94\":\"4\",\"95\":\"3\",\"96\":\"3\",\"97\":\"5\",\"98\":\"4\",\"99\":\"3\",\"100\":\"0\"}', 34.00, NULL, 'সঠিক দিকনির্দেশনা এবং সঠিকভাবে অনুশীলনের অভাবে গণিত শিখার ক্ষেত্রে অসন্তোষ প্রকাশ পায়।', NULL, 10318030010, 10318030010, '2020-02-25 11:22:18', '2020-02-25 11:22:18', 1),
(553, 10318030029, 5, 3, 1, 84, 2020, '02:38', 10, NULL, NULL, '{\"101\":\"2\",\"102\":\"3\",\"103\":\"2\",\"104\":\"2\",\"105\":\"2\",\"106\":\"2\",\"107\":\"1\",\"108\":\"1\",\"109\":\"1\",\"110\":\"1\"}', 17.00, NULL, 'গণিত শিখার প্রতি ভাল আগ্রহ আছে এবং নিয়মিত গণিত চর্চা করার অভ্যাস আছে।', NULL, 10318030029, 10318030029, '2020-02-25 11:22:32', '2020-02-25 11:22:32', 1),
(554, 10318030043, 5, 5, 0, 30, 2020, '06:45', 25, 13, 12, '{\"501\":\"1\",\"513\":\"4\",\"499\":\"2\",\"492\":\"3\",\"507\":\"3\",\"514\":\"1\",\"502\":\"3\",\"508\":\"2\",\"510\":\"3\",\"518\":\"1\",\"494\":\"2\",\"493\":\"2\",\"511\":\"2\",\"519\":\"2\",\"495\":\"1\",\"504\":\"1\",\"506\":\"1\",\"509\":\"3\",\"500\":\"3\",\"515\":\"1\",\"490\":\"3\",\"497\":\"2\",\"505\":\"2\",\"516\":\"4\",\"503\":\"1\"}', 13.00, 52.00, 'মৌলিক জ্যামিতিক আকার এবং তাদের বৈশিষ্ট্যগুলি স্বীকৃতি দেওয়ার ক্ষেত্রে মৌলিক সমস্যা রয়েছে।', NULL, 10318030043, 10318030043, '2020-02-25 11:22:36', '2020-02-25 11:22:36', 1),
(555, 10319040038, 5, 1, 2, 65, 2020, '02:57', 15, NULL, NULL, '{\"42\":\"3\",\"39\":\"4\",\"35\":\"5\",\"44\":\"4\",\"40\":\"3\",\"31\":\"4\",\"34\":\"3\",\"38\":\"5\",\"43\":\"5\",\"32\":\"5\",\"33\":\"5\",\"36\":\"4\",\"37\":\"4\",\"45\":\"3\",\"41\":\"4\"}', 61.00, NULL, 'অতীতের ঘটনা, তথ্য বা প্রক্রিয়া গুলো স্মরণ করার সক্ষমতা ভাল।', NULL, 10319040038, 10319040038, '2020-02-25 11:22:45', '2020-02-25 11:22:45', 1),
(556, 10319040039, 5, 4, 1, 85, 2020, '02:50', 10, NULL, NULL, '{\"111\":\"5\",\"112\":\"5\",\"113\":\"5\",\"114\":\"4\",\"115\":\"5\",\"116\":\"5\",\"117\":\"5\",\"118\":\"4\",\"119\":\"4\",\"120\":\"5\"}', 47.00, NULL, 'ইতিবাচক আচরন লক্ষ্যনীয় এবং লক্ষ্য স্থির করতে ও কাঙ্ক্ষিত ফলাফল অর্জনে সক্ষম ', NULL, 10319040039, 10319040039, '2020-02-25 11:23:35', '2020-02-25 11:23:35', 1),
(557, 10318030028, 5, 4, 0, 53, 2020, '21:17', 35, 12, 23, '{\"1258\":\"1\",\"1236\":\"2\",\"1262\":\"4\",\"1261\":\"3\",\"1266\":\"3\",\"1232\":\"1\",\"1231\":\"2\",\"1260\":\"2\",\"1265\":\"3\",\"1263\":\"3\",\"1250\":\"1\",\"1228\":\"1\",\"1248\":\"2\",\"1270\":\"1\",\"1267\":\"2\",\"1247\":\"4\",\"1244\":\"3\",\"1233\":\"3\",\"1255\":\"2\",\"1254\":\"3\",\"1220\":\"1\",\"1273\":\"1\",\"1249\":\"1\",\"1222\":\"1\",\"1252\":\"3\",\"1275\":\"3\",\"1221\":\"3\",\"1256\":\"3\",\"1226\":\"2\",\"1257\":\"2\",\"1271\":\"2\",\"1274\":\"3\",\"1230\":\"3\",\"1264\":\"1\",\"1235\":\"2\"}', 12.00, 34.29, 'যথেষ্ট দূর্বল!  গাণিতিক প্রক্রিয়ায় প্রয়োজনীয় মৌলিক  জ্ঞানের অভাব পরিলক্ষিত হয়।', NULL, 10318030028, 10318030028, '2020-02-25 11:23:51', '2020-02-25 11:23:51', 1),
(558, 10318030026, 5, 2, 0, 45, 2020, '12:15', 20, 9, 11, '{\"791\":\"2\",\"790\":\"2\",\"789\":\"2\",\"782\":\"3\",\"783\":\"1\",\"779\":\"2\",\"794\":\"2\",\"793\":\"2\",\"787\":\"1\",\"785\":\"2\",\"775\":\"4\",\"784\":\"4\",\"777\":\"1\",\"778\":\"2\",\"780\":\"2\",\"786\":\"3\",\"776\":\"2\",\"792\":\"1\",\"781\":\"1\",\"788\":\"1\"}', 9.00, 45.00, 'ডেটা ব্যাখ্যা করার জ্ঞান অত্যন্ত কম।', NULL, 10318030026, 10318030026, '2020-02-25 11:24:58', '2020-02-25 11:24:58', 1),
(559, 10318030010, 5, 3, 1, 84, 2020, '02:41', 10, NULL, NULL, '{\"101\":\"3\",\"102\":\"2\",\"103\":\"1\",\"104\":\"4\",\"105\":\"4\",\"106\":\"5\",\"107\":\"3\",\"108\":\"5\",\"109\":\"3\",\"110\":\"2\"}', 32.00, NULL, 'গণিতের প্রতি আগ্রহ কম এবং সহজে অমনোযোগী হয়ে যায়।', NULL, 10318030010, 10318030010, '2020-02-25 11:25:09', '2020-02-25 11:25:09', 1),
(560, 10318050038, 5, 2, 0, 45, 2020, '09:38', 20, 7, 13, '{\"784\":\"2\",\"793\":\"3\",\"780\":\"1\",\"794\":\"3\",\"792\":\"4\",\"775\":\"4\",\"790\":\"2\",\"776\":\"4\",\"789\":\"1\",\"787\":\"2\",\"779\":\"1\",\"791\":\"4\",\"788\":\"2\",\"783\":\"1\",\"778\":\"1\",\"777\":\"4\",\"781\":\"1\",\"782\":\"3\",\"786\":\"1\",\"785\":\"2\"}', 7.00, 35.00, 'ডেটা ব্যাখ্যা করার জ্ঞান অত্যন্ত কম।', NULL, 10318050038, 10318050038, '2020-02-25 11:25:13', '2020-02-25 11:25:13', 1),
(561, 10318030036, 5, 5, 0, 30, 2020, '10:38', 25, 13, 12, '{\"496\":\"2\",\"499\":\"2\",\"502\":\"3\",\"511\":\"2\",\"509\":\"3\",\"507\":\"3\",\"505\":\"3\",\"494\":\"1\",\"503\":\"4\",\"497\":\"4\",\"498\":\"4\",\"491\":\"3\",\"493\":\"0\",\"495\":\"2\",\"516\":\"3\",\"519\":\"2\",\"518\":\"1\",\"513\":\"2\",\"504\":\"1\",\"515\":\"4\",\"501\":\"1\",\"500\":\"1\",\"512\":\"2\",\"492\":\"2\",\"517\":\"1\"}', 13.00, 52.00, 'মৌলিক জ্যামিতিক আকার এবং তাদের বৈশিষ্ট্যগুলি স্বীকৃতি দেওয়ার ক্ষেত্রে মৌলিক সমস্যা রয়েছে।', NULL, 10318030036, 10318030036, '2020-02-25 11:25:16', '2020-02-25 11:25:16', 1),
(562, 10318030014, 5, 1, 0, 40, 2020, '20:42', 25, 9, 16, '{\"1002\":\"2\",\"994\":\"1\",\"991\":\"4\",\"984\":\"1\",\"973\":\"1\",\"979\":\"1\",\"1007\":\"2\",\"974\":\"3\",\"999\":\"4\",\"977\":\"3\",\"1005\":\"4\",\"995\":\"1\",\"986\":\"3\",\"1003\":\"3\",\"993\":\"2\",\"970\":\"1\",\"982\":\"3\",\"998\":\"3\",\"996\":\"1\",\"987\":\"1\",\"1001\":\"3\",\"990\":\"3\",\"1009\":\"2\",\"989\":\"2\",\"1000\":\"2\"}', 9.00, 36.00, 'যথেষ্ট দূর্বল!  গণিতের মৌলিক  জ্ঞানের তীব্র অভাব পরিলক্ষিত হয়।', NULL, 10318030014, 10318030014, '2020-02-25 11:26:01', '2020-02-25 11:26:01', 1),
(563, 10319040038, 5, 2, 2, 68, 2020, '05:08', 15, 11, 4, '{\"60\":\"3\",\"69\":\"4\",\"68\":\"2\",\"61\":\"2\",\"65\":\"1\",\"64\":\"4\",\"67\":\"3\",\"63\":\"4\",\"56\":\"1\",\"59\":\"2\",\"70\":\"3\",\"57\":\"4\",\"62\":\"3\",\"66\":\"4\",\"58\":\"2\"}', 11.00, 73.33, 'তথ্য সংরক্ষণ, পরিচালনা এবং পুনরুদ্ধারের ক্ষমতা ভাল।', NULL, 10319040038, 10319040038, '2020-02-25 11:28:22', '2020-02-25 11:28:22', 1),
(564, 10318030010, 5, 4, 1, 85, 2020, '03:12', 10, NULL, NULL, '{\"111\":\"5\",\"112\":\"4\",\"113\":\"3\",\"114\":\"4\",\"115\":\"0\",\"116\":\"5\",\"117\":\"4\",\"118\":\"5\",\"119\":\"4\",\"120\":\"5\"}', 39.00, NULL, 'ইতিবাচক আচরন লক্ষ্যনীয় এবং লক্ষ্য স্থির করতে ও কাঙ্ক্ষিত ফলাফল অর্জনে সক্ষম ', NULL, 10318030010, 10318030010, '2020-02-25 11:28:42', '2020-02-25 11:28:42', 1),
(565, 10318030029, 5, 4, 1, 85, 2020, '03:49', 10, NULL, NULL, '{\"111\":\"5\",\"112\":\"4\",\"113\":\"3\",\"114\":\"3\",\"115\":\"4\",\"116\":\"4\",\"117\":\"3\",\"118\":\"4\",\"119\":\"3\",\"120\":null}', 33.00, NULL, 'অমনোযোগী, গণিতের প্রতি কম আগ্রহ।', NULL, 10318030029, 10318030029, '2020-02-25 11:29:46', '2020-02-25 11:29:46', 1),
(566, 10318050038, 5, 1, 2, 65, 2020, '05:05', 15, NULL, NULL, '{\"33\":\"2\",\"31\":\"2\",\"44\":\"3\",\"42\":\"2\",\"36\":\"5\",\"40\":\"5\",\"43\":\"3\",\"34\":\"3\",\"38\":\"5\",\"39\":\"5\",\"35\":\"5\",\"32\":\"0\",\"41\":\"3\",\"37\":\"3\",\"45\":\"2\"}', 48.00, NULL, 'অতীতের ঘটনা, তথ্য বা প্রক্রিয়া গুলো স্মরণ করার সক্ষমতা পরিমিত।', NULL, 10318050038, 10318050038, '2020-02-25 11:30:38', '2020-02-25 11:30:38', 1),
(567, 10318030014, 5, 1, 1, 82, 2020, '04:15', 10, NULL, NULL, '{\"81\":\"2\",\"82\":\"3\",\"83\":\"2\",\"84\":\"3\",\"85\":\"3\",\"86\":\"1\",\"87\":\"5\",\"88\":\"2\",\"89\":\"1\",\"90\":\"2\"}', 24.00, NULL, 'মাঝারি বা পরিমিত পরিমান ঘাবড়ানোর লক্ষণ প্রদর্শিত হয়, যা একজন শিক্ষার্থীকে তার লক্ষ ঠিক রাখতে এবং মনোযোগী হতে সাহায্য করতে পারে।', NULL, 10318030014, 10318030014, '2020-02-25 11:31:24', '2020-02-25 11:31:24', 1),
(568, 10318030014, 5, 2, 1, 83, 2020, '03:13', 10, NULL, NULL, '{\"91\":\"2\",\"92\":\"1\",\"93\":\"1\",\"94\":\"3\",\"95\":\"2\",\"96\":\"3\",\"97\":\"3\",\"98\":\"2\",\"99\":\"2\",\"100\":\"1\"}', 20.00, NULL, 'সঠিক দিকনির্দেশনা এবং সঠিকভাবে অনুশীলনের অভাবে গণিত শিখার ক্ষেত্রে অসন্তোষ প্রকাশ পায়।', NULL, 10318030014, 10318030014, '2020-02-25 11:35:22', '2020-02-25 11:35:22', 1),
(569, 10318030043, 5, 2, 0, 45, 2020, '12:10', 20, 5, 15, '{\"786\":\"1\",\"793\":\"1\",\"777\":\"2\",\"775\":\"2\",\"779\":\"1\",\"780\":\"1\",\"785\":\"0\",\"783\":\"4\",\"776\":\"1\",\"782\":\"3\",\"784\":\"2\",\"790\":\"4\",\"787\":\"2\",\"781\":\"1\",\"788\":\"2\",\"794\":\"1\",\"792\":\"1\",\"791\":\"4\",\"789\":\"2\",\"778\":\"2\"}', 5.00, 25.00, 'ডেটা ব্যাখ্যা করার জ্ঞান অত্যন্ত কম।', NULL, 10318030043, 10318030043, '2020-02-25 11:35:28', '2020-02-25 11:35:28', 1),
(570, 10318030026, 5, 1, 2, 65, 2020, '09:27', 15, NULL, NULL, '{\"40\":\"2\",\"32\":\"5\",\"38\":\"5\",\"39\":\"2\",\"33\":\"5\",\"31\":\"5\",\"34\":\"4\",\"43\":\"5\",\"37\":\"4\",\"35\":\"0\",\"36\":\"4\",\"44\":\"5\",\"42\":\"5\",\"45\":\"4\",\"41\":\"3\"}', 58.00, NULL, 'অতীতের ঘটনা, তথ্য বা প্রক্রিয়া গুলো স্মরণ করার সক্ষমতা ভাল।', NULL, 10318030026, 10318030026, '2020-02-25 11:35:48', '2020-02-25 11:35:48', 1),
(571, 10318050038, 5, 2, 2, 68, 2020, '06:27', 15, 9, 6, '{\"62\":\"3\",\"63\":\"1\",\"60\":\"1\",\"69\":\"4\",\"57\":\"3\",\"61\":\"2\",\"66\":\"4\",\"67\":\"3\",\"70\":\"3\",\"59\":\"3\",\"65\":\"3\",\"56\":\"1\",\"58\":\"4\",\"64\":\"4\",\"68\":\"2\"}', 9.00, 60.00, 'তথ্য সংরক্ষণ, পরিচালনা এবং পুনরুদ্ধারের ক্ষমতা পরিমিত।', NULL, 10318050038, 10318050038, '2020-02-25 11:37:29', '2020-02-25 11:37:29', 1),
(572, 10318030036, 5, 2, 0, 45, 2020, '03:27', 20, 6, 14, '{\"788\":\"1\",\"787\":\"1\",\"777\":\"3\",\"789\":\"3\",\"778\":\"3\",\"784\":\"1\",\"775\":\"2\",\"785\":\"4\",\"790\":\"3\",\"791\":\"1\",\"794\":\"3\",\"780\":\"1\",\"793\":\"3\",\"779\":\"1\",\"781\":\"1\",\"783\":\"2\",\"792\":\"1\",\"782\":\"4\",\"776\":\"4\",\"786\":\"3\"}', 6.00, 30.00, 'ডেটা ব্যাখ্যা করার জ্ঞান অত্যন্ত কম।', NULL, 10318030036, 10318030036, '2020-02-25 11:37:56', '2020-02-25 11:37:56', 1),
(573, 10319040039, 5, 3, 0, 21, 2020, '14:01', 25, 13, 12, '{\"402\":\"3\",\"853\":\"2\",\"419\":\"3\",\"394\":\"3\",\"387\":\"4\",\"411\":\"0\",\"405\":\"3\",\"418\":\"1\",\"406\":\"3\",\"398\":\"3\",\"410\":\"3\",\"415\":\"2\",\"396\":\"4\",\"395\":\"3\",\"385\":\"3\",\"391\":\"2\",\"403\":\"2\",\"390\":\"2\",\"397\":\"1\",\"852\":\"4\",\"413\":\"4\",\"407\":\"2\",\"416\":\"1\",\"414\":\"1\",\"401\":\"4\"}', 13.00, 52.00, 'অত্যন্ত কম', NULL, 10319040039, 10319040039, '2020-02-25 11:38:09', '2020-02-25 11:38:09', 1),
(574, 10318030043, 5, 1, 2, 65, 2020, '04:10', 15, NULL, NULL, '{\"45\":\"3\",\"33\":\"4\",\"31\":\"3\",\"38\":\"5\",\"32\":\"5\",\"39\":\"5\",\"42\":\"5\",\"44\":\"5\",\"34\":\"3\",\"37\":\"5\",\"36\":\"3\",\"43\":\"5\",\"41\":\"3\",\"40\":\"3\",\"35\":\"5\"}', 62.00, NULL, 'অতীতের ঘটনা, তথ্য বা প্রক্রিয়া গুলো স্মরণ করার সক্ষমতা ভাল।', NULL, 10318030043, 10318030043, '2020-02-25 11:40:11', '2020-02-25 11:40:11', 1),
(575, 10318030028, 5, 5, 0, 30, 2020, '17:13', 25, 9, 16, '{\"504\":\"1\",\"508\":\"2\",\"492\":\"4\",\"515\":\"2\",\"497\":\"1\",\"514\":\"2\",\"506\":\"1\",\"519\":\"3\",\"499\":\"2\",\"517\":\"1\",\"498\":\"4\",\"500\":\"3\",\"513\":\"3\",\"509\":\"3\",\"490\":\"1\",\"518\":\"4\",\"505\":\"1\",\"512\":\"3\",\"495\":\"2\",\"516\":\"2\",\"502\":\"3\",\"511\":\"3\",\"510\":\"1\",\"493\":\"2\",\"494\":\"2\"}', 9.00, 36.00, 'মৌলিক জ্যামিতিক আকার এবং তাদের বৈশিষ্ট্যগুলি স্বীকৃতি দেওয়ার ক্ষেত্রে মৌলিক সমস্যা রয়েছে।', NULL, 10318030028, 10318030028, '2020-02-25 11:41:34', '2020-02-25 11:41:34', 1),
(576, 10318030010, 5, 3, 0, 21, 2020, '13:32', 25, 5, 20, '{\"389\":\"1\",\"393\":\"0\",\"396\":\"3\",\"408\":\"2\",\"415\":\"1\",\"406\":\"0\",\"417\":\"1\",\"383\":\"2\",\"413\":\"4\",\"418\":\"2\",\"398\":\"2\",\"852\":\"0\",\"388\":\"2\",\"409\":\"4\",\"405\":\"4\",\"403\":\"2\",\"384\":\"2\",\"394\":\"3\",\"395\":\"0\",\"399\":\"4\",\"414\":\"0\",\"410\":\"4\",\"385\":\"2\",\"400\":\"0\",\"851\":\"0\"}', 5.00, 20.00, 'অত্যন্ত কম', NULL, 10318030010, 10318030010, '2020-02-25 11:42:36', '2020-02-25 11:42:36', 1),
(577, 10318030036, 5, 1, 2, 65, 2020, '05:31', 15, NULL, NULL, '{\"35\":\"5\",\"38\":\"4\",\"45\":\"5\",\"39\":\"3\",\"33\":\"3\",\"36\":\"3\",\"37\":\"3\",\"32\":\"4\",\"42\":\"3\",\"43\":\"4\",\"44\":\"5\",\"41\":\"5\",\"40\":\"4\",\"31\":\"0\",\"34\":\"2\"}', 53.00, NULL, 'অতীতের ঘটনা, তথ্য বা প্রক্রিয়া গুলো স্মরণ করার সক্ষমতা ভাল।', NULL, 10318030036, 10318030036, '2020-02-25 11:43:39', '2020-02-25 11:43:39', 1),
(578, 10318030014, 5, 3, 1, 84, 2020, '07:58', 10, NULL, NULL, '{\"101\":\"3\",\"102\":\"3\",\"103\":\"2\",\"104\":\"2\",\"105\":\"1\",\"106\":\"3\",\"107\":\"3\",\"108\":\"2\",\"109\":\"3\",\"110\":\"2\"}', 24.00, NULL, 'গণিতের প্রতি আগ্রহ কম এবং সহজে অমনোযোগী হয়ে যায়।', NULL, 10318030014, 10318030014, '2020-02-25 11:43:41', '2020-02-25 11:43:41', 1),
(579, 10318030026, 5, 2, 2, 68, 2020, '08:43', 15, 3, 12, '{\"66\":\"2\",\"56\":\"4\",\"59\":\"2\",\"63\":\"2\",\"68\":\"2\",\"62\":\"3\",\"58\":\"1\",\"64\":\"2\",\"67\":\"1\",\"69\":\"1\",\"60\":\"4\",\"61\":\"4\",\"65\":\"2\",\"57\":\"3\",\"70\":\"2\"}', 3.00, 20.00, 'তথ্য সংরক্ষণ, পরিচালনা এবং পুনরুদ্ধারের ক্ষমতা খুব কম।', NULL, 10318030026, 10318030026, '2020-02-25 11:45:17', '2020-02-25 11:45:17', 1),
(580, 10318030043, 5, 2, 2, 68, 2020, '04:47', 15, 9, 6, '{\"65\":\"0\",\"58\":\"0\",\"69\":\"0\",\"62\":\"3\",\"64\":\"3\",\"61\":\"2\",\"63\":\"4\",\"67\":\"3\",\"66\":\"4\",\"70\":\"3\",\"60\":\"2\",\"68\":\"2\",\"59\":\"2\",\"56\":\"2\",\"57\":\"4\"}', 9.00, 60.00, 'তথ্য সংরক্ষণ, পরিচালনা এবং পুনরুদ্ধারের ক্ষমতা পরিমিত।', NULL, 10318030043, 10318030043, '2020-02-25 11:45:25', '2020-02-25 11:45:25', 1),
(581, 10318030029, 5, 3, 0, 21, 2020, '14:11', 25, 13, 12, '{\"384\":\"3\",\"409\":\"3\",\"403\":\"3\",\"398\":\"4\",\"386\":\"3\",\"852\":\"4\",\"389\":\"2\",\"414\":\"1\",\"387\":\"4\",\"390\":\"2\",\"419\":\"3\",\"402\":\"3\",\"408\":\"4\",\"397\":\"4\",\"851\":\"2\",\"392\":\"1\",\"407\":\"4\",\"391\":\"2\",\"416\":\"1\",\"385\":\"3\",\"412\":\"3\",\"393\":\"4\",\"395\":\"0\",\"388\":\"3\",\"853\":\"2\"}', 13.00, 52.00, 'অত্যন্ত কম', NULL, 10318030029, 10318030029, '2020-02-25 11:45:35', '2020-02-25 11:45:35', 1),
(582, 10318030016, 5, 1, 0, 40, 2020, '15:05', 25, 16, 9, '{\"976\":\"2\",\"992\":\"1\",\"993\":\"1\",\"994\":\"2\",\"977\":\"2\",\"998\":\"2\",\"985\":\"4\",\"982\":\"2\",\"984\":\"3\",\"995\":\"4\",\"1000\":\"4\",\"1006\":\"1\",\"983\":\"1\",\"978\":\"2\",\"1003\":\"3\",\"973\":\"1\",\"1008\":\"1\",\"1007\":\"2\",\"970\":\"1\",\"999\":\"2\",\"979\":\"2\",\"974\":\"4\",\"988\":\"2\",\"991\":\"3\",\"1001\":\"1\"}', 16.00, 64.00, 'সন্তোষজনক নয়! গণিতের মৌলিক  জ্ঞানের স্বল্পতা পরিলক্ষিত হয়। ', NULL, 10318030016, 10318030016, '2020-02-25 11:46:23', '2020-02-25 11:46:23', 1),
(583, 10318030002, 5, 1, 0, 40, 2020, '15:49', 25, 12, 13, '{\"986\":\"4\",\"1001\":\"4\",\"997\":\"4\",\"972\":\"3\",\"1003\":\"3\",\"984\":\"1\",\"1002\":\"3\",\"1008\":\"2\",\"1000\":\"2\",\"974\":\"2\",\"998\":\"2\",\"979\":\"2\",\"987\":\"1\",\"980\":\"4\",\"993\":\"1\",\"990\":\"1\",\"999\":\"4\",\"971\":\"1\",\"1009\":\"2\",\"1007\":\"2\",\"1005\":\"4\",\"994\":\"1\",\"989\":\"3\",\"975\":\"1\",\"992\":\"1\"}', 12.00, 48.00, 'যথেষ্ট দূর্বল!  গণিতের মৌলিক  জ্ঞানের তীব্র অভাব পরিলক্ষিত হয়।', NULL, 10318030002, 10318030002, '2020-02-25 11:49:34', '2020-02-25 11:49:34', 1),
(584, 10318030016, 5, 1, 1, 82, 2020, '04:14', 10, NULL, NULL, '{\"81\":\"1\",\"82\":\"3\",\"83\":\"4\",\"84\":\"3\",\"85\":\"2\",\"86\":\"5\",\"87\":\"3\",\"88\":\"2\",\"89\":\"4\",\"90\":\"3\"}', 30.00, NULL, 'মাঝারি বা পরিমিত পরিমান ঘাবড়ানোর লক্ষণ প্রদর্শিত হয়, যা একজন শিক্ষার্থীকে তার লক্ষ ঠিক রাখতে এবং মনোযোগী হতে সাহায্য করতে পারে।', NULL, 10318030016, 10318030016, '2020-02-25 11:50:58', '2020-02-25 11:50:58', 1),
(585, 10318030014, 5, 4, 1, 85, 2020, '08:39', 10, NULL, NULL, '{\"111\":\"3\",\"112\":\"3\",\"113\":\"3\",\"114\":\"1\",\"115\":\"3\",\"116\":\"3\",\"117\":\"3\",\"118\":\"3\",\"119\":\"3\",\"120\":\"3\"}', 28.00, NULL, 'অমনোযোগী, গণিতের প্রতি কম আগ্রহ।', NULL, 10318030014, 10318030014, '2020-02-25 11:52:35', '2020-02-25 11:52:35', 1),
(586, 10318030002, 5, 1, 1, 82, 2020, '03:26', 10, NULL, NULL, '{\"81\":\"4\",\"82\":\"2\",\"83\":\"1\",\"84\":\"3\",\"85\":\"4\",\"86\":\"1\",\"87\":\"2\",\"88\":\"1\",\"89\":\"4\",\"90\":\"2\"}', 24.00, NULL, 'মাঝারি বা পরিমিত পরিমান ঘাবড়ানোর লক্ষণ প্রদর্শিত হয়, যা একজন শিক্ষার্থীকে তার লক্ষ ঠিক রাখতে এবং মনোযোগী হতে সাহায্য করতে পারে।', NULL, 10318030002, 10318030002, '2020-02-25 11:53:21', '2020-02-25 11:53:21', 1),
(587, 10318030008, 5, 1, 0, 40, 2020, '17:04', 25, 13, 12, '{\"974\":\"4\",\"972\":\"3\",\"976\":\"1\",\"986\":\"4\",\"996\":\"3\",\"981\":\"4\",\"993\":\"3\",\"988\":\"1\",\"1008\":\"1\",\"975\":\"2\",\"1006\":\"1\",\"985\":\"4\",\"983\":\"3\",\"995\":\"2\",\"990\":\"3\",\"982\":\"2\",\"999\":\"4\",\"979\":\"4\",\"984\":\"3\",\"1009\":\"1\",\"980\":\"4\",\"991\":\"3\",\"978\":\"4\",\"1007\":\"2\",\"971\":\"2\"}', 13.00, 52.00, 'সন্তোষজনক নয়! গণিতের মৌলিক  জ্ঞানের স্বল্পতা পরিলক্ষিত হয়। ', NULL, 10318030008, 10318030008, '2020-02-25 11:53:42', '2020-02-25 11:53:42', 1),
(588, 10318030016, 5, 2, 1, 83, 2020, '04:18', 10, NULL, NULL, '{\"91\":\"2\",\"92\":\"3\",\"93\":\"0\",\"94\":\"4\",\"95\":\"4\",\"96\":\"4\",\"97\":\"4\",\"98\":\"4\",\"99\":\"4\",\"100\":\"4\"}', 33.00, NULL, 'সঠিক দিকনির্দেশনা এবং সঠিকভাবে অনুশীলনের অভাবে গণিত শিখার ক্ষেত্রে অসন্তোষ প্রকাশ পায়।', NULL, 10318030016, 10318030016, '2020-02-25 11:56:07', '2020-02-25 11:56:07', 1),
(589, 10318030036, 5, 2, 2, 68, 2020, '12:25', 15, 3, 12, '{\"67\":\"4\",\"57\":\"4\",\"65\":\"2\",\"62\":\"3\",\"58\":\"4\",\"59\":\"4\",\"69\":\"0\",\"64\":\"0\",\"66\":\"0\",\"61\":\"3\",\"63\":\"2\",\"68\":\"2\",\"56\":\"3\",\"60\":\"4\",\"70\":\"2\"}', 3.00, 20.00, 'তথ্য সংরক্ষণ, পরিচালনা এবং পুনরুদ্ধারের ক্ষমতা খুব কম।', NULL, 10318030036, 10318030036, '2020-02-25 11:56:21', '2020-02-25 11:56:21', 1),
(590, 10318030002, 5, 2, 1, 83, 2020, '03:12', 10, NULL, NULL, '{\"91\":\"1\",\"92\":\"4\",\"93\":\"3\",\"94\":\"5\",\"95\":\"1\",\"96\":\"3\",\"97\":\"1\",\"98\":\"2\",\"99\":\"1\",\"100\":\"2\"}', 23.00, NULL, 'সঠিক দিকনির্দেশনা এবং সঠিকভাবে অনুশীলনের অভাবে গণিত শিখার ক্ষেত্রে অসন্তোষ প্রকাশ পায়।', NULL, 10318030002, 10318030002, '2020-02-25 11:56:53', '2020-02-25 11:56:53', 1),
(591, 10318030028, 5, 2, 0, 45, 2020, '15:39', 20, 5, 15, '{\"784\":\"3\",\"794\":\"3\",\"793\":\"1\",\"788\":\"1\",\"777\":\"3\",\"792\":\"3\",\"789\":\"2\",\"781\":\"2\",\"778\":\"2\",\"779\":\"1\",\"790\":\"2\",\"786\":\"1\",\"787\":\"1\",\"775\":\"2\",\"785\":\"2\",\"783\":\"2\",\"776\":\"2\",\"780\":\"1\",\"791\":\"3\",\"782\":\"4\"}', 5.00, 25.00, 'ডেটা ব্যাখ্যা করার জ্ঞান অত্যন্ত কম।', NULL, 10318030028, 10318030028, '2020-02-25 11:57:58', '2020-02-25 11:57:58', 1),
(592, 10318030008, 5, 1, 1, 82, 2020, '04:07', 10, NULL, NULL, '{\"81\":\"4\",\"82\":\"2\",\"83\":\"2\",\"84\":\"4\",\"85\":\"4\",\"86\":\"2\",\"87\":\"1\",\"88\":\"1\",\"89\":\"1\",\"90\":\"1\"}', 22.00, NULL, 'মাঝারি বা পরিমিত পরিমান ঘাবড়ানোর লক্ষণ প্রদর্শিত হয়, যা একজন শিক্ষার্থীকে তার লক্ষ ঠিক রাখতে এবং মনোযোগী হতে সাহায্য করতে পারে।', NULL, 10318030008, 10318030008, '2020-02-25 11:58:09', '2020-02-25 11:58:09', 1),
(593, 10319040039, 5, 4, 0, 53, 2020, '19:56', 35, 12, 23, '{\"1253\":\"3\",\"1259\":\"4\",\"1241\":\"1\",\"1235\":\"2\",\"1250\":\"1\",\"1224\":\"3\",\"1225\":\"3\",\"1263\":\"1\",\"1254\":\"3\",\"1257\":\"2\",\"1226\":\"4\",\"1239\":\"1\",\"1246\":\"1\",\"1276\":\"3\",\"682\":\"1\",\"1270\":\"3\",\"1277\":\"3\",\"1275\":\"3\",\"1230\":\"1\",\"1220\":\"3\",\"1251\":\"2\",\"1236\":\"3\",\"1231\":\"0\",\"1229\":\"4\",\"1248\":\"3\",\"1261\":\"3\",\"1223\":\"2\",\"1238\":\"3\",\"1260\":\"3\",\"1256\":\"4\",\"1258\":\"4\",\"1273\":\"3\",\"1244\":\"4\",\"1266\":\"3\",\"1228\":\"4\"}', 12.00, 34.29, 'যথেষ্ট দূর্বল!  গাণিতিক প্রক্রিয়ায় প্রয়োজনীয় মৌলিক  জ্ঞানের অভাব পরিলক্ষিত হয়।', NULL, 10319040039, 10319040039, '2020-02-25 11:58:34', '2020-02-25 11:58:34', 1),
(594, 10318030016, 5, 3, 1, 84, 2020, '02:50', 10, NULL, NULL, '{\"101\":\"2\",\"102\":\"2\",\"103\":\"2\",\"104\":\"1\",\"105\":\"1\",\"106\":\"1\",\"107\":\"1\",\"108\":\"1\",\"109\":\"1\",\"110\":\"0\"}', 12.00, NULL, 'গণিত শিখার প্রতি ভাল আগ্রহ আছে এবং নিয়মিত গণিত চর্চা করার অভ্যাস আছে।', NULL, 10318030016, 10318030016, '2020-02-25 11:59:39', '2020-02-25 11:59:39', 1),
(595, 10318030002, 5, 3, 1, 84, 2020, '03:02', 10, NULL, NULL, '{\"101\":\"1\",\"102\":\"1\",\"103\":\"1\",\"104\":\"3\",\"105\":\"1\",\"106\":\"1\",\"107\":\"1\",\"108\":\"1\",\"109\":\"1\",\"110\":\"1\"}', 12.00, NULL, 'গণিত শিখার প্রতি ভাল আগ্রহ আছে এবং নিয়মিত গণিত চর্চা করার অভ্যাস আছে।', NULL, 10318030002, 10318030002, '2020-02-25 12:00:10', '2020-02-25 12:00:10', 1),
(596, 10318030002, 5, 4, 1, 85, 2020, '02:07', 10, NULL, NULL, '{\"111\":\"5\",\"112\":\"5\",\"113\":\"4\",\"114\":\"5\",\"115\":\"5\",\"116\":\"5\",\"117\":\"5\",\"118\":\"4\",\"119\":\"5\",\"120\":\"5\"}', 48.00, NULL, 'ইতিবাচক আচরন লক্ষ্যনীয় এবং লক্ষ্য স্থির করতে ও কাঙ্ক্ষিত ফলাফল অর্জনে সক্ষম ', NULL, 10318030002, 10318030002, '2020-02-25 12:02:29', '2020-02-25 12:02:29', 1),
(597, 10318030007, 5, 1, 0, 40, 2020, '31:18', 25, 9, 16, '{\"1003\":\"3\",\"1007\":\"2\",\"989\":\"1\",\"991\":\"1\",\"979\":\"1\",\"987\":\"1\",\"974\":\"3\",\"1000\":\"1\",\"970\":\"4\",\"985\":\"4\",\"1009\":\"4\",\"990\":\"1\",\"1004\":\"4\",\"1005\":\"4\",\"982\":\"1\",\"975\":\"3\",\"1008\":\"1\",\"971\":\"3\",\"996\":\"3\",\"976\":\"3\",\"1006\":\"1\",\"980\":\"4\",\"981\":\"3\",\"978\":\"4\",\"999\":\"4\"}', 9.00, 36.00, 'যথেষ্ট দূর্বল!  গণিতের মৌলিক  জ্ঞানের তীব্র অভাব পরিলক্ষিত হয়।', NULL, 10318030007, 10318030007, '2020-02-25 12:03:52', '2020-02-25 12:03:52', 1),
(598, 10318030016, 5, 4, 1, 85, 2020, '04:14', 10, NULL, NULL, '{\"111\":\"5\",\"112\":\"5\",\"113\":\"5\",\"114\":\"5\",\"115\":\"5\",\"116\":\"5\",\"117\":\"5\",\"118\":\"4\",\"119\":\"3\",\"120\":\"5\"}', 47.00, NULL, 'ইতিবাচক আচরন লক্ষ্যনীয় এবং লক্ষ্য স্থির করতে ও কাঙ্ক্ষিত ফলাফল অর্জনে সক্ষম ', NULL, 10318030016, 10318030016, '2020-02-25 12:04:39', '2020-02-25 12:04:39', 1),
(599, 10318030008, 5, 2, 1, 83, 2020, '04:22', 10, NULL, NULL, '{\"91\":\"1\",\"92\":\"1\",\"93\":\"4\",\"94\":\"4\",\"95\":\"1\",\"96\":\"4\",\"97\":\"1\",\"98\":\"1\",\"99\":\"4\",\"100\":\"1\"}', 22.00, NULL, 'সঠিক দিকনির্দেশনা এবং সঠিকভাবে অনুশীলনের অভাবে গণিত শিখার ক্ষেত্রে অসন্তোষ প্রকাশ পায়।', NULL, 10318030008, 10318030008, '2020-02-25 12:05:28', '2020-02-25 12:05:28', 1),
(600, 10318030025, 5, 1, 0, 40, 2020, '19:00', 25, 9, 16, '{\"971\":\"2\",\"975\":\"3\",\"1004\":\"3\",\"1003\":\"3\",\"996\":\"2\",\"977\":\"1\",\"1002\":\"2\",\"978\":\"2\",\"970\":\"1\",\"973\":\"1\",\"990\":\"3\",\"988\":\"3\",\"985\":\"1\",\"998\":\"2\",\"989\":\"2\",\"992\":\"3\",\"976\":\"2\",\"979\":\"3\",\"983\":\"4\",\"984\":\"4\",\"999\":\"4\",\"995\":\"1\",\"994\":\"2\",\"982\":\"2\",\"987\":\"1\"}', 9.00, 36.00, 'যথেষ্ট দূর্বল!  গণিতের মৌলিক  জ্ঞানের তীব্র অভাব পরিলক্ষিত হয়।', NULL, 10318030025, 10318030025, '2020-02-25 12:06:22', '2020-02-25 12:06:22', 1),
(601, 10318030023, 5, 1, 0, 40, 2020, '22:10', 25, 8, 17, '{\"994\":\"2\",\"984\":\"1\",\"976\":\"3\",\"971\":\"2\",\"995\":\"1\",\"1006\":\"1\",\"980\":\"3\",\"990\":\"1\",\"975\":\"4\",\"998\":\"2\",\"997\":\"3\",\"996\":\"2\",\"999\":\"2\",\"985\":\"1\",\"1003\":\"2\",\"986\":\"3\",\"992\":\"1\",\"1004\":\"1\",\"982\":\"1\",\"1009\":\"2\",\"1001\":\"1\",\"991\":\"3\",\"983\":\"1\",\"989\":\"3\",\"1002\":\"3\"}', 8.00, 32.00, 'যথেষ্ট দূর্বল!  গণিতের মৌলিক  জ্ঞানের তীব্র অভাব পরিলক্ষিত হয়।', NULL, 10318030023, 10318030023, '2020-02-25 12:07:20', '2020-02-25 12:07:20', 1),
(602, 10318030008, 5, 3, 1, 84, 2020, '02:54', 10, NULL, NULL, '{\"101\":\"1\",\"102\":\"1\",\"103\":\"1\",\"104\":\"1\",\"105\":\"1\",\"106\":\"1\",\"107\":\"1\",\"108\":\"1\",\"109\":\"1\",\"110\":\"1\"}', 10.00, NULL, 'গণিত শিখার প্রতি ভাল আগ্রহ আছে এবং নিয়মিত গণিত চর্চা করার অভ্যাস আছে।', NULL, 10318030008, 10318030008, '2020-02-25 12:08:45', '2020-02-25 12:08:45', 1),
(603, 10319040039, 5, 5, 0, 30, 2020, '09:38', 25, 14, 11, '{\"496\":\"0\",\"507\":\"3\",\"490\":\"4\",\"514\":\"3\",\"519\":\"2\",\"501\":\"2\",\"493\":\"2\",\"499\":\"2\",\"511\":\"2\",\"491\":\"1\",\"495\":\"2\",\"516\":\"1\",\"497\":\"2\",\"510\":\"2\",\"508\":\"4\",\"513\":\"2\",\"505\":\"2\",\"498\":\"4\",\"518\":\"1\",\"503\":\"2\",\"517\":\"2\",\"494\":\"1\",\"502\":\"1\",\"512\":\"4\",\"504\":\"1\"}', 14.00, 56.00, 'মৌলিক জ্যামিতিক আকার এবং তাদের বৈশিষ্ট্যগুলি স্বীকৃতি দেওয়ার ক্ষেত্রে মৌলিক সমস্যা রয়েছে।', NULL, 10319040039, 10319040039, '2020-02-25 12:08:46', '2020-02-25 12:08:46', 1),
(604, 10318030029, 5, 4, 0, 53, 2020, '23:38', 35, 19, 16, '{\"1219\":\"4\",\"1271\":\"1\",\"1224\":\"1\",\"1234\":\"2\",\"1238\":\"4\",\"1275\":\"2\",\"1256\":\"1\",\"1230\":\"4\",\"1251\":\"3\",\"1235\":\"1\",\"1232\":\"2\",\"1221\":\"4\",\"1225\":\"3\",\"1227\":\"1\",\"1268\":\"3\",\"1240\":\"2\",\"1223\":\"2\",\"1270\":\"1\",\"1257\":\"2\",\"1220\":\"3\",\"1242\":\"3\",\"1254\":\"0\",\"1266\":\"3\",\"1246\":\"3\",\"1261\":\"3\",\"1273\":\"4\",\"1222\":\"1\",\"1260\":\"3\",\"1276\":\"1\",\"1243\":\"2\",\"1245\":\"0\",\"1236\":\"2\",\"1269\":\"2\",\"1247\":\"3\",\"1252\":\"1\"}', 19.00, 54.29, 'যথেষ্ট দূর্বল!  গাণিতিক প্রক্রিয়ায় প্রয়োজনীয় মৌলিক  জ্ঞানের অভাব পরিলক্ষিত হয়।', NULL, 10318030029, 10318030029, '2020-02-25 12:10:33', '2020-02-25 12:10:33', 1),
(605, 10318030007, 5, 1, 1, 82, 2020, '05:24', 10, NULL, NULL, '{\"81\":\"5\",\"82\":\"5\",\"83\":\"5\",\"84\":\"4\",\"85\":\"4\",\"86\":\"1\",\"87\":\"4\",\"88\":\"1\",\"89\":\"4\",\"90\":\"1\"}', 34.00, NULL, 'মাঝারি বা পরিমিত পরিমান ঘাবড়ানোর লক্ষণ প্রদর্শিত হয়, যা একজন শিক্ষার্থীকে তার লক্ষ ঠিক রাখতে এবং মনোযোগী হতে সাহায্য করতে পারে।', NULL, 10318030007, 10318030007, '2020-02-25 12:10:49', '2020-02-25 12:10:49', 1),
(606, 10318030023, 5, 1, 1, 82, 2020, '04:33', 10, NULL, NULL, '{\"81\":\"4\",\"82\":\"5\",\"83\":\"3\",\"84\":\"2\",\"85\":\"1\",\"86\":\"5\",\"87\":\"4\",\"88\":\"3\",\"89\":\"3\",\"90\":\"2\"}', 32.00, NULL, 'মাঝারি বা পরিমিত পরিমান ঘাবড়ানোর লক্ষণ প্রদর্শিত হয়, যা একজন শিক্ষার্থীকে তার লক্ষ ঠিক রাখতে এবং মনোযোগী হতে সাহায্য করতে পারে।', NULL, 10318030023, 10318030023, '2020-02-25 12:12:12', '2020-02-25 12:12:12', 1),
(607, 10318030025, 5, 1, 1, 82, 2020, '05:12', 10, NULL, NULL, '{\"81\":\"2\",\"82\":\"1\",\"83\":\"2\",\"84\":\"1\",\"85\":\"4\",\"86\":\"3\",\"87\":\"3\",\"88\":\"3\",\"89\":\"2\",\"90\":\"4\"}', 25.00, NULL, 'মাঝারি বা পরিমিত পরিমান ঘাবড়ানোর লক্ষণ প্রদর্শিত হয়, যা একজন শিক্ষার্থীকে তার লক্ষ ঠিক রাখতে এবং মনোযোগী হতে সাহায্য করতে পারে।', NULL, 10318030025, 10318030025, '2020-02-25 12:12:13', '2020-02-25 12:12:13', 1),
(608, 10318030008, 5, 4, 1, 85, 2020, '03:17', 10, NULL, NULL, '{\"111\":\"4\",\"112\":\"5\",\"113\":\"5\",\"114\":\"5\",\"115\":\"5\",\"116\":\"5\",\"117\":\"5\",\"118\":\"5\",\"119\":\"5\",\"120\":\"5\"}', 49.00, NULL, 'ইতিবাচক আচরন লক্ষ্যনীয় এবং লক্ষ্য স্থির করতে ও কাঙ্ক্ষিত ফলাফল অর্জনে সক্ষম ', NULL, 10318030008, 10318030008, '2020-02-25 12:12:25', '2020-02-25 12:12:25', 1),
(609, 10318030007, 5, 2, 1, 83, 2020, '04:38', 10, NULL, NULL, '{\"91\":\"4\",\"92\":\"3\",\"93\":\"4\",\"94\":\"4\",\"95\":\"1\",\"96\":\"1\",\"97\":\"1\",\"98\":\"1\",\"99\":\"1\",\"100\":\"4\"}', 24.00, NULL, 'সঠিক দিকনির্দেশনা এবং সঠিকভাবে অনুশীলনের অভাবে গণিত শিখার ক্ষেত্রে অসন্তোষ প্রকাশ পায়।', NULL, 10318030007, 10318030007, '2020-02-25 12:15:42', '2020-02-25 12:15:42', 1),
(610, 10318030002, 5, 3, 0, 21, 2020, '13:38', 25, 18, 7, '{\"416\":\"1\",\"390\":\"2\",\"407\":\"2\",\"396\":\"4\",\"388\":\"3\",\"410\":\"4\",\"399\":\"2\",\"385\":\"1\",\"392\":\"1\",\"389\":\"2\",\"406\":\"1\",\"386\":\"1\",\"384\":\"2\",\"403\":\"3\",\"414\":\"4\",\"402\":\"3\",\"411\":\"4\",\"415\":\"2\",\"383\":\"4\",\"405\":\"2\",\"391\":\"2\",\"395\":\"4\",\"412\":\"3\",\"418\":\"1\",\"408\":\"2\"}', 18.00, 72.00, 'গড়', NULL, 10318030002, 10318030002, '2020-02-25 12:16:34', '2020-02-25 12:16:34', 1),
(611, 10318030028, 5, 1, 2, 65, 2020, '18:28', 15, NULL, NULL, '{\"43\":\"3\",\"31\":\"5\",\"38\":\"5\",\"36\":\"5\",\"34\":\"3\",\"39\":\"3\",\"37\":\"5\",\"42\":\"1\",\"35\":\"3\",\"45\":\"5\",\"32\":\"5\",\"44\":\"5\",\"41\":\"5\",\"40\":\"3\",\"33\":\"5\"}', 61.00, NULL, 'অতীতের ঘটনা, তথ্য বা প্রক্রিয়া গুলো স্মরণ করার সক্ষমতা ভাল।', NULL, 10318030028, 10318030028, '2020-02-25 12:16:59', '2020-02-25 12:16:59', 1),
(612, 10318030023, 5, 2, 1, 83, 2020, '04:43', 10, NULL, NULL, '{\"91\":\"5\",\"92\":\"4\",\"93\":\"3\",\"94\":\"3\",\"95\":\"2\",\"96\":\"2\",\"97\":\"1\",\"98\":\"5\",\"99\":\"4\",\"100\":\"3\"}', 32.00, NULL, 'সঠিক দিকনির্দেশনা এবং সঠিকভাবে অনুশীলনের অভাবে গণিত শিখার ক্ষেত্রে অসন্তোষ প্রকাশ পায়।', NULL, 10318030023, 10318030023, '2020-02-25 12:17:23', '2020-02-25 12:17:23', 1),
(613, 10318050037, 5, 1, 0, 40, 2020, '29:25', 25, 6, 19, '{\"987\":\"1\",\"994\":\"2\",\"972\":\"1\",\"1005\":\"3\",\"986\":\"1\",\"999\":\"2\",\"971\":\"4\",\"984\":\"2\",\"981\":\"2\",\"1009\":\"3\",\"1001\":\"1\",\"992\":\"4\",\"1007\":\"0\",\"970\":\"2\",\"1006\":\"1\",\"974\":\"4\",\"996\":\"1\",\"1008\":\"1\",\"979\":\"1\",\"1004\":\"2\",\"976\":\"3\",\"980\":\"3\",\"1000\":\"4\",\"997\":\"3\",\"985\":\"3\"}', 6.00, 24.00, 'যথেষ্ট দূর্বল!  গণিতের মৌলিক  জ্ঞানের তীব্র অভাব পরিলক্ষিত হয়।', NULL, 10318050037, 10318050037, '2020-02-25 12:17:26', '2020-02-25 12:17:26', 1),
(614, 10318030006, 5, 1, 0, 40, 2020, '20:47', 25, 8, 17, '{\"990\":\"1\",\"999\":\"4\",\"972\":\"1\",\"989\":\"2\",\"1001\":\"1\",\"980\":\"4\",\"988\":\"2\",\"983\":\"3\",\"971\":\"2\",\"1006\":\"1\",\"1009\":\"1\",\"970\":\"1\",\"994\":\"2\",\"995\":\"1\",\"1008\":\"2\",\"975\":\"2\",\"978\":\"4\",\"979\":\"1\",\"998\":\"2\",\"993\":\"4\",\"977\":\"4\",\"1007\":\"2\",\"982\":\"1\",\"992\":\"2\",\"985\":\"1\"}', 8.00, 32.00, 'যথেষ্ট দূর্বল!  গণিতের মৌলিক  জ্ঞানের তীব্র অভাব পরিলক্ষিত হয়।', NULL, 10318030006, 10318030006, '2020-02-25 12:17:44', '2020-02-25 12:17:44', 1),
(615, 10318030016, 5, 3, 0, 21, 2020, '12:21', 25, 7, 18, '{\"415\":\"2\",\"386\":\"4\",\"395\":\"2\",\"387\":\"4\",\"385\":\"4\",\"406\":\"3\",\"388\":\"2\",\"404\":\"4\",\"394\":\"1\",\"397\":\"1\",\"410\":\"2\",\"852\":\"4\",\"413\":\"3\",\"396\":\"4\",\"414\":\"1\",\"409\":\"1\",\"405\":\"4\",\"400\":\"3\",\"383\":\"1\",\"417\":\"1\",\"412\":\"2\",\"399\":\"3\",\"389\":\"1\",\"851\":\"2\",\"853\":\"4\"}', 7.00, 28.00, 'অত্যন্ত কম', NULL, 10318030016, 10318030016, '2020-02-25 12:18:07', '2020-02-25 12:18:07', 1),
(616, 10318030010, 5, 4, 0, 53, 2020, '32:20', 35, 10, 25, '{\"1274\":\"4\",\"1235\":\"4\",\"1250\":\"3\",\"1267\":\"4\",\"1227\":\"0\",\"1234\":\"2\",\"1264\":\"2\",\"1225\":\"3\",\"1272\":\"2\",\"1245\":\"4\",\"1262\":\"1\",\"1229\":\"4\",\"1246\":\"2\",\"1226\":\"3\",\"1222\":\"4\",\"1271\":\"3\",\"1248\":\"1\",\"1238\":\"2\",\"682\":\"4\",\"1251\":\"1\",\"1254\":\"4\",\"1243\":\"2\",\"1232\":\"1\",\"1252\":\"3\",\"1258\":\"1\",\"1275\":\"2\",\"1233\":\"2\",\"1231\":\"3\",\"1269\":\"0\",\"1220\":\"0\",\"1219\":\"0\",\"1228\":\"0\",\"1256\":\"0\",\"1223\":\"0\",\"1268\":\"0\"}', 10.00, 28.57, 'যথেষ্ট দূর্বল!  গাণিতিক প্রক্রিয়ায় প্রয়োজনীয় মৌলিক  জ্ঞানের অভাব পরিলক্ষিত হয়।', NULL, 10318030010, 10318030010, '2020-02-25 12:18:25', '2020-02-25 12:18:25', 1),
(617, 10318030014, 5, 3, 0, 21, 2020, '25:49', 25, 8, 17, '{\"407\":\"4\",\"417\":\"4\",\"383\":\"4\",\"389\":\"4\",\"419\":\"1\",\"398\":\"2\",\"409\":\"3\",\"392\":\"4\",\"405\":\"4\",\"414\":\"3\",\"387\":\"2\",\"415\":\"1\",\"393\":\"1\",\"391\":\"2\",\"402\":\"3\",\"395\":\"4\",\"413\":\"1\",\"853\":\"1\",\"401\":\"2\",\"851\":\"3\",\"418\":\"4\",\"408\":\"2\",\"403\":\"4\",\"385\":\"1\",\"411\":\"4\"}', 8.00, 32.00, 'অত্যন্ত কম', NULL, 10318030014, 10318030014, '2020-02-25 12:19:28', '2020-02-25 12:19:28', 1),
(618, 10318030029, 5, 5, 0, 30, 2020, '07:40', 25, 15, 10, '{\"498\":\"4\",\"490\":\"2\",\"506\":\"1\",\"495\":\"1\",\"493\":\"2\",\"519\":\"3\",\"494\":\"1\",\"503\":\"3\",\"492\":\"4\",\"512\":\"3\",\"516\":\"4\",\"511\":\"2\",\"514\":\"1\",\"518\":\"1\",\"513\":\"2\",\"501\":\"2\",\"497\":\"2\",\"496\":\"2\",\"499\":\"2\",\"507\":\"3\",\"517\":\"1\",\"509\":\"3\",\"515\":\"1\",\"504\":\"1\",\"500\":\"3\"}', 15.00, 60.00, 'জ্যামিতিতে অর্থনীতির ধারণাগুলি নিয়ে কোনও সমস্যা নেই তবে উপযুক্ত পরিস্থিতিতে সূত্র / তথ্য সংযোগ করার জ্ঞানের অভাব রয়েছে।', NULL, 10318030029, 10318030029, '2020-02-25 12:19:50', '2020-02-25 12:19:50', 1),
(619, 10318030006, 5, 1, 1, 82, 2020, '02:40', 10, NULL, NULL, '{\"81\":\"1\",\"82\":\"3\",\"83\":\"1\",\"84\":\"1\",\"85\":\"1\",\"86\":\"1\",\"87\":\"1\",\"88\":\"1\",\"89\":\"1\",\"90\":\"2\"}', 13.00, NULL, 'পরীক্ষায় ঘাবড়ানোর বা চাপের লক্ষণ নেই। এটা খুবই ভাল। গণিতে ভাল প্রস্তুতির জন্য ও গণিতের প্রতি ইতিবাচক থাকার জন্য এমনটা হতে পারে । ( কিন্তু মাঝে মাঝে মাত্রাতিরিক্ত আত্মবিশ্বাস অথবা পড়াশোনা এড়িয়ে যাওয়ার বা ভাল না লাগার জন্যও এই স্তরের অন্তর্ভুক্ত হতে পারে, যা অন্যান্য লক্ষণ দ্বারা নির্ধারণ করা প্রয়োজন। )', NULL, 10318030006, 10318030006, '2020-02-25 12:20:47', '2020-02-25 12:20:47', 1),
(620, 10318030023, 5, 3, 1, 84, 2020, '03:25', 10, NULL, NULL, '{\"101\":\"5\",\"102\":\"3\",\"103\":\"3\",\"104\":\"3\",\"105\":\"3\",\"106\":\"3\",\"107\":\"3\",\"108\":\"3\",\"109\":\"3\",\"110\":\"3\"}', 32.00, NULL, 'গণিতের প্রতি আগ্রহ কম এবং সহজে অমনোযোগী হয়ে যায়।', NULL, 10318030023, 10318030023, '2020-02-25 12:21:18', '2020-02-25 12:21:18', 1),
(621, 10319040039, 5, 2, 0, 45, 2020, '13:44', 20, 7, 13, '{\"785\":\"1\",\"776\":\"4\",\"775\":\"4\",\"794\":\"1\",\"782\":\"4\",\"790\":\"4\",\"780\":\"1\",\"784\":\"3\",\"793\":\"1\",\"786\":\"2\",\"792\":\"2\",\"783\":\"3\",\"778\":\"3\",\"791\":\"1\",\"788\":\"4\",\"779\":\"1\",\"781\":\"1\",\"789\":\"4\",\"777\":\"1\",\"787\":\"2\"}', 7.00, 35.00, 'ডেটা ব্যাখ্যা করার জ্ঞান অত্যন্ত কম।', NULL, 10319040039, 10319040039, '2020-02-25 12:23:12', '2020-02-25 12:23:12', 1),
(622, 10318050037, 5, 1, 1, 82, 2020, '06:09', 10, NULL, NULL, '{\"81\":\"3\",\"82\":\"3\",\"83\":\"3\",\"84\":\"4\",\"85\":\"5\",\"86\":\"3\",\"87\":\"3\",\"88\":\"3\",\"89\":\"3\",\"90\":\"5\"}', 35.00, NULL, 'মাঝারি বা পরিমিত পরিমান ঘাবড়ানোর লক্ষণ প্রদর্শিত হয়, যা একজন শিক্ষার্থীকে তার লক্ষ ঠিক রাখতে এবং মনোযোগী হতে সাহায্য করতে পারে।', NULL, 10318050037, 10318050037, '2020-02-25 12:23:51', '2020-02-25 12:23:51', 1),
(623, 10318030023, 5, 4, 1, 85, 2020, '03:50', 10, NULL, NULL, '{\"111\":\"4\",\"112\":\"4\",\"113\":\"3\",\"114\":\"3\",\"115\":\"4\",\"116\":\"4\",\"117\":\"4\",\"118\":\"4\",\"119\":\"3\",\"120\":\"5\"}', 38.00, NULL, 'ইতিবাচক আচরন লক্ষ্যনীয় এবং লক্ষ্য স্থির করতে ও কাঙ্ক্ষিত ফলাফল অর্জনে সক্ষম ', NULL, 10318030023, 10318030023, '2020-02-25 12:25:21', '2020-02-25 12:25:21', 1),
(624, 10318030006, 5, 2, 1, 83, 2020, '04:18', 10, NULL, NULL, '{\"91\":\"1\",\"92\":\"3\",\"93\":\"3\",\"94\":\"3\",\"95\":\"3\",\"96\":\"3\",\"97\":\"1\",\"98\":\"1\",\"99\":\"1\",\"100\":\"1\"}', 20.00, NULL, 'সঠিক দিকনির্দেশনা এবং সঠিকভাবে অনুশীলনের অভাবে গণিত শিখার ক্ষেত্রে অসন্তোষ প্রকাশ পায়।', NULL, 10318030006, 10318030006, '2020-02-25 12:25:40', '2020-02-25 12:25:40', 1),
(625, 10318030007, 5, 3, 1, 84, 2020, '03:14', 10, NULL, NULL, '{\"101\":\"1\",\"102\":\"1\",\"103\":\"1\",\"104\":\"1\",\"105\":\"1\",\"106\":\"1\",\"107\":\"1\",\"108\":\"1\",\"109\":\"1\",\"110\":\"1\"}', 10.00, NULL, 'গণিত শিখার প্রতি ভাল আগ্রহ আছে এবং নিয়মিত গণিত চর্চা করার অভ্যাস আছে।', NULL, 10318030007, 10318030007, '2020-02-25 12:27:33', '2020-02-25 12:27:33', 1),
(626, 10318030006, 5, 3, 1, 84, 2020, '02:11', 10, NULL, NULL, '{\"101\":\"1\",\"102\":\"1\",\"103\":\"1\",\"104\":\"1\",\"105\":\"1\",\"106\":\"1\",\"107\":\"1\",\"108\":\"1\",\"109\":\"1\",\"110\":\"1\"}', 10.00, NULL, 'গণিত শিখার প্রতি ভাল আগ্রহ আছে এবং নিয়মিত গণিত চর্চা করার অভ্যাস আছে।', NULL, 10318030006, 10318030006, '2020-02-25 12:28:14', '2020-02-25 12:28:14', 1),
(627, 10319040039, 5, 1, 2, 65, 2020, '04:42', 15, NULL, NULL, '{\"35\":\"2\",\"36\":\"5\",\"32\":\"3\",\"44\":\"5\",\"39\":\"5\",\"38\":\"2\",\"42\":\"5\",\"33\":\"2\",\"40\":\"5\",\"43\":\"5\",\"41\":\"3\",\"45\":\"5\",\"34\":\"3\",\"37\":\"2\",\"31\":\"5\"}', 57.00, NULL, 'অতীতের ঘটনা, তথ্য বা প্রক্রিয়া গুলো স্মরণ করার সক্ষমতা ভাল।', NULL, 10319040039, 10319040039, '2020-02-25 12:28:19', '2020-02-25 12:28:19', 1),
(628, 10318030006, 5, 4, 1, 85, 2020, '01:55', 10, NULL, NULL, '{\"111\":\"4\",\"112\":\"4\",\"113\":\"3\",\"114\":\"1\",\"115\":\"4\",\"116\":\"4\",\"117\":\"4\",\"118\":\"4\",\"119\":\"4\",\"120\":null}', 32.00, NULL, 'অমনোযোগী, গণিতের প্রতি কম আগ্রহ।', NULL, 10318030006, 10318030006, '2020-02-25 12:30:24', '2020-02-25 12:30:24', 1),
(629, 10318030007, 5, 4, 1, 85, 2020, '02:40', 10, NULL, NULL, '{\"111\":\"4\",\"112\":\"4\",\"113\":\"4\",\"114\":\"4\",\"115\":\"4\",\"116\":\"4\",\"117\":\"4\",\"118\":\"4\",\"119\":\"4\",\"120\":null}', 36.00, NULL, 'ইতিবাচক আচরন লক্ষ্যনীয় এবং লক্ষ্য স্থির করতে ও কাঙ্ক্ষিত ফলাফল অর্জনে সক্ষম ', NULL, 10318030007, 10318030007, '2020-02-25 12:30:28', '2020-02-25 12:30:28', 1),
(630, 10318030016, 5, 4, 0, 53, 2020, '12:36', 35, 13, 22, '{\"1255\":\"1\",\"1265\":\"2\",\"1242\":\"2\",\"1221\":\"3\",\"1277\":\"4\",\"1228\":\"4\",\"1235\":\"2\",\"1232\":\"2\",\"1258\":\"2\",\"1231\":\"1\",\"1251\":\"2\",\"1233\":\"2\",\"1272\":\"1\",\"1250\":\"3\",\"1219\":\"4\",\"1222\":\"3\",\"1223\":\"2\",\"1256\":\"4\",\"1275\":\"2\",\"1264\":\"1\",\"1220\":\"1\",\"1238\":\"3\",\"1249\":\"1\",\"1237\":\"3\",\"1229\":\"4\",\"1276\":\"1\",\"1252\":\"4\",\"1269\":\"1\",\"1227\":\"4\",\"1254\":\"2\",\"1260\":\"1\",\"1253\":\"2\",\"1236\":\"2\",\"1243\":\"2\",\"1262\":\"1\"}', 13.00, 37.14, 'যথেষ্ট দূর্বল!  গাণিতিক প্রক্রিয়ায় প্রয়োজনীয় মৌলিক  জ্ঞানের অভাব পরিলক্ষিত হয়।', NULL, 10318030016, 10318030016, '2020-02-25 12:31:50', '2020-02-25 12:31:50', 1),
(631, 10318050037, 5, 2, 1, 83, 2020, '05:50', 10, NULL, NULL, '{\"91\":\"2\",\"92\":\"4\",\"93\":\"3\",\"94\":\"3\",\"95\":\"3\",\"96\":\"1\",\"97\":\"3\",\"98\":\"1\",\"99\":\"3\",\"100\":\"3\"}', 26.00, NULL, 'সঠিক দিকনির্দেশনা এবং সঠিকভাবে অনুশীলনের অভাবে গণিত শিখার ক্ষেত্রে অসন্তোষ প্রকাশ পায়।', NULL, 10318050037, 10318050037, '2020-02-25 12:32:31', '2020-02-25 12:32:31', 1),
(632, 10318030025, 5, 2, 1, 83, 2020, '08:02', 10, NULL, NULL, '{\"91\":\"4\",\"92\":\"3\",\"93\":\"4\",\"94\":\"2\",\"95\":\"3\",\"96\":\"4\",\"97\":\"2\",\"98\":\"3\",\"99\":\"2\",\"100\":\"3\"}', 30.00, NULL, 'সঠিক দিকনির্দেশনা এবং সঠিকভাবে অনুশীলনের অভাবে গণিত শিখার ক্ষেত্রে অসন্তোষ প্রকাশ পায়।', NULL, 10318030025, 10318030025, '2020-02-25 12:33:41', '2020-02-25 12:33:41', 1),
(633, 10319040039, 5, 2, 2, 68, 2020, '05:56', 15, 7, 8, '{\"69\":\"4\",\"63\":\"2\",\"66\":\"4\",\"61\":\"4\",\"68\":\"2\",\"65\":\"4\",\"57\":\"1\",\"62\":\"1\",\"60\":\"2\",\"58\":\"0\",\"67\":\"4\",\"70\":\"3\",\"59\":\"4\",\"56\":\"0\",\"64\":\"4\"}', 7.00, 46.67, 'তথ্য সংরক্ষণ, পরিচালনা এবং পুনরুদ্ধারের ক্ষমতা পরিমিত।', NULL, 10319040039, 10319040039, '2020-02-25 12:35:41', '2020-02-25 12:35:41', 1),
(634, 10318030002, 5, 4, 0, 53, 2020, '19:35', 35, 16, 19, '{\"1230\":\"4\",\"1249\":\"1\",\"1239\":\"2\",\"1233\":\"4\",\"1262\":\"4\",\"1220\":\"2\",\"1221\":\"3\",\"1244\":\"3\",\"1219\":\"4\",\"1237\":\"1\",\"1272\":\"3\",\"682\":\"4\",\"1268\":\"1\",\"1256\":\"2\",\"1222\":\"3\",\"1260\":\"2\",\"1251\":\"3\",\"1238\":\"2\",\"1270\":\"1\",\"1266\":\"4\",\"1247\":\"3\",\"1229\":\"4\",\"1240\":\"4\",\"1224\":\"1\",\"1226\":\"4\",\"1263\":\"3\",\"1236\":\"4\",\"1248\":\"4\",\"1227\":\"1\",\"1274\":\"4\",\"1257\":\"1\",\"1276\":\"3\",\"1225\":\"3\",\"1243\":\"2\",\"1242\":\"3\"}', 16.00, 45.71, 'যথেষ্ট দূর্বল!  গাণিতিক প্রক্রিয়ায় প্রয়োজনীয় মৌলিক  জ্ঞানের অভাব পরিলক্ষিত হয়।', NULL, 10318030002, 10318030002, '2020-02-25 12:36:41', '2020-02-25 12:36:41', 1),
(635, 10318030008, 5, 3, 0, 21, 2020, '13:16', 25, 17, 8, '{\"411\":\"4\",\"852\":\"4\",\"853\":\"0\",\"390\":\"2\",\"418\":\"1\",\"399\":\"0\",\"416\":\"1\",\"400\":\"3\",\"415\":\"3\",\"389\":\"3\",\"397\":\"3\",\"396\":\"1\",\"412\":\"3\",\"407\":\"1\",\"417\":\"4\",\"386\":\"1\",\"395\":\"3\",\"409\":\"3\",\"383\":\"4\",\"401\":\"2\",\"408\":\"2\",\"405\":\"3\",\"404\":\"4\",\"398\":\"1\",\"394\":\"3\"}', 17.00, 68.00, 'গড়', NULL, 10318030008, 10318030008, '2020-02-25 12:37:01', '2020-02-25 12:37:01', 1),
(636, 10318030025, 5, 3, 1, 84, 2020, '05:05', 10, NULL, NULL, '{\"101\":\"1\",\"102\":\"2\",\"103\":\"1\",\"104\":\"2\",\"105\":\"4\",\"106\":\"2\",\"107\":\"4\",\"108\":\"5\",\"109\":\"2\",\"110\":\"2\"}', 25.00, NULL, 'গণিতের প্রতি আগ্রহ কম এবং সহজে অমনোযোগী হয়ে যায়।', NULL, 10318030025, 10318030025, '2020-02-25 12:38:58', '2020-02-25 12:38:58', 1);
INSERT INTO `bdedu_exam_results` (`exam_result_row_id`, `student_id`, `class_row_id`, `exam_category_row_id`, `is_psychology`, `exam_row_id`, `exam_year`, `total_time_taken`, `total_questions`, `total_correct_answer`, `total_wrong_answer`, `all_question_row_id`, `total_marks`, `percentage_obtained`, `comment`, `assessor_comment`, `created_by`, `updated_by`, `created_at`, `updated_at`, `attempt_no`) VALUES
(637, 10318030029, 5, 2, 0, 45, 2020, '15:44', 20, 12, 8, '{\"793\":\"3\",\"776\":\"4\",\"780\":\"1\",\"790\":\"1\",\"779\":\"1\",\"788\":\"4\",\"778\":\"2\",\"785\":\"3\",\"794\":\"1\",\"775\":\"1\",\"792\":\"4\",\"781\":\"1\",\"787\":\"4\",\"783\":\"1\",\"784\":\"1\",\"789\":\"1\",\"777\":\"1\",\"782\":\"4\",\"791\":\"1\",\"786\":\"3\"}', 12.00, 60.00, 'ডেটা বিশ্লেষণ এবং ব্যাখ্যা করার জ্ঞান সীমিত।', NULL, 10318030029, 10318030029, '2020-02-25 12:40:01', '2020-02-25 12:40:01', 1),
(638, 10318030016, 5, 5, 0, 30, 2020, '06:02', 25, 18, 7, '{\"500\":\"3\",\"508\":\"2\",\"497\":\"2\",\"518\":\"1\",\"496\":\"2\",\"498\":\"4\",\"495\":\"2\",\"494\":\"1\",\"515\":\"4\",\"499\":\"2\",\"516\":\"4\",\"509\":\"4\",\"501\":\"1\",\"519\":\"2\",\"511\":\"2\",\"513\":\"2\",\"514\":\"1\",\"510\":\"4\",\"512\":\"1\",\"493\":\"2\",\"491\":\"4\",\"505\":\"2\",\"502\":\"3\",\"504\":\"1\",\"492\":\"4\"}', 18.00, 72.00, 'জ্যামিতিক তথ্য যথাযথভাবে ব্যবহার করার জন্য ভাল জ্ঞান এবং ক্ষমতা রয়েছে।', NULL, 10318030016, 10318030016, '2020-02-25 12:40:08', '2020-02-25 12:40:08', 1),
(639, 10318050037, 5, 3, 1, 84, 2020, '07:26', 10, NULL, NULL, '{\"101\":\"3\",\"102\":\"1\",\"103\":\"1\",\"104\":\"3\",\"105\":\"2\",\"106\":\"2\",\"107\":\"3\",\"108\":\"3\",\"109\":\"3\",\"110\":\"2\"}', 23.00, NULL, 'গণিতের প্রতি আগ্রহ কম এবং সহজে অমনোযোগী হয়ে যায়।', NULL, 10318050037, 10318050037, '2020-02-25 12:41:40', '2020-02-25 12:41:40', 1),
(640, 10318030002, 5, 5, 0, 30, 2020, '05:09', 25, 20, 5, '{\"492\":\"3\",\"494\":\"1\",\"490\":\"2\",\"519\":\"4\",\"499\":\"2\",\"516\":\"2\",\"501\":\"1\",\"505\":\"2\",\"512\":\"4\",\"518\":\"1\",\"510\":\"1\",\"504\":\"1\",\"507\":\"3\",\"493\":\"2\",\"506\":\"1\",\"503\":\"4\",\"496\":\"2\",\"508\":\"4\",\"500\":\"3\",\"509\":\"1\",\"497\":\"2\",\"502\":\"3\",\"517\":\"1\",\"515\":\"4\",\"498\":\"4\"}', 20.00, 80.00, 'উচ্চ স্তরের ধারণাগত এবং গণনীয় দক্ষতা বজায় রাখে।', NULL, 10318030002, 10318030002, '2020-02-25 12:42:10', '2020-02-25 12:42:10', 1),
(641, 10318030014, 5, 4, 0, 53, 2020, '18:53', 35, 12, 23, '{\"1251\":\"3\",\"1255\":\"3\",\"1239\":\"2\",\"1223\":\"2\",\"1229\":\"2\",\"1267\":\"4\",\"1266\":\"4\",\"1263\":\"4\",\"1265\":\"2\",\"1241\":\"4\",\"1268\":\"4\",\"1271\":\"3\",\"1258\":\"1\",\"1262\":\"4\",\"1227\":\"4\",\"1277\":\"4\",\"1272\":\"2\",\"1248\":\"2\",\"1252\":\"4\",\"1244\":\"4\",\"1235\":\"2\",\"1221\":\"1\",\"1228\":\"1\",\"1230\":\"4\",\"1219\":\"4\",\"1224\":\"4\",\"1240\":\"2\",\"1242\":\"1\",\"1233\":\"4\",\"1253\":\"1\",\"1274\":\"1\",\"1249\":\"2\",\"1231\":\"3\",\"1222\":\"4\",\"1270\":\"1\"}', 12.00, 34.29, 'যথেষ্ট দূর্বল!  গাণিতিক প্রক্রিয়ায় প্রয়োজনীয় মৌলিক  জ্ঞানের অভাব পরিলক্ষিত হয়।', NULL, 10318030014, 10318030014, '2020-02-25 12:42:43', '2020-02-25 12:42:43', 1),
(642, 10318030029, 5, 1, 2, 65, 2020, '03:48', 15, NULL, NULL, '{\"43\":\"4\",\"36\":\"3\",\"33\":\"4\",\"38\":\"5\",\"44\":\"3\",\"35\":\"5\",\"42\":\"4\",\"40\":\"3\",\"32\":\"4\",\"31\":\"3\",\"45\":\"3\",\"37\":\"3\",\"34\":\"3\",\"39\":\"4\",\"41\":\"3\"}', 54.00, NULL, 'অতীতের ঘটনা, তথ্য বা প্রক্রিয়া গুলো স্মরণ করার সক্ষমতা ভাল।', NULL, 10318030029, 10318030029, '2020-02-25 12:44:26', '2020-02-25 12:44:26', 1),
(643, 10318030014, 5, 5, 0, 30, 2020, '02:48', 25, 5, 20, '{\"512\":\"4\",\"518\":\"1\",\"502\":\"3\",\"496\":\"1\",\"497\":\"4\",\"508\":\"4\",\"498\":\"2\",\"499\":\"3\",\"509\":\"4\",\"514\":\"4\",\"492\":\"4\",\"513\":\"4\",\"504\":\"4\",\"506\":\"4\",\"491\":\"4\",\"495\":\"4\",\"511\":\"4\",\"515\":\"4\",\"505\":\"4\",\"493\":\"4\",\"516\":\"4\",\"490\":\"4\",\"507\":\"4\",\"500\":\"4\",\"517\":\"2\"}', 5.00, 20.00, 'মৌলিক জ্যামিতিক আকার এবং তাদের বৈশিষ্ট্যগুলি স্বীকৃতি দেওয়ার ক্ষেত্রে মৌলিক সমস্যা রয়েছে।', NULL, 10318030014, 10318030014, '2020-02-25 12:45:54', '2020-02-25 12:45:54', 1),
(644, 10318030006, 5, 3, 0, 21, 2020, '15:19', 25, 15, 10, '{\"412\":\"3\",\"406\":\"4\",\"407\":\"1\",\"417\":\"4\",\"392\":\"1\",\"399\":\"3\",\"419\":\"2\",\"402\":\"3\",\"408\":\"4\",\"411\":\"4\",\"413\":\"1\",\"390\":\"2\",\"398\":\"3\",\"400\":\"1\",\"385\":\"3\",\"416\":\"1\",\"852\":\"4\",\"388\":\"3\",\"394\":\"3\",\"387\":\"4\",\"414\":\"1\",\"397\":\"3\",\"401\":\"3\",\"405\":\"4\",\"853\":\"4\"}', 15.00, 60.00, 'গড়মানের কম', NULL, 10318030006, 10318030006, '2020-02-25 12:45:56', '2020-02-25 12:45:56', 1),
(645, 10318030010, 5, 5, 0, 30, 2020, '24:39', 25, 10, 15, '{\"490\":\"1\",\"519\":\"2\",\"497\":\"2\",\"518\":\"1\",\"517\":\"2\",\"508\":\"1\",\"512\":\"2\",\"496\":\"2\",\"503\":\"1\",\"504\":\"1\",\"511\":\"3\",\"514\":\"0\",\"516\":\"2\",\"492\":\"2\",\"494\":\"0\",\"507\":\"3\",\"495\":\"0\",\"500\":\"3\",\"498\":\"4\",\"499\":\"2\",\"513\":\"2\",\"491\":\"1\",\"506\":\"1\",\"505\":\"3\",\"502\":\"0\"}', 10.00, 40.00, 'মৌলিক জ্যামিতিক আকার এবং তাদের বৈশিষ্ট্যগুলি স্বীকৃতি দেওয়ার ক্ষেত্রে মৌলিক সমস্যা রয়েছে।', NULL, 10318030010, 10318030010, '2020-02-25 12:46:15', '2020-02-25 12:46:15', 1),
(646, 10318030025, 5, 4, 1, 85, 2020, '07:08', 10, NULL, NULL, '{\"111\":\"2\",\"112\":\"1\",\"113\":\"2\",\"114\":\"3\",\"115\":\"2\",\"116\":\"0\",\"117\":\"5\",\"118\":\"3\",\"119\":\"2\",\"120\":\"3\"}', 23.00, NULL, 'অমনোযোগী, গণিতের প্রতি কম আগ্রহ।', NULL, 10318030025, 10318030025, '2020-02-25 12:47:03', '2020-02-25 12:47:03', 1),
(647, 10318030023, 5, 3, 0, 21, 2020, '20:47', 25, 14, 11, '{\"395\":\"3\",\"417\":\"4\",\"400\":\"1\",\"399\":\"1\",\"393\":\"1\",\"401\":\"3\",\"398\":\"1\",\"418\":\"4\",\"405\":\"2\",\"390\":\"4\",\"386\":\"1\",\"406\":\"3\",\"397\":\"4\",\"383\":\"4\",\"392\":\"2\",\"413\":\"3\",\"408\":\"1\",\"388\":\"2\",\"387\":\"4\",\"410\":\"4\",\"409\":\"4\",\"415\":\"1\",\"391\":\"2\",\"402\":\"3\",\"404\":\"4\"}', 14.00, 56.00, 'গড়মানের কম', NULL, 10318030023, 10318030023, '2020-02-25 12:47:18', '2020-02-25 12:47:18', 1),
(648, 10318050037, 5, 4, 1, 85, 2020, '06:59', 10, NULL, NULL, '{\"111\":\"4\",\"112\":\"4\",\"113\":\"4\",\"114\":\"4\",\"115\":\"4\",\"116\":\"4\",\"117\":\"4\",\"118\":\"4\",\"119\":\"4\",\"120\":null}', 36.00, NULL, 'ইতিবাচক আচরন লক্ষ্যনীয় এবং লক্ষ্য স্থির করতে ও কাঙ্ক্ষিত ফলাফল অর্জনে সক্ষম ', NULL, 10318050037, 10318050037, '2020-02-25 12:48:59', '2020-02-25 12:48:59', 1),
(649, 10318030007, 5, 3, 0, 21, 2020, '18:31', 25, 13, 12, '{\"419\":\"1\",\"415\":\"2\",\"391\":\"2\",\"413\":\"4\",\"387\":\"4\",\"402\":\"3\",\"400\":\"1\",\"383\":\"3\",\"410\":\"0\",\"412\":\"1\",\"385\":\"3\",\"396\":\"2\",\"405\":\"4\",\"416\":\"1\",\"407\":\"2\",\"411\":\"2\",\"853\":\"2\",\"418\":\"1\",\"417\":\"4\",\"397\":\"1\",\"389\":\"3\",\"851\":\"2\",\"388\":\"3\",\"399\":\"1\",\"852\":\"4\"}', 13.00, 52.00, 'অত্যন্ত কম', NULL, 10318030007, 10318030007, '2020-02-25 12:49:27', '2020-02-25 12:49:27', 1),
(650, 10318030014, 5, 2, 0, 45, 2020, '03:32', 20, 8, 12, '{\"794\":\"1\",\"783\":\"4\",\"789\":\"4\",\"790\":\"2\",\"792\":\"4\",\"781\":\"4\",\"780\":\"2\",\"782\":\"4\",\"787\":\"2\",\"776\":\"4\",\"788\":\"4\",\"791\":\"2\",\"793\":\"2\",\"784\":\"2\",\"785\":\"2\",\"786\":\"2\",\"779\":\"4\",\"778\":\"2\",\"777\":\"2\",\"775\":\"2\"}', 8.00, 40.00, 'ডেটা ব্যাখ্যা করার জ্ঞান অত্যন্ত কম।', NULL, 10318030014, 10318030014, '2020-02-25 12:49:52', '2020-02-25 12:49:52', 1),
(651, 10318030014, 5, 1, 2, 65, 2020, '01:05', 15, NULL, NULL, '{\"36\":\"4\",\"38\":\"4\",\"44\":\"5\",\"41\":\"5\",\"32\":\"4\",\"45\":\"5\",\"34\":\"4\",\"37\":\"5\",\"31\":\"4\",\"40\":\"5\",\"39\":\"4\",\"43\":\"5\",\"35\":\"4\",\"42\":\"4\",\"33\":\"5\"}', 67.00, NULL, 'অতীতের ঘটনা, তথ্য বা প্রক্রিয়া গুলো স্মরণ করার দৃঢ় সক্ষমতা আছে।', NULL, 10318030014, 10318030014, '2020-02-25 12:51:50', '2020-02-25 12:51:50', 1),
(652, 10318030002, 5, 2, 0, 45, 2020, '09:47', 20, 12, 8, '{\"778\":\"2\",\"777\":\"1\",\"776\":\"4\",\"779\":\"2\",\"786\":\"3\",\"780\":\"2\",\"792\":\"4\",\"775\":\"4\",\"793\":\"1\",\"788\":\"4\",\"794\":\"1\",\"787\":\"4\",\"789\":\"2\",\"782\":\"4\",\"785\":\"2\",\"783\":\"2\",\"790\":\"3\",\"784\":\"1\",\"781\":\"3\",\"791\":\"4\"}', 12.00, 60.00, 'ডেটা বিশ্লেষণ এবং ব্যাখ্যা করার জ্ঞান সীমিত।', NULL, 10318030002, 10318030002, '2020-02-25 12:52:12', '2020-02-25 12:52:12', 1),
(653, 10318030008, 5, 4, 0, 53, 2020, '15:01', 35, 14, 21, '{\"1264\":\"1\",\"1263\":\"1\",\"1233\":\"3\",\"682\":\"2\",\"1235\":\"4\",\"1239\":\"3\",\"1226\":\"3\",\"1219\":\"2\",\"1232\":\"4\",\"1271\":\"2\",\"1220\":\"3\",\"1242\":\"4\",\"1238\":\"2\",\"1250\":\"4\",\"1255\":\"4\",\"1229\":\"4\",\"1261\":\"3\",\"1267\":\"1\",\"1260\":\"1\",\"1262\":\"4\",\"1244\":\"3\",\"1276\":\"3\",\"1243\":\"1\",\"1247\":\"4\",\"1253\":\"1\",\"1273\":\"4\",\"1225\":\"3\",\"1275\":\"2\",\"1230\":\"2\",\"1251\":\"3\",\"1259\":\"1\",\"1231\":\"2\",\"1254\":\"4\",\"1246\":\"2\",\"1240\":\"2\"}', 14.00, 40.00, 'যথেষ্ট দূর্বল!  গাণিতিক প্রক্রিয়ায় প্রয়োজনীয় মৌলিক  জ্ঞানের অভাব পরিলক্ষিত হয়।', NULL, 10318030008, 10318030008, '2020-02-25 12:52:30', '2020-02-25 12:52:30', 1),
(654, 10318030016, 5, 2, 0, 45, 2020, '12:03', 20, 9, 11, '{\"775\":\"1\",\"778\":\"1\",\"785\":\"1\",\"793\":\"3\",\"789\":\"4\",\"784\":\"4\",\"787\":\"3\",\"792\":\"4\",\"780\":\"1\",\"790\":\"4\",\"791\":\"4\",\"781\":\"1\",\"783\":\"4\",\"782\":\"2\",\"794\":\"2\",\"779\":\"2\",\"788\":\"4\",\"776\":\"4\",\"777\":\"2\",\"786\":\"4\"}', 9.00, 45.00, 'ডেটা ব্যাখ্যা করার জ্ঞান অত্যন্ত কম।', NULL, 10318030016, 10318030016, '2020-02-25 12:53:01', '2020-02-25 12:53:01', 1),
(655, 10318030029, 5, 2, 2, 68, 2020, '11:29', 15, 8, 7, '{\"70\":\"3\",\"63\":\"1\",\"69\":\"4\",\"68\":\"3\",\"58\":\"3\",\"62\":\"4\",\"60\":\"3\",\"61\":\"3\",\"67\":\"3\",\"56\":\"2\",\"57\":\"4\",\"64\":\"4\",\"66\":\"4\",\"65\":\"4\",\"59\":\"3\"}', 8.00, 53.33, 'তথ্য সংরক্ষণ, পরিচালনা এবং পুনরুদ্ধারের ক্ষমতা পরিমিত।', NULL, 10318030029, 10318030029, '2020-02-25 12:56:43', '2020-02-25 12:56:43', 1),
(656, 10318030002, 5, 1, 2, 65, 2020, '04:14', 15, NULL, NULL, '{\"42\":\"5\",\"40\":\"3\",\"34\":\"1\",\"43\":\"4\",\"39\":\"5\",\"45\":\"4\",\"35\":\"4\",\"41\":\"5\",\"33\":\"1\",\"38\":\"2\",\"31\":\"5\",\"32\":\"5\",\"36\":\"2\",\"37\":\"5\",\"44\":\"5\"}', 56.00, NULL, 'অতীতের ঘটনা, তথ্য বা প্রক্রিয়া গুলো স্মরণ করার সক্ষমতা ভাল।', NULL, 10318030002, 10318030002, '2020-02-25 12:56:43', '2020-02-25 12:56:43', 1),
(657, 10318030014, 5, 2, 2, 68, 2020, '05:16', 15, 12, 3, '{\"68\":\"2\",\"63\":\"4\",\"66\":\"4\",\"64\":\"4\",\"70\":\"3\",\"69\":\"4\",\"60\":\"2\",\"59\":\"3\",\"56\":\"1\",\"61\":\"4\",\"67\":\"3\",\"62\":\"3\",\"58\":\"3\",\"57\":\"4\",\"65\":\"4\"}', 12.00, 80.00, 'তথ্য সংরক্ষণ, পরিচালনা এবং পুনরুদ্ধারের ক্ষমতা ভাল।', NULL, 10318030014, 10318030014, '2020-02-25 12:57:23', '2020-02-25 12:57:23', 1),
(658, 10318030008, 5, 5, 0, 30, 2020, '04:49', 25, 21, 4, '{\"502\":\"3\",\"519\":\"2\",\"506\":\"1\",\"507\":\"3\",\"497\":\"2\",\"505\":\"2\",\"508\":\"4\",\"513\":\"2\",\"500\":\"3\",\"512\":\"1\",\"517\":\"1\",\"501\":\"1\",\"518\":\"1\",\"499\":\"2\",\"495\":\"2\",\"514\":\"1\",\"492\":\"3\",\"490\":\"2\",\"491\":\"4\",\"503\":\"4\",\"516\":\"1\",\"511\":\"2\",\"494\":\"1\",\"504\":\"1\",\"515\":\"3\"}', 21.00, 84.00, 'উচ্চ স্তরের ধারণাগত এবং গণনীয় দক্ষতা বজায় রাখে।', NULL, 10318030008, 10318030008, '2020-02-25 12:58:21', '2020-02-25 12:58:21', 1),
(659, 10318030016, 5, 1, 2, 65, 2020, '03:33', 15, NULL, NULL, '{\"41\":\"3\",\"44\":\"5\",\"42\":\"5\",\"45\":\"5\",\"33\":\"5\",\"36\":\"4\",\"43\":\"5\",\"31\":\"5\",\"34\":\"3\",\"38\":\"5\",\"40\":\"5\",\"32\":\"5\",\"35\":\"5\",\"39\":\"4\",\"37\":\"5\"}', 69.00, NULL, 'অতীতের ঘটনা, তথ্য বা প্রক্রিয়া গুলো স্মরণ করার দৃঢ় সক্ষমতা আছে।', NULL, 10318030016, 10318030016, '2020-02-25 13:02:04', '2020-02-25 13:02:04', 1),
(660, 10318030002, 5, 2, 2, 68, 2020, '05:27', 15, 13, 2, '{\"68\":\"2\",\"56\":\"1\",\"60\":\"4\",\"64\":\"4\",\"66\":\"4\",\"65\":\"4\",\"61\":\"2\",\"62\":\"3\",\"59\":\"3\",\"58\":\"2\",\"57\":\"4\",\"69\":\"4\",\"63\":\"4\",\"70\":\"3\",\"67\":\"3\"}', 13.00, 86.67, 'তথ্য সংরক্ষণ, পরিচালনা এবং পুনরুদ্ধারের ক্ষমতা অসাধারন।', NULL, 10318030002, 10318030002, '2020-02-25 13:02:46', '2020-02-25 13:02:46', 1),
(661, 10318030015, 5, 1, 0, 40, 2020, '21:47', 25, 5, 20, '{\"993\":\"1\",\"1005\":\"4\",\"1004\":\"0\",\"990\":\"1\",\"978\":\"3\",\"982\":\"1\",\"1003\":\"4\",\"971\":\"3\",\"1002\":\"2\",\"985\":\"3\",\"999\":\"3\",\"983\":\"3\",\"975\":\"3\",\"976\":\"2\",\"1008\":\"1\",\"988\":\"3\",\"970\":\"1\",\"1007\":\"1\",\"995\":\"3\",\"991\":\"1\",\"998\":\"2\",\"986\":\"4\",\"972\":\"0\",\"1009\":\"2\",\"994\":\"2\"}', 5.00, 20.00, 'যথেষ্ট দূর্বল!  গণিতের মৌলিক  জ্ঞানের তীব্র অভাব পরিলক্ষিত হয়।', NULL, 10318030015, 10318030015, '2020-02-25 13:04:14', '2020-02-25 13:04:14', 1),
(662, 10318030010, 5, 2, 0, 45, 2020, '18:08', 20, 7, 13, '{\"787\":\"2\",\"778\":\"2\",\"791\":\"1\",\"785\":\"4\",\"782\":\"2\",\"792\":\"4\",\"775\":\"1\",\"781\":\"1\",\"779\":\"2\",\"777\":\"3\",\"780\":\"2\",\"786\":\"1\",\"789\":\"2\",\"776\":\"4\",\"793\":\"2\",\"794\":\"0\",\"784\":\"0\",\"788\":\"0\",\"790\":\"0\",\"783\":\"0\"}', 7.00, 35.00, 'ডেটা ব্যাখ্যা করার জ্ঞান অত্যন্ত কম।', NULL, 10318030010, 10318030010, '2020-02-25 13:05:31', '2020-02-25 13:05:31', 1),
(663, 10318030023, 5, 4, 0, 53, 2020, '17:16', 35, 9, 26, '{\"1232\":\"4\",\"1247\":\"3\",\"682\":\"0\",\"1237\":\"4\",\"1226\":\"2\",\"1252\":\"1\",\"1227\":\"4\",\"1231\":\"3\",\"1225\":\"3\",\"1254\":\"1\",\"1261\":\"3\",\"1274\":\"3\",\"1259\":\"1\",\"1228\":\"2\",\"1240\":\"0\",\"1276\":\"4\",\"1220\":\"3\",\"1248\":\"4\",\"1249\":\"1\",\"1253\":\"2\",\"1256\":\"1\",\"1238\":\"4\",\"1236\":\"4\",\"1222\":\"1\",\"1264\":\"3\",\"1234\":\"4\",\"1223\":\"2\",\"1251\":\"4\",\"1268\":\"4\",\"1263\":\"1\",\"1273\":\"3\",\"1258\":\"4\",\"1239\":\"1\",\"1243\":\"1\",\"1219\":\"1\"}', 9.00, 25.71, 'যথেষ্ট দূর্বল!  গাণিতিক প্রক্রিয়ায় প্রয়োজনীয় মৌলিক  জ্ঞানের অভাব পরিলক্ষিত হয়।', NULL, 10318030023, 10318030023, '2020-02-25 13:05:33', '2020-02-25 13:05:33', 1),
(664, 10318030028, 5, 2, 2, 68, 2020, '19:28', 15, 4, 11, '{\"69\":\"1\",\"65\":\"2\",\"68\":\"3\",\"70\":\"2\",\"61\":\"1\",\"58\":\"3\",\"56\":\"2\",\"62\":\"3\",\"60\":\"1\",\"67\":\"3\",\"66\":\"2\",\"57\":\"4\",\"59\":\"3\",\"63\":\"2\",\"64\":\"2\"}', 4.00, 26.67, 'তথ্য সংরক্ষণ, পরিচালনা এবং পুনরুদ্ধারের ক্ষমতা খুব কম।', NULL, 10318030028, 10318030028, '2020-02-25 13:51:04', '2020-02-25 13:51:04', 1),
(665, 10318030016, 5, 2, 2, 68, 2020, '34:42', 15, 5, 10, '{\"67\":\"4\",\"70\":\"2\",\"68\":\"2\",\"62\":\"3\",\"58\":\"4\",\"65\":\"4\",\"60\":\"0\",\"64\":\"2\",\"57\":\"1\",\"61\":\"1\",\"63\":\"2\",\"56\":\"2\",\"59\":\"4\",\"69\":\"4\",\"66\":\"4\"}', 5.00, 33.33, 'তথ্য সংরক্ষণ, পরিচালনা এবং পুনরুদ্ধারের ক্ষমতা খুব কম।', NULL, 10318030016, 10318030016, '2020-02-25 13:52:35', '2020-02-25 13:52:35', 1),
(666, 10318030015, 5, 1, 1, 82, 2020, '37:55', 10, NULL, NULL, '{\"81\":\"3\",\"82\":\"3\",\"83\":\"3\",\"84\":\"3\",\"85\":\"3\",\"86\":\"3\",\"87\":\"4\",\"88\":\"3\",\"89\":\"3\",\"90\":\"3\"}', 31.00, NULL, 'মাঝারি বা পরিমিত পরিমান ঘাবড়ানোর লক্ষণ প্রদর্শিত হয়, যা একজন শিক্ষার্থীকে তার লক্ষ ঠিক রাখতে এবং মনোযোগী হতে সাহায্য করতে পারে।', NULL, 10318030015, 10318030015, '2020-02-25 13:55:16', '2020-02-25 13:55:16', 1),
(667, 10318030010, 5, 1, 2, 65, 2020, '34:52', 15, NULL, NULL, '{\"41\":\"5\",\"32\":\"4\",\"40\":\"5\",\"34\":\"4\",\"31\":\"3\",\"37\":\"4\",\"39\":\"3\",\"42\":\"5\",\"45\":\"4\",\"44\":\"2\",\"33\":\"3\",\"35\":\"2\",\"38\":\"3\",\"36\":\"4\",\"43\":\"5\"}', 56.00, NULL, 'অতীতের ঘটনা, তথ্য বা প্রক্রিয়া গুলো স্মরণ করার সক্ষমতা ভাল।', NULL, 10318030010, 10318030010, '2020-02-25 13:56:04', '2020-02-25 13:56:04', 1),
(668, 10318030025, 5, 3, 0, 21, 2020, '04:59', 25, 10, 15, '{\"393\":\"2\",\"407\":\"4\",\"386\":\"1\",\"384\":\"2\",\"391\":\"2\",\"411\":\"4\",\"397\":\"1\",\"412\":\"2\",\"416\":\"4\",\"392\":\"3\",\"405\":\"2\",\"852\":\"4\",\"387\":\"4\",\"401\":\"1\",\"390\":\"1\",\"851\":\"1\",\"388\":\"3\",\"394\":\"3\",\"415\":\"3\",\"403\":\"1\",\"853\":\"2\",\"399\":\"2\",\"402\":\"0\",\"404\":\"4\",\"409\":\"4\"}', 10.00, 40.00, 'অত্যন্ত কম', NULL, 10318030025, 10318030025, '2020-02-25 13:56:21', '2020-02-25 13:56:21', 1),
(669, 10318030008, 5, 2, 0, 45, 2020, '56:43', 20, 14, 6, '{\"782\":\"4\",\"776\":\"4\",\"779\":\"2\",\"783\":\"1\",\"793\":\"3\",\"792\":\"4\",\"786\":\"1\",\"791\":\"2\",\"784\":\"1\",\"780\":\"1\",\"778\":\"2\",\"785\":\"4\",\"794\":\"3\",\"775\":\"4\",\"789\":\"3\",\"777\":\"2\",\"781\":\"3\",\"790\":\"4\",\"788\":\"4\",\"787\":\"2\"}', 14.00, 70.00, 'ডেটা বিশ্লেষণ এবং ব্যাখ্যা করার ভাল জ্ঞান আছে।', NULL, 10318030008, 10318030008, '2020-02-25 13:56:34', '2020-02-25 13:56:34', 1),
(670, 10318030023, 5, 5, 0, 30, 2020, '52:14', 25, 14, 11, '{\"491\":\"4\",\"500\":\"3\",\"512\":\"4\",\"514\":\"1\",\"498\":\"4\",\"490\":\"2\",\"504\":\"1\",\"518\":\"1\",\"499\":\"2\",\"501\":\"1\",\"493\":\"1\",\"511\":\"2\",\"509\":\"3\",\"496\":\"3\",\"502\":\"3\",\"492\":\"4\",\"507\":\"3\",\"495\":\"1\",\"517\":\"1\",\"497\":\"2\",\"510\":\"1\",\"515\":\"2\",\"516\":\"1\",\"513\":\"3\",\"506\":\"1\"}', 14.00, 56.00, 'মৌলিক জ্যামিতিক আকার এবং তাদের বৈশিষ্ট্যগুলি স্বীকৃতি দেওয়ার ক্ষেত্রে মৌলিক সমস্যা রয়েছে।', NULL, 10318030023, 10318030023, '2020-02-25 13:58:33', '2020-02-25 13:58:33', 1),
(671, 10318030006, 5, 4, 0, 53, 2020, '59:35', 35, 18, 17, '{\"1223\":\"4\",\"1269\":\"4\",\"1261\":\"3\",\"1240\":\"3\",\"1271\":\"3\",\"1243\":\"2\",\"1249\":\"4\",\"1272\":\"2\",\"1258\":\"2\",\"1254\":\"4\",\"1277\":\"4\",\"1235\":\"4\",\"1256\":\"2\",\"1241\":\"2\",\"1220\":\"3\",\"1219\":\"2\",\"1236\":\"2\",\"1224\":\"1\",\"1253\":\"1\",\"682\":\"4\",\"1239\":\"2\",\"1273\":\"4\",\"1270\":\"1\",\"1227\":\"4\",\"1260\":\"1\",\"1263\":\"4\",\"1245\":\"4\",\"1225\":\"3\",\"1229\":\"4\",\"1244\":\"3\",\"1221\":\"3\",\"1234\":\"2\",\"1228\":\"1\",\"1226\":\"4\",\"1238\":\"4\"}', 18.00, 51.43, 'যথেষ্ট দূর্বল!  গাণিতিক প্রক্রিয়ায় প্রয়োজনীয় মৌলিক  জ্ঞানের অভাব পরিলক্ষিত হয়।', NULL, 10318030006, 10318030006, '2020-02-25 13:58:34', '2020-02-25 13:58:34', 1),
(672, 10318030015, 5, 2, 1, 83, 2020, '04:09', 10, NULL, NULL, '{\"91\":\"3\",\"92\":\"3\",\"93\":\"3\",\"94\":\"4\",\"95\":\"3\",\"96\":\"3\",\"97\":\"3\",\"98\":\"3\",\"99\":\"3\",\"100\":\"3\"}', 31.00, NULL, 'সঠিক দিকনির্দেশনা এবং সঠিকভাবে অনুশীলনের অভাবে গণিত শিখার ক্ষেত্রে অসন্তোষ প্রকাশ পায়।', NULL, 10318030015, 10318030015, '2020-02-25 14:00:03', '2020-02-25 14:00:03', 1),
(673, 10318030008, 5, 1, 2, 65, 2020, '03:28', 15, NULL, NULL, '{\"39\":\"4\",\"32\":\"4\",\"44\":\"5\",\"41\":\"5\",\"31\":\"5\",\"34\":\"5\",\"43\":\"5\",\"38\":\"4\",\"45\":\"5\",\"40\":\"4\",\"35\":\"5\",\"37\":\"5\",\"36\":\"4\",\"33\":\"5\",\"42\":\"5\"}', 70.00, NULL, 'অতীতের ঘটনা, তথ্য বা প্রক্রিয়া গুলো স্মরণ করার দৃঢ় সক্ষমতা আছে।', NULL, 10318030008, 10318030008, '2020-02-25 14:00:25', '2020-02-25 14:00:25', 1),
(674, 10318050037, 5, 4, 0, 53, 2020, '59:07', 35, 13, 22, '{\"1226\":\"2\",\"1230\":\"2\",\"1233\":\"4\",\"1234\":\"2\",\"1260\":\"1\",\"1220\":\"4\",\"1276\":\"3\",\"1225\":\"4\",\"1273\":\"1\",\"1245\":\"4\",\"1237\":\"4\",\"1254\":\"3\",\"1227\":\"4\",\"1261\":\"4\",\"1221\":\"4\",\"1222\":\"1\",\"1242\":\"4\",\"1262\":\"4\",\"1257\":\"4\",\"1251\":\"3\",\"1235\":\"2\",\"1277\":\"2\",\"1267\":\"4\",\"1256\":\"4\",\"1266\":\"2\",\"1252\":\"3\",\"1229\":\"4\",\"1241\":\"1\",\"1274\":\"3\",\"1259\":\"1\",\"1219\":\"2\",\"1236\":\"1\",\"1275\":\"3\",\"1265\":\"2\",\"1243\":\"2\"}', 13.00, 37.14, 'যথেষ্ট দূর্বল!  গাণিতিক প্রক্রিয়ায় প্রয়োজনীয় মৌলিক  জ্ঞানের অভাব পরিলক্ষিত হয়।', NULL, 10318050037, 10318050037, '2020-02-25 14:01:41', '2020-02-25 14:01:41', 1),
(675, 10318030015, 5, 3, 1, 84, 2020, '02:40', 10, NULL, NULL, '{\"101\":\"3\",\"102\":\"3\",\"103\":\"3\",\"104\":\"3\",\"105\":\"3\",\"106\":\"3\",\"107\":\"3\",\"108\":\"3\",\"109\":\"2\",\"110\":\"4\"}', 30.00, NULL, 'গণিতের প্রতি আগ্রহ কম এবং সহজে অমনোযোগী হয়ে যায়।', NULL, 10318030015, 10318030015, '2020-02-25 14:03:03', '2020-02-25 14:03:03', 1),
(676, 10318030006, 5, 5, 0, 30, 2020, '07:05', 25, 18, 7, '{\"519\":\"1\",\"516\":\"1\",\"490\":\"2\",\"505\":\"2\",\"499\":\"2\",\"491\":\"4\",\"518\":\"1\",\"507\":\"3\",\"493\":\"1\",\"517\":\"1\",\"513\":\"2\",\"492\":\"3\",\"494\":\"1\",\"506\":\"2\",\"503\":\"3\",\"511\":\"1\",\"500\":\"3\",\"498\":\"4\",\"510\":\"0\",\"508\":\"4\",\"501\":\"1\",\"496\":\"2\",\"512\":\"3\",\"504\":\"1\",\"495\":\"2\"}', 18.00, 72.00, 'জ্যামিতিক তথ্য যথাযথভাবে ব্যবহার করার জন্য ভাল জ্ঞান এবং ক্ষমতা রয়েছে।', NULL, 10318030006, 10318030006, '2020-02-25 14:05:58', '2020-02-25 14:05:58', 1),
(677, 10318030015, 5, 4, 1, 85, 2020, '03:05', 10, NULL, NULL, '{\"111\":\"4\",\"112\":\"4\",\"113\":\"4\",\"114\":\"4\",\"115\":\"4\",\"116\":\"4\",\"117\":\"4\",\"118\":\"4\",\"119\":\"4\",\"120\":\"5\"}', 41.00, NULL, 'ইতিবাচক আচরন লক্ষ্যনীয় এবং লক্ষ্য স্থির করতে ও কাঙ্ক্ষিত ফলাফল অর্জনে সক্ষম ', NULL, 10318030015, 10318030015, '2020-02-25 14:06:30', '2020-02-25 14:06:30', 1),
(678, 10318030008, 5, 2, 2, 68, 2020, '09:04', 15, 6, 9, '{\"69\":\"4\",\"62\":\"0\",\"64\":\"3\",\"68\":\"3\",\"58\":\"3\",\"67\":\"3\",\"60\":\"2\",\"56\":\"0\",\"61\":\"1\",\"59\":\"3\",\"70\":\"3\",\"63\":\"2\",\"66\":\"3\",\"57\":\"1\",\"65\":\"4\"}', 6.00, 40.00, 'তথ্য সংরক্ষণ, পরিচালনা এবং পুনরুদ্ধারের ক্ষমতা খুব কম।', NULL, 10318030008, 10318030008, '2020-02-25 14:10:41', '2020-02-25 14:10:41', 1),
(679, 10318030007, 5, 4, 0, 53, 2020, '01:12', 35, 12, 23, '{\"1247\":\"1\",\"1241\":\"1\",\"1221\":\"1\",\"682\":\"3\",\"1275\":\"1\",\"1263\":\"1\",\"1258\":\"1\",\"1268\":\"1\",\"1225\":\"1\",\"1248\":\"4\",\"1229\":\"3\",\"1239\":\"2\",\"1267\":\"4\",\"1224\":\"1\",\"1222\":\"1\",\"1273\":\"2\",\"1276\":\"1\",\"1228\":\"1\",\"1237\":\"1\",\"1246\":\"3\",\"1257\":\"3\",\"1235\":\"1\",\"1234\":\"2\",\"1274\":\"4\",\"1259\":\"1\",\"1249\":\"2\",\"1238\":\"3\",\"1253\":\"2\",\"1255\":\"1\",\"1244\":\"3\",\"1233\":\"3\",\"1231\":\"1\",\"1256\":\"3\",\"1245\":\"4\",\"1254\":\"1\"}', 12.00, 34.29, 'যথেষ্ট দূর্বল!  গাণিতিক প্রক্রিয়ায় প্রয়োজনীয় মৌলিক  জ্ঞানের অভাব পরিলক্ষিত হয়।', NULL, 10318030007, 10318030007, '2020-02-25 14:11:04', '2020-02-25 14:11:04', 1),
(680, 10318030022, 5, 1, 0, 40, 2020, '19:40', 25, 4, 21, '{\"990\":\"1\",\"976\":\"2\",\"989\":\"2\",\"995\":\"1\",\"984\":\"4\",\"988\":\"1\",\"983\":\"4\",\"992\":\"3\",\"981\":\"3\",\"993\":\"1\",\"972\":\"4\",\"985\":\"1\",\"978\":\"4\",\"997\":\"3\",\"1005\":\"4\",\"971\":\"1\",\"994\":\"2\",\"974\":\"2\",\"1002\":\"2\",\"1001\":\"4\",\"970\":\"2\",\"979\":\"0\",\"1004\":\"4\",\"996\":\"2\",\"1000\":\"4\"}', 4.00, 16.00, 'যথেষ্ট দূর্বল!  গণিতের মৌলিক  জ্ঞানের তীব্র অভাব পরিলক্ষিত হয়।', NULL, 10318030022, 10318030022, '2020-02-25 14:11:44', '2020-02-25 14:11:44', 1),
(681, 10318030022, 5, 1, 1, 82, 2020, '03:52', 10, NULL, NULL, '{\"81\":\"0\",\"82\":\"3\",\"83\":\"3\",\"84\":\"3\",\"85\":\"3\",\"86\":\"3\",\"87\":\"3\",\"88\":\"3\",\"89\":\"3\",\"90\":\"3\"}', 27.00, NULL, 'মাঝারি বা পরিমিত পরিমান ঘাবড়ানোর লক্ষণ প্রদর্শিত হয়, যা একজন শিক্ষার্থীকে তার লক্ষ ঠিক রাখতে এবং মনোযোগী হতে সাহায্য করতে পারে।', NULL, 10318030022, 10318030022, '2020-02-25 14:15:51', '2020-02-25 14:15:51', 1),
(682, 10318050037, 5, 3, 0, 21, 2020, '14:14', 25, 10, 15, '{\"389\":\"3\",\"400\":\"1\",\"388\":\"3\",\"412\":\"2\",\"407\":\"3\",\"397\":\"2\",\"405\":\"4\",\"416\":\"1\",\"415\":\"2\",\"851\":\"4\",\"417\":\"4\",\"396\":\"2\",\"383\":\"2\",\"410\":\"2\",\"853\":\"4\",\"387\":\"4\",\"403\":\"1\",\"399\":\"2\",\"409\":\"3\",\"385\":\"3\",\"419\":\"1\",\"418\":\"1\",\"398\":\"3\",\"391\":\"2\",\"402\":\"1\"}', 10.00, 40.00, 'অত্যন্ত কম', NULL, 10318050037, 10318050037, '2020-02-25 14:16:27', '2020-02-25 14:16:27', 1),
(683, 10318030003, 5, 1, 0, 40, 2020, '08:52', 25, 8, 17, '{\"984\":\"1\",\"1006\":\"1\",\"995\":\"1\",\"1005\":\"3\",\"1002\":\"3\",\"997\":\"4\",\"975\":\"2\",\"998\":\"2\",\"987\":\"1\",\"992\":\"1\",\"994\":\"1\",\"988\":\"2\",\"980\":\"4\",\"976\":\"2\",\"974\":\"1\",\"983\":\"3\",\"990\":\"1\",\"1000\":\"2\",\"985\":\"4\",\"973\":\"4\",\"993\":\"1\",\"979\":\"4\",\"1003\":\"2\",\"1008\":\"2\",\"970\":\"3\"}', 8.00, 32.00, 'যথেষ্ট দূর্বল!  গণিতের মৌলিক  জ্ঞানের তীব্র অভাব পরিলক্ষিত হয়।', NULL, 10318030003, 10318030003, '2020-02-25 14:16:45', '2020-02-25 14:16:45', 1),
(684, 10318030004, 5, 1, 0, 40, 2020, '02:08', 25, 7, 18, '{\"997\":\"4\",\"991\":\"3\",\"994\":\"2\",\"996\":\"4\",\"986\":\"3\",\"1008\":\"2\",\"981\":\"4\",\"980\":\"1\",\"1003\":\"1\",\"977\":\"1\",\"978\":\"3\",\"982\":\"4\",\"1006\":\"1\",\"1009\":\"1\",\"974\":\"1\",\"985\":\"1\",\"988\":\"1\",\"989\":\"2\",\"1001\":\"4\",\"998\":\"2\",\"987\":\"3\",\"979\":\"1\",\"984\":\"1\",\"976\":\"1\",\"1000\":\"4\"}', 7.00, 28.00, 'যথেষ্ট দূর্বল!  গণিতের মৌলিক  জ্ঞানের তীব্র অভাব পরিলক্ষিত হয়।', NULL, 10318030004, 10318030004, '2020-02-25 14:19:44', '2020-02-25 14:19:44', 1),
(685, 10318030003, 5, 1, 1, 82, 2020, '03:09', 10, NULL, NULL, '{\"81\":\"3\",\"82\":\"3\",\"83\":\"4\",\"84\":\"3\",\"85\":\"2\",\"86\":\"3\",\"87\":\"2\",\"88\":\"3\",\"89\":\"2\",\"90\":\"3\"}', 28.00, NULL, 'মাঝারি বা পরিমিত পরিমান ঘাবড়ানোর লক্ষণ প্রদর্শিত হয়, যা একজন শিক্ষার্থীকে তার লক্ষ ঠিক রাখতে এবং মনোযোগী হতে সাহায্য করতে পারে।', NULL, 10318030003, 10318030003, '2020-02-25 14:20:11', '2020-02-25 14:20:11', 1),
(686, 10318030010, 5, 2, 2, 68, 2020, '03:41', 15, 4, 11, '{\"67\":\"3\",\"60\":\"4\",\"57\":\"1\",\"68\":\"2\",\"59\":\"1\",\"56\":\"2\",\"62\":\"2\",\"61\":\"2\",\"63\":\"4\",\"65\":\"0\",\"64\":\"2\",\"58\":\"4\",\"69\":\"1\",\"70\":\"4\",\"66\":\"2\"}', 4.00, 26.67, 'তথ্য সংরক্ষণ, পরিচালনা এবং পুনরুদ্ধারের ক্ষমতা খুব কম।', NULL, 10318030010, 10318030010, '2020-02-25 14:20:38', '2020-02-25 14:20:38', 1),
(687, 10318030022, 5, 2, 1, 83, 2020, '04:04', 10, NULL, NULL, '{\"91\":\"3\",\"92\":\"5\",\"93\":\"5\",\"94\":\"4\",\"95\":\"3\",\"96\":\"5\",\"97\":\"5\",\"98\":\"3\",\"99\":\"3\",\"100\":\"5\"}', 41.00, NULL, 'বহিরাগত কারণসমূহ দ্বারা মারাত্মকভাবে প্রভাবিত। পূর্বের খারাপ অভিজ্ঞতা বা দূর্বল শিক্ষাদান পদ্ধতি এবং গণিত শিক্ষার ক্ষেত্রে জীবনে নেতিবাচক অভিজ্ঞতার কারণে গণিত শিখার ক্ষেত্রে প্রবল অসন্তোষ প্রকাশ পায়।', NULL, 10318030022, 10318030022, '2020-02-25 14:20:39', '2020-02-25 14:20:39', 1),
(688, 10318030007, 5, 5, 0, 30, 2020, '09:13', 25, 11, 14, '{\"517\":\"1\",\"509\":\"3\",\"507\":\"3\",\"497\":\"4\",\"493\":\"2\",\"515\":\"1\",\"494\":\"1\",\"500\":\"3\",\"518\":\"2\",\"491\":\"4\",\"496\":\"2\",\"498\":\"4\",\"519\":\"2\",\"513\":\"4\",\"511\":\"2\",\"502\":\"2\",\"495\":\"1\",\"512\":\"1\",\"492\":\"4\",\"501\":\"1\",\"505\":\"2\",\"490\":\"1\",\"510\":\"1\",\"514\":\"2\",\"506\":\"1\"}', 11.00, 44.00, 'মৌলিক জ্যামিতিক আকার এবং তাদের বৈশিষ্ট্যগুলি স্বীকৃতি দেওয়ার ক্ষেত্রে মৌলিক সমস্যা রয়েছে।', NULL, 10318030007, 10318030007, '2020-02-25 14:20:52', '2020-02-25 14:20:52', 1),
(689, 10318030006, 5, 2, 0, 45, 2020, '14:45', 20, 12, 8, '{\"787\":\"2\",\"793\":\"3\",\"790\":\"2\",\"786\":\"3\",\"784\":\"1\",\"783\":\"4\",\"785\":\"2\",\"794\":\"3\",\"778\":\"3\",\"781\":\"3\",\"782\":\"4\",\"788\":\"4\",\"779\":\"2\",\"775\":\"3\",\"777\":\"1\",\"780\":\"1\",\"792\":\"4\",\"789\":\"4\",\"776\":\"1\",\"791\":\"1\"}', 12.00, 60.00, 'ডেটা বিশ্লেষণ এবং ব্যাখ্যা করার জ্ঞান সীমিত।', NULL, 10318030006, 10318030006, '2020-02-25 14:20:59', '2020-02-25 14:20:59', 1),
(690, 10318030023, 5, 2, 0, 45, 2020, '21:43', 20, 8, 12, '{\"776\":\"1\",\"791\":\"1\",\"781\":\"1\",\"786\":\"1\",\"782\":\"4\",\"787\":\"2\",\"789\":\"1\",\"775\":\"1\",\"784\":\"1\",\"793\":\"3\",\"785\":\"1\",\"792\":\"2\",\"790\":\"3\",\"788\":\"2\",\"783\":\"1\",\"779\":\"2\",\"777\":\"2\",\"778\":\"2\",\"780\":\"2\",\"794\":\"3\"}', 8.00, 40.00, 'ডেটা ব্যাখ্যা করার জ্ঞান অত্যন্ত কম।', NULL, 10318030023, 10318030023, '2020-02-25 14:21:10', '2020-02-25 14:21:10', 1),
(691, 10318050037, 5, 5, 0, 30, 2020, '06:12', 25, 9, 16, '{\"494\":\"2\",\"511\":\"2\",\"504\":\"1\",\"496\":\"2\",\"497\":\"2\",\"515\":\"1\",\"517\":\"4\",\"518\":\"1\",\"510\":\"1\",\"507\":\"0\",\"493\":\"0\",\"498\":\"4\",\"502\":\"1\",\"490\":\"3\",\"506\":\"2\",\"508\":\"3\",\"500\":\"3\",\"513\":\"2\",\"509\":\"3\",\"514\":\"2\",\"495\":\"1\",\"501\":\"1\",\"503\":\"3\",\"499\":\"2\",\"492\":\"4\"}', 9.00, 36.00, 'মৌলিক জ্যামিতিক আকার এবং তাদের বৈশিষ্ট্যগুলি স্বীকৃতি দেওয়ার ক্ষেত্রে মৌলিক সমস্যা রয়েছে।', NULL, 10318050037, 10318050037, '2020-02-25 14:22:54', '2020-02-25 14:22:54', 1),
(692, 10318030006, 5, 1, 2, 65, 2020, '03:04', 15, NULL, NULL, '{\"38\":\"4\",\"32\":\"4\",\"41\":\"5\",\"39\":\"5\",\"37\":\"5\",\"34\":\"2\",\"44\":\"5\",\"43\":\"5\",\"36\":\"5\",\"42\":\"5\",\"33\":\"5\",\"35\":\"5\",\"40\":\"4\",\"45\":\"5\",\"31\":\"4\"}', 68.00, NULL, 'অতীতের ঘটনা, তথ্য বা প্রক্রিয়া গুলো স্মরণ করার দৃঢ় সক্ষমতা আছে।', NULL, 10318030006, 10318030006, '2020-02-25 14:24:16', '2020-02-25 14:24:16', 1),
(693, 10318030003, 5, 2, 1, 83, 2020, '03:44', 10, NULL, NULL, '{\"91\":\"1\",\"92\":\"3\",\"93\":\"3\",\"94\":\"4\",\"95\":\"2\",\"96\":\"2\",\"97\":\"3\",\"98\":\"2\",\"99\":\"3\",\"100\":\"5\"}', 28.00, NULL, 'সঠিক দিকনির্দেশনা এবং সঠিকভাবে অনুশীলনের অভাবে গণিত শিখার ক্ষেত্রে অসন্তোষ প্রকাশ পায়।', NULL, 10318030003, 10318030003, '2020-02-25 14:24:40', '2020-02-25 14:24:40', 1),
(694, 10318030022, 5, 4, 1, 85, 2020, '04:28', 10, NULL, NULL, '{\"111\":\"5\",\"112\":\"5\",\"113\":\"3\",\"114\":\"3\",\"115\":\"4\",\"116\":\"5\",\"117\":\"5\",\"118\":\"5\",\"119\":\"5\",\"120\":null}', 40.00, NULL, 'ইতিবাচক আচরন লক্ষ্যনীয় এবং লক্ষ্য স্থির করতে ও কাঙ্ক্ষিত ফলাফল অর্জনে সক্ষম ', NULL, 10318030022, 10318030022, '2020-02-25 14:25:48', '2020-02-25 14:25:48', 1),
(695, 10318030023, 5, 1, 2, 65, 2020, '05:27', 15, NULL, NULL, '{\"37\":\"3\",\"35\":\"0\",\"39\":\"3\",\"31\":\"3\",\"44\":\"1\",\"43\":\"3\",\"34\":\"3\",\"40\":\"3\",\"38\":\"3\",\"41\":\"3\",\"33\":\"3\",\"32\":\"3\",\"45\":\"5\",\"36\":\"5\",\"42\":\"4\"}', 45.00, NULL, 'অতীতের ঘটনা, তথ্য বা প্রক্রিয়া গুলো স্মরণ করার সক্ষমতা পরিমিত।', NULL, 10318030023, 10318030023, '2020-02-25 14:27:01', '2020-02-25 14:27:01', 1),
(696, 10318030004, 5, 4, 1, 85, 2020, '06:03', 10, NULL, NULL, '{\"111\":\"3\",\"112\":\"0\",\"113\":\"4\",\"114\":\"5\",\"115\":\"5\",\"116\":\"5\",\"117\":\"4\",\"118\":\"5\",\"119\":\"3\",\"120\":\"5\"}', 39.00, NULL, 'ইতিবাচক আচরন লক্ষ্যনীয় এবং লক্ষ্য স্থির করতে ও কাঙ্ক্ষিত ফলাফল অর্জনে সক্ষম ', NULL, 10318030004, 10318030004, '2020-02-25 14:28:16', '2020-02-25 14:28:16', 1),
(697, 10318030025, 5, 4, 0, 53, 2020, '29:41', 35, 13, 22, '{\"1267\":\"2\",\"1238\":\"1\",\"1250\":\"1\",\"1235\":\"2\",\"1232\":\"2\",\"1237\":\"4\",\"1247\":\"3\",\"1272\":\"2\",\"1270\":\"1\",\"1231\":\"1\",\"1249\":\"2\",\"1221\":\"2\",\"1265\":\"3\",\"1253\":\"3\",\"1241\":\"1\",\"1256\":\"2\",\"1260\":\"1\",\"1222\":\"4\",\"1264\":\"0\",\"1244\":\"4\",\"1276\":\"2\",\"1275\":\"4\",\"1243\":\"1\",\"1240\":\"0\",\"1268\":\"2\",\"682\":\"4\",\"1259\":\"1\",\"1263\":\"3\",\"1236\":\"1\",\"1225\":\"4\",\"1254\":\"1\",\"1252\":\"4\",\"1220\":\"3\",\"1245\":\"4\",\"1228\":\"1\"}', 13.00, 37.14, 'যথেষ্ট দূর্বল!  গাণিতিক প্রক্রিয়ায় প্রয়োজনীয় মৌলিক  জ্ঞানের অভাব পরিলক্ষিত হয়।', NULL, 10318030025, 10318030025, '2020-02-25 14:28:57', '2020-02-25 14:28:57', 1),
(698, 10318030015, 5, 3, 0, 21, 2020, '22:19', 25, 10, 15, '{\"397\":\"3\",\"396\":\"4\",\"388\":\"3\",\"851\":\"2\",\"395\":\"3\",\"853\":\"2\",\"417\":\"4\",\"404\":\"1\",\"383\":\"1\",\"394\":\"2\",\"387\":\"4\",\"414\":\"4\",\"390\":\"1\",\"412\":\"1\",\"409\":\"4\",\"393\":\"2\",\"411\":\"2\",\"405\":\"1\",\"415\":\"4\",\"418\":\"1\",\"391\":\"2\",\"402\":\"3\",\"416\":\"1\",\"385\":\"4\",\"399\":\"1\"}', 10.00, 40.00, 'অত্যন্ত কম', NULL, 10318030015, 10318030015, '2020-02-25 14:30:06', '2020-02-25 14:30:06', 1),
(699, 10318030005, 5, 1, 0, 40, 2020, '18:53', 25, 13, 12, '{\"1003\":\"2\",\"988\":\"1\",\"972\":\"1\",\"998\":\"1\",\"981\":\"4\",\"1001\":\"2\",\"1008\":\"2\",\"993\":\"4\",\"986\":\"4\",\"990\":\"1\",\"980\":\"4\",\"1000\":\"2\",\"996\":\"3\",\"1005\":\"3\",\"997\":\"3\",\"1009\":\"1\",\"978\":\"4\",\"994\":\"2\",\"979\":\"1\",\"995\":\"2\",\"1006\":\"1\",\"982\":\"1\",\"977\":\"4\",\"975\":\"3\",\"989\":\"2\"}', 13.00, 52.00, 'সন্তোষজনক নয়! গণিতের মৌলিক  জ্ঞানের স্বল্পতা পরিলক্ষিত হয়। ', NULL, 10318030005, 10318030005, '2020-02-25 14:31:27', '2020-02-25 14:31:27', 1),
(700, 10318030004, 5, 1, 1, 82, 2020, '02:43', 10, NULL, NULL, '{\"81\":\"3\",\"82\":\"1\",\"83\":\"1\",\"84\":\"2\",\"85\":\"3\",\"86\":\"1\",\"87\":\"1\",\"88\":\"1\",\"89\":\"2\",\"90\":\"2\"}', 17.00, NULL, 'পরীক্ষায় ঘাবড়ানোর বা চাপের লক্ষণ নেই। এটা খুবই ভাল। গণিতে ভাল প্রস্তুতির জন্য ও গণিতের প্রতি ইতিবাচক থাকার জন্য এমনটা হতে পারে । ( কিন্তু মাঝে মাঝে মাত্রাতিরিক্ত আত্মবিশ্বাস অথবা পড়াশোনা এড়িয়ে যাওয়ার বা ভাল না লাগার জন্যও এই স্তরের অন্তর্ভুক্ত হতে পারে, যা অন্যান্য লক্ষণ দ্বারা নির্ধারণ করা প্রয়োজন। )', NULL, 10318030004, 10318030004, '2020-02-25 14:32:27', '2020-02-25 14:32:27', 1),
(701, 10318030023, 5, 2, 2, 68, 2020, '05:19', 15, 9, 6, '{\"58\":\"2\",\"61\":\"1\",\"65\":\"1\",\"66\":\"4\",\"62\":\"3\",\"70\":\"3\",\"64\":\"4\",\"68\":\"2\",\"57\":\"1\",\"67\":\"3\",\"56\":\"2\",\"59\":\"1\",\"63\":\"4\",\"69\":\"4\",\"60\":\"3\"}', 9.00, 60.00, 'তথ্য সংরক্ষণ, পরিচালনা এবং পুনরুদ্ধারের ক্ষমতা পরিমিত।', NULL, 10318030023, 10318030023, '2020-02-25 14:32:40', '2020-02-25 14:32:40', 1),
(702, 10318050037, 5, 2, 0, 45, 2020, '10:24', 20, 11, 9, '{\"787\":\"2\",\"777\":\"4\",\"793\":\"3\",\"779\":\"2\",\"788\":\"2\",\"784\":\"1\",\"790\":\"4\",\"782\":\"2\",\"780\":\"2\",\"783\":\"1\",\"775\":\"4\",\"794\":\"3\",\"778\":\"3\",\"781\":\"3\",\"791\":\"2\",\"776\":\"4\",\"786\":\"1\",\"792\":\"4\",\"789\":\"2\",\"785\":\"4\"}', 11.00, 55.00, 'ডেটা বিশ্লেষণ এবং ব্যাখ্যা করার জ্ঞান সীমিত।', NULL, 10318050037, 10318050037, '2020-02-25 14:33:34', '2020-02-25 14:33:34', 1),
(703, 10318030006, 5, 2, 2, 68, 2020, '09:57', 15, 10, 5, '{\"68\":\"2\",\"69\":\"1\",\"67\":\"3\",\"61\":\"3\",\"70\":\"1\",\"60\":\"1\",\"59\":\"3\",\"56\":\"1\",\"65\":\"4\",\"66\":\"4\",\"63\":\"4\",\"58\":\"2\",\"57\":\"4\",\"64\":\"4\",\"62\":\"3\"}', 10.00, 66.67, 'তথ্য সংরক্ষণ, পরিচালনা এবং পুনরুদ্ধারের ক্ষমতা ভাল।', NULL, 10318030006, 10318030006, '2020-02-25 14:34:33', '2020-02-25 14:34:33', 1),
(704, 10318030003, 5, 3, 1, 84, 2020, '09:58', 10, NULL, NULL, '{\"101\":\"2\",\"102\":\"4\",\"103\":\"3\",\"104\":\"4\",\"105\":\"3\",\"106\":\"2\",\"107\":\"3\",\"108\":\"2\",\"109\":\"2\",\"110\":\"2\"}', 27.00, NULL, 'গণিতের প্রতি আগ্রহ কম এবং সহজে অমনোযোগী হয়ে যায়।', NULL, 10318030003, 10318030003, '2020-02-25 14:35:22', '2020-02-25 14:35:22', 1),
(705, 10318030004, 5, 2, 1, 83, 2020, '03:43', 10, NULL, NULL, '{\"91\":\"1\",\"92\":\"1\",\"93\":\"2\",\"94\":\"5\",\"95\":\"1\",\"96\":\"4\",\"97\":\"1\",\"98\":\"3\",\"99\":\"5\",\"100\":\"4\"}', 27.00, NULL, 'সঠিক দিকনির্দেশনা এবং সঠিকভাবে অনুশীলনের অভাবে গণিত শিখার ক্ষেত্রে অসন্তোষ প্রকাশ পায়।', NULL, 10318030004, 10318030004, '2020-02-25 14:36:33', '2020-02-25 14:36:33', 1),
(706, 10318030025, 5, 5, 0, 30, 2020, '08:27', 25, 13, 12, '{\"490\":\"1\",\"512\":\"1\",\"511\":\"2\",\"493\":\"2\",\"516\":\"1\",\"510\":\"4\",\"513\":\"2\",\"509\":\"3\",\"515\":\"2\",\"496\":\"2\",\"497\":\"2\",\"514\":\"1\",\"499\":\"1\",\"504\":\"1\",\"506\":\"2\",\"508\":\"1\",\"505\":\"3\",\"502\":\"3\",\"495\":\"3\",\"498\":\"4\",\"501\":\"1\",\"519\":\"4\",\"507\":\"3\",\"492\":\"3\",\"517\":\"1\"}', 13.00, 52.00, 'মৌলিক জ্যামিতিক আকার এবং তাদের বৈশিষ্ট্যগুলি স্বীকৃতি দেওয়ার ক্ষেত্রে মৌলিক সমস্যা রয়েছে।', NULL, 10318030025, 10318030025, '2020-02-25 14:37:45', '2020-02-25 14:37:45', 1),
(707, 10318030003, 5, 4, 1, 85, 2020, '02:02', 10, NULL, NULL, '{\"111\":\"4\",\"112\":\"4\",\"113\":\"3\",\"114\":\"3\",\"115\":\"4\",\"116\":\"3\",\"117\":\"4\",\"118\":\"4\",\"119\":\"3\",\"120\":null}', 32.00, NULL, 'অমনোযোগী, গণিতের প্রতি কম আগ্রহ।', NULL, 10318030003, 10318030003, '2020-02-25 14:37:53', '2020-02-25 14:37:53', 1),
(708, 10318050037, 5, 1, 2, 65, 2020, '04:39', 15, NULL, NULL, '{\"44\":\"3\",\"38\":\"5\",\"34\":\"3\",\"36\":\"3\",\"43\":\"3\",\"35\":\"5\",\"45\":\"3\",\"32\":\"3\",\"39\":\"2\",\"31\":\"5\",\"42\":\"3\",\"40\":\"3\",\"41\":\"3\",\"33\":\"3\",\"37\":\"3\"}', 50.00, NULL, 'অতীতের ঘটনা, তথ্য বা প্রক্রিয়া গুলো স্মরণ করার সক্ষমতা ভাল।', NULL, 10318050037, 10318050037, '2020-02-25 14:38:28', '2020-02-25 14:38:28', 1),
(709, 10318030005, 5, 1, 1, 82, 2020, '07:20', 10, NULL, NULL, '{\"81\":\"3\",\"82\":\"2\",\"83\":\"5\",\"84\":\"4\",\"85\":\"4\",\"86\":\"5\",\"87\":\"5\",\"88\":\"4\",\"89\":\"4\",\"90\":\"4\"}', 40.00, NULL, 'মাত্রাতিরিক্ত ঘাবড়ানোর বা চাপের লক্ষণ প্রদর্শিত হয়। প্রস্তুতি খুব কম নেওয়া হয় অথবা মৌলিক জ্ঞানের অভাব অথবা ভাল করার অতিরিক্ত মানসিক চাপ থেকে হতে পারে। যা কখনই সমর্থন যোগ্য নয়।', NULL, 10318030005, 10318030005, '2020-02-25 14:39:26', '2020-02-25 14:39:26', 1),
(710, 10318030004, 5, 3, 1, 84, 2020, '02:32', 10, NULL, NULL, '{\"101\":\"1\",\"102\":\"1\",\"103\":\"2\",\"104\":\"2\",\"105\":\"1\",\"106\":\"3\",\"107\":\"2\",\"108\":\"1\",\"109\":\"1\",\"110\":\"4\"}', 18.00, NULL, 'গণিত শিখার প্রতি ভাল আগ্রহ আছে এবং নিয়মিত গণিত চর্চা করার অভ্যাস আছে।', NULL, 10318030004, 10318030004, '2020-02-25 14:39:39', '2020-02-25 14:39:39', 1),
(711, 10318030022, 5, 3, 0, 21, 2020, '15:13', 25, 8, 17, '{\"401\":\"2\",\"389\":\"2\",\"413\":\"3\",\"383\":\"2\",\"384\":\"3\",\"387\":\"4\",\"408\":\"1\",\"385\":\"1\",\"404\":\"4\",\"392\":\"3\",\"406\":\"3\",\"388\":\"2\",\"390\":\"2\",\"415\":\"3\",\"411\":\"2\",\"407\":\"4\",\"853\":\"2\",\"391\":\"2\",\"397\":\"1\",\"403\":\"3\",\"418\":\"1\",\"395\":\"2\",\"405\":\"4\",\"416\":\"1\",\"852\":\"4\"}', 8.00, 32.00, 'অত্যন্ত কম', NULL, 10318030022, 10318030022, '2020-02-25 14:41:37', '2020-02-25 14:41:37', 1),
(712, 10318030025, 5, 2, 0, 45, 2020, '04:46', 20, 5, 15, '{\"785\":\"1\",\"789\":\"2\",\"793\":\"2\",\"792\":\"3\",\"780\":\"1\",\"777\":\"1\",\"779\":\"3\",\"783\":\"2\",\"791\":\"0\",\"794\":\"1\",\"781\":\"1\",\"786\":\"4\",\"775\":\"4\",\"790\":\"1\",\"776\":\"3\",\"784\":\"3\",\"787\":\"3\",\"782\":\"4\",\"778\":\"1\",\"788\":\"4\"}', 5.00, 25.00, 'ডেটা ব্যাখ্যা করার জ্ঞান অত্যন্ত কম।', NULL, 10318030025, 10318030025, '2020-02-25 14:42:47', '2020-02-25 14:42:47', 1),
(713, 10318030025, 5, 1, 2, 65, 2020, '01:26', 15, NULL, NULL, '{\"38\":\"5\",\"35\":\"4\",\"42\":\"5\",\"43\":\"5\",\"39\":\"3\",\"45\":\"2\",\"41\":\"4\",\"31\":\"4\",\"44\":\"5\",\"36\":\"4\",\"34\":\"3\",\"32\":\"3\",\"33\":\"3\",\"37\":\"3\",\"40\":\"3\"}', 56.00, NULL, 'অতীতের ঘটনা, তথ্য বা প্রক্রিয়া গুলো স্মরণ করার সক্ষমতা ভাল।', NULL, 10318030025, 10318030025, '2020-02-25 14:44:27', '2020-02-25 14:44:27', 1),
(714, 10318030007, 5, 2, 0, 45, 2020, '23:10', 20, 9, 11, '{\"790\":\"3\",\"793\":\"3\",\"791\":\"1\",\"778\":\"2\",\"777\":\"4\",\"779\":\"1\",\"794\":\"1\",\"776\":\"1\",\"784\":\"1\",\"783\":\"1\",\"781\":\"1\",\"775\":\"1\",\"782\":\"2\",\"786\":\"1\",\"788\":\"4\",\"787\":\"2\",\"792\":\"1\",\"785\":\"2\",\"780\":\"1\",\"789\":\"1\"}', 9.00, 45.00, 'ডেটা ব্যাখ্যা করার জ্ঞান অত্যন্ত কম।', NULL, 10318030007, 10318030007, '2020-02-25 14:44:27', '2020-02-25 14:44:27', 1),
(715, 10318030005, 5, 2, 1, 83, 2020, '05:18', 10, NULL, NULL, '{\"91\":\"5\",\"92\":\"3\",\"93\":\"4\",\"94\":\"4\",\"95\":\"5\",\"96\":\"4\",\"97\":\"5\",\"98\":\"5\",\"99\":\"5\",\"100\":\"4\"}', 44.00, NULL, 'বহিরাগত কারণসমূহ দ্বারা মারাত্মকভাবে প্রভাবিত। পূর্বের খারাপ অভিজ্ঞতা বা দূর্বল শিক্ষাদান পদ্ধতি এবং গণিত শিক্ষার ক্ষেত্রে জীবনে নেতিবাচক অভিজ্ঞতার কারণে গণিত শিখার ক্ষেত্রে প্রবল অসন্তোষ প্রকাশ পায়।', NULL, 10318030005, 10318030005, '2020-02-25 14:45:04', '2020-02-25 14:45:04', 1),
(716, 10318050037, 5, 2, 2, 68, 2020, '06:30', 15, 7, 8, '{\"61\":\"4\",\"66\":\"3\",\"58\":\"2\",\"60\":\"3\",\"56\":\"3\",\"65\":\"3\",\"67\":\"3\",\"62\":\"3\",\"64\":\"2\",\"57\":\"4\",\"68\":\"2\",\"70\":\"3\",\"63\":\"4\",\"59\":\"2\",\"69\":\"1\"}', 7.00, 46.67, 'তথ্য সংরক্ষণ, পরিচালনা এবং পুনরুদ্ধারের ক্ষমতা পরিমিত।', NULL, 10318050037, 10318050037, '2020-02-25 14:45:21', '2020-02-25 14:45:21', 1),
(717, 10318030025, 5, 2, 2, 68, 2020, '02:38', 15, 1, 14, '{\"56\":\"1\",\"59\":\"1\",\"66\":\"1\",\"70\":\"1\",\"58\":\"3\",\"68\":\"4\",\"62\":\"4\",\"65\":\"2\",\"69\":\"2\",\"57\":\"2\",\"63\":\"2\",\"64\":\"2\",\"67\":\"2\",\"61\":\"2\",\"60\":\"4\"}', 1.00, 6.67, 'তথ্য সংরক্ষণ, পরিচালনা এবং পুনরুদ্ধারের ক্ষমতা খুব কম।', NULL, 10318030025, 10318030025, '2020-02-25 14:47:29', '2020-02-25 14:47:29', 1),
(718, 10318030015, 5, 4, 0, 53, 2020, '19:29', 35, 12, 23, '{\"1227\":\"4\",\"1235\":\"3\",\"1276\":\"2\",\"1232\":\"4\",\"1250\":\"4\",\"1270\":\"2\",\"1254\":\"1\",\"1243\":\"2\",\"1237\":\"4\",\"1233\":\"4\",\"682\":\"4\",\"1239\":\"4\",\"1224\":\"4\",\"1226\":\"2\",\"1277\":\"2\",\"1219\":\"2\",\"1247\":\"2\",\"1244\":\"4\",\"1272\":\"4\",\"1223\":\"1\",\"1274\":\"2\",\"1249\":\"1\",\"1267\":\"4\",\"1231\":\"4\",\"1263\":\"1\",\"1222\":\"1\",\"1242\":\"3\",\"1257\":\"2\",\"1251\":\"3\",\"1261\":\"2\",\"1234\":\"2\",\"1259\":\"1\",\"1271\":\"2\",\"1258\":\"1\",\"1228\":\"4\"}', 12.00, 34.29, 'যথেষ্ট দূর্বল!  গাণিতিক প্রক্রিয়ায় প্রয়োজনীয় মৌলিক  জ্ঞানের অভাব পরিলক্ষিত হয়।', NULL, 10318030015, 10318030015, '2020-02-25 14:50:02', '2020-02-25 14:50:02', 1),
(719, 10318030007, 5, 1, 2, 65, 2020, '06:58', 15, NULL, NULL, '{\"36\":\"3\",\"34\":\"2\",\"38\":\"5\",\"41\":\"3\",\"42\":\"5\",\"35\":\"5\",\"40\":\"3\",\"32\":\"3\",\"45\":\"5\",\"37\":\"3\",\"31\":\"5\",\"43\":\"3\",\"39\":\"5\",\"33\":\"3\",\"44\":\"5\"}', 58.00, NULL, 'অতীতের ঘটনা, তথ্য বা প্রক্রিয়া গুলো স্মরণ করার সক্ষমতা ভাল।', NULL, 10318030007, 10318030007, '2020-02-25 14:51:39', '2020-02-25 14:51:39', 1),
(720, 10318030004, 5, 3, 0, 21, 2020, '11:39', 25, 14, 11, '{\"387\":\"4\",\"397\":\"3\",\"398\":\"1\",\"405\":\"1\",\"406\":\"3\",\"389\":\"3\",\"412\":\"2\",\"411\":\"4\",\"407\":\"4\",\"385\":\"3\",\"388\":\"3\",\"401\":\"3\",\"853\":\"2\",\"413\":\"1\",\"399\":\"2\",\"396\":\"4\",\"417\":\"4\",\"403\":\"1\",\"384\":\"2\",\"404\":\"4\",\"400\":\"2\",\"415\":\"1\",\"851\":\"3\",\"852\":\"4\",\"418\":\"1\"}', 14.00, 56.00, 'গড়মানের কম', NULL, 10318030004, 10318030004, '2020-02-25 14:51:40', '2020-02-25 14:51:40', 1),
(721, 10318030005, 5, 3, 1, 84, 2020, '06:27', 10, NULL, NULL, '{\"101\":\"1\",\"102\":\"4\",\"103\":\"1\",\"104\":\"5\",\"105\":\"5\",\"106\":\"5\",\"107\":\"5\",\"108\":\"5\",\"109\":\"5\",\"110\":\"2\"}', 38.00, NULL, 'খুব কম আত্মবিশ্বাস। অন্যের সহযোগিতার প্রতি চরম আকারে নির্ভশীলতা লক্ষ্য করা যায় এবং ভুল পদ্ধতিতে অনুশীলন করার অভ্যাস।', NULL, 10318030005, 10318030005, '2020-02-25 14:52:18', '2020-02-25 14:52:18', 1),
(722, 10318030003, 5, 3, 0, 21, 2020, '17:13', 25, 12, 13, '{\"387\":\"4\",\"404\":\"4\",\"394\":\"3\",\"415\":\"3\",\"386\":\"1\",\"852\":\"4\",\"385\":\"3\",\"397\":\"3\",\"384\":\"1\",\"414\":\"1\",\"412\":\"2\",\"399\":\"4\",\"383\":\"2\",\"411\":\"4\",\"405\":\"4\",\"851\":\"4\",\"417\":\"4\",\"413\":\"1\",\"396\":\"4\",\"853\":\"2\",\"393\":\"4\",\"401\":\"2\",\"416\":\"1\",\"391\":\"2\",\"389\":\"3\"}', 12.00, 48.00, 'অত্যন্ত কম', NULL, 10318030003, 10318030003, '2020-02-25 14:56:16', '2020-02-25 14:56:16', 1),
(723, 10318030005, 5, 4, 1, 85, 2020, '04:17', 10, NULL, NULL, '{\"111\":\"4\",\"112\":\"4\",\"113\":\"4\",\"114\":\"4\",\"115\":\"4\",\"116\":\"4\",\"117\":\"4\",\"118\":\"4\",\"119\":\"4\",\"120\":null}', 36.00, NULL, 'ইতিবাচক আচরন লক্ষ্যনীয় এবং লক্ষ্য স্থির করতে ও কাঙ্ক্ষিত ফলাফল অর্জনে সক্ষম ', NULL, 10318030005, 10318030005, '2020-02-25 14:56:57', '2020-02-25 14:56:57', 1),
(724, 10318030015, 5, 5, 0, 30, 2020, '07:14', 25, 13, 12, '{\"505\":\"2\",\"509\":\"3\",\"510\":\"4\",\"494\":\"2\",\"512\":\"3\",\"491\":\"4\",\"503\":\"2\",\"496\":\"2\",\"497\":\"2\",\"511\":\"2\",\"495\":\"1\",\"518\":\"1\",\"517\":\"2\",\"502\":\"2\",\"493\":\"2\",\"498\":\"4\",\"507\":\"3\",\"515\":\"4\",\"514\":\"1\",\"519\":\"1\",\"499\":\"2\",\"508\":\"2\",\"504\":\"1\",\"516\":\"3\",\"500\":\"3\"}', 13.00, 52.00, 'মৌলিক জ্যামিতিক আকার এবং তাদের বৈশিষ্ট্যগুলি স্বীকৃতি দেওয়ার ক্ষেত্রে মৌলিক সমস্যা রয়েছে।', NULL, 10318030015, 10318030015, '2020-02-25 14:57:44', '2020-02-25 14:57:44', 1),
(725, 10318030022, 5, 4, 0, 53, 2020, '17:49', 35, 10, 25, '{\"1257\":\"2\",\"1274\":\"2\",\"1245\":\"4\",\"1247\":\"2\",\"1242\":\"4\",\"1221\":\"4\",\"1271\":\"3\",\"1224\":\"4\",\"1252\":\"1\",\"1270\":\"2\",\"1237\":\"3\",\"1231\":\"3\",\"1240\":\"2\",\"1220\":\"2\",\"1276\":\"2\",\"1267\":\"4\",\"1246\":\"2\",\"1268\":\"1\",\"1238\":\"3\",\"1233\":\"2\",\"1266\":\"1\",\"1255\":\"1\",\"1256\":\"2\",\"1227\":\"4\",\"1226\":\"3\",\"1253\":\"4\",\"1251\":\"3\",\"1275\":\"1\",\"1241\":\"2\",\"1236\":\"1\",\"1234\":\"2\",\"682\":\"3\",\"1260\":\"2\",\"1225\":\"3\",\"1248\":\"1\"}', 10.00, 28.57, 'যথেষ্ট দূর্বল!  গাণিতিক প্রক্রিয়ায় প্রয়োজনীয় মৌলিক  জ্ঞানের অভাব পরিলক্ষিত হয়।', NULL, 10318030022, 10318030022, '2020-02-25 14:59:50', '2020-02-25 14:59:50', 1),
(726, 10318030007, 5, 2, 2, 68, 2020, '09:06', 15, 9, 6, '{\"65\":\"0\",\"59\":\"1\",\"61\":\"1\",\"66\":\"2\",\"67\":\"3\",\"56\":\"4\",\"58\":\"3\",\"62\":\"3\",\"68\":\"2\",\"60\":\"4\",\"57\":\"4\",\"70\":\"3\",\"69\":\"4\",\"63\":\"4\",\"64\":\"4\"}', 9.00, 60.00, 'তথ্য সংরক্ষণ, পরিচালনা এবং পুনরুদ্ধারের ক্ষমতা পরিমিত।', NULL, 10318030007, 10318030007, '2020-02-25 15:01:03', '2020-02-25 15:01:03', 1),
(727, 10318030004, 5, 4, 0, 53, 2020, '09:17', 35, 9, 26, '{\"1261\":\"3\",\"1254\":\"2\",\"1240\":\"0\",\"1224\":\"0\",\"1226\":\"1\",\"1251\":\"3\",\"1246\":\"3\",\"1262\":\"4\",\"1274\":\"0\",\"1267\":\"4\",\"1248\":\"3\",\"1223\":\"3\",\"1255\":\"2\",\"1235\":\"0\",\"1268\":\"3\",\"1257\":\"0\",\"1258\":\"1\",\"1271\":\"2\",\"1239\":\"1\",\"1229\":\"4\",\"1222\":\"1\",\"1277\":\"0\",\"1263\":\"3\",\"1265\":\"2\",\"1241\":\"0\",\"1270\":\"1\",\"1227\":\"0\",\"682\":\"4\",\"1259\":\"0\",\"1247\":\"3\",\"1249\":\"3\",\"1236\":\"0\",\"1276\":\"2\",\"1220\":\"0\",\"1243\":\"2\"}', 9.00, 25.71, 'যথেষ্ট দূর্বল!  গাণিতিক প্রক্রিয়ায় প্রয়োজনীয় মৌলিক  জ্ঞানের অভাব পরিলক্ষিত হয়।', NULL, 10318030004, 10318030004, '2020-02-25 15:01:15', '2020-02-25 15:01:15', 1),
(728, 10318030022, 5, 3, 1, 84, 2020, '02:42', 10, NULL, NULL, '{\"101\":\"3\",\"102\":\"2\",\"103\":\"1\",\"104\":\"5\",\"105\":\"1\",\"106\":\"3\",\"107\":\"3\",\"108\":\"2\",\"109\":\"3\",\"110\":\"4\"}', 27.00, NULL, 'গণিতের প্রতি আগ্রহ কম এবং সহজে অমনোযোগী হয়ে যায়।', NULL, 10318030022, 10318030022, '2020-02-25 15:02:59', '2020-02-25 15:02:59', 1),
(729, 10318030015, 5, 2, 0, 45, 2020, '08:46', 20, 9, 11, '{\"789\":\"3\",\"793\":\"4\",\"783\":\"3\",\"775\":\"1\",\"788\":\"4\",\"782\":\"2\",\"780\":\"1\",\"776\":\"4\",\"791\":\"2\",\"790\":\"3\",\"787\":\"2\",\"779\":\"3\",\"786\":\"2\",\"777\":\"3\",\"778\":\"2\",\"784\":\"2\",\"785\":\"2\",\"794\":\"1\",\"792\":\"1\",\"781\":\"3\"}', 9.00, 45.00, 'ডেটা ব্যাখ্যা করার জ্ঞান অত্যন্ত কম।', NULL, 10318030015, 10318030015, '2020-02-25 15:06:48', '2020-02-25 15:06:48', 1),
(730, 10318030004, 5, 5, 0, 30, 2020, '05:25', 25, 18, 7, '{\"516\":\"2\",\"493\":\"1\",\"519\":\"2\",\"508\":\"2\",\"505\":\"2\",\"513\":\"2\",\"515\":\"1\",\"499\":\"2\",\"500\":\"3\",\"492\":\"3\",\"490\":\"2\",\"504\":\"1\",\"498\":\"4\",\"509\":\"1\",\"510\":\"2\",\"517\":\"1\",\"514\":\"1\",\"494\":\"1\",\"491\":\"4\",\"507\":\"3\",\"501\":\"1\",\"496\":\"2\",\"497\":\"2\",\"503\":\"0\",\"511\":\"1\"}', 18.00, 72.00, 'জ্যামিতিক তথ্য যথাযথভাবে ব্যবহার করার জন্য ভাল জ্ঞান এবং ক্ষমতা রয়েছে।', NULL, 10318030004, 10318030004, '2020-02-25 15:07:25', '2020-02-25 15:07:25', 1),
(731, 10318030022, 5, 5, 0, 30, 2020, '06:20', 25, 16, 9, '{\"502\":\"3\",\"505\":\"2\",\"499\":\"2\",\"495\":\"1\",\"503\":\"3\",\"513\":\"2\",\"514\":\"1\",\"500\":\"3\",\"517\":\"1\",\"490\":\"2\",\"506\":\"1\",\"494\":\"2\",\"519\":\"2\",\"518\":\"1\",\"497\":\"2\",\"515\":\"2\",\"496\":\"2\",\"508\":\"2\",\"498\":\"4\",\"510\":\"3\",\"507\":\"3\",\"492\":\"3\",\"511\":\"1\",\"504\":\"1\",\"509\":\"2\"}', 16.00, 64.00, 'জ্যামিতিতে অর্থনীতির ধারণাগুলি নিয়ে কোনও সমস্যা নেই তবে উপযুক্ত পরিস্থিতিতে সূত্র / তথ্য সংযোগ করার জ্ঞানের অভাব রয়েছে।', NULL, 10318030022, 10318030022, '2020-02-25 15:09:37', '2020-02-25 15:09:37', 1),
(732, 10318030015, 5, 1, 2, 65, 2020, '03:41', 15, NULL, NULL, '{\"34\":\"3\",\"43\":\"3\",\"40\":\"5\",\"31\":\"3\",\"39\":\"5\",\"35\":\"3\",\"36\":\"5\",\"38\":\"5\",\"44\":\"5\",\"42\":\"5\",\"32\":\"5\",\"45\":\"3\",\"33\":\"3\",\"37\":\"5\",\"41\":\"3\"}', 61.00, NULL, 'অতীতের ঘটনা, তথ্য বা প্রক্রিয়া গুলো স্মরণ করার সক্ষমতা ভাল।', NULL, 10318030015, 10318030015, '2020-02-25 15:10:48', '2020-02-25 15:10:48', 1),
(733, 10318030003, 5, 4, 0, 53, 2020, '16:43', 35, 12, 23, '{\"1228\":\"4\",\"1277\":\"3\",\"1235\":\"4\",\"1249\":\"2\",\"1231\":\"3\",\"1259\":\"1\",\"1273\":\"0\",\"1244\":\"1\",\"1230\":\"2\",\"1275\":\"3\",\"1257\":\"3\",\"1243\":\"2\",\"682\":\"1\",\"1245\":\"4\",\"1221\":\"4\",\"1272\":\"2\",\"1247\":\"4\",\"1270\":\"1\",\"1242\":\"2\",\"1276\":\"3\",\"1266\":\"1\",\"1239\":\"2\",\"1223\":\"3\",\"1271\":\"3\",\"1250\":\"1\",\"1219\":\"3\",\"1234\":\"3\",\"1263\":\"4\",\"1226\":\"4\",\"1255\":\"1\",\"1227\":\"4\",\"1252\":\"4\",\"1220\":\"3\",\"1224\":\"1\",\"1240\":\"3\"}', 12.00, 34.29, 'যথেষ্ট দূর্বল!  গাণিতিক প্রক্রিয়ায় প্রয়োজনীয় মৌলিক  জ্ঞানের অভাব পরিলক্ষিত হয়।', NULL, 10318030003, 10318030003, '2020-02-25 15:13:28', '2020-02-25 15:13:28', 1),
(734, 10318030004, 5, 2, 0, 45, 2020, '08:51', 20, 8, 12, '{\"783\":\"2\",\"794\":\"3\",\"776\":\"4\",\"781\":\"1\",\"784\":\"3\",\"788\":\"4\",\"777\":\"0\",\"786\":\"1\",\"779\":\"2\",\"785\":\"4\",\"782\":\"4\",\"789\":\"3\",\"790\":\"0\",\"791\":\"0\",\"787\":\"2\",\"792\":\"1\",\"780\":\"1\",\"778\":\"1\",\"793\":\"3\",\"775\":\"1\"}', 8.00, 40.00, 'ডেটা ব্যাখ্যা করার জ্ঞান অত্যন্ত কম।', NULL, 10318030004, 10318030004, '2020-02-25 15:16:40', '2020-02-25 15:16:40', 1);
INSERT INTO `bdedu_exam_results` (`exam_result_row_id`, `student_id`, `class_row_id`, `exam_category_row_id`, `is_psychology`, `exam_row_id`, `exam_year`, `total_time_taken`, `total_questions`, `total_correct_answer`, `total_wrong_answer`, `all_question_row_id`, `total_marks`, `percentage_obtained`, `comment`, `assessor_comment`, `created_by`, `updated_by`, `created_at`, `updated_at`, `attempt_no`) VALUES
(735, 10318030005, 5, 3, 0, 21, 2020, '18:20', 25, 9, 16, '{\"396\":\"2\",\"852\":\"4\",\"416\":\"1\",\"392\":\"3\",\"404\":\"4\",\"385\":\"3\",\"393\":\"1\",\"417\":\"2\",\"415\":\"2\",\"411\":\"4\",\"853\":\"2\",\"419\":\"1\",\"418\":\"2\",\"398\":\"1\",\"412\":\"1\",\"384\":\"1\",\"401\":\"2\",\"388\":\"1\",\"391\":\"2\",\"399\":\"4\",\"390\":\"1\",\"397\":\"1\",\"400\":\"2\",\"386\":\"3\",\"413\":\"1\"}', 9.00, 36.00, 'অত্যন্ত কম', NULL, 10318030005, 10318030005, '2020-02-25 15:17:25', '2020-02-25 15:17:25', 1),
(736, 10318030004, 5, 1, 2, 65, 2020, '04:05', 15, NULL, NULL, '{\"31\":\"3\",\"35\":\"4\",\"44\":\"4\",\"42\":\"4\",\"34\":\"1\",\"39\":\"4\",\"37\":\"4\",\"38\":\"5\",\"43\":\"5\",\"45\":\"4\",\"36\":\"4\",\"41\":\"5\",\"33\":\"4\",\"40\":\"3\",\"32\":\"5\"}', 59.00, NULL, 'অতীতের ঘটনা, তথ্য বা প্রক্রিয়া গুলো স্মরণ করার সক্ষমতা ভাল।', NULL, 10318030004, 10318030004, '2020-02-25 15:21:10', '2020-02-25 15:21:10', 1),
(737, 10318030003, 5, 5, 0, 30, 2020, '07:40', 25, 14, 11, '{\"490\":\"3\",\"498\":\"4\",\"516\":\"1\",\"513\":\"2\",\"508\":\"2\",\"492\":\"2\",\"497\":\"1\",\"517\":\"1\",\"519\":\"2\",\"507\":\"3\",\"506\":\"1\",\"501\":\"1\",\"502\":\"1\",\"493\":\"1\",\"505\":\"2\",\"491\":\"4\",\"495\":\"1\",\"494\":\"2\",\"518\":\"1\",\"510\":\"1\",\"514\":\"1\",\"500\":\"3\",\"499\":\"2\",\"503\":\"4\",\"515\":\"4\"}', 14.00, 56.00, 'মৌলিক জ্যামিতিক আকার এবং তাদের বৈশিষ্ট্যগুলি স্বীকৃতি দেওয়ার ক্ষেত্রে মৌলিক সমস্যা রয়েছে।', NULL, 10318030003, 10318030003, '2020-02-25 15:22:06', '2020-02-25 15:22:06', 1),
(738, 10318030022, 5, 2, 0, 45, 2020, '13:19', 20, 7, 13, '{\"783\":\"1\",\"788\":\"4\",\"794\":\"3\",\"785\":\"2\",\"776\":\"1\",\"777\":\"2\",\"792\":\"3\",\"791\":\"1\",\"786\":\"1\",\"779\":\"2\",\"790\":\"2\",\"784\":\"4\",\"780\":\"2\",\"787\":\"2\",\"782\":\"2\",\"793\":\"3\",\"775\":\"3\",\"789\":\"3\",\"778\":\"1\",\"781\":\"3\"}', 7.00, 35.00, 'ডেটা ব্যাখ্যা করার জ্ঞান অত্যন্ত কম।', NULL, 10318030022, 10318030022, '2020-02-25 15:23:08', '2020-02-25 15:23:08', 1),
(739, 10318030022, 5, 1, 2, 65, 2020, '04:01', 15, NULL, NULL, '{\"42\":\"5\",\"35\":\"5\",\"40\":\"5\",\"33\":\"3\",\"37\":\"5\",\"38\":\"5\",\"43\":\"5\",\"41\":\"3\",\"44\":\"5\",\"34\":\"5\",\"39\":\"5\",\"36\":\"3\",\"31\":\"3\",\"45\":\"2\",\"32\":\"5\"}', 64.00, NULL, 'অতীতের ঘটনা, তথ্য বা প্রক্রিয়া গুলো স্মরণ করার সক্ষমতা ভাল।', NULL, 10318030022, 10318030022, '2020-02-25 15:27:23', '2020-02-25 15:27:23', 1),
(740, 10318030005, 5, 4, 0, 53, 2020, '09:28', 35, 9, 26, '{\"1234\":\"4\",\"1274\":\"3\",\"1253\":\"4\",\"1229\":\"4\",\"1220\":\"1\",\"1238\":\"1\",\"1225\":\"1\",\"1240\":\"2\",\"1272\":\"3\",\"1254\":\"3\",\"1236\":\"2\",\"1224\":\"4\",\"1275\":\"4\",\"1265\":\"2\",\"1269\":\"4\",\"1276\":\"4\",\"1273\":\"2\",\"1247\":\"4\",\"1267\":\"1\",\"1252\":\"1\",\"1249\":\"4\",\"1258\":\"1\",\"1231\":\"1\",\"1246\":\"3\",\"1223\":\"3\",\"1235\":\"1\",\"1221\":\"1\",\"1248\":\"3\",\"682\":\"3\",\"1230\":\"4\",\"1233\":\"1\",\"1232\":\"1\",\"1250\":\"1\",\"1271\":\"3\",\"1243\":\"3\"}', 9.00, 25.71, 'যথেষ্ট দূর্বল!  গাণিতিক প্রক্রিয়ায় প্রয়োজনীয় মৌলিক  জ্ঞানের অভাব পরিলক্ষিত হয়।', NULL, 10318030005, 10318030005, '2020-02-25 15:27:28', '2020-02-25 15:27:28', 1),
(741, 10318030004, 5, 2, 2, 68, 2020, '06:49', 15, 8, 7, '{\"62\":\"3\",\"69\":\"4\",\"66\":\"1\",\"65\":\"4\",\"70\":\"3\",\"58\":\"1\",\"57\":\"4\",\"67\":\"3\",\"68\":\"2\",\"63\":\"2\",\"56\":\"1\",\"59\":\"1\",\"64\":\"4\",\"60\":\"1\",\"61\":\"4\"}', 8.00, 53.33, 'তথ্য সংরক্ষণ, পরিচালনা এবং পুনরুদ্ধারের ক্ষমতা পরিমিত।', NULL, 10318030004, 10318030004, '2020-02-25 15:28:17', '2020-02-25 15:28:17', 1),
(742, 10318030003, 5, 2, 0, 45, 2020, '08:55', 20, 9, 11, '{\"777\":\"2\",\"785\":\"2\",\"779\":\"4\",\"787\":\"2\",\"792\":\"4\",\"783\":\"4\",\"788\":\"4\",\"791\":\"2\",\"794\":\"1\",\"784\":\"3\",\"790\":\"1\",\"775\":\"4\",\"776\":\"0\",\"781\":\"3\",\"786\":\"1\",\"782\":\"3\",\"789\":\"2\",\"778\":\"3\",\"780\":\"1\",\"793\":\"3\"}', 9.00, 45.00, 'ডেটা ব্যাখ্যা করার জ্ঞান অত্যন্ত কম।', NULL, 10318030003, 10318030003, '2020-02-25 15:31:41', '2020-02-25 15:31:41', 1),
(743, 10318030005, 5, 5, 0, 30, 2020, '03:53', 25, 10, 15, '{\"502\":\"3\",\"516\":\"1\",\"509\":\"3\",\"515\":\"1\",\"513\":\"2\",\"508\":\"2\",\"496\":\"2\",\"495\":\"2\",\"497\":\"2\",\"518\":\"1\",\"505\":\"2\",\"501\":\"2\",\"514\":\"2\",\"511\":\"2\",\"519\":\"4\",\"494\":\"1\",\"498\":\"4\",\"512\":\"4\",\"492\":\"2\",\"500\":\"2\",\"499\":\"1\",\"506\":\"2\",\"503\":\"2\",\"517\":\"2\",\"507\":\"2\"}', 10.00, 40.00, 'মৌলিক জ্যামিতিক আকার এবং তাদের বৈশিষ্ট্যগুলি স্বীকৃতি দেওয়ার ক্ষেত্রে মৌলিক সমস্যা রয়েছে।', NULL, 10318030005, 10318030005, '2020-02-25 15:32:33', '2020-02-25 15:32:33', 1),
(744, 10318030022, 5, 2, 2, 68, 2020, '05:12', 15, 3, 12, '{\"68\":\"2\",\"69\":\"2\",\"61\":\"4\",\"66\":\"2\",\"65\":\"4\",\"63\":\"1\",\"59\":\"4\",\"67\":\"1\",\"58\":\"4\",\"60\":\"1\",\"62\":\"1\",\"64\":\"3\",\"70\":\"3\",\"57\":\"2\",\"56\":\"2\"}', 3.00, 20.00, 'তথ্য সংরক্ষণ, পরিচালনা এবং পুনরুদ্ধারের ক্ষমতা খুব কম।', NULL, 10318030022, 10318030022, '2020-02-25 15:32:46', '2020-02-25 15:32:46', 1),
(745, 10318030003, 5, 1, 2, 65, 2020, '03:12', 15, NULL, NULL, '{\"34\":\"3\",\"44\":\"3\",\"35\":\"1\",\"32\":\"2\",\"41\":\"2\",\"42\":\"5\",\"39\":\"5\",\"36\":\"5\",\"40\":\"3\",\"31\":\"3\",\"33\":\"2\",\"43\":\"5\",\"37\":\"2\",\"45\":\"2\",\"38\":\"5\"}', 48.00, NULL, 'অতীতের ঘটনা, তথ্য বা প্রক্রিয়া গুলো স্মরণ করার সক্ষমতা পরিমিত।', NULL, 10318030003, 10318030003, '2020-02-25 15:35:12', '2020-02-25 15:35:12', 1),
(746, 10318030005, 5, 2, 0, 45, 2020, '07:09', 20, 9, 11, '{\"775\":\"1\",\"782\":\"4\",\"789\":\"2\",\"779\":\"1\",\"791\":\"1\",\"777\":\"4\",\"783\":\"1\",\"787\":\"2\",\"788\":\"2\",\"792\":\"2\",\"794\":\"2\",\"778\":\"2\",\"780\":\"4\",\"786\":\"4\",\"784\":\"2\",\"785\":\"1\",\"790\":\"4\",\"793\":\"2\",\"781\":\"4\",\"776\":\"4\"}', 9.00, 45.00, 'ডেটা ব্যাখ্যা করার জ্ঞান অত্যন্ত কম।', NULL, 10318030005, 10318030005, '2020-02-25 15:39:58', '2020-02-25 15:39:58', 1),
(747, 10318030003, 5, 2, 2, 68, 2020, '05:00', 15, 2, 13, '{\"70\":\"4\",\"63\":\"2\",\"66\":\"2\",\"67\":\"2\",\"69\":\"4\",\"57\":\"2\",\"59\":\"4\",\"68\":\"3\",\"60\":\"1\",\"65\":\"3\",\"58\":\"3\",\"56\":\"3\",\"64\":\"3\",\"61\":\"4\",\"62\":\"3\"}', 2.00, 13.33, 'তথ্য সংরক্ষণ, পরিচালনা এবং পুনরুদ্ধারের ক্ষমতা খুব কম।', NULL, 10318030003, 10318030003, '2020-02-25 15:40:36', '2020-02-25 15:40:36', 1);

-- --------------------------------------------------------

--
-- Table structure for table `bdedu_institute_info`
--

CREATE TABLE `bdedu_institute_info` (
  `school_id` int(11) NOT NULL,
  `school_name` varchar(255) DEFAULT NULL,
  `api_key` varchar(255) DEFAULT NULL,
  `api_base_url` varchar(100) NOT NULL,
  `short_code` varchar(100) NOT NULL,
  `address` varchar(250) DEFAULT NULL,
  `logo` varchar(250) DEFAULT NULL,
  `EIIN` varchar(50) NOT NULL,
  `establishment_date` date DEFAULT NULL,
  `sort_order` int(5) NOT NULL DEFAULT '1',
  `default_version` tinyint(3) DEFAULT NULL,
  `status` int(2) DEFAULT '1'
) ENGINE=InnoDB DEFAULT CHARSET=latin1;

--
-- Dumping data for table `bdedu_institute_info`
--

INSERT INTO `bdedu_institute_info` (`school_id`, `school_name`, `api_key`, `api_base_url`, `short_code`, `address`, `logo`, `EIIN`, `establishment_date`, `sort_order`, `default_version`, `status`) VALUES
(101, 'ASIYA BARI IDEAL SCHOOL', 'YQ4HqIwQiUrElGegj0D1dA253MLyRqUrltzAXcwOLxs=', 'http://localhost/bdeducation/', 'ABIS', NULL, NULL, '', NULL, 1, 3, 1),
(102, 'Mahmuda Khanam Memorial Academy', 'Upt5MRjMaQ50/DoO5lLbXN+PTr9Bv3wt98Hb+/hUYIo=', 'http://mkma.bdeducation.org.bd/', 'MKMA', NULL, NULL, '', NULL, 1, 3, 1),
(103, 'NIZKUNJARA KG ADARSHA BIDDALAY', 'fNI3yQPj6ngwdpDJfVRh/h2D1MvYgKAoTGQiveLPYe8=', 'http://192.168.0.196:81/nkabeims/', 'NKAB', NULL, NULL, '', NULL, 1, 3, 1),
(104, 'M A Rashid Memorial Academy', 'beHaTGLzu5lmDoJ786GssZZfID8JYA/JqB2XOpiwRpE=', 'http://localhost/bdeducation/', 'MARMA', 'Malancha,Melandha,Jamalpur', NULL, '', NULL, 1, 2, 1),
(302, 'Cambrian School and College', 'beHaTGLzu5lmDoJ786GssZZfID8JYA/JqB2XOpiwRpE=', 'http://localhost/eims/api/', 'Cambrian - Narayanganj', 'Islambug,Fatullah,Narayanganj', NULL, '', NULL, 1, 2, 1);

-- --------------------------------------------------------

--
-- Table structure for table `bdedu_iq_standard_marks`
--

CREATE TABLE `bdedu_iq_standard_marks` (
  `mark_row_id` int(11) NOT NULL,
  `school_row_id` int(3) DEFAULT '1',
  `mark_title` varchar(150) DEFAULT NULL,
  `mark` int(11) DEFAULT NULL,
  `status` tinyint(1) NOT NULL DEFAULT '0',
  `created_by` int(11) NOT NULL,
  `updated_by` int(11) NOT NULL,
  `created_at` datetime NOT NULL,
  `updated_at` datetime NOT NULL
) ENGINE=InnoDB DEFAULT CHARSET=latin1;

--
-- Dumping data for table `bdedu_iq_standard_marks`
--

INSERT INTO `bdedu_iq_standard_marks` (`mark_row_id`, `school_row_id`, `mark_title`, `mark`, `status`, `created_by`, `updated_by`, `created_at`, `updated_at`) VALUES
(1, 1, 'International Standard', 75, 0, 2, 2, '2019-07-04 10:32:03', '2019-07-04 10:32:03'),
(2, 1, 'Local Standard', 72, 1, 2, 2, '2019-07-04 10:32:12', '2019-07-04 10:32:12'),
(3, 1, 'General  Standard', 62, 0, 2, 2, '2019-07-04 10:32:27', '2019-07-04 10:32:27');

-- --------------------------------------------------------

--
-- Table structure for table `bdedu_master_classes`
--

CREATE TABLE `bdedu_master_classes` (
  `class_row_id` int(3) NOT NULL,
  `class_name` varchar(100) NOT NULL,
  `class_name_roman` varchar(100) NOT NULL,
  `sort_order` int(3) NOT NULL,
  `school_group` tinyint(1) NOT NULL,
  `created_by` int(11) NOT NULL,
  `updated_by` int(11) NOT NULL,
  `created_at` datetime DEFAULT NULL,
  `updated_at` datetime DEFAULT NULL
) ENGINE=InnoDB DEFAULT CHARSET=latin1;

--
-- Dumping data for table `bdedu_master_classes`
--

INSERT INTO `bdedu_master_classes` (`class_row_id`, `class_name`, `class_name_roman`, `sort_order`, `school_group`, `created_by`, `updated_by`, `created_at`, `updated_at`) VALUES
(1, 'One', 'I', 6, 2, 1, 1, '2016-09-06 11:00:00', '2016-09-06 11:00:00'),
(2, 'Two', 'II', 7, 2, 1, 1, '2016-09-06 11:00:00', '2016-09-06 11:00:00'),
(3, 'Three', 'III', 8, 2, 1, 1, '2016-09-06 11:00:00', '2016-09-06 11:00:00'),
(4, 'Four', 'IV', 9, 2, 1, 1, '2016-09-06 11:00:00', '2016-09-06 11:00:00'),
(5, 'Five', 'V', 10, 2, 1, 1, '2016-09-06 11:00:00', '2016-09-06 11:00:00'),
(6, 'Six', 'VI', 11, 3, 1, 1, '2016-09-06 11:00:00', '2016-09-06 11:00:00'),
(7, 'Seven', 'VII', 12, 3, 1, 1, '2016-09-06 11:00:00', '2016-09-06 11:00:00'),
(8, 'Eight', 'VIII', 13, 3, 1, 1, '2016-09-06 11:00:00', '2016-09-06 11:00:00'),
(9, 'Nine', 'IX', 14, 3, 1, 1, '2016-09-06 11:00:00', '2016-09-06 11:00:00'),
(10, 'Ten', 'X', 15, 3, 1, 1, '2016-09-06 11:00:00', '2016-09-06 11:00:00'),
(11, 'Eleven', 'XI', 16, 4, 1, 1, '2016-09-06 11:00:00', '2016-09-06 11:00:00'),
(12, 'Twelve', 'XII', 17, 4, 1, 1, '2016-09-06 11:00:00', '2016-09-06 11:00:00'),
(13, 'Pre Primary', 'Pre Primary', 1, 1, 1, 0, '2016-09-06 11:00:00', '2016-09-06 11:00:00'),
(14, 'Nursery', 'Nursery', 2, 1, 1, 0, '2016-09-06 11:00:00', '2016-09-06 11:00:00'),
(15, 'KG', 'KG', 3, 1, 1, 0, '2016-09-06 11:00:00', '2016-09-06 11:00:00'),
(16, 'KG-1', 'KG-1', 4, 1, 0, 0, '2016-09-06 11:00:00', '2016-09-06 11:00:00'),
(17, 'KG-2', 'KG-2', 5, 1, 0, 0, '2016-09-06 11:00:00', '2016-09-06 11:00:00');

-- --------------------------------------------------------

--
-- Table structure for table `bdedu_memory_exam_categories`
--

CREATE TABLE `bdedu_memory_exam_categories` (
  `memory_exam_category_row_id` int(11) NOT NULL,
  `module_row_id` int(11) NOT NULL,
  `school_row_id` int(3) DEFAULT NULL,
  `exam_category_name` varchar(255) NOT NULL,
  `exam_category_slug` varchar(255) NOT NULL,
  `icon_name` varchar(255) DEFAULT NULL,
  `is_time_base` tinyint(1) NOT NULL DEFAULT '1',
  `parent_id` int(11) DEFAULT NULL,
  `has_child` int(11) DEFAULT NULL,
  `level` int(11) DEFAULT NULL,
  `sort_order` int(3) NOT NULL DEFAULT '1',
  `status` tinyint(1) DEFAULT '1',
  `created_by` int(11) NOT NULL,
  `updated_by` int(11) DEFAULT NULL,
  `created_at` datetime DEFAULT CURRENT_TIMESTAMP,
  `updated_at` datetime DEFAULT CURRENT_TIMESTAMP
) ENGINE=InnoDB DEFAULT CHARSET=latin1;

--
-- Dumping data for table `bdedu_memory_exam_categories`
--

INSERT INTO `bdedu_memory_exam_categories` (`memory_exam_category_row_id`, `module_row_id`, `school_row_id`, `exam_category_name`, `exam_category_slug`, `icon_name`, `is_time_base`, `parent_id`, `has_child`, `level`, `sort_order`, `status`, `created_by`, `updated_by`, `created_at`, `updated_at`) VALUES
(1, 3, 1, 'Remembering and Recognition', 'rembering-recognition', NULL, 0, NULL, NULL, NULL, 1, 1, 2, 2, '2019-08-19 14:55:13', '2019-08-19 14:55:13'),
(2, 3, 1, 'Visual spatial & Verbal ', 'visual-spatial-verval', NULL, 1, NULL, NULL, NULL, 2, 1, 2, 2, '2019-08-19 14:56:24', '2019-08-19 14:56:24');

-- --------------------------------------------------------

--
-- Table structure for table `bdedu_memory_exam_questions`
--

CREATE TABLE `bdedu_memory_exam_questions` (
  `memory_question_row_id` int(11) NOT NULL,
  `education_type_row_id` int(11) NOT NULL,
  `class_row_id` text CHARACTER SET utf8 COLLATE utf8_unicode_ci COMMENT 'JSON Format Class',
  `module_row_id` int(11) NOT NULL,
  `school_row_id` int(3) DEFAULT NULL,
  `memory_exam_category_row_id` int(11) NOT NULL,
  `question_type` int(11) NOT NULL COMMENT '1 ~ Multiple Choice, 2 ~ Short Descriptive, 3 ~ Broad Descriptive',
  `question_title` text CHARACTER SET utf8 COLLATE utf8_unicode_ci,
  `question_title_attachment` varchar(255) CHARACTER SET utf8 COLLATE utf8_unicode_ci DEFAULT NULL COMMENT 'Image,Audio,Video',
  `question_title_answer` text CHARACTER SET utf8 COLLATE utf8_unicode_ci,
  `question_title_attachment_answer` varchar(255) CHARACTER SET utf8 COLLATE utf8_unicode_ci DEFAULT NULL,
  `question_level` text CHARACTER SET utf8 COLLATE utf8_unicode_ci COMMENT '1 ~ Foundation, 2 ~ Intermediate, 3 ~ Advance',
  `question_mimetype` int(3) DEFAULT NULL COMMENT '1 ~ Text Question, 2 ~ Image Question, 3 ~ Audio(MP3) Question, 4 ~ Video(MP4) Question',
  `answer_type` int(3) DEFAULT NULL COMMENT '1 ~ Text Answer, 2 ~ Image Answer',
  `mark_weight` int(3) NOT NULL DEFAULT '1',
  `answer_1` varchar(250) CHARACTER SET utf8 COLLATE utf8_unicode_ci DEFAULT NULL,
  `answer_2` varchar(250) CHARACTER SET utf8 COLLATE utf8_unicode_ci DEFAULT NULL,
  `answer_3` varchar(250) CHARACTER SET utf8 COLLATE utf8_unicode_ci DEFAULT NULL,
  `answer_4` varchar(250) CHARACTER SET utf8 COLLATE utf8_unicode_ci DEFAULT NULL,
  `is_correct_answer` int(3) DEFAULT NULL,
  `created_by` int(11) DEFAULT NULL,
  `updated_by` int(11) DEFAULT NULL,
  `created_at` datetime DEFAULT CURRENT_TIMESTAMP,
  `updated_at` datetime DEFAULT CURRENT_TIMESTAMP
) ENGINE=InnoDB DEFAULT CHARSET=latin1;

--
-- Dumping data for table `bdedu_memory_exam_questions`
--

INSERT INTO `bdedu_memory_exam_questions` (`memory_question_row_id`, `education_type_row_id`, `class_row_id`, `module_row_id`, `school_row_id`, `memory_exam_category_row_id`, `question_type`, `question_title`, `question_title_attachment`, `question_title_answer`, `question_title_attachment_answer`, `question_level`, `question_mimetype`, `answer_type`, `mark_weight`, `answer_1`, `answer_2`, `answer_3`, `answer_4`, `is_correct_answer`, `created_by`, `updated_by`, `created_at`, `updated_at`) VALUES
(1, 1, '[\"8\"]', 3, 1, 2, 1, NULL, '1566721990_memory_test_2_Q_part_1.png', 'Select the locations of green squares in the diagram', '1566721990_memory_test_Q_part_2.png', 'null', 2, 1, 1, 'a)	[ 6, 2]', '[ 7, 3]', '[ 7, 2]', '[ 1, 3]', 3, 2, 2, '2019-08-25 08:33:10', '2020-02-19 04:35:47'),
(2, 1, '[\"8\"]', 3, 1, 2, 1, NULL, '1566722095_memory_test_2_Q_part_1.png', 'Select the locations of Yellow squares in the diagram', '1566722095_memory_test_2_Q_part_2.png', 'null', 2, 1, 1, 'a)	[ 1, 4]', '[8, 3]', '[ 1, 3]', '[ 8, 4]', 4, 2, 2, '2019-08-25 08:34:55', '2020-02-19 04:35:59'),
(3, 1, '[\"8\"]', 3, 1, 2, 1, NULL, '1566723248_iq_l1_q11.jpg', 'What is the clock time you see?', NULL, 'null', 2, 1, 1, '5:30 PM', '6:300 PM', '7:30 PM', '11:30 PM', 3, 2, NULL, '2019-08-25 08:54:08', '2019-08-25 14:54:08'),
(4, 1, '[\"8\"]', 3, 1, 2, 1, NULL, '1566723433_sub_geo_l1_q8.jpg', 'What shape you see?', NULL, 'null', 2, 1, 1, 'Square', 'Rectangle', 'Polygon', 'Right-angled-Triangle', 4, 2, NULL, '2019-08-25 08:57:13', '2019-08-25 14:57:13'),
(5, 1, '[\"8\"]', 3, 1, 2, 1, NULL, '1566723665_sub_geo_l1_q14.jpg', 'What shape you see in picture?', NULL, 'null', 2, 1, 1, 'Circle', 'Cube', 'Sphare', 'Cylinder', 1, 2, NULL, '2019-08-25 09:01:05', '2019-08-25 15:01:05'),
(6, 1, '[\"8\"]', 3, 1, 2, 1, NULL, '1566723841_sub_geo_l1_q7.jpg', 'What shape you see in picture?', NULL, 'null', 2, 1, 1, 'Cube', 'Triangle', 'Square', 'Rectangle', 1, 2, NULL, '2019-08-25 09:04:01', '2019-08-25 15:04:01'),
(7, 1, '[\"8\"]', 3, 1, 2, 1, NULL, '1566724044_diag1_l3_8.jpg', 'What shape see in picture?', NULL, 'null', 2, 1, 1, 'Cylinder', 'Circle', 'Polygon', 'Quadric', 1, 2, NULL, '2019-08-25 09:07:24', '2019-08-25 15:07:24'),
(8, 1, '[\"8\"]', 3, 1, 2, 1, NULL, '1566725090_memory_apple_question.jpg', 'How Many appel you see in picture?', NULL, 'null', 2, 1, 1, '6', '9', '3', '1', 3, 2, NULL, '2019-08-25 09:24:50', '2019-08-25 15:24:50'),
(9, 1, '[\"8\"]', 3, 1, 2, 1, NULL, '1566725186_memory_question_3.jpg', 'How many Bannana in picture?', NULL, 'null', 2, 1, 1, '5', '7', '4', '3', 1, 2, NULL, '2019-08-25 09:26:26', '2019-08-25 15:26:26'),
(10, 1, '[\"8\"]', 3, 1, 2, 1, NULL, '1566725280_memory_test_question_6.jpg', 'How many pineappel you see in picture?', NULL, 'null', 2, 1, 1, '3', '5', '1', '2', 3, 2, NULL, '2019-08-25 09:28:00', '2019-08-25 15:28:01'),
(11, 2, '[\"3\",\"4\"]', 3, 1, 2, 1, '<strong>Look at the picture carefully.</strong>', '1582088123_Q1.png', '<strong>Select the locations of red squares in the previous diagram.</strong>', '1582088123_Q1A.png', '[\"1\"]', 2, 1, 1, '2, 6', '3,6', '4,5', '5, 3', 2, 2, 2, '2020-02-10 08:28:28', '2020-02-19 04:55:23'),
(12, 2, '[\"3\",\"4\"]', 3, 1, 2, 1, '<strong>Look at the picture carefully.</strong>', '1582088163_Q2.png', '<strong>Select the correct match of the previous picture.</strong>', NULL, '[\"1\"]', 2, 2, 1, '1582088163_Q2A1.png', '1582088163_Q2A2.png', '1582088163_Q2A3.png', '1582088163_Q2A4.png', 3, 2, 2, '2020-02-10 08:48:36', '2020-02-19 04:56:03'),
(13, 2, '[\"3\",\"4\"]', 3, 1, 2, 1, '<strong>Look at the shapes carefully.</strong>', '1582088439_Q3.png', '<strong>Which shape is not shown in the previous picture?</strong>', NULL, '[\"1\"]', 2, 2, 1, '1582088439_Q3A1.png', '1582088439_Q3A2.png', '1582088439_Q3A3.png', '1582088439_Q3A4.png', 3, 2, 2, '2020-02-10 08:49:48', '2020-02-19 05:00:39'),
(14, 2, '[\"3\",\"4\"]', 3, 1, 2, 1, '<strong>Look at the picture carefully.</strong>', '1582088462_Q4.png', '<strong>Which one of the following fruits was not shown before?</strong>', NULL, '[\"1\"]', 2, 2, 1, '1581324710_Q4A1.png', '1581324710_Q4A2.png', '1581324710_Q4A3.png', '1581324710_Q4A4.png', 3, 2, 2, '2020-02-10 08:51:50', '2020-02-19 05:01:02'),
(15, 2, '[\"3\",\"4\"]', 3, 1, 2, 1, '<strong>Look at the diagram carefully.</strong>', '1582088498_Q5.png', '<strong>Select the locations of &ldquo;A&rdquo; shown in the previous picture</strong>', '1582088498_Q5A.png', '[\"1\"]', 2, 1, 1, '2, 6', '5, 12', '4, 5', '5,3', 2, 2, 2, '2020-02-10 08:53:21', '2020-02-19 05:01:38'),
(16, 2, '[\"3\",\"4\"]', 3, 1, 2, 1, '<strong>Look at the diagram carefully.</strong>', '1582088530_Q6.png', '<strong>Which picture was shown in the previous diagram?</strong>', NULL, '[\"1\"]', 2, 2, 1, '1582088530_Q6A1.png', '1582088530_Q6A2.png', '1582088530_Q6A3.png', '1582088559_Q6A4.png', 2, 2, 2, '2020-02-10 08:54:34', '2020-02-19 05:02:39'),
(17, 2, '[\"3\",\"4\"]', 3, 1, 2, 1, '<strong>Look at the picture carefully.</strong>', '1582088596_Q7.png', '<strong>How&nbsp;many&nbsp;male&nbsp;were&nbsp;in&nbsp;the&nbsp;picture?</strong>', NULL, '[\"1\"]', 2, 1, 1, '2', '3', '4', '5', 2, 2, 2, '2020-02-10 08:55:32', '2020-02-19 05:03:16'),
(18, 2, '[\"3\",\"4\"]', 3, 1, 2, 1, '<strong>Look at the shapes carefully.</strong>', '1582088624_Q8.png', '<strong>Identify the correct shapes shown in the previous picture</strong>', '1582088624_Q8A.png', '[\"1\"]', 2, 1, 1, '2, 3', '4, 5', '3, 5', '2, 5', 4, 2, 2, '2020-02-10 08:56:48', '2020-02-19 05:03:44'),
(19, 2, '[\"3\",\"4\"]', 3, 1, 2, 1, '<strong>Look at the diagram carefully.</strong>', '1582088667_Q9.png', '<strong>Identify the correct letters shown in the previous diagram</strong><br />\r\n&nbsp;', '1582088667_Q9A.png', '[\"1\"]', 2, 1, 1, '2, 6', '3, 6', '4, 5', '1, 2', 4, 2, 2, '2020-02-10 09:12:26', '2020-02-19 05:04:27'),
(20, 2, '[\"3\",\"4\"]', 3, 1, 2, 1, '<strong>Look at the diagram carefully.</strong>', '1582088714_Q10.png', '<strong>Select the correct digit shown in the previous diagram</strong>', NULL, '[\"1\"]', 2, 1, 1, '8', '9', '6', '7', 2, 2, 2, '2020-02-10 09:13:47', '2020-02-19 05:05:14'),
(21, 2, '[\"3\",\"4\"]', 3, 1, 2, 1, NULL, '1582088758_Q11.png', '<strong>Select the correct letter and result of the given equation</strong>', NULL, '[\"1\"]', 2, 1, 1, 'P, 10', 'U, 10', 'O, 11', 'Q ,10', 4, 2, 2, '2020-02-10 09:15:03', '2020-02-19 05:05:58'),
(22, 2, '[\"3\",\"4\"]', 3, 1, 2, 1, '<strong>Look at the diagram carefully.</strong>', '1582088790_Q12.png', '<strong>Select the correct fruit</strong>', NULL, '[\"1\"]', 2, 2, 1, '1582088904_Q12A1.png', '1582088904_Q12A2.png', '1582088928_Q12A3.png', '1582088928_Q12A4.png', 4, 2, 2, '2020-02-10 09:17:10', '2020-02-19 05:08:48'),
(23, 2, '[\"3\",\"4\"]', 3, 1, 2, 1, '<strong>Read the sentence carefully </strong>', '1582088832_Q13.png', '<strong>Select the correct cap that was shown in the diagram </strong>', NULL, '[\"1\"]', 2, 2, 1, '1582088979_Q13A1.png', '1582088979_Q13A2.png', '1582088979_Q13A3.png', '1582088979_Q13A4.png', 3, 2, 2, '2020-02-10 09:18:37', '2020-02-19 05:09:39'),
(24, 2, '[\"3\",\"4\"]', 3, 1, 2, 1, '<strong>Look at the diagram carefully</strong>', '1582089037_Q14.png', '<strong>Select the correct position &ldquo;</strong><strong> G</strong><strong> &rdquo;</strong>', NULL, '[\"1\"]', 2, 2, 1, '1582089037_Q14A1.png', '1582089037_Q14A2.png', '1582089037_Q14A3.png', '1582089037_Q14A4.png', 2, 2, 2, '2020-02-10 09:19:53', '2020-02-19 05:10:37'),
(25, 2, '[\"3\",\"4\"]', 3, 1, 2, 1, '<strong>Look at the diagram carefully</strong>', '1582089059_Q15.png', '<strong>Select the correct position of the dog</strong>', '1582089059_Q15A.png', '[\"1\"]', 2, 1, 1, '2', '3', '4', '1', 2, 2, 2, '2020-02-10 09:21:11', '2020-02-19 05:10:59'),
(26, 3, '[\"3\",\"4\"]', 3, 1, 2, 1, '<strong>নিচের চিত্রটি লক্ষ্য কর।</strong>', '1582085338_Q1.png', '<strong>পূর্ববর্তী চিত্রে লাল বর্গ এর অবস্থান চিহ্নিত কর।</strong>', '1582085338_Q1A.png', '[\"1\"]', 2, 1, 1, '2, 6', '3, 6', '4, 5', '5, 3', 2, 2, 2, '2020-02-11 07:09:24', '2020-02-19 04:34:44'),
(27, 3, '[\"3\",\"4\"]', 3, 1, 2, 1, '<strong>নিচের চিত্রটি লক্ষ্য কর।</strong><br />\r\n&nbsp;', '1582085927_Q2.png', '<strong>পূর্ববর্তী চিত্রের সাথে নিচের কোন চিত্রের সম্পূর্ণ মিল আছে?</strong>', NULL, '[\"1\"]', 2, 2, 1, '1582086704_Q2A1.png', '1582086369_Q2A2.png', '1582086369_Q2A3.png', '1582086369_Q2A4.png', 3, 2, 2, '2020-02-11 07:11:53', '2020-02-19 04:31:44'),
(28, 3, '[\"3\",\"4\"]', 3, 1, 2, 1, '<strong>নিচের চিত্রটি লক্ষ্য কর।</strong>', '1582085984_Q3.png', '<strong>নিচের কোন আকারটি পূর্ববর্তী চিত্রে নেই?</strong>', NULL, '[\"1\"]', 2, 2, 1, '1581405193_Q3A1.png', '1581405193_Q3A2.png', '1581405193_Q3A3.png', '1581405193_Q3A4.png', 3, 2, 2, '2020-02-11 07:13:13', '2020-02-19 04:19:44'),
(29, 3, '[\"3\",\"4\"]', 3, 1, 2, 1, '<strong>নিচের চিত্রটি লক্ষ্য কর।</strong>', '1582086008_Q4.png', '<strong>নিচের কোন ফলটি পূর্ববর্তী চিত্রে নেই</strong><strong>?</strong>', NULL, '[\"1\"]', 2, 2, 1, '1581405321_Q4A1.png', '1581405321_Q4A2.png', '1581405321_Q4A3.png', '1581405321_Q4A4.png', 3, 2, 2, '2020-02-11 07:15:21', '2020-02-19 04:20:08'),
(30, 3, '[\"3\",\"4\"]', 3, 1, 2, 1, '<strong>নিচের ডায়াগ্রামটি লক্ষ্য কর।</strong>', '1582086046_Q5.png', '<strong>পূর্ববর্তী চিত্রে </strong><strong>&ldquo;A&rdquo; </strong><strong>এর অবস্থান চিহ্নিত কর। </strong>', '1582086046_Q5A.png', '[\"1\"]', 2, 1, 1, '2, 6', '5, 12', '4, 5', '5,3', 2, 2, 2, '2020-02-11 09:01:32', '2020-02-19 04:20:46'),
(31, 3, '[\"3\",\"4\"]', 3, 1, 2, 1, '<strong>নিচের ডায়াগ্রামটি লক্ষ্য কর।</strong>', '1582086080_Q6.png', '<strong>&nbsp;</strong><strong>পূর্ববর্তী ডায়াগ্রামে প্রদর্শিত সঠিক আকার কোনটি? </strong>', NULL, '[\"1\"]', 2, 2, 1, '1582086590_Q6A1.png', '1582086590_Q6A2.png', '1582086590_Q6A3.png', '1582086590_Q6A4.png', 2, 2, 2, '2020-02-11 09:03:15', '2020-02-19 05:58:30'),
(32, 3, '[\"3\",\"4\"]', 3, 1, 2, 1, '<strong>নিচের চিত্রটি লক্ষ্য কর।</strong><br />\r\n&nbsp;', '1582086122_Q7.png', '<strong>চিত্রে কত জন পুরুষ ছিল? </strong>', NULL, 'null', 2, 1, 1, '2', '3', '4', '5', 2, 2, 2, '2020-02-11 09:05:40', '2020-02-19 04:22:02'),
(33, 3, '[\"3\",\"4\"]', 3, 1, 2, 1, '<strong>নিচের চিত্রটি লক্ষ্য কর।</strong>', '1582086153_Q8.png', '<strong>পূর্ববর্তী চিত্রে প্রদর্শিত সঠিক আকারগুলি চিহ্নিত কর। </strong>', '1582086153_Q8A.png', 'null', 2, 1, 1, '2, 3', '4, 5', '3, 5', '2, 5', 4, 2, 2, '2020-02-11 09:07:00', '2020-02-19 04:22:33'),
(34, 3, '[\"3\",\"4\"]', 3, 1, 2, 1, '<strong>ডায়াগ্রামটি লক্ষ্য কর।</strong><br />\r\n&nbsp;', '1582086193_Q9.png', '<strong>পূর্ববর্তী ডায়াগ্রামে প্রদর্শিত সঠিক বর্ণগুলো চিহ্নিত কর।&nbsp;&nbsp; </strong>', '1582088058_Q9A.png', '[\"1\"]', 2, 1, 1, '2, 6', '3, 6', '4, 5', '1, 2', 4, 2, 2, '2020-02-11 09:08:37', '2020-02-19 04:54:18'),
(35, 3, '[\"3\",\"4\"]', 3, 1, 2, 1, '<strong>ডায়াগ্রামটি লক্ষ্য কর।</strong>', '1581412424_Q10.png', '<strong>পূর্ববর্তী ডায়াগ্রামের সঠিক অঙ্কটি চিহ্নিত কর।</strong>', NULL, 'null', 2, 1, 1, '8', '9', '6', '7', 2, 2, NULL, '2020-02-11 09:13:44', '2020-02-11 15:13:44'),
(36, 3, '[\"3\",\"4\"]', 3, 1, 2, 1, NULL, '1581412493_Q11.png', '<strong>সঠিক বর্ণ এবং ফলাফলটি চিহ্নিত কর।</strong>', NULL, '[\"1\"]', 2, 1, 1, 'P, 10', 'U, 10', 'O, 11', 'Q , 10', 4, 2, NULL, '2020-02-11 09:14:53', '2020-02-11 15:14:53'),
(37, 3, '[\"3\",\"4\"]', 3, 1, 2, 1, '<strong>ডায়াগ্রামটি লক্ষ্য কর।</strong>', '1581412564_Q12.png', '<strong>ডায়াগ্রামে দেখানো সঠিক ফলটি চিহ্নিত কর।&nbsp;</strong>', NULL, '[\"1\"]', 2, 2, 1, '1581412564_Q12A1.png', '1581412564_Q12A2.png', '1581412564_Q12A3.png', '1581412564_Q12A4.png', 4, 2, NULL, '2020-02-11 09:16:04', '2020-02-11 15:16:04'),
(38, 3, '[\"3\",\"4\"]', 3, 1, 2, 1, '<strong>ডায়াগ্রামটি লক্ষ্য কর।</strong>', '1581412633_Q13.png', '<strong>পূর্ববর্তী ডায়াগ্রামে প্রদর্শিত সঠিক টুপিটি চিহ্নিত কর।</strong>', NULL, '[\"1\"]', 2, 2, 1, '1581412633_Q13A1.png', '1581412633_Q13A2.png', '1581412633_Q13A3.png', '1581412633_Q13A4.png', 3, 2, NULL, '2020-02-11 09:17:13', '2020-02-11 15:17:13'),
(39, 3, '[\"3\",\"4\"]', 3, 1, 2, 1, '<strong>নিচের ডায়াগ্রামটি লক্ষ্য কর। </strong>', '1582086233_Q14.png', '<strong>&ldquo; G &rdquo; এর সঠিক আকৃতি চিহ্নিত কর।</strong>', NULL, '[\"1\"]', 2, 2, 1, '1581412698_Q14A1.png', '1581412698_Q14A2.png', '1581412698_Q14A3.png', '1581412698_Q14A4.png', 2, 2, 2, '2020-02-11 09:18:18', '2020-02-19 04:23:53'),
(40, 3, '[\"3\",\"4\"]', 3, 1, 2, 1, '<strong>নিচের ডায়াগ্রামটি লক্ষ্য কর। </strong>', '1582086294_Q15.png', '<strong>কুকুর এর সঠিক অবস্থান</strong><strong> </strong><strong>চিহ্নিত কর।</strong>', '1582086294_Q15A.png', '[\"1\"]', 2, 1, 1, '2', '3', '4', '1', 2, 2, 2, '2020-02-11 09:19:23', '2020-02-19 04:24:54'),
(41, 2, '[\"5\",\"6\"]', 3, 1, 2, 1, '<strong>Look at the picture carefully.</strong><br />\r\n&nbsp;', '1581582677_Q1.png', '<strong>Identify the locations of green squares in the diagram.</strong>', '1581582677_Q1A.png', '[\"1\"]', 2, 1, 1, '3,2,6', '1,3, 6', '1,4,5', '1,6,4', 4, 2, 2, '2020-02-13 08:31:17', '2020-02-19 05:47:09'),
(42, 2, '[\"5\",\"6\"]', 3, 1, 2, 1, '<strong>Look at the picture carefully</strong>', '1581582739_Q2.png', '<strong>Select the correct match</strong>', NULL, '[\"1\"]', 2, 2, 1, '1582092597_Q2A1.png', '1582092597_Q2A2.png', '1582092597_Q2A3.png', '1582092597_Q2A4.png', 4, 2, 2, '2020-02-13 08:32:19', '2020-02-19 06:09:57'),
(43, 2, '[\"5\",\"6\"]', 3, 1, 2, 1, '<strong>Look at the shapes carefully</strong>', '1581582811_Q3.png', '<strong>What shape was not shown in the previous diagram?</strong>', NULL, '[\"1\"]', 2, 2, 1, '1581582811_Q3A1.png', '1581582811_Q3A2.png', '1581582811_Q3A3.png', '1581582811_Q3A4.png', 2, 2, NULL, '2020-02-13 08:33:31', '2020-02-13 14:33:31'),
(44, 2, '[\"6\"]', 3, 1, 2, 1, '<strong>Look at the picture carefully</strong><br />\r\n&nbsp;', NULL, '<strong>What fruit was not shown in the previous picture?</strong>', NULL, '[\"1\"]', 1, 2, 1, '1581582873_Q4A1.png', '1581582873_Q4A2.png', '1581582873_Q4A3.png', '1581582873_Q4A4.png', 3, 2, NULL, '2020-02-13 08:34:33', '2020-02-13 14:34:33'),
(45, 2, '[\"5\",\"6\"]', 3, 1, 2, 1, '<strong>Look at the diagram carefully</strong>', '1581582955_Q5.png', '<strong>Select the locations of &ldquo;A&rdquo;</strong>', '1581582955_Q5A.png', '[\"1\"]', 2, 1, 1, '2,6,5', '5,3,12', '1,4,5', '2,5,3', 2, 2, NULL, '2020-02-13 08:35:55', '2020-02-13 14:35:55'),
(46, 2, '[\"5\",\"6\"]', 3, 1, 2, 1, '<strong>Look at the diagram carefully</strong><br />\r\n&nbsp;', '1582091675_Q6.png', '<strong>Select the correct match</strong>', NULL, '[\"1\"]', 2, 2, 1, '1582091675_Q6A1.png', '1582091675_Q6A2.png', '1582091675_Q6A3.png', '1582091675_Q6A4.png', 2, 2, 2, '2020-02-13 08:37:07', '2020-02-19 05:54:35'),
(47, 2, '[\"5\",\"6\"]', 3, 1, 2, 1, '<strong>Look at the picture carefully</strong>', '1581583822_Q7.png', '<strong>Which one the following balls did the boy have in his hand?</strong>', NULL, '[\"1\"]', 2, 2, 1, '1581583102_Q7A1.png', '1581583102_Q7A2.png', '1581583102_Q7A3.png', '1581583102_Q7A4.png', 3, 2, 2, '2020-02-13 08:38:22', '2020-02-13 08:50:22'),
(48, 2, '[\"5\",\"6\"]', 3, 1, 2, 1, '<strong>Look at the shapes carefully.</strong>', '1581583191_Q8.png', '<strong>Select the correct shapes</strong>', '1581583191_Q8A1.png', '[\"1\"]', 2, 1, 1, '1,2,4', '4,6,5', '4,1,3', '2,3 ,6', 4, 2, NULL, '2020-02-13 08:39:51', '2020-02-13 14:39:51'),
(49, 2, '[\"5\",\"6\"]', 3, 1, 2, 1, '<strong>Look at the diagram</strong>', '1581583279_Q9.png', '<strong>Select the correct letters shown in the previous diagram</strong>', '1581583279_Q9A1.png', '[\"1\"]', 2, 1, 1, '2,6', '3, 6', '4,5', '1, 3', 4, 2, NULL, '2020-02-13 08:41:19', '2020-02-13 14:41:19'),
(50, 2, '[\"5\",\"6\"]', 3, 1, 2, 1, '<strong>Read the sentence and remember the digit carefully.</strong>', '1581583344_Q10.png', '<strong>Select the correct digit</strong>', NULL, '[\"1\"]', 2, 1, 1, '22', '21', '11', '12', 4, 2, NULL, '2020-02-13 08:42:24', '2020-02-13 14:42:24'),
(51, 2, '[\"5\",\"6\"]', 3, 1, 2, 1, '<strong>Remember the letter in the diagram.</strong>', '1581583494_Q11.png', '<strong>Now solve the equation and remember the result.&nbsp;</strong><strong>Select the correct letters and result of the given equation</strong>', '1581583494_Q11A.png', '[\"1\"]', 2, 1, 1, 'P,Q,11', 'U,W, 10', 'O,W,9', 'Q,W,9', 4, 2, NULL, '2020-02-13 08:44:54', '2020-02-13 14:44:54'),
(52, 2, '[\"5\",\"6\"]', 3, 1, 2, 1, '<strong>Remember the shape and read the sentence carefully</strong>', '1581583599_Q12.png', '<strong>Select the correct shape of the diagram</strong>', NULL, '[\"1\"]', 2, 2, 1, '1581583599_Q12A1.png', '1581583599_Q12A2.png', '1581583599_Q12A3.png', '1581583599_Q12A4.png', 3, 2, NULL, '2020-02-13 08:46:39', '2020-02-13 14:46:39'),
(53, 2, '[\"5\",\"6\"]', 3, 1, 2, 1, '<strong>Remember the cap and read the sentence</strong>', '1581583662_Q13.png', '<strong>Select the correct cap</strong>', NULL, '[\"1\"]', 2, 2, 1, '1581583662_Q13A1.png', '1581583662_Q13A2.png', '1581583662_Q13A3.png', '1581583662_Q13A4.png', 2, 2, NULL, '2020-02-13 08:47:42', '2020-02-13 14:47:42'),
(54, 2, '[\"5\",\"6\"]', 3, 1, 2, 1, '<strong>Look at the diagram carefully</strong>', '1581583720_Q14.png', '<strong>Identify the correct position of &ldquo;M&rdquo;</strong>', '1581583720_Q14A.png', '[\"1\"]', 2, 1, 1, '2', '3', '4', '1', 4, 2, NULL, '2020-02-13 08:48:40', '2020-02-13 14:48:40'),
(55, 2, '[\"5\",\"6\"]', 3, 1, 2, 1, '<strong>Look at the diagram carefully</strong>', '1581583794_Q15.png', '<strong>Identify the correct positions of the dog and man</strong>', '1581583794_Q15A.png', '[\"1\"]', 2, 1, 1, '2,4', '3,6', '4,6', '1,2', 3, 2, NULL, '2020-02-13 08:49:54', '2020-02-13 14:49:54'),
(56, 3, '[\"5\",\"6\"]', 3, 1, 2, 1, '<strong>নিচের চিত্রটি লক্ষ্য কর।</strong>', '1581584258_Q1.png', '<strong>পূর্ববর্তী চিত্রে সবুজ বর্গ এর অবস্থান চিহ্নিত কর। </strong>', '1581584258_Q1A.png', '[\"1\"]', 2, 1, 1, '3,2,6', '1,3, 6', '1,4,5', '1,6,4', 4, 2, NULL, '2020-02-13 08:57:38', '2020-02-13 14:57:38'),
(57, 3, '[\"5\",\"6\"]', 3, 1, 2, 1, '<strong>নিচের চিত্রটি লক্ষ্য কর।</strong>', '1581584334_Q2.png', '<strong>পূর্ববর্তী চিত্রের সাথে নিচের কোন চিত্রের সম্পূর্ণ মিল আছে? </strong>', NULL, '[\"1\"]', 2, 2, 1, '1582092806_Q2A1.png', '1582092806_Q2A2.png', '1582092806_Q2A3.png', '1582092806_Q2A4.png', 4, 2, 2, '2020-02-13 08:58:54', '2020-02-19 06:13:26'),
(58, 3, '[\"5\",\"6\"]', 3, 1, 2, 1, '<strong>নিচের চিত্রটি লক্ষ্য কর।</strong>', '1581584392_Q3.png', '<strong>নিচের কোন আকারটি পূর্ববর্তী চিত্রে নেই?</strong>', NULL, '[\"1\"]', 2, 2, 1, '1581584392_Q3A1.png', '1581584392_Q3A2.png', '1581584392_Q3A3.png', '1581584392_Q3A4.png', 2, 2, NULL, '2020-02-13 08:59:52', '2020-02-13 14:59:52'),
(59, 3, '[\"5\",\"6\"]', 3, 1, 2, 1, '<strong>নিচের চিত্রটি লক্ষ্য কর।</strong>', '1581584454_Q4.png', '<strong>নিচের কোন ফলটি পূর্ববর্তী চিত্রে নেই</strong><strong>?</strong>', NULL, '[\"1\"]', 2, 2, 1, '1581584454_Q4A1.png', '1581584454_Q4A2.png', '1581584454_Q4A3.png', '1581584454_Q4A4.png', 3, 2, NULL, '2020-02-13 09:00:54', '2020-02-13 15:00:54'),
(60, 3, '[\"5\",\"6\"]', 3, 1, 2, 1, '<strong>নিচের ডায়াগ্রামটি লক্ষ্য কর।</strong>', '1581584543_Q5.png', '<strong>পূর্ববর্তী চিত্রে </strong><strong>&ldquo;A&rdquo; </strong><strong>এর অবস্থান চিহ্নিত কর। </strong>', '1581584543_Q5A.png', '[\"1\"]', 2, 1, 1, '2,6,5', '5,3,12', '1,4,5', '2,5,3', 2, 2, NULL, '2020-02-13 09:02:23', '2020-02-13 15:02:23'),
(61, 3, '[\"5\",\"6\"]', 3, 1, 2, 1, '<strong>নিচের ডায়াগ্রামটি লক্ষ্য কর।</strong>', '1582091969_Q6.png', '<strong>পূর্ববর্তী ডায়াগ্রামে প্রদর্শিত সঠিক আকার কোনটি?</strong>', NULL, '[\"1\"]', 2, 2, 1, '1582092155_Q2A1.png', '1582092155_Q2A2.png', '1582092155_Q2A3.png', '1582092155_Q2A4.png', 2, 2, 2, '2020-02-13 09:03:32', '2020-02-19 06:02:35'),
(62, 3, '[\"5\",\"6\"]', 3, 1, 2, 1, '<strong>নিচের চিত্রটি লক্ষ্য কর।</strong>', '1581584688_Q7.png', '<strong>চিত্রে ছেলেটির হাতে নিচের কোন বলটি ছিল? </strong>', NULL, '[\"1\"]', 2, 2, 1, '1581584688_Q7A1.png', '1581584688_Q7A2.png', '1581584688_Q7A3.png', '1581584688_Q7A4.png', 3, 2, NULL, '2020-02-13 09:04:48', '2020-02-13 15:04:48'),
(63, 3, '[\"5\",\"6\"]', 3, 1, 2, 1, '<strong>নিচের চিত্রটি লক্ষ্য কর।</strong>', '1581584764_Q8.png', '<strong>পূর্ববর্তী চিত্রে প্রদর্শিত সঠিক আকারগুলি চিহ্নিত কর। </strong>', '1581584764_Q8A1.png', '[\"1\"]', 2, 1, 1, '1,2,4', '4,6,5', '4,1,3', '2,3 ,6', 4, 2, NULL, '2020-02-13 09:06:04', '2020-02-13 15:06:04'),
(64, 3, '[\"5\",\"6\"]', 3, 1, 2, 1, '<strong>ডায়াগ্রামটি লক্ষ্য কর।</strong>', '1581584849_Q9.png', '<strong>পূর্ববর্তী ডায়াগ্রামে প্রদর্শিত সঠিক বর্ণগুলো চিহ্নিত কর।</strong>', '1581584849_Q9A1.png', '[\"1\"]', 2, 1, 1, '2,6', '3, 6', '4,5', '1, 3', 4, 2, NULL, '2020-02-13 09:07:29', '2020-02-13 15:07:29'),
(65, 3, '[\"5\",\"6\"]', 3, 1, 2, 1, '<strong>ডায়াগ্রামটি লক্ষ্য কর।</strong>', '1581584935_Q10.png', '<strong>পূর্ববর্তী ডায়াগ্রামের সঠিক অঙ্কটি&nbsp; চিহ্নিত কর।</strong>', NULL, '[\"1\"]', 2, 1, 1, '22', '21', '11', '12', 4, 2, NULL, '2020-02-13 09:08:55', '2020-02-13 15:08:55'),
(66, 3, '[\"5\",\"6\"]', 3, 1, 2, 1, '<strong>ডায়াগ্রামটি লক্ষ্য কর</strong>', '1581585079_Q11.png', '<strong>সমীকরণটি সমাধান করে সঠিক উত্তরটি মনে রাখ।</strong> <strong>সঠিক বর্ণ এবং ফলাফলটি চিহ্নিত কর।</strong>', '1581585079_Q11A.png', '[\"1\"]', 2, 1, 1, 'P,Q,11', 'U,W, 10', 'O,W,9', 'Q,W,9', 4, 2, NULL, '2020-02-13 09:11:19', '2020-02-13 15:11:19'),
(67, 3, '[\"5\",\"6\"]', 3, 1, 2, 1, '<strong>ডায়াগ্রামটি লক্ষ্য কর।</strong>', '1581585146_Q12.png', '<strong>ডায়াগ্রামে দেখানো সঠিক আকারটি চিহ্নিত কর।&nbsp;&nbsp; </strong>', NULL, '[\"1\"]', 2, 2, 1, '1581585146_Q12A1.png', '1581585146_Q12A2.png', '1581585146_Q12A3.png', '1581585146_Q12A4.png', 3, 2, 2, '2020-02-13 09:12:26', '2020-02-13 09:12:39'),
(68, 3, '[\"5\",\"6\"]', 3, 1, 2, 1, '<strong>ডায়াগ্রামটি লক্ষ্য কর।</strong>', '1581585267_Q13.png', '<strong>পূর্ববর্তী ডায়াগ্রামে প্রদর্শিত সঠিক টুপিটি চিহ্নিত কর।</strong>', NULL, '[\"1\"]', 2, 2, 1, '1582435203_Q13A1.png', '1582435260_Q13A2.png', '1581585267_Q13A3.png', '1581585267_Q13A4.png', 2, 2, 2, '2020-02-13 09:14:27', '2020-02-23 05:21:00'),
(69, 3, '[\"5\",\"6\"]', 3, 1, 2, 1, '<strong>নিচের ডায়াগ্রামটি লক্ষ্য কর।</strong>', '1581585377_Q14.png', '<strong>&ldquo;M&rdquo;</strong><strong> এর সঠিক আকৃতি</strong><strong> </strong><strong>চিহ্নিত কর।</strong>', '1581585377_Q14A.png', '[\"1\"]', 2, 1, 1, '2', '3', '4', '1', 4, 2, NULL, '2020-02-13 09:16:17', '2020-02-13 15:16:17'),
(70, 3, '[\"5\",\"6\"]', 3, 1, 2, 1, '<strong>নিচের ডায়াগ্রামটি লক্ষ্য কর</strong>', '1581585525_Q15.png', '<strong>কুকুর এবং মানুষ এর সঠিক অবস্থান</strong><strong> </strong><strong>চিহ্নিত কর।</strong>', '1581585525_Q15A.png', '[\"1\"]', 2, 1, 1, '2,4', '3,6', '4,6', '1,2', 3, 2, 2, '2020-02-13 09:18:45', '2020-02-13 09:19:00'),
(71, 2, '[\"7\",\"8\"]', 3, 1, 2, 1, '<strong>Look at the picture carefully.</strong>', '1582095109_Q1.png', '<strong>Identify the locations of green squares in the diagram.</strong>', '1582095109_Q1A.png', 'null', 2, 1, 1, '3,2,6', '1,3, 6', '1,4,5', '2,8,10', 4, 2, 2, '2020-02-18 06:22:38', '2020-02-19 06:51:49'),
(72, 2, '[\"7\",\"8\"]', 3, 1, 2, 1, '<strong>Look at the picture carefully.</strong>', '1582095143_Q2.png', '<strong>Select the correct match.</strong>', NULL, 'null', 2, 2, 1, '1582095143_Q2A1.png', '1582095143_Q2A2.png', '1582095143_Q2A3.png', '1582095143_Q2A4.png', 3, 2, 2, '2020-02-18 06:23:42', '2020-02-19 06:52:23'),
(73, 2, '[\"7\",\"8\"]', 3, 1, 2, 1, '<strong>Look at the shapes carefully</strong>', '1582095221_Q3.png', '<strong>What shape was not shown in the previous diagram?</strong>', NULL, 'null', 2, 2, 1, '1582007080_Q3A1.png', '1582007080_Q3A2.png', '1582007080_Q3A3.png', '1582007080_Q3A4.png', 1, 2, 2, '2020-02-18 06:24:40', '2020-02-19 06:53:41'),
(74, 2, '[\"7\",\"8\"]', 3, 1, 2, 1, '<strong>Look at the diagram carefully</strong>', '1582095242_Q4.png', '<strong>Select the locations of &ldquo;A&rdquo;</strong>', '1582095242_Q4A.png', 'null', 2, 1, 1, '2,6,5,7', '5,3,12,14', '1,4,5,13', '2,5,3,13', 2, 2, 2, '2020-02-18 06:25:57', '2020-02-19 06:54:02'),
(75, 2, '[\"7\",\"8\"]', 3, 1, 2, 1, '<strong>Look at the diagram carefully</strong>', '1582095205_Q5.png', '<strong>Select the correct match</strong>', NULL, 'null', 2, 2, 1, '1582095205_Q5A1.png', '1582095205_Q5A2.png', '1582095205_Q5A3.png', '1582095205_Q5A4.png', 3, 2, 2, '2020-02-18 06:27:36', '2020-02-19 06:53:25'),
(76, 2, '[\"7\",\"8\"]', 3, 1, 2, 1, '<strong>Look at the picture carefully</strong>', '1582095260_Q6.png', '<strong>How many students raised their hands in the picture?</strong>', NULL, 'null', 2, 1, 1, '4', '3', '2', '1', 3, 2, 2, '2020-02-18 06:29:02', '2020-02-19 06:54:20'),
(77, 2, '[\"7\",\"8\"]', 3, 1, 2, 1, '<strong>Look at the diagram carefully</strong>', '1582095282_Q7.png', '<strong>Identify the locations of &ldquo;Birds&rdquo;</strong>', '1582095282_Q7A.png', 'null', 2, 1, 1, '4,2', '1,3', '1,4', '2,5', 4, 2, 2, '2020-02-18 06:30:21', '2020-02-19 06:54:42'),
(78, 2, '[\"7\",\"8\"]', 3, 1, 2, 1, '<strong>Remember the letters in the diagram</strong>', '1582095308_Q8.png', '<strong>Select the correct letters shown in the previous diagram</strong>', '1582095308_Q8A.png', 'null', 2, 1, 1, '2,6,1', '3, 6,5', '4,5,6', '1, 3, 4', 4, 2, 2, '2020-02-18 06:31:42', '2020-02-19 06:55:08'),
(79, 2, '[\"7\",\"8\"]', 3, 1, 2, 1, '<strong>Solve the equation</strong>', '1582095330_Q9.png', '<strong>Select the correct answer</strong>', NULL, 'null', 2, 1, 1, '12', '6', '5', '10', 3, 2, 2, '2020-02-18 06:32:47', '2020-02-19 06:55:30'),
(80, 2, '[\"7\",\"8\"]', 3, 1, 2, 1, '<strong>Read the sentence and remember the digits carefully.</strong>', '1582095353_Q10.png', '<br />\r\n<strong>Select the correct digits</strong>', NULL, 'null', 2, 1, 1, '9,22', '21,12', '11,9', '9,12', 4, 2, 2, '2020-02-18 06:33:45', '2020-02-19 06:55:53'),
(81, 2, '[\"7\",\"8\"]', 3, 1, 2, 1, '<strong>Remember the letter in the diagram</strong>', '1582095376_Q11.png', '<strong>Now solve the equation and remember the result.</strong> <strong>Select the correct letters and result of the given equation</strong>', '1582095376_Q11A.png', 'null', 2, 1, 1, 'P,Q,S,7', 'U,W,P,6', 'O,W,U,5', 'Q,W,Z,5', 4, 2, 2, '2020-02-18 06:36:14', '2020-02-19 06:56:16'),
(82, 2, '[\"7\",\"8\"]', 3, 1, 2, 1, '<strong>&nbsp;Remember the caps and read the sentence carefully</strong>', '1582095395_Q12.png', '<strong>Select the correct caps.</strong>', NULL, 'null', 2, 2, 1, '1582007832_Q12A1.png', '1582007832_Q12A2.png', '1582007832_Q12A3.png', '1582007832_Q12A4.png', 3, 2, 2, '2020-02-18 06:37:12', '2020-02-19 06:56:35'),
(83, 2, '[\"7\",\"8\"]', 3, 1, 2, 1, '<strong>Remember the fruits and read the sentence</strong>', '1582095414_Q13.png', '<strong>Select the correct fruits.</strong>', NULL, 'null', 2, 2, 1, '1582007896_Q13A1.png', '1582007896_Q13A2.png', '1582007896_Q13A3.png', '1582007896_Q13A4.png', 4, 2, 2, '2020-02-18 06:38:16', '2020-02-19 06:56:54'),
(84, 2, '[\"7\",\"8\"]', 3, 1, 2, 1, '<strong>Look at the diagram carefully</strong>', '1582095432_Q14.png', '<strong>Identify the correct position of &ldquo;M&rdquo; and &ldquo;G&rdquo;</strong>', '1582095432_Q14A.png', '[\"1\"]', 2, 1, 1, '2,1', '3,5', '4,2', '1,4', 1, 2, 2, '2020-02-18 06:40:56', '2020-02-19 06:57:12'),
(85, 2, '[\"7\",\"8\"]', 3, 1, 2, 1, '<strong>Look at the diagram carefully</strong>', '1582095447_Q15.png', '<strong>Identify the correct position of &ldquo;M&rdquo; and &ldquo;Man&rdquo;</strong>', '1582095447_Q15A.png', '[\"1\"]', 2, 1, 1, '2,4', '3,6', '4,6', '1,2', 1, 2, 2, '2020-02-18 06:42:11', '2020-02-19 06:57:27'),
(86, 3, '[\"7\",\"8\"]', 3, 1, 2, 1, '<strong>নিচের চিত্রটি লক্ষ্য কর।</strong>', '1582435988_Q1.png', '<strong>পূর্ববর্তী চিত্রে সবুজ বর্গ এর অবস্থান চিহ্নিত কর। </strong>', '1582435988_Q1A.png', '[\"1\"]', 2, 1, 1, '3,2,6', '1,3, 6', '1,4,5', '2,8,10', 4, 2, NULL, '2020-02-23 05:33:08', '2020-02-23 11:33:08'),
(87, 3, '[\"7\",\"8\"]', 3, 1, 2, 1, '<strong>নিচের চিত্রটি লক্ষ্য কর।</strong><br />\r\n&nbsp;', '1582436278_Q2.png', '<strong>পূর্ববর্তী চিত্রের সাথে নিচের কোন চিত্রের সম্পূর্ণ মিল আছে? </strong>', NULL, '[\"1\"]', 2, 2, 1, '1582436278_Q2A1.png', '1582436278_Q2A2.png', '1582436278_Q2A3.png', '1582436278_Q2A4.png', 3, 2, 2, '2020-02-23 05:37:58', '2020-02-23 05:58:35'),
(88, 3, '[\"7\",\"8\"]', 3, 1, 2, 1, '<strong>নিচের চিত্রটি লক্ষ্য কর।</strong><br />\r\n&nbsp;', '1582436347_Q3.png', '<strong>নিচের কোন আকারটি পূর্ববর্তী চিত্রে নেই?</strong>', NULL, 'null', 2, 2, 1, '1582436347_Q3A1.png', '1582436347_Q3A2.png', '1582436347_Q3A3.png', '1582436347_Q3A4.png', 1, 2, NULL, '2020-02-23 05:39:07', '2020-02-23 11:39:07'),
(89, 3, '[\"7\",\"8\"]', 3, 1, 2, 1, '<strong>নিচের ডায়াগ্রামটি লক্ষ্য কর।</strong>', '1582436445_Q4.png', '<strong>&nbsp;&ldquo;A&rdquo;&nbsp; </strong><strong>এর সঠিক অবস্থান চিহ্নিত কর।&nbsp; </strong>', '1582436445_Q4A.png', '[\"1\"]', 2, 1, 1, '2,6,5,7', '5,3,12,14', '1,4,5,13', '2,5,3,13', 2, 2, NULL, '2020-02-23 05:40:45', '2020-02-23 11:40:45'),
(90, 3, '[\"7\",\"8\"]', 3, 1, 2, 1, '<strong>নিচের ডায়াগ্রামটি লক্ষ্য কর।</strong><br />\r\n<br />\r\n&nbsp;', '1582436520_Q5.png', '<strong>পূর্ববর্তী ডায়াগ্রামে প্রদর্শিত সঠিক আকার কোনটি?</strong>', NULL, 'null', 2, 2, 1, '1582436520_Q5A1.png', '1582436520_Q5A2.png', '1582436520_Q5A3.png', '1582436520_Q5A4.png', 3, 2, NULL, '2020-02-23 05:42:00', '2020-02-23 11:42:00'),
(91, 3, '[\"7\",\"8\"]', 3, 1, 2, 1, '<strong>নিচের চিত্রটি লক্ষ্য কর।</strong><br />\r\n&nbsp;', '1582436568_Q6.png', '<strong>চিত্রে কতজন শিক্ষার্থী তাদের হাত তুলেছিল?&nbsp;</strong>', NULL, '[\"1\"]', 2, 1, 1, '4', '3', '2', '1', 3, 2, NULL, '2020-02-23 05:42:48', '2020-02-23 11:42:48'),
(92, 3, '[\"7\",\"8\"]', 3, 1, 2, 1, '<strong>নিচের ডায়াগ্রামটি লক্ষ্য কর।</strong>', '1582436640_Q7.png', '<strong>&ldquo;পাখিগুলোর&rdquo;</strong><strong> </strong><strong>এর সঠিক অবস্থান চিহ্নিত কর।</strong>', '1582436640_Q7A.png', '[\"1\"]', 2, 1, 1, '4,2', '1,3', '1,4', '2,5', 4, 2, NULL, '2020-02-23 05:44:00', '2020-02-23 11:44:00'),
(93, 3, '[\"7\",\"8\"]', 3, 1, 2, 1, '<strong>নিচের ডায়াগ্রামটি লক্ষ্য কর।</strong>', '1582436713_Q8.png', '<strong>পূর্ববর্তী ডায়াগ্রামে প্রদর্শিত সঠিক বর্ণগুলো চিহ্নিত কর।</strong>', '1582436713_Q8A.png', '[\"1\"]', 2, 1, 1, '2,6,1', '3, 6,5', '4,5,6', '1, 3,4', 4, 2, NULL, '2020-02-23 05:45:13', '2020-02-23 11:45:13'),
(94, 3, '[\"7\",\"8\"]', 3, 1, 2, 1, '<strong>সমীকরণটি সমাধান কর</strong>', '1582436779_Q9.png', '<strong>সঠিক উত্তরটি চিহ্নিত কর।</strong>', NULL, '[\"1\"]', 2, 1, 1, '12', '6', '5', '10', 3, 2, 2, '2020-02-23 05:46:19', '2020-02-23 05:58:18'),
(95, 3, '[\"7\",\"8\"]', 3, 1, 2, 1, '<strong>ডায়াগ্রামটি লক্ষ্য কর।</strong>', '1582436921_Q10.png', '<strong>পূর্ববর্তী ডায়াগ্রামের সঠিক অঙ্কদ্বয় চিহ্নিত কর।</strong>', NULL, '[\"1\"]', 2, 1, 1, '9,22', '21,12', '11,9', '9,12', 4, 2, 2, '2020-02-23 05:48:41', '2020-02-23 06:14:35'),
(96, 3, '[\"7\",\"8\"]', 3, 1, 2, 1, '<strong>ডায়াগ্রামটি লক্ষ্য কর।&nbsp;সমীকরণটি সমাধান করে সঠিক উত্তরটি মনে রাখ।</strong>', '1582437033_Q11.png', '<br />\r\n<strong>সঠিক বর্ণ এবং ফলাফল চিহ্নিত কর।</strong>', '1582437033_Q11A.png', '[\"1\"]', 2, 1, 1, 'P,Q,S,7', 'U,W,P,6', 'O,W,U,5', 'Q,W,Z,5', 4, 2, 2, '2020-02-23 05:50:33', '2020-02-23 05:58:08'),
(97, 3, '[\"7\",\"8\"]', 3, 1, 2, 1, '<strong>ডায়াগ্রামটি লক্ষ্য কর।</strong>', '1582437140_Q12.png', '<strong>পূর্ববর্তী ডায়াগ্রামে প্রদর্শিত সঠিক টুপিগুলো চিহ্নিত কর।&nbsp;</strong>', NULL, '[\"1\"]', 2, 2, 1, '1582437140_Q12A1.png', '1582437140_Q12A2.png', '1582437140_Q12A3.png', '1582437140_Q12A4.png', 3, 2, 2, '2020-02-23 05:52:20', '2020-02-23 05:57:57'),
(98, 3, '[\"7\",\"8\"]', 3, 1, 2, 1, '<strong>নিচের ডায়াগ্রামটি লক্ষ্য কর।</strong><br />\r\n&nbsp;', '1582437258_Q13.png', '<strong>পূর্ববর্তী ডায়াগ্রামে প্রদর্শিত সঠিক ফলগুলো চিহ্নিত কর।&nbsp;&nbsp; </strong>', NULL, '[\"1\"]', 2, 2, 1, '1582437258_Q13A1.png', '1582437258_Q13A2.png', '1582437258_Q13A3.png', '1582437258_Q13A4.png', 4, 2, 2, '2020-02-23 05:54:18', '2020-02-23 05:57:46'),
(99, 3, '[\"7\",\"8\"]', 3, 1, 2, 1, '<strong>নিচের ডায়াগ্রামটি লক্ষ্য কর।</strong>', '1582437344_Q14.png', '<strong>&ldquo;M&rdquo;</strong><strong> &nbsp;এবং </strong><strong>&ldquo;G&rdquo; </strong><strong>এর সঠিক আকৃতি</strong><strong> </strong><strong>চিহ্নিত কর।</strong>', '1582437344_Q14A.png', '[\"1\"]', 2, 1, 1, '2,1', '3,5', '4,2', '1,4', 1, 2, NULL, '2020-02-23 05:55:44', '2020-02-23 11:55:44'),
(100, 3, '[\"7\",\"8\"]', 3, 1, 2, 1, '<strong>নিচের ডায়াগ্রামটি লক্ষ্য কর।</strong>', '1582437415_Q15.png', '<strong>&nbsp;&ldquo;M&rdquo; </strong><strong>এবং মানুষ এর সঠিক অবস্থান</strong><strong> </strong><strong>চিহ্নিত কর।&nbsp;&nbsp;&nbsp;</strong>', '1582437415_Q15A.png', '[\"1\"]', 2, 1, 1, '2,4', '3,6', '4,6', '1,2', 1, 2, NULL, '2020-02-23 05:56:55', '2020-02-23 11:56:55');

-- --------------------------------------------------------

--
-- Table structure for table `bdedu_modules`
--

CREATE TABLE `bdedu_modules` (
  `module_row_id` int(11) NOT NULL,
  `school_row_id` int(3) DEFAULT NULL,
  `module_name` varchar(255) NOT NULL,
  `module_slug` varchar(255) NOT NULL,
  `sort_order` int(3) NOT NULL DEFAULT '1',
  `status` tinyint(1) NOT NULL DEFAULT '1',
  `created_by` int(11) NOT NULL,
  `updated_by` int(11) NOT NULL,
  `created_at` datetime NOT NULL,
  `updated_at` datetime NOT NULL
) ENGINE=InnoDB DEFAULT CHARSET=latin1;

--
-- Dumping data for table `bdedu_modules`
--

INSERT INTO `bdedu_modules` (`module_row_id`, `school_row_id`, `module_name`, `module_slug`, `sort_order`, `status`, `created_by`, `updated_by`, `created_at`, `updated_at`) VALUES
(1, 1, 'IIDP', 'iidp', 1, 1, 2, 2, '2019-04-17 00:00:00', '2019-04-17 00:00:00'),
(2, 1, 'ECDP', 'ecdp', 2, 1, 2, 2, '2019-04-17 00:00:00', '2019-04-17 00:00:00'),
(3, 1, 'MSDP', 'msdp', 3, 1, 2, 2, '2019-04-17 09:42:00', '2019-04-17 00:00:00'),
(4, 1, 'BCDP', 'bcdp', 4, 1, 2, 2, '2019-04-17 09:42:00', '2019-04-17 00:00:00'),
(5, 1, 'SSDP', 'ssdp', 5, 1, 2, 2, '2019-04-17 09:42:00', '2019-04-17 09:44:07'),
(6, 1, 'HMMS', 'hmms', 6, 1, 2, 2, '2019-04-17 09:42:00', '2019-04-17 09:44:07');

-- --------------------------------------------------------

--
-- Table structure for table `bdedu_psychology_categories`
--

CREATE TABLE `bdedu_psychology_categories` (
  `psychology_exam_category_row_id` int(11) NOT NULL,
  `module_row_id` int(11) NOT NULL,
  `school_row_id` int(3) DEFAULT NULL,
  `exam_category_name` varchar(255) NOT NULL,
  `exam_category_slug` varchar(255) NOT NULL,
  `icon_name` varchar(255) DEFAULT NULL,
  `parent_id` int(11) DEFAULT NULL,
  `has_child` int(11) DEFAULT NULL,
  `level` int(11) DEFAULT NULL,
  `sort_order` int(3) NOT NULL DEFAULT '1',
  `status` tinyint(1) DEFAULT '1',
  `created_by` int(11) NOT NULL,
  `updated_by` int(11) DEFAULT NULL,
  `created_at` datetime DEFAULT CURRENT_TIMESTAMP,
  `updated_at` datetime DEFAULT CURRENT_TIMESTAMP
) ENGINE=InnoDB DEFAULT CHARSET=latin1;

--
-- Dumping data for table `bdedu_psychology_categories`
--

INSERT INTO `bdedu_psychology_categories` (`psychology_exam_category_row_id`, `module_row_id`, `school_row_id`, `exam_category_name`, `exam_category_slug`, `icon_name`, `parent_id`, `has_child`, `level`, `sort_order`, `status`, `created_by`, `updated_by`, `created_at`, `updated_at`) VALUES
(1, 3, 1, 'Maths Anxiety symptoms (Internal and External)', 'maths-anxiety-symptoms', NULL, NULL, NULL, NULL, 1, 1, 2, 2, '2019-05-12 11:14:24', '2019-06-17 08:40:33'),
(2, 3, 1, 'Past Experience', 'past-experience', NULL, NULL, NULL, NULL, 2, 1, 2, 2, '2019-05-12 11:14:24', '2019-06-17 08:40:58'),
(3, 3, 1, 'Learning Habit', 'learning-habit', NULL, NULL, NULL, NULL, 3, 1, 2, 2, '2019-05-12 11:14:33', '2019-06-17 08:41:39'),
(4, 3, 1, 'Productive / Mathematical Disposition', 'productive-mathematical-disposition', NULL, NULL, NULL, NULL, 4, 1, 2, 2, '2019-05-12 12:18:17', '2019-06-17 08:42:25');

-- --------------------------------------------------------

--
-- Table structure for table `bdedu_psychology_questions`
--

CREATE TABLE `bdedu_psychology_questions` (
  `psychology_question_row_id` int(11) NOT NULL,
  `school_row_id` int(11) DEFAULT NULL,
  `education_type_row_id` int(11) NOT NULL,
  `class_row_id` text CHARACTER SET utf8 COLLATE utf8_unicode_ci,
  `module_row_id` int(11) DEFAULT NULL,
  `psychology_exam_category_row_id` int(11) DEFAULT NULL,
  `question_title` varchar(255) CHARACTER SET utf8 COLLATE utf8_unicode_ci DEFAULT NULL,
  `question_title_attachment` varchar(255) CHARACTER SET utf8 COLLATE utf8_unicode_ci DEFAULT NULL,
  `question_level` text CHARACTER SET utf8 COLLATE utf8_unicode_ci COMMENT '1 ~ Foundation, 2 ~ Intermediate, 3 ~ Advance',
  `updated_by` int(11) DEFAULT NULL,
  `updated_at` datetime DEFAULT CURRENT_TIMESTAMP,
  `created_at` datetime DEFAULT CURRENT_TIMESTAMP,
  `created_by` int(11) DEFAULT NULL,
  `answer_1` varchar(255) CHARACTER SET utf8 COLLATE utf8_unicode_ci DEFAULT NULL,
  `marks_1` int(2) DEFAULT NULL,
  `answer_2` varchar(255) CHARACTER SET utf8 COLLATE utf8_unicode_ci DEFAULT NULL,
  `marks_2` int(2) DEFAULT NULL,
  `answer_3` varchar(255) CHARACTER SET utf8 COLLATE utf8_unicode_ci DEFAULT NULL,
  `marks_3` int(2) DEFAULT NULL,
  `answer_4` varchar(255) CHARACTER SET utf8 COLLATE utf8_unicode_ci DEFAULT NULL,
  `marks_4` int(2) DEFAULT NULL,
  `answer_5` varchar(255) CHARACTER SET utf8 COLLATE utf8_unicode_ci DEFAULT NULL,
  `marks_5` int(2) DEFAULT NULL
) ENGINE=InnoDB DEFAULT CHARSET=latin1;

--
-- Dumping data for table `bdedu_psychology_questions`
--

INSERT INTO `bdedu_psychology_questions` (`psychology_question_row_id`, `school_row_id`, `education_type_row_id`, `class_row_id`, `module_row_id`, `psychology_exam_category_row_id`, `question_title`, `question_title_attachment`, `question_level`, `updated_by`, `updated_at`, `created_at`, `created_by`, `answer_1`, `marks_1`, `answer_2`, `marks_2`, `answer_3`, `marks_3`, `answer_4`, `marks_4`, `answer_5`, `marks_5`) VALUES
(1, 1, 1, '[\"8\"]', 3, 1, 'I have visible signs of nervousness (sweaty palms, shaky hands, and so on) right before a test.', NULL, 'null', NULL, '2019-06-09 17:14:09', '2019-06-09 11:14:09', 2, 'Strongly Agree', 5, 'Agree', 4, 'Not Agree', 3, 'Strongly Not Agree', 2, 'None of them', 1),
(2, 1, 1, '[\"8\"]', 3, 1, 'I have &ldquo;butterflies / empty feelings&rdquo; in my stomach before a test.', NULL, 'null', NULL, '2019-06-09 17:15:33', '2019-06-09 11:15:33', 2, 'Strongly Agree', 5, 'Agree', 4, 'Not Agree', 3, 'Strongly Not Agree', 2, 'None of them', 1),
(3, 1, 1, '[\"8\"]', 3, 1, 'I feel nauseous / uneasy before a test.', NULL, 'null', NULL, '2019-06-09 17:16:08', '2019-06-09 11:16:08', 2, 'Strongly Agree', 5, 'Agree', 4, 'Not Agree', 3, 'Strongly Not Agree', 2, 'None of them', 1),
(4, 1, 1, '[\"8\"]', 3, 1, 'I have trouble sleeping the night before a test.', NULL, 'null', NULL, '2019-06-09 17:27:38', '2019-06-09 11:27:38', 2, 'Strongly Agree', 5, 'Agree', 4, 'Not Agree', 3, 'Strongly Not Agree', 2, 'None of them', 1),
(5, 1, 1, '[\"8\"]', 3, 1, 'I panic before and during a test.', NULL, 'null', NULL, '2019-06-09 17:28:08', '2019-06-09 11:28:08', 2, 'Strongly Agree', 5, 'Agree', 4, 'Not Agree', 3, 'Strongly Not Agree', 2, 'None of them', 1),
(6, 1, 1, '[\"8\"]', 3, 1, 'My mouth becomes dry and my body breaks out in sweat.', NULL, 'null', NULL, '2019-06-09 17:28:43', '2019-06-09 11:28:43', 2, 'Strongly Agree', 5, 'Agree', 4, 'Not Agree', 3, 'Strongly Not Agree', 2, 'None of them', 1),
(7, 1, 1, '[\"8\"]', 3, 1, 'Math tests are always more stressful to me than other tests.', NULL, 'null', NULL, '2019-06-09 17:29:16', '2019-06-09 11:29:16', 2, 'Strongly Agree', 5, 'Agree', 4, 'Not Agree', 3, 'Strongly Not Agree', 2, 'None of them', 1),
(8, 1, 1, '[\"8\"]', 3, 1, 'When I go through the test paper I feel that I do not know any of the answers.', NULL, 'null', NULL, '2019-06-09 17:29:55', '2019-06-09 11:29:55', 2, 'Strongly Agree', 5, 'Agree', 4, 'Not Agree', 3, 'Strongly Not Agree', 2, 'None of them', 1),
(9, 1, 1, '[\"8\"]', 3, 1, 'I always suffer from &lsquo;fear of failure&rsquo; (fear of what others might say in case of my failure)', NULL, 'null', NULL, '2019-06-09 17:30:23', '2019-06-09 11:30:23', 2, 'Strongly Agree', 5, 'Agree', 4, 'Not Agree', 3, 'Strongly Not Agree', 2, 'None of them', 1),
(10, 1, 1, '[\"8\"]', 3, 1, 'I have trouble in choosing questions in the test.', NULL, 'null', NULL, '2019-06-09 17:31:15', '2019-06-09 11:31:15', 2, 'Strongly Agree', 5, 'Agree', 4, 'Not Agree', 3, 'Strongly Not Agree', 2, 'None of them', 1),
(11, 1, 1, '[\"8\"]', 3, 2, 'I have been punished or embarrassed in math class for not understanding something.', NULL, 'null', NULL, '2019-06-09 17:32:17', '2019-06-09 11:32:17', 2, 'Strongly Agree', 5, 'Agree', 4, 'Not Agree', 3, 'Strongly Not Agree', 2, 'None of them', 1),
(12, 1, 1, '[\"8\"]', 3, 2, 'I had a break from study/ long discontinuation and since then I found mathematics challenging.', NULL, 'null', NULL, '2019-06-09 17:32:47', '2019-06-09 11:32:47', 2, 'Strongly Agree', 5, 'Agree', 4, 'Not Agree', 3, 'Strongly Not Agree', 2, 'None of them', 1),
(13, 1, 1, '[\"8\"]', 3, 2, 'I am always worried about being called on or questioned in the math class.', NULL, 'null', NULL, '2019-06-09 17:33:22', '2019-06-09 11:33:22', 2, 'Strongly Agree', 5, 'Agree', 4, 'Not Agree', 3, 'Strongly Not Agree', 2, 'None of them', 1),
(14, 1, 1, '[\"8\"]', 3, 2, 'My teacher is always inclined to / prefers his own methods when solving math problems.', NULL, 'null', NULL, '2019-06-09 17:34:07', '2019-06-09 11:34:07', 2, 'Strongly Agree', 5, 'Agree', 4, 'Not Agree', 3, 'Strongly Not Agree', 2, 'None of them', 1),
(15, 1, 1, '[\"8\"]', 3, 2, 'My math teacher became/ becomes annoyed when I ask questions and I am unable to communicate easily with him/her.', NULL, 'null', NULL, '2019-06-09 17:34:37', '2019-06-09 11:34:37', 2, 'Strongly Agree', 5, 'Agree', 4, 'Not Agree', 3, 'Strongly Not Agree', 2, 'None of them', 1),
(16, 1, 1, '[\"8\"]', 3, 2, 'I have been promoted to the next class even though I did poorly in earlier math classes.', NULL, 'null', NULL, '2019-06-09 17:35:08', '2019-06-09 11:35:08', 2, 'Strongly Agree', 5, 'Agree', 4, 'Not Agree', 3, 'Strongly Not Agree', 2, 'None of them', 1),
(17, 1, 1, '[\"8\"]', 3, 2, 'My parents, elder brothers and sisters, friends or teachers shared their own struggles and frustration in math with me.', NULL, 'null', NULL, '2019-06-09 17:35:37', '2019-06-09 11:35:37', 2, 'Strongly Agree', 5, 'Agree', 4, 'Not Agree', 3, 'Strongly Not Agree', 2, 'None of them', 1),
(18, 1, 1, '[\"8\"]', 3, 2, 'I always practice Mathematics but never get the expected result.', NULL, 'null', NULL, '2019-06-09 17:36:01', '2019-06-09 11:36:01', 2, 'Strongly Agree', 5, 'Agree', 4, 'Not Agree', 3, 'Strongly Not Agree', 2, 'None of them', 1),
(19, 1, 1, '[\"8\"]', 3, 2, 'I believe in superstitions/stereotypes and I cannot innately learn math.', NULL, 'null', NULL, '2019-06-09 17:36:18', '2019-06-09 11:36:18', 2, 'Strongly Agree', 5, 'Agree', 4, 'Not Agree', 3, 'Strongly Not Agree', 2, 'None of them', 1),
(20, 1, 1, '[\"8\"]', 3, 2, 'My parents/teachers expect a lot from me.', NULL, 'null', NULL, '2019-06-09 17:36:42', '2019-06-09 11:36:42', 2, 'Strongly Agree', 5, 'Agree', 4, 'Not Agree', 3, 'Strongly Not Agree', 2, 'None of them', 1),
(21, 1, 1, '[\"8\"]', 3, 3, 'I do not practice math regularly', NULL, 'null', NULL, '2019-06-09 17:38:14', '2019-06-09 11:38:14', 2, 'Strongly Agree', 5, 'Agree', 4, 'Not Agree', 3, 'Strongly Not Agree', 2, 'None of them', 1),
(22, 1, 1, '[\"8\"]', 3, 3, 'I prefer memorize the process to understand the process in learning math', NULL, 'null', NULL, '2019-06-09 17:38:42', '2019-06-09 11:38:42', 2, 'Strongly Agree', 5, 'Agree', 4, 'Not Agree', 3, 'Strongly Not Agree', 2, 'None of them', 1),
(23, 1, 1, '[\"8\"]', 3, 3, 'Even though I do not understand anything in the class, I still pretend that I have understood everything.', NULL, 'null', NULL, '2019-06-09 17:39:09', '2019-06-09 11:39:09', 2, 'Strongly Agree', 5, 'Agree', 4, 'Not Agree', 3, 'Strongly Not Agree', 2, 'None of them', 1),
(24, 1, 1, '[\"8\"]', 3, 3, 'I am not organized in answering the math questions and do lot of messy work in between.', NULL, 'null', NULL, '2019-06-09 17:39:31', '2019-06-09 11:39:31', 2, 'Strongly Agree', 5, 'Agree', 4, 'Not Agree', 3, 'Strongly Not Agree', 2, 'None of them', 1),
(25, 1, 1, '[\"8\"]', 3, 3, 'Even when doing simple or easy math problems, I depend on other&rsquo;s assistance/support.', NULL, 'null', NULL, '2019-06-09 17:39:57', '2019-06-09 11:39:57', 2, 'Strongly Agree', 5, 'Agree', 4, 'Not Agree', 3, 'Strongly Not Agree', 2, 'None of them', 1),
(26, 1, 1, '[\"8\"]', 3, 3, 'I do not like to study thoroughly and always do the selective math problems and completely avoid the difficult ones.', NULL, 'null', NULL, '2019-06-09 17:40:31', '2019-06-09 11:40:31', 2, 'Strongly Agree', 5, 'Agree', 4, 'Not Agree', 3, 'Strongly Not Agree', 2, 'None of them', 1),
(27, 1, 1, '[\"8\"]', 3, 3, 'I always suffer from an inferiority complex.', NULL, 'null', NULL, '2019-06-09 17:40:55', '2019-06-09 11:40:55', 2, 'Strongly Agree', 5, 'Agree', 4, 'Not Agree', 3, 'Strongly Not Agree', 2, 'None of them', 1),
(28, 1, 1, '[\"8\"]', 3, 3, 'I have trouble in choosing answers.', NULL, 'null', NULL, '2019-06-09 17:41:20', '2019-06-09 11:41:20', 2, 'Strongly Agree', 5, 'Agree', 4, 'Not Agree', 3, 'Strongly Not Agree', 2, 'None of them', 1),
(29, 1, 1, '[\"8\"]', 3, 3, 'I get exhausted easily and never revise my math test script after the test.', NULL, 'null', NULL, '2019-06-09 17:41:48', '2019-06-09 11:41:48', 2, 'Strongly Agree', 5, 'Agree', 4, 'Not Agree', 3, 'Strongly Not Agree', 2, 'None of them', 1),
(30, 1, 1, '[\"8\"]', 3, 3, 'Everyone including myself believe that I am weak in math and hence I do not try harder to improve myself.', NULL, 'null', NULL, '2019-06-09 17:42:21', '2019-06-09 11:42:21', 2, 'Strongly Agree', 5, 'Agree', 4, 'Not Agree', 3, 'Strongly Not Agree', 2, 'None of them', 1),
(31, 1, 1, '[\"8\"]', 3, 4, 'I like to go to math class every day.', NULL, 'null', NULL, '2019-06-09 17:43:11', '2019-06-09 11:43:11', 2, 'Strongly Agree', 5, 'Agree', 4, 'Not Agree', 3, 'Strongly Not Agree', 2, 'None of them', 1),
(32, 1, 1, '[\"8\"]', 3, 4, 'I practice mathematics regularly.', NULL, 'null', NULL, '2019-06-09 17:43:29', '2019-06-09 11:43:29', 2, 'Strongly Agree', 5, 'Agree', 4, 'Not Agree', 3, 'Strongly Not Agree', 2, 'None of them', 1),
(33, 1, 1, '[\"8\"]', 3, 4, 'I am or I like to be an independent learner.', NULL, 'null', NULL, '2019-06-09 17:43:55', '2019-06-09 11:43:55', 2, 'Strongly Agree', 5, 'Agree', 4, 'Not Agree', 3, 'Strongly Not Agree', 2, 'None of them', 1),
(34, 1, 1, '[\"8\"]', 3, 4, 'When solving a mathematical problem, I always try by myself first then seek help from others.', NULL, 'null', NULL, '2019-06-09 17:44:18', '2019-06-09 11:44:18', 2, 'Strongly Agree', 5, 'Agree', 4, 'Not Agree', 3, 'Strongly Not Agree', 2, 'None of them', 1),
(35, 1, 1, '[\"8\"]', 3, 4, 'I believe regular practice is very important to learn mathematics.', NULL, 'null', NULL, '2019-06-09 17:44:48', '2019-06-09 11:44:48', 2, 'Strongly Agree', 5, 'Agree', 4, 'Not Agree', 3, 'Strongly Not Agree', 2, 'None of them', 1),
(36, 1, 1, '[\"8\"]', 3, 4, 'To me math is understandable, not arbitrary and has a sensible structure.', NULL, 'null', NULL, '2019-06-09 17:45:25', '2019-06-09 11:45:25', 2, 'Strongly Agree', 5, 'Agree', 4, 'Not Agree', 3, 'Strongly Not Agree', 2, 'None of them', 1),
(37, 1, 1, '[\"8\"]', 3, 4, 'I like to contribute or help others to learn math.', NULL, 'null', NULL, '2019-06-09 17:46:46', '2019-06-09 11:46:46', 2, 'Strongly Agree', 5, 'Agree', 4, 'Not Agree', 3, 'Strongly Not Agree', 2, 'None of them', 1),
(38, 1, 1, '[\"8\"]', 3, 4, 'I know the importance of mathematics and believe that mathematics is a very useful subject.', NULL, 'null', NULL, '2019-06-09 17:47:05', '2019-06-09 11:47:05', 2, 'Strongly Agree', 5, 'Agree', 4, 'Not Agree', 3, 'Strongly Not Agree', 2, 'None of them', 1),
(39, 1, 1, '[\"8\"]', 3, 4, 'I am aware of how mathematical relationships are used in social, environmental, cultural and economic relations.', NULL, 'null', 2, '2019-06-17 10:38:59', '2019-06-09 11:47:24', 2, 'Strongly Agree', 5, 'Agree', 4, 'Not Agree', 3, 'Strongly Not Agree', 2, 'None of them', 1),
(40, 1, 1, '[\"8\"]', 3, 4, 'I find mathematics interesting and I am confident in my ability to solve math problems.', NULL, 'null', NULL, '2019-06-09 17:47:43', '2019-06-09 11:47:43', 2, 'Strongly Agree', 5, 'Agree', 4, 'Not Agree', 3, 'Strongly Not Agree', 2, 'None of them', 1),
(41, 1, 2, '[\"3\",\"4\",\"5\",\"6\",\"7\",\"8\"]', 3, 1, '<strong>I have visible signs of nervousness (sweaty palms, shaky hands, and so on) right before a test.</strong><br />\r\n&nbsp;', NULL, 'null', 2, '2020-02-17 05:04:33', '2019-12-17 03:46:35', 2, 'Strongly Agree', 5, 'Agree', 4, 'Not Agree', 3, 'Strongly Not Agree', 2, 'None of them', 1),
(42, 1, 2, '[\"3\",\"4\",\"5\",\"6\",\"7\",\"8\"]', 3, 1, '<strong>I have &ldquo;butterflies / empty feelings&rdquo; in my stomach before a test.</strong>', NULL, 'null', 2, '2019-12-17 04:54:33', '2019-12-17 03:48:04', 2, 'Strongly Agree', 5, 'Agree', 4, 'Not Agree', 3, 'Strongly Not Agree', 2, 'None of them', 1),
(43, 1, 2, '[\"3\",\"4\",\"5\",\"6\",\"7\",\"8\"]', 3, 1, '<strong>I feel nauseous / uneasy before a test.</strong>', NULL, 'null', 2, '2019-12-17 04:54:13', '2019-12-17 03:48:32', 2, 'Strongly Agree', 5, 'Agree', 4, 'Not Agree', 3, 'Strongly Not Agree', 2, 'None of them', 1),
(44, 1, 2, '[\"3\",\"4\",\"5\",\"6\",\"7\",\"8\"]', 3, 1, '<strong>I have trouble sleeping the night before a test.</strong>', NULL, 'null', 2, '2019-12-17 04:53:29', '2019-12-17 03:48:55', 2, 'Strongly Agree', 5, 'Agree', 4, 'Not Agree', 3, 'Strongly Not Agree', 2, 'None of them', 1),
(45, 1, 2, '[\"3\",\"4\",\"5\",\"6\",\"7\",\"8\"]', 3, 1, '<strong>I panic before and during a test.</strong>', NULL, 'null', 2, '2019-12-17 04:52:23', '2019-12-17 03:57:38', 2, 'Strongly Agree', 5, 'Agree', 4, 'Not Agree', 3, 'Strongly Not Agree', 2, 'None of them', 1),
(46, 1, 2, '[\"3\",\"4\",\"5\",\"6\",\"7\",\"8\"]', 3, 1, '<strong>My mouth becomes dry and my body breaks out in sweat.</strong>', NULL, 'null', 2, '2019-12-17 04:52:08', '2019-12-17 03:58:05', 2, 'Strongly Agree', 5, 'Agree', 4, 'Not Agree', 3, 'Strongly Not Agree', 2, 'None of them', 1),
(47, 1, 2, '[\"3\",\"4\",\"5\",\"6\",\"7\",\"8\"]', 3, 1, '<strong>Math tests are always more stressful to me than other tests.</strong>', NULL, 'null', 2, '2019-12-17 04:51:34', '2019-12-17 03:58:39', 2, 'Strongly Agree', 5, 'Agree', 4, 'Not Agree', 3, 'Strongly Not Agree', 2, 'None of them', 1),
(48, 1, 2, '[\"3\",\"4\",\"5\",\"6\",\"7\",\"8\"]', 3, 1, '<strong>When I go through the test paper I feel that I do not know any of the answers.</strong>', NULL, 'null', 2, '2019-12-17 04:57:44', '2019-12-17 03:59:05', 2, 'Strongly Agree', 5, 'Agree', 4, 'Not Agree', 3, 'Strongly Not Agree', 2, 'None of them', 1),
(49, 1, 2, '[\"3\",\"4\",\"5\",\"6\",\"7\",\"8\"]', 3, 1, '<strong>I always suffer from &lsquo;fear of failure&rsquo; (fear of what others might say in case of my failure)</strong>', NULL, 'null', 2, '2019-12-17 04:50:48', '2019-12-17 03:59:35', 2, 'Strongly Agree', 5, 'Agree', 4, 'Not Agree', 3, 'Strongly Not Agree', 2, 'None of them', 1),
(50, 1, 2, '[\"3\",\"4\",\"5\",\"6\",\"7\",\"8\"]', 3, 1, '<strong>I have trouble in choosing questions in the test.</strong>', NULL, 'null', 2, '2019-12-17 04:50:31', '2019-12-17 03:59:54', 2, 'Strongly Agree', 5, 'Agree', 4, 'Not Agree', 3, 'Strongly Not Agree', 2, 'None of them', 1),
(51, 1, 2, '[\"3\",\"4\",\"5\",\"6\",\"7\",\"8\"]', 3, 2, '<strong>I have been punished or embarrassed in math class for not understanding something.</strong>', NULL, 'null', 2, '2019-12-17 04:50:17', '2019-12-17 04:00:18', 2, 'Strongly Agree', 5, 'Agree', 4, 'Not Agree', 3, 'Strongly Not Agree', 2, 'None of them', 1),
(52, 1, 2, '[\"3\",\"4\",\"5\",\"6\",\"7\",\"8\"]', 3, 2, '<strong>I had a break of study/ long discontinuation of study and since then I found mathematics challenging.</strong>', NULL, 'null', 2, '2019-12-17 04:49:48', '2019-12-17 04:01:23', 2, 'Strongly Agree', 5, 'Agree', 4, 'Not Agree', 3, 'Strongly Not Agree', 2, 'None of them', 1),
(53, 1, 2, '[\"3\",\"4\",\"5\",\"6\",\"7\",\"8\"]', 3, 2, '<strong>I am always worried about being called on or questioned in the math class.</strong>', NULL, 'null', 2, '2019-12-17 04:49:24', '2019-12-17 04:01:42', 2, 'Strongly Agree', 5, 'Agree', 4, 'Not Agree', 3, 'Strongly Not Agree', 2, 'None of them', 1),
(54, 1, 2, '[\"3\",\"4\",\"5\",\"6\",\"7\",\"8\"]', 3, 2, '<strong>My teacher is always inclined to / prefers his own methods when solving math problems.</strong>', NULL, 'null', 2, '2019-12-17 04:48:59', '2019-12-17 04:02:05', 2, 'Strongly Agree', 5, 'Agree', 4, 'Not Agree', 3, 'Strongly Not Agree', 2, 'None of them', 1),
(55, 1, 2, '[\"3\",\"4\",\"5\",\"6\",\"7\",\"8\"]', 3, 2, '<strong>My math teacher &nbsp;becomes annoyed when I ask questions and I am unable to communicate easily with him/her.</strong>', NULL, 'null', 2, '2019-12-17 04:48:38', '2019-12-17 04:03:54', 2, 'Strongly Agree', 5, 'Agree', 4, 'Not Agree', 3, 'Strongly Not Agree', 2, 'None of them', 1),
(56, 1, 2, '[\"3\",\"4\",\"5\",\"6\",\"7\",\"8\"]', 3, 2, '<strong>I have been promoted to the next class even though I did poorly in earlier math classes.</strong>', NULL, 'null', 2, '2019-12-17 04:48:15', '2019-12-17 04:04:30', 2, 'Strongly Agree', 5, 'Agree', 4, 'Not Agree', 3, 'Strongly Not Agree', 2, 'None of them', 1),
(57, 1, 2, '[\"3\",\"4\",\"5\",\"6\",\"7\",\"8\"]', 3, 2, '<strong>My parents, elder brothers and sisters, friends or teachers shared their own struggles and frustration in math with me.</strong><br />\r\n&nbsp;', NULL, 'null', 2, '2020-02-17 05:02:57', '2019-12-17 04:04:51', 2, 'Strongly Agree', 5, 'Agree', 4, 'Not Agree', 3, 'Strongly Not Agree', 2, 'None of them', 1),
(58, 1, 2, '[\"3\",\"4\",\"5\",\"6\",\"7\",\"8\"]', 3, 2, '<strong>I always practice Mathematics but never get the expected result.</strong>', NULL, 'null', 2, '2019-12-17 04:47:17', '2019-12-17 04:05:11', 2, 'Strongly Agree', 5, 'Agree', 4, 'Not Agree', 3, 'Strongly Not Agree', 2, 'None of them', 1),
(59, 1, 2, '[\"3\",\"4\",\"5\",\"6\",\"7\",\"8\"]', 3, 2, '<strong>I believe in superstitions/stereotypes and I cannot innately learn math.</strong>', NULL, 'null', 2, '2019-12-17 04:46:36', '2019-12-17 04:05:33', 2, 'Strongly Agree', 5, 'Agree', 4, 'Not Agree', 3, 'Strongly Not Agree', 2, 'None of them', 1),
(60, 1, 2, '[\"3\",\"4\",\"5\",\"6\",\"7\",\"8\"]', 3, 2, '<strong>My parents/teachers expect a lot from me</strong>', NULL, 'null', 2, '2019-12-17 04:45:59', '2019-12-17 04:05:52', 2, 'Strongly Agree', 5, 'Agree', 4, 'Not Agree', 3, 'Strongly Not Agree', 2, 'None of them', 1),
(61, 1, 2, '[\"3\",\"4\",\"5\",\"6\",\"7\",\"8\"]', 3, 3, '<strong>I do not practice math regularly</strong>', NULL, 'null', 2, '2019-12-17 04:45:41', '2019-12-17 04:06:23', 2, 'Strongly Agree', 5, 'Agree', 4, 'Not Agree', 3, 'Strongly Not Agree', 2, 'None of them', 1),
(62, 1, 2, '[\"3\",\"4\",\"5\",\"6\",\"7\",\"8\"]', 3, 3, '<strong>I prefer memorize the process to understand the process in learning math</strong>', NULL, 'null', 2, '2019-12-17 04:44:56', '2019-12-17 04:06:47', 2, 'Strongly Agree', 5, 'Agree', 4, 'Not Agree', 3, 'Strongly Not Agree', 2, 'None of them', 1),
(63, 1, 2, '[\"3\",\"4\",\"5\",\"6\",\"7\",\"8\"]', 3, 3, '<strong>Even though I do not understand anything in the class, I still pretend that I have understood everything.</strong>', NULL, 'null', 2, '2019-12-17 04:44:33', '2019-12-17 04:07:13', 2, 'Strongly Agree', 5, 'Agree', 4, 'Not Agree', 3, 'Strongly Not Agree', 2, 'None of them', 1),
(64, 1, 2, '[\"3\",\"4\",\"5\",\"6\",\"7\"]', 3, 3, '<strong>I am not organized in answering the math questions and do lot of messy work in between.</strong>', NULL, 'null', 2, '2019-12-17 04:44:16', '2019-12-17 04:07:34', 2, 'Strongly Agree', 5, 'Agree', 4, 'Not Agree', 3, 'Strongly Not Agree', 2, 'None of them', 1),
(65, 1, 2, '[\"3\",\"4\",\"5\",\"6\",\"7\",\"8\"]', 3, 3, '<strong>Even when doing simple or easy math problems, I depend on other&rsquo;s assistance/support.</strong>', NULL, 'null', 2, '2019-12-17 04:43:43', '2019-12-17 04:07:57', 2, 'Strongly Agree', 5, 'Agree', 4, 'Not Agree', 3, 'Strongly Not Agree', 2, 'None of them', 1),
(66, 1, 2, '[\"3\",\"4\",\"5\",\"6\",\"7\",\"8\"]', 3, 3, '<strong>I do not like to study thoroughly and always do the selective math problems and completely avoid the difficult ones.</strong>', NULL, 'null', 2, '2019-12-17 04:42:27', '2019-12-17 04:08:18', 2, 'Strongly Agree', 5, 'Agree', 4, 'Not Agree', 3, 'Strongly Not Agree', 2, 'None of them', 1),
(67, 1, 2, '[\"3\",\"4\",\"5\",\"6\",\"7\",\"8\"]', 3, 3, '<strong>I always suffer from an inferiority complex.</strong>', NULL, 'null', 2, '2019-12-17 04:41:56', '2019-12-17 04:08:40', 2, 'Strongly Agree', 5, 'Agree', 4, 'Not Agree', 3, 'Strongly Not Agree', 2, 'None of them', 1),
(68, 1, 2, '[\"3\",\"4\",\"5\",\"6\",\"7\",\"8\"]', 3, 3, '<strong>I have trouble in choosing answers.</strong>', NULL, 'null', 2, '2019-12-17 04:41:39', '2019-12-17 04:09:07', 2, 'Strongly Agree', 5, 'Agree', 4, 'Not Agree', 3, 'Strongly Not Agree', 2, 'None of them', 1),
(69, 1, 2, '[\"3\",\"4\",\"5\",\"6\",\"7\",\"8\"]', 3, 3, '<strong>I get exhausted easily and never revise my math test script after the test.</strong>', NULL, 'null', 2, '2019-12-17 04:41:27', '2019-12-17 04:09:32', 2, 'Strongly Agree', 5, 'Agree', 4, 'Not Agree', 3, 'Strongly Not Agree', 2, 'None of them', 1),
(70, 1, 2, '[\"3\",\"4\",\"5\",\"6\",\"7\",\"8\"]', 3, 3, '<strong>Everyone including myself believe that I am weak in math and hence I do not try harder to improve myself.</strong>', NULL, 'null', 2, '2019-12-17 04:41:00', '2019-12-17 04:09:55', 2, 'Strongly Agree', 5, 'Agree', 4, 'Not Agree', 3, 'Strongly Not Agree', 2, 'None of them', 1),
(71, 1, 2, '[\"3\",\"4\",\"5\",\"6\",\"7\",\"8\"]', 3, 4, '<strong>I know mathematics is an important subject.</strong>', NULL, 'null', 2, '2019-12-17 04:40:45', '2019-12-17 04:12:41', 2, 'Strongly Agree', 5, 'Agree', 4, 'Not Agree', 3, 'Strongly Not Agree', 2, 'None of them', 1),
(72, 1, 2, '[\"3\",\"4\",\"5\",\"6\",\"7\",\"8\"]', 3, 4, '<strong>I like to go to math class every day.</strong>', NULL, 'null', 2, '2019-12-17 04:53:59', '2019-12-17 04:13:02', 2, 'Strongly Agree', 5, 'Agree', 4, 'Not Agree', 3, 'Strongly Not Agree', 2, 'None of them', 1),
(73, 1, 2, '[\"3\",\"4\",\"5\",\"6\",\"7\",\"8\"]', 3, 4, '<strong>I am or I like to be an independent learner.</strong>', NULL, 'null', 2, '2020-02-17 04:44:01', '2019-12-17 04:13:19', 2, 'Strongly Agree', 5, 'Agree', 4, 'Not Agree', 3, 'Strongly Not Agree', 2, 'None of them', 1),
(74, 1, 2, '[\"3\",\"4\",\"5\",\"6\",\"7\",\"8\"]', 3, 4, '<strong>When solving a mathematical problem, I always try by myself first then seek help from others.</strong>', NULL, 'null', 2, '2019-12-17 04:39:38', '2019-12-17 04:13:43', 2, 'Strongly Agree', 5, 'Agree', 4, 'Not Agree', 3, 'Strongly Not Agree', 2, 'None of them', 1),
(75, 1, 2, '[\"3\",\"4\",\"5\",\"6\",\"7\",\"8\"]', 3, 4, '<strong>I believe regular practice is very important to learn mathematics.</strong>', NULL, 'null', 2, '2019-12-17 04:38:50', '2019-12-17 04:14:12', 2, 'Strongly Agree', 5, 'Agree', 4, 'Not Agree', 3, 'Strongly Not Agree', 2, 'None of them', 1),
(76, 1, 2, '[\"3\",\"4\",\"5\",\"6\",\"7\",\"8\"]', 3, 4, '<strong>To me math is understandable, not arbitrary and has a sensible structure.</strong>', NULL, 'null', 2, '2019-12-17 04:23:23', '2019-12-17 04:14:39', 2, 'Strongly Agree', 5, 'Agree', 4, 'Not Agree', 3, 'Strongly Not Agree', 2, 'None of them', 1),
(77, 1, 2, '[\"3\",\"4\",\"5\",\"6\",\"7\",\"8\"]', 3, 4, '<strong>I like to contribute or help others to learn math.</strong>', NULL, 'null', 2, '2019-12-17 04:23:01', '2019-12-17 04:14:59', 2, 'Strongly Agree', 5, 'Agree', 4, 'Not Agree', 3, 'Strongly Not Agree', 2, 'None of them', 1),
(78, 1, 2, '[\"3\",\"4\",\"5\",\"6\",\"7\",\"8\"]', 3, 4, '<strong>I know the importance of mathematics and believe that mathematics is a very useful subject for higher studies.</strong>', NULL, 'null', 2, '2020-02-17 04:45:04', '2019-12-17 04:15:22', 2, 'Strongly Agree', 5, 'Agree', 4, 'Not Agree', 3, 'Strongly Not Agree', 2, 'None of them', 1),
(79, 1, 2, '[\"3\",\"4\",\"5\",\"6\",\"7\",\"8\"]', 3, 4, '<strong>I am aware of how mathematical relationships are used in social, environmental, cultural and economic relations.</strong>', NULL, 'null', 2, '2019-12-19 03:22:06', '2019-12-17 04:15:43', 2, 'Strongly Agree', 5, 'Agree', 4, 'Neutral', 3, 'Disagree', 2, 'Strongly Disagree', 1),
(80, 1, 2, '[\"3\",\"4\",\"5\",\"6\",\"7\",\"8\"]', 3, 4, '<strong>I find mathematics interesting and I am confident in my ability to solve math problems.</strong>', NULL, 'null', 2, '2019-12-17 06:58:44', '2019-12-17 04:16:04', 2, 'Strongly Agree', 5, 'Agree', 4, 'Neutral', 3, 'Disagree', 2, 'Strongly Disagree', 1),
(81, 1, 3, '[\"3\",\"4\",\"5\",\"6\",\"7\",\"8\"]', 3, 1, '<strong>পরীক্ষার ঠিক আগে আমার ঘাবড়ে যাওয়ার লক্ষণ (যেমন হাতের তালুতে ঘাম, হাত কাঁপা ইত্যাদি) প্রকাশ পায়।</strong>', NULL, 'null', 2, '2019-12-19 05:24:35', '2019-12-17 05:00:29', 2, 'দৃঢ়ভাবে একমত', 5, 'একমত', 4, 'নিরপেক্ষ', 3, 'অসম্মত', 2, 'দৃঢ়ভাবে অসম্মত', 1),
(82, 1, 3, '[\"3\",\"4\",\"5\",\"6\",\"7\",\"8\"]', 3, 1, '<strong>পরীক্ষার ঠিক পূর্বমুহুর্তে আমার প্রচন্ড ক্ষুধা অনুভুত হয়।</strong>', NULL, 'null', 2, '2019-12-18 03:36:40', '2019-12-18 03:36:03', 2, 'দৃঢ়ভাবে একমত', 5, 'একমত', 4, 'নিরপেক্ষ', 3, 'অসম্মত', 2, 'দৃঢ়ভাবে অসম্মত', 1),
(83, 1, 3, '[\"3\",\"4\",\"5\",\"6\",\"7\",\"8\"]', 3, 1, '<strong>পরীক্ষার পূর্বমুহুর্তে আমার বমি বমি ভাব হয়। </strong>', NULL, 'null', NULL, '2019-12-18 09:37:51', '2019-12-18 03:37:51', 2, 'দৃঢ়ভাবে একমত', 5, 'একমত', 4, 'নিরপেক্ষ', 3, 'অসম্মত', 2, 'দৃঢ়ভাবে অসম্মত', 1),
(84, 1, 3, '[\"3\",\"4\",\"5\",\"6\",\"7\",\"8\"]', 3, 1, '<strong>পরীক্ষার আগের রাতে আমার ভাল ঘুম হয় না।</strong>', NULL, 'null', NULL, '2019-12-18 09:38:49', '2019-12-18 03:38:49', 2, 'দৃঢ়ভাবে একমত', 5, 'একমত', 4, 'নিরপেক্ষ', 3, 'অসম্মত', 2, 'দৃঢ়ভাবে অসম্মত', 1),
(85, 1, 3, '[\"3\",\"4\",\"5\",\"6\",\"7\",\"8\"]', 3, 1, '<strong>পরীক্ষার আগে এবং পরীক্ষা চলাকালীন সময়ে আমি খুব উদ্বিগ্ন থাকি।</strong>', NULL, 'null', NULL, '2019-12-18 09:39:55', '2019-12-18 03:39:55', 2, 'দৃঢ়ভাবে একমত', 5, 'একমত', 4, 'নিরপেক্ষ', 3, 'অসম্মত', 2, 'দৃঢ়ভাবে অসম্মত', 1),
(86, 1, 3, '[\"3\",\"4\",\"5\",\"6\",\"7\",\"8\"]', 3, 1, '<strong>আমার খুব পানির পিপাসা পায় এবং শরীর ঘামে ভিজে যায়।</strong>', NULL, 'null', NULL, '2019-12-18 09:49:42', '2019-12-18 03:49:42', 2, 'দৃঢ়ভাবে একমত', 5, 'একমত', 4, 'নিরপেক্ষ', 3, 'অসম্মত', 2, 'দৃঢ়ভাবে অসম্মত', 1),
(87, 1, 3, '[\"3\",\"4\",\"5\",\"6\",\"7\",\"8\"]', 3, 1, '<strong>অন্যান্য পরীক্ষার চেয়ে গণিত পরীক্ষার সময় আমি বেশি চাপ অনুভব করি।</strong>', NULL, 'null', NULL, '2019-12-18 09:50:54', '2019-12-18 03:50:54', 2, 'দৃঢ়ভাবে একমত', 5, 'একমত', 4, 'নিরপেক্ষ', 3, 'অসম্মত', 2, 'দৃঢ়ভাবে অসম্মত', 1),
(88, 1, 3, '[\"3\",\"4\",\"5\",\"6\",\"7\",\"8\"]', 3, 1, '<strong>যখন আমি পরীক্ষার প্রশ্ন দেখি আমার কাছে মনে হয় কোনো প্রশ্নের উত্তর আমার জানা নাই।</strong>', NULL, 'null', NULL, '2019-12-18 09:51:45', '2019-12-18 03:51:45', 2, 'দৃঢ়ভাবে একমত', 5, 'একমত', 4, 'নিরপেক্ষ', 3, 'অসম্মত', 2, 'দৃঢ়ভাবে অসম্মত', 1),
(89, 1, 3, '[\"3\",\"4\",\"5\",\"6\",\"7\",\"8\"]', 3, 1, '<strong>আমার মধ্যে সবসময় অকৃতকার্য হওয়ার এবং অকৃতকার্য হলে অন্যরা আমার সম্পর্কে কি বলবে সে ভয় কাজ করে।</strong>', NULL, 'null', NULL, '2019-12-18 09:52:32', '2019-12-18 03:52:32', 2, 'দৃঢ়ভাবে একমত', 5, 'একমত', 4, 'নিরপেক্ষ', 3, 'অসম্মত', 2, 'দৃঢ়ভাবে অসম্মত', 1),
(90, 1, 3, '[\"3\",\"4\",\"5\",\"6\",\"7\",\"8\"]', 3, 1, '<strong>পরীক্ষার সময় প্রশ্ন নির্বাচন করতে আমি সমস্যার সম্মুখীন হই। </strong>', NULL, 'null', NULL, '2019-12-18 09:53:47', '2019-12-18 03:53:47', 2, 'দৃঢ়ভাবে একমত', 5, 'একমত', 4, 'নিরপেক্ষ', 3, 'অসম্মত', 2, 'দৃঢ়ভাবে অসম্মত', 1),
(91, 1, 3, '[\"3\",\"4\",\"5\",\"6\",\"7\",\"8\"]', 3, 2, '<strong>গণিত ক্লাসে কোন কিছু না বুঝতে পারলে আমি শাস্তি পেয়েছি বা বিব্রত হয়েছি।</strong>', NULL, 'null', NULL, '2019-12-18 09:59:06', '2019-12-18 03:59:06', 2, 'দৃঢ়ভাবে একমত', 5, 'একমত', 4, 'নিরপেক্ষ', 3, 'অসম্মত', 2, 'দৃঢ়ভাবে অসম্মত', 1),
(92, 1, 3, '[\"3\",\"4\",\"5\",\"6\",\"7\",\"8\"]', 3, 2, '<strong>আমার অধ্যয়নে দীর্ঘ বিরতি ছিল এবং তার পর থেকে গণিত আমার কাছে খুব কঠিন মনে হতে থাকে।</strong>', NULL, 'null', NULL, '2019-12-18 10:00:50', '2019-12-18 04:00:50', 2, 'দৃঢ়ভাবে একমত', 5, 'একমত', 4, 'নিরপেক্ষ', 3, 'অসম্মত', 2, 'দৃঢ়ভাবে অসম্মত', 1),
(93, 1, 3, '[\"3\",\"4\",\"5\",\"6\",\"7\",\"8\"]', 3, 2, '<strong>গণিত ক্লাসে এই ভেবে আমি সবসময় চিন্তিত থাকতাম যে আমাকে কোন প্রশ্ন করা হয় কিনা অথবা ডাকা হয় কিনা । </strong>', NULL, 'null', NULL, '2019-12-18 10:02:09', '2019-12-18 04:02:09', 2, 'দৃঢ়ভাবে একমত', 5, 'একমত', 4, 'নিরপেক্ষ', 3, 'অসম্মত', 2, 'দৃঢ়ভাবে অসম্মত', 1),
(94, 1, 3, '[\"3\",\"4\",\"5\",\"6\",\"7\",\"8\"]', 3, 2, '<strong>গণিতের সমস্যাগুলি সমাধানে আমার শিক্ষক সর্বদা তাঁর নিজস্ব পদ্ধতি ব্যবহার করতে পছন্দ করতেন।</strong>', NULL, 'null', 2, '2020-02-17 04:34:52', '2019-12-18 04:02:51', 2, 'দৃঢ়ভাবে একমত', 5, 'একমত', 4, 'নিরপেক্ষ', 3, 'অসম্মত', 2, 'দৃঢ়ভাবে অসম্মত', 1),
(95, 1, 3, '[\"3\",\"4\",\"5\",\"6\",\"7\",\"8\"]', 3, 2, '<strong>আমি কোন প্রশ্ন করলে আমার গণিত শিক্ষক বিরক্ত বোধ করতেন এবং তাই তাকে আমি সহজে কোন প্রশ্ন করতে সাহস পেতাম না।</strong><br />\r\n&nbsp;', NULL, 'null', 2, '2020-02-13 05:14:04', '2019-12-18 04:03:49', 2, 'দৃঢ়ভাবে একমত', 5, 'একমত', 4, 'নিরপেক্ষ', 3, 'অসম্মত', 2, 'দৃঢ়ভাবে অসম্মত', 1),
(96, 1, 3, '[\"3\",\"4\",\"5\",\"6\",\"7\",\"8\"]', 3, 2, '<strong>আগের ক্লাসের গণিতে ভাল নাম্বার / গ্রেড না পাওয়া স্বত্ত্বেও আমাকে পরের ক্লাসে উত্তীর্ণ করা হত। </strong><br />\r\n&nbsp;', NULL, 'null', 2, '2020-02-17 04:35:26', '2019-12-18 04:04:29', 2, 'দৃঢ়ভাবে একমত', 5, 'একমত', 4, 'নিরপেক্ষ', 3, 'অসম্মত', 2, 'দৃঢ়ভাবে অসম্মত', 1),
(97, 1, 3, '[\"3\",\"4\",\"5\",\"6\",\"7\",\"8\"]', 3, 2, '<strong>গণিতের প্রতি ভয় ও হতাশার অভিজ্ঞতার কথা আমার বাবা-মা, বড় ভাইবোন, বন্ধু-বান্ধব, শিক্ষকগণ সর্বদা আমার সাথে আলোচনা করত। &nbsp;&nbsp;</strong>', NULL, 'null', 2, '2020-02-17 04:37:26', '2019-12-18 04:27:19', 2, 'দৃঢ়ভাবে একমত', 5, 'একমত', 4, 'নিরপেক্ষ', 3, 'অসম্মত', 2, 'দৃঢ়ভাবে অসম্মত', 1),
(98, 1, 3, '[\"3\",\"4\",\"5\",\"6\",\"7\",\"8\"]', 3, 2, '<strong>আমি সবসময় গণিত অনুশীলন করতাম, কিন্তু কখনও আশানুরূপ নম্বর পেতাম না।</strong>', NULL, 'null', 2, '2020-02-17 04:38:25', '2019-12-18 04:28:23', 2, 'দৃঢ়ভাবে একমত', 5, 'একমত', 4, 'নিরপেক্ষ', 3, 'অসম্মত', 2, 'দৃঢ়ভাবে অসম্মত', 1),
(99, 1, 3, '[\"3\",\"4\",\"5\",\"6\",\"7\",\"8\"]', 3, 2, '<strong>আমি সবসময় অন্ধভাবে না বুঝে গণিত অনুশীলন করতাম।</strong>', NULL, 'null', 2, '2020-02-17 04:39:21', '2019-12-18 04:29:55', 2, 'দৃঢ়ভাবে একমত', 5, 'একমত', 4, 'নিরপেক্ষ', 3, 'অসম্মত', 2, 'দৃঢ়ভাবে অসম্মত', 1),
(100, 1, 3, '[\"3\",\"4\",\"5\",\"6\",\"7\",\"8\"]', 3, 2, '<strong>আমার বাবা-মা সবসময় আমার কাছ থেকে ভাল ফলাফল আশা করত। যার কারণে আমি চাপ অনুভব করি।</strong>', NULL, 'null', NULL, '2019-12-18 10:31:01', '2019-12-18 04:31:01', 2, 'দৃঢ়ভাবে একমত', 5, 'একমত', 4, 'নিরপেক্ষ', 3, 'অসম্মত', 2, 'দৃঢ়ভাবে অসম্মত', 1),
(101, 1, 3, '[\"3\",\"4\",\"5\",\"6\",\"7\",\"8\"]', 3, 3, '<strong>আমি প্রতিদিন গণিত অনুশীলন/ চর্চা করি না।</strong>', NULL, 'null', 2, '2020-02-13 05:16:17', '2019-12-18 04:31:55', 2, 'দৃঢ়ভাবে একমত', 5, 'একমত', 4, 'নিরপেক্ষ', 3, 'অসম্মত', 2, 'দৃঢ়ভাবে অসম্মত', 1),
(102, 1, 3, '[\"3\",\"4\",\"5\",\"6\",\"7\",\"8\"]', 3, 3, '<strong>গণিতের পদ্ধতি বুঝার চেয়ে মুখস্ত করতে আমি বেশি পছন্দ করি।</strong>', NULL, 'null', NULL, '2019-12-18 10:32:47', '2019-12-18 04:32:47', 2, 'দৃঢ়ভাবে একমত', 5, 'একমত', 4, 'নিরপেক্ষ', 3, 'অসম্মত', 2, 'দৃঢ়ভাবে অসম্মত', 1),
(103, 1, 3, '[\"3\",\"4\",\"5\",\"6\",\"7\",\"8\"]', 3, 3, '<strong>&nbsp;গণিত ক্লাসে আমি কোন কিছু না বুঝলেও এমন ভাব করি যেন সব কিছু বুঝতে পেরেছি ।</strong>', NULL, 'null', NULL, '2019-12-18 10:34:03', '2019-12-18 04:34:03', 2, 'দৃঢ়ভাবে একমত', 5, 'একমত', 4, 'নিরপেক্ষ', 3, 'অসম্মত', 2, 'দৃঢ়ভাবে অসম্মত', 1),
(104, 1, 3, '[\"3\",\"4\",\"5\",\"6\",\"7\",\"8\"]', 3, 3, '<strong>আমি গণিতের প্রশ্নের উত্তর সাজিয়ে লিখতে পারি না এবং উত্তর সাজানোর সময় অনেক সমস্যার সম্মুখীন হই।</strong>', NULL, 'null', NULL, '2019-12-18 10:34:47', '2019-12-18 04:34:47', 2, 'দৃঢ়ভাবে একমত', 5, 'একমত', 4, 'নিরপেক্ষ', 3, 'অসম্মত', 2, 'দৃঢ়ভাবে অসম্মত', 1),
(105, 1, 3, '[\"3\",\"4\",\"5\",\"6\",\"7\",\"8\"]', 3, 3, '<strong>খুব সহজ প্রশ্নের সমাধানের ক্ষেত্রেও আমি অন্যের সহযোগিতার উপর নির্ভরশীল থাকি।</strong><br />\r\n&nbsp;', NULL, 'null', 2, '2020-02-17 04:41:36', '2019-12-18 04:35:28', 2, 'দৃঢ়ভাবে একমত', 5, 'একমত', 4, 'নিরপেক্ষ', 3, 'অসম্মত', 2, 'দৃঢ়ভাবে অসম্মত', 1),
(106, 1, 3, '[\"3\",\"4\",\"5\",\"6\",\"7\",\"8\"]', 3, 3, '<strong>কঠিন গাণিতিক সমস্যা আমি এড়িয়ে চলি এবং সবসময় বেছে বেছে সহজ প্রশ্নের সমাধান করি। </strong>', NULL, 'null', NULL, '2019-12-18 10:36:06', '2019-12-18 04:36:06', 2, 'দৃঢ়ভাবে একমত', 5, 'একমত', 4, 'নিরপেক্ষ', 3, 'অসম্মত', 2, 'দৃঢ়ভাবে অসম্মত', 1),
(107, 1, 3, '[\"3\",\"4\",\"5\",\"6\",\"7\",\"8\"]', 3, 3, '<strong>আমার মধ্যে সবসময় হীনমন্যতা কাজ করে।</strong>', NULL, 'null', NULL, '2019-12-18 10:37:07', '2019-12-18 04:37:07', 2, 'দৃঢ়ভাবে একমত', 5, 'একমত', 4, 'নিরপেক্ষ', 3, 'অসম্মত', 2, 'দৃঢ়ভাবে অসম্মত', 1),
(108, 1, 3, '[\"3\",\"4\",\"5\",\"6\",\"7\",\"8\"]', 3, 3, '<strong>প্রথম চেষ্টায় কোন গাণিতিক সমস্যা সমাধান করতে না পারলে দ্বিতীয় বার চেষ্টা করিনা। </strong>', NULL, 'null', NULL, '2019-12-18 10:37:52', '2019-12-18 04:37:52', 2, 'দৃঢ়ভাবে একমত', 5, 'একমত', 4, 'নিরপেক্ষ', 3, 'অসম্মত', 2, 'দৃঢ়ভাবে অসম্মত', 1),
(109, 1, 3, '[\"3\",\"4\",\"5\",\"6\",\"7\",\"8\"]', 3, 3, '<strong>আমি সহজে ক্লান্ত হয়ে যাই এবং গণিত পরীক্ষার শেষে কখনও পুনরায় খাতা মূল্যায়ন করি না।</strong>', NULL, 'null', 2, '2020-02-17 04:40:59', '2019-12-18 04:38:43', 2, 'দৃঢ়ভাবে একমত', 5, 'একমত', 4, 'নিরপেক্ষ', 3, 'অসম্মত', 2, 'দৃঢ়ভাবে অসম্মত', 1),
(110, 1, 3, '[\"3\",\"4\",\"5\",\"6\",\"7\",\"8\"]', 3, 3, '<strong>আমি সহ সবাই মনে করে আমি গণিতে দূর্বল এবং সেজন্য আমি কখনও গণিত বিষয়ে ভাল করার চেষ্টা করি না।</strong>', NULL, 'null', 2, '2020-02-17 04:42:00', '2019-12-18 04:39:33', 2, 'দৃঢ়ভাবে একমত', 5, 'একমত', 4, 'নিরপেক্ষ', 3, 'অসম্মত', 2, 'দৃঢ়ভাবে অসম্মত', 1),
(111, 1, 3, '[\"3\",\"4\",\"5\",\"6\",\"7\",\"8\"]', 3, 4, '<strong>আমি জানি গণিত খুব গুরুত্বপূর্ণ একটি বিষয়।</strong>', NULL, 'null', NULL, '2019-12-18 10:40:52', '2019-12-18 04:40:52', 2, 'দৃঢ়ভাবে একমত', 5, 'একমত', 4, 'নিরপেক্ষ', 3, 'অসম্মত', 2, 'দৃঢ়ভাবে অসম্মত', 1),
(112, 1, 3, '[\"3\",\"4\",\"5\",\"6\",\"7\",\"8\"]', 3, 4, '<strong>প্রতিদিন গণিত ক্লাস করতে আমি পছন্দ করি।</strong>', NULL, 'null', NULL, '2019-12-18 10:41:30', '2019-12-18 04:41:30', 2, 'দৃঢ়ভাবে একমত', 5, 'একমত', 4, 'নিরপেক্ষ', 3, 'অসম্মত', 2, 'দৃঢ়ভাবে অসম্মত', 1),
(113, 1, 3, '[\"3\",\"4\",\"5\",\"6\",\"7\",\"8\"]', 3, 4, '<strong>আমি নিজে নিজেই গণিত চর্চা করতে পছন্দ করি।</strong><br />\r\n&nbsp;', NULL, 'null', 2, '2020-02-13 05:20:16', '2019-12-18 04:42:13', 2, 'দৃঢ়ভাবে একমত', 5, 'একমত', 4, 'নিরপেক্ষ', 3, 'অসম্মত', 2, 'দৃঢ়ভাবে অসম্মত', 1),
(114, 1, 3, '[\"3\",\"4\",\"5\",\"6\",\"7\",\"8\"]', 3, 4, '<strong>গাণিতিক সমস্যা সমাধানের ক্ষেত্রে আমি প্রথমে নিজে নিজে সমাধান করার চেষ্টা করি, সমস্যার সম্মুখীন হলে অন্যের সহযোগিতা নেই।</strong>', NULL, 'null', NULL, '2019-12-18 10:42:52', '2019-12-18 04:42:52', 2, 'দৃঢ়ভাবে একমত', 5, 'একমত', 4, 'নিরপেক্ষ', 3, 'অসম্মত', 2, 'দৃঢ়ভাবে অসম্মত', 1),
(115, 1, 3, '[\"3\",\"4\",\"5\",\"6\",\"7\",\"8\"]', 3, 4, '<strong>আমি বিশ্বাস করি, গণিত শিখার ক্ষেত্রে প্রতিদিন অনুশীলন করা খুব গুরুত্বপূর্ণ।</strong>', NULL, 'null', NULL, '2019-12-18 10:43:31', '2019-12-18 04:43:31', 2, 'দৃঢ়ভাবে একমত', 5, 'একমত', 4, 'নিরপেক্ষ', 3, 'অসম্মত', 2, 'দৃঢ়ভাবে অসম্মত', 1),
(116, 1, 3, '[\"3\",\"4\",\"5\",\"6\",\"7\",\"8\"]', 3, 4, '<strong>আমার মতে গণিত হচ্ছে বোঝার বিষয় এবং গণিতের নির্দিষ্ট নিয়ম/পদ্ধতি আছে।</strong>', NULL, 'null', NULL, '2019-12-18 10:44:10', '2019-12-18 04:44:10', 2, 'দৃঢ়ভাবে একমত', 5, 'একমত', 4, 'নিরপেক্ষ', 3, 'অসম্মত', 2, 'দৃঢ়ভাবে অসম্মত', 1),
(117, 1, 3, '[\"3\",\"4\",\"5\",\"6\",\"7\",\"8\"]', 3, 4, '<strong>আমি অন্যকে গণিত শিখাতে বা বোঝাতে পছন্দ করি। </strong>', NULL, 'null', NULL, '2019-12-18 10:44:48', '2019-12-18 04:44:48', 2, 'দৃঢ়ভাবে একমত', 5, 'একমত', 4, 'নিরপেক্ষ', 3, 'অসম্মত', 2, 'দৃঢ়ভাবে অসম্মত', 1),
(118, 1, 3, '[\"3\",\"4\",\"5\",\"6\",\"7\",\"8\"]', 3, 4, '<strong>আমি গণিতের গুরুত্ব বুঝি এবং জানি উচ্চশিক্ষার জন্য গণিত একটি গুরুত্বপূর্ণ বিষয়।</strong><br />\r\n&nbsp;', NULL, 'null', 2, '2020-02-17 04:31:53', '2019-12-18 05:05:49', 2, 'দৃঢ়ভাবে একমত', 5, 'একমত', 4, 'নিরপেক্ষ', 3, 'অসম্মত', 2, 'দৃঢ়ভাবে অসম্মত', 1),
(119, 1, 3, '[\"3\",\"4\",\"5\",\"6\",\"7\",\"8\"]', 3, 4, '<strong>সামাজিক, সাংস্কৃতিক এবং অর্থনৈতিক ক্ষেত্রে গণিতের ব্যবহার সম্পর্কে আমি অবগত আছি। </strong>', NULL, 'null', 2, '2020-02-12 04:14:31', '2019-12-18 05:06:38', 2, 'দৃঢ়ভাবে একমত', 5, 'একমত', 4, 'নিরপেক্ষ', 3, 'অসম্মত', 2, 'দৃঢ়ভাবে অসম্মত', 1),
(120, 1, 3, '[\"3\",\"4\",\"5\",\"6\",\"7\",\"8\"]', 3, 4, '<strong>গণিত আমার কাছে খুব মজাদার বিষয় মনে হয় এবং আমার দৃঢ় বিশ্বাস যে চেষ্টা করলে গণিতের যেকোন সমস্যা সমাধান করা যায়। </strong>', NULL, 'null', 2, '2020-02-17 04:43:23', '2019-12-18 05:34:24', 2, 'দৃঢ়ভাবে একমত', 5, 'একমত', NULL, 'নিরপেক্ষ', 3, 'অসম্মত', 2, 'দৃঢ়ভাবে অসম্মত', 1);

-- --------------------------------------------------------

--
-- Table structure for table `bdedu_remembering_questions`
--

CREATE TABLE `bdedu_remembering_questions` (
  `remembering_question_row_id` int(11) NOT NULL,
  `school_row_id` int(11) DEFAULT NULL,
  `education_type_row_id` int(11) NOT NULL,
  `class_row_id` text CHARACTER SET utf8 COLLATE utf8_unicode_ci,
  `module_row_id` int(11) DEFAULT NULL,
  `memory_exam_category_row_id` int(11) DEFAULT NULL,
  `question_title` varchar(255) CHARACTER SET utf8 COLLATE utf8_unicode_ci DEFAULT NULL,
  `question_title_attachment` varchar(255) CHARACTER SET utf8 COLLATE utf8_unicode_ci DEFAULT NULL,
  `question_level` text CHARACTER SET utf8 COLLATE utf8_unicode_ci COMMENT '1 ~ Foundation, 2 ~ Intermediate, 3 ~ Advance',
  `updated_by` int(11) DEFAULT NULL,
  `updated_at` datetime DEFAULT CURRENT_TIMESTAMP,
  `created_at` datetime DEFAULT CURRENT_TIMESTAMP,
  `created_by` int(11) DEFAULT NULL,
  `answer_1` varchar(255) CHARACTER SET utf8 COLLATE utf8_unicode_ci DEFAULT NULL,
  `marks_1` int(2) DEFAULT NULL,
  `answer_2` varchar(255) CHARACTER SET utf8 COLLATE utf8_unicode_ci DEFAULT NULL,
  `marks_2` int(2) DEFAULT NULL,
  `answer_3` varchar(255) CHARACTER SET utf8 COLLATE utf8_unicode_ci DEFAULT NULL,
  `marks_3` int(2) DEFAULT NULL,
  `answer_4` varchar(255) CHARACTER SET utf8 COLLATE utf8_unicode_ci DEFAULT NULL,
  `marks_4` int(2) DEFAULT NULL,
  `answer_5` varchar(255) CHARACTER SET utf8 COLLATE utf8_unicode_ci DEFAULT NULL,
  `marks_5` int(2) DEFAULT NULL
) ENGINE=InnoDB DEFAULT CHARSET=latin1;

--
-- Dumping data for table `bdedu_remembering_questions`
--

INSERT INTO `bdedu_remembering_questions` (`remembering_question_row_id`, `school_row_id`, `education_type_row_id`, `class_row_id`, `module_row_id`, `memory_exam_category_row_id`, `question_title`, `question_title_attachment`, `question_level`, `updated_by`, `updated_at`, `created_at`, `created_by`, `answer_1`, `marks_1`, `answer_2`, `marks_2`, `answer_3`, `marks_3`, `answer_4`, `marks_4`, `answer_5`, `marks_5`) VALUES
(1, 1, 1, '[\"8\"]', 3, 1, 'Do you have difficulty remembering people&rsquo;s names or phone numbers?', NULL, 'null', 2, '2019-12-15 07:03:53', '2019-08-22 06:17:56', 2, 'Almost always', 1, 'Often', 2, 'Sometimes', 3, 'Rarely', 4, 'Almost never', 5),
(2, 1, 1, '[\"8\"]', 3, 1, 'How often do you find yourself trying to remember the location of everyday items (e. g. your school bags, shoes, books, etc)?', NULL, 'null', NULL, '2019-08-22 12:18:37', '2019-08-22 06:18:37', 2, 'Almost always', 1, 'Often', 2, 'Sometimes', 3, 'Rarely', 4, 'Almost never', 5),
(3, 1, 1, '[\"8\"]', 3, 1, 'How often do you have to replace passwords (numerical or verbal) because you&rsquo;ve forgotten the original one?', NULL, 'null', NULL, '2019-08-22 12:19:47', '2019-08-22 06:19:47', 2, 'Almost always', 1, 'Often', 2, 'Sometimes', 3, 'Rarely', 4, 'Almost never', 5),
(4, 1, 1, '[\"8\"]', 3, 1, 'How often do you find yourself asking questions like, &ldquo;What was I about to do next&rdquo;?', NULL, 'null', NULL, '2019-08-22 12:20:24', '2019-08-22 06:20:24', 2, 'Almost always', 1, 'Often', 2, 'Sometimes', 3, 'Rarely', 4, 'Almost never', 5),
(5, 1, 1, '[\"8\"]', 3, 1, 'How often do you have to ask someone to repeat instructions or a story because you can&rsquo;t remember what was said the first time around?', NULL, 'null', NULL, '2019-08-22 12:22:54', '2019-08-22 06:22:54', 2, 'Almost always', 1, 'Often', 2, 'Sometimes', 3, 'Rarely', 4, 'Almost never', 5),
(6, 1, 1, '[\"8\"]', 3, 1, 'How often do maintain dairy/notes to remember the important dates/times (i. e. exam date, birth date, etc)?', NULL, 'null', NULL, '2019-08-22 12:23:25', '2019-08-22 06:23:25', 2, 'Almost always', 1, 'Often', 2, 'Sometimes', 3, 'Rarely', 4, 'Almost never', 5),
(7, 1, 1, '[\"8\"]', 3, 1, 'How often do you have trouble finding words when you are talking to?', NULL, 'null', NULL, '2019-08-22 12:23:58', '2019-08-22 06:23:58', 2, 'Almost always', 1, 'Often', 2, 'Sometimes', 3, 'Rarely', 4, 'Almost never', 5),
(8, 1, 1, '[\"8\"]', 3, 1, 'How often do you forget the lesson you have just learnt?<br />\r\n&nbsp;', NULL, 'null', NULL, '2019-08-22 12:24:34', '2019-08-22 06:24:34', 2, 'Almost always', 1, 'Often', 2, 'Sometimes', 3, 'Rarely', 4, 'Almost never', 5),
(9, 1, 1, '[\"8\"]', 3, 1, 'How often do your family members or friends complaints about your forgetfulness', NULL, 'null', NULL, '2019-08-22 12:24:53', '2019-08-22 06:24:53', 2, 'Almost always', 1, 'Often', 2, 'Sometimes', 3, 'Rarely', 4, 'Almost never', 5),
(10, 1, 1, '[\"8\"]', 3, 1, 'How often you get lost in the neighborhood when you visit a new place?', NULL, 'null', NULL, '2019-08-22 12:27:15', '2019-08-22 06:27:15', 2, 'Almost always', 1, 'Often', 2, 'Sometimes', 3, 'Rarely', 4, 'Almost never', 5),
(11, 1, 1, '[\"8\"]', 3, 1, 'How often do you understand what the people say?', NULL, 'null', NULL, '2019-08-22 12:27:42', '2019-08-22 06:27:42', 2, 'Almost always', 1, 'Often', 2, 'Sometimes', 3, 'Rarely', 4, 'Almost never', 5),
(12, 1, 1, '[\"8\"]', 3, 1, 'How often can you reconcile with your past memories?', NULL, 'null', NULL, '2019-08-22 12:28:24', '2019-08-22 06:28:24', 2, 'Almost always', 1, 'Often', 2, 'Sometimes', 3, 'Rarely', 4, 'Almost never', 5),
(13, 1, 1, '[\"8\"]', 3, 1, 'How often do you feel that you are tired / exhausted?', NULL, 'null', NULL, '2019-08-22 12:28:56', '2019-08-22 06:28:56', 2, 'Almost always', 1, 'Often', 2, 'Sometimes', 3, 'Rarely', 4, 'Almost never', 5),
(14, 1, 1, '[\"8\"]', 3, 1, 'How often do you remember your friends&rsquo; name when you suddenly meet him after a long time ?', NULL, 'null', NULL, '2019-08-22 12:29:28', '2019-08-22 06:29:28', 2, 'Almost always', 1, 'Often', 2, 'Sometimes', 3, 'Rarely', 4, 'Almost never', 5),
(15, 1, 1, '[\"8\"]', 3, 1, 'How often do you remain busy with electronic devices?', NULL, 'null', NULL, '2019-08-22 12:30:11', '2019-08-22 06:30:11', 2, 'Almost always', 1, 'Often', 2, 'Sometimes', 3, 'Rarely', 4, 'Almost never', 5),
(16, 1, 2, '[\"3\",\"4\",\"5\",\"6\",\"7\",\"8\"]', 3, 1, '<strong>Do you have difficulties in remembering people&rsquo;s names or phone numbers?</strong>', NULL, 'null', NULL, '2020-02-04 10:11:46', '2020-02-04 04:11:46', 2, 'Almost always', 1, 'Often', 2, 'Sometimes', 3, 'Rarely', 4, 'Almost never', 5),
(17, 1, 2, '[\"3\",\"4\",\"5\",\"6\",\"7\",\"8\"]', 3, 1, '<strong>How often do you find yourself trying to remember the location of everyday items (<em>e.g.</em> your school bags, shoes, books, etc)?</strong>', NULL, 'null', NULL, '2020-02-04 10:14:17', '2020-02-04 04:14:17', 2, 'Almost always', 1, 'Often', 2, 'Sometimes', 3, 'Rarely', 4, 'Almost never', 5),
(18, 1, 2, '[\"3\",\"4\",\"5\",\"6\",\"7\",\"8\"]', 3, 1, '<strong>How often do you find yourself asking questions like, &ldquo;What was I about to do next&rdquo;?</strong>', NULL, 'null', NULL, '2020-02-04 10:14:56', '2020-02-04 04:14:56', 2, 'Almost always', 1, 'Often', 2, 'Sometimes', 3, 'Rarely', 4, 'Almost never', 5),
(19, 1, 2, '[\"3\",\"4\",\"5\",\"6\",\"7\",\"8\"]', 3, 1, '<strong>How often do you have to ask someone to repeat instructions or a story because you can&rsquo;t remember what was said the first time around?</strong>', NULL, 'null', NULL, '2020-02-04 10:16:06', '2020-02-04 04:16:06', 2, 'Almost always', 1, 'Often', 2, 'Sometimes', 3, 'Rarely', 4, 'Almost never', 5),
(20, 1, 2, '[\"3\",\"4\",\"5\",\"6\",\"7\",\"8\"]', 3, 1, '<strong>How often do maintain dairy/notes to remember the important dates/times (<em>ie.</em> exam date, birth date, etc)?</strong>', NULL, 'null', NULL, '2020-02-04 10:16:37', '2020-02-04 04:16:37', 2, 'Almost always', 1, 'Often', 2, 'Sometimes', 3, 'Rarely', 4, 'Almost never', 5),
(21, 1, 2, '[\"3\",\"4\",\"5\",\"6\",\"7\",\"8\"]', 3, 1, '<strong>How often do you have trouble finding words when you are talking to?</strong>', NULL, 'null', NULL, '2020-02-04 10:17:04', '2020-02-04 04:17:04', 2, 'Almost always', 1, 'Often', 2, 'Sometimes', 3, 'Rarely', 4, 'Almost never', 5),
(22, 1, 2, '[\"3\",\"4\",\"5\",\"6\",\"7\",\"8\"]', 3, 1, '<strong>How often do you forget the lesson you have just learnt?</strong>', NULL, 'null', 2, '2020-02-04 04:18:10', '2020-02-04 04:17:34', 2, 'Almost always', 1, 'Often', 2, 'Sometimes', 3, 'Rarely', 4, 'Almost never', 5),
(23, 1, 2, '[\"3\",\"4\",\"5\",\"6\",\"7\",\"8\"]', 3, 1, '<strong>How often do your family members or friends complaints about your forgetfulness.</strong>', NULL, 'null', NULL, '2020-02-04 10:18:39', '2020-02-04 04:18:39', 2, 'Almost always', 1, 'Often', 2, 'Sometimes', 3, 'Rarely', 4, 'Almost never', 5),
(24, 1, 2, '[\"3\",\"4\",\"5\",\"6\",\"7\",\"8\"]', 3, 1, '<strong>How often don&rsquo;t you understand what the people say?</strong>', NULL, 'null', 2, '2020-02-04 04:19:25', '2020-02-04 04:19:12', 2, 'Almost always', 1, 'Often', 2, 'Sometimes', 3, 'Rarely', 4, 'Almost never', 5),
(25, 1, 2, '[\"3\",\"4\",\"5\",\"6\",\"7\",\"8\"]', 3, 1, '<strong>How often you can&rsquo;t reconcile with your past memories?</strong>', NULL, 'null', NULL, '2020-02-04 10:20:02', '2020-02-04 04:20:02', 2, 'Almost always', 1, 'Often', 2, 'Sometimes', 3, 'Rarely', 4, 'Almost never', 5),
(26, 1, 2, '[\"3\",\"4\",\"5\",\"6\",\"7\",\"8\"]', 3, 1, '<strong>How often do you feel that you are tired / exhausted?</strong>', NULL, 'null', NULL, '2020-02-04 10:20:29', '2020-02-04 04:20:29', 2, 'Almost always', 1, 'Often', 2, 'Sometimes', 3, 'Rarely', 4, 'Almost never', 5),
(27, 1, 2, '[\"3\",\"4\",\"5\",\"6\",\"7\",\"8\"]', 3, 1, '<strong>How often do you think you have hearing impairment/problem?</strong>', NULL, 'null', NULL, '2020-02-04 10:20:56', '2020-02-04 04:20:56', 2, 'Almost always', 1, 'Often', 2, 'Sometimes', 3, 'Rarely', 4, 'Almost never', 5),
(28, 1, 2, '[\"3\",\"4\",\"5\",\"6\",\"7\",\"8\"]', 3, 1, '<strong>How often do you remain busy with electronic devices?</strong>', NULL, 'null', NULL, '2020-02-04 10:21:22', '2020-02-04 04:21:22', 2, 'Almost always', 1, 'Often', 2, 'Sometimes', 3, 'Rarely', 4, 'Almost never', 5),
(29, 1, 2, '[\"3\",\"4\",\"5\",\"6\",\"7\",\"8\"]', 3, 1, '<strong>Do you have any problem in sound sleeping?</strong>', NULL, 'null', NULL, '2020-02-04 10:21:58', '2020-02-04 04:21:58', 2, 'Almost always', 1, 'Often', 2, 'Sometimes', 3, 'Rarely', 4, 'Almost never', 5),
(30, 1, 2, '[\"3\",\"4\",\"5\",\"6\",\"7\",\"8\"]', 3, 1, '<strong>Are you irregular in participating sports &amp; games/ physical exercise?&nbsp; </strong>', NULL, 'null', NULL, '2020-02-04 10:22:38', '2020-02-04 04:22:38', 2, 'Almost always', 1, 'Often', 2, 'Sometimes', 3, 'Rarely', 4, 'Almost never', 5),
(31, 1, 3, '[\"3\",\"4\",\"5\",\"6\",\"7\",\"8\"]', 3, 1, '<strong>মানুষের নাম অথবা মোবাইল নাম্বার মনে রাখতে তুমি কি অসুবিধার সম্মুখীন হও?</strong>', NULL, 'null', NULL, '2020-02-04 11:19:48', '2020-02-04 05:19:48', 2, 'প্রায় সবসময়', 1, 'প্রায়ই', 2, 'মাঝে মাঝে', 3, 'কদাচিৎ', 4, 'কখনো না', 5),
(32, 1, 3, '[\"3\",\"4\",\"5\",\"6\",\"7\",\"8\"]', 3, 1, '<strong>প্রতিদিনের প্রয়োজনীয় জিনিসপত্র (যেমন, স্কুল ব্যাগ, জোতা, বই ইত্যাদি) কোথায় আছে তা স্মরণ করতে তুমি কি সমস্যার সম্মুখীন হও? </strong>', NULL, 'null', NULL, '2020-02-04 11:24:02', '2020-02-04 05:24:02', 2, 'প্রায় সবসময়', 1, 'প্রায়ই', 2, 'মাঝে মাঝে', 3, 'কদাচিৎ', 4, 'কখনো না', 5),
(33, 1, 3, '[\"3\",\"4\",\"5\",\"6\",\"7\",\"8\"]', 3, 1, '<strong>&ldquo;আমার পরবর্তী কাজ কী&rdquo; নিজেকে এমন প্রশ্ন প্রতিদিন কর? </strong>', NULL, 'null', NULL, '2020-02-04 11:25:16', '2020-02-04 05:25:16', 2, 'প্রায় সবসময়', 1, 'প্রায়ই', 2, 'মাঝে মাঝে', 3, 'কদাচিৎ', 4, 'কখনো না', 5),
(34, 1, 3, '[\"3\",\"4\",\"5\",\"6\",\"7\",\"8\"]', 3, 1, '<strong>কোনো নির্দেশনা বা গল্পের প্রথমে কী বলা হয়েছিল তা মনে করতে না পারায় পুণরায় জানতে চেয়ে প্রশ্ন কর?</strong>', NULL, 'null', NULL, '2020-02-04 11:26:08', '2020-02-04 05:26:08', 2, 'প্রায় সবসময়', 1, 'প্রায়ই', 2, 'মাঝে মাঝে', 3, 'কদাচিৎ', 4, 'কখনো না', 5),
(35, 1, 3, '[\"3\",\"4\",\"5\",\"6\",\"7\",\"8\"]', 3, 1, '<strong>গুরুত্বপূর্ণ দিন বা সময় (যেমন, পরীক্ষার তারিখ, জন্মদিন ইত্যাদি) মনে রাখতে তোমার কি ডায়েরী/ খাতায় লিখে রাখতে হয়?</strong>', NULL, 'null', NULL, '2020-02-04 11:29:09', '2020-02-04 05:29:09', 2, 'প্রায় সবসময়', 1, 'প্রায়ই', 2, 'মাঝে মাঝে', 3, 'কদাচিৎ', 4, 'কখনো না', 5),
(36, 1, 3, '[\"3\",\"4\",\"5\",\"6\",\"7\",\"8\"]', 3, 1, '<strong>কারো সাথে কথা বলার সময় প্রয়োজনীয় শব্দ মনে করতে তুমি কি সমস্যার সম্মুখীন হও?</strong>', NULL, 'null', NULL, '2020-02-04 11:29:46', '2020-02-04 05:29:46', 2, 'প্রায় সবসময়', 1, 'প্রায়ই', 2, 'মাঝে মাঝে', 3, 'কদাচিৎ', 4, 'কখনো না', 5),
(37, 1, 3, '[\"3\",\"4\",\"5\",\"6\",\"7\",\"8\"]', 3, 1, '<strong>কোনো কিছু শিখার পরপরই ভুলে গিয়েছ, তুমি কি এমন সমস্যার সম্মুখীন হও?</strong>', NULL, 'null', NULL, '2020-02-04 11:30:09', '2020-02-04 05:30:09', 2, 'প্রায় সবসময়', 1, 'প্রায়ই', 2, 'মাঝে মাঝে', 3, 'কদাচিৎ', 4, 'কখনো না', 5),
(38, 1, 3, '[\"3\",\"4\",\"5\",\"6\",\"7\",\"8\"]', 3, 1, '<strong>তোমার ভুলে যাওয়ার অভ্যাস নিয়ে তোমার পরিবারের সদস্য বা বন্ধু-বান্ধবরা কি অভিযোগ করে?</strong>', NULL, 'null', NULL, '2020-02-04 11:30:38', '2020-02-04 05:30:38', 2, 'প্রায় সবসময়', 1, 'প্রায়ই', 2, 'মাঝে মাঝে', 3, 'কদাচিৎ', 4, 'কখনো না', 5),
(39, 1, 3, '[\"3\",\"4\",\"5\",\"6\",\"7\",\"8\"]', 3, 1, '<strong>লোকজনের কথা বুঝতে তুমি কি সমস্যার সম্মুখীন হয়েছ?&nbsp;&nbsp;&nbsp; &nbsp;</strong>', NULL, 'null', NULL, '2020-02-04 11:31:05', '2020-02-04 05:31:05', 2, 'প্রায় সবসময়', 1, 'প্রায়ই', 2, 'মাঝে মাঝে', 3, 'কদাচিৎ', 4, 'কখনো না', 5),
(40, 1, 3, '[\"3\",\"4\",\"5\",\"6\",\"7\",\"8\"]', 3, 1, '<strong>অতীত স্মৃতি মনে করতে তুমি কি সমস্যার সম্মুখীন হও?</strong>', NULL, 'null', NULL, '2020-02-04 11:31:29', '2020-02-04 05:31:29', 2, 'প্রায় সবসময়', 1, 'প্রায়ই', 2, 'মাঝে মাঝে', 3, 'কদাচিৎ', 4, 'কখনো না', 5),
(41, 1, 3, '[\"3\",\"4\",\"5\",\"6\",\"7\",\"8\"]', 3, 1, '<strong>তোমার কি নিজেকে খুব ক্লান্ত/অবসন্ন অনুভব হয়?</strong>', NULL, 'null', NULL, '2020-02-04 11:39:15', '2020-02-04 05:39:15', 2, 'প্রায় সবসময়', 1, 'প্রায়ই', 2, 'মাঝে মাঝে', 3, 'কদাচিৎ', 4, 'কখনো না', 5),
(42, 1, 3, '[\"3\",\"4\",\"5\",\"6\",\"7\",\"8\"]', 3, 1, '<strong>তোমার কি এমন মনে হয়েছে যে, তোমার শ্রবণ সমস্যা আছে ?&nbsp; &nbsp;&nbsp;&nbsp;&nbsp;</strong>&nbsp;&nbsp;', NULL, 'null', NULL, '2020-02-04 11:39:38', '2020-02-04 05:39:38', 2, 'প্রায় সবসময়', 1, 'প্রায়ই', 2, 'মাঝে মাঝে', 3, 'কদাচিৎ', 4, 'কখনো না', 5),
(43, 1, 3, '[\"3\",\"4\",\"5\",\"6\",\"7\",\"8\"]', 3, 1, '<strong>ইলেক্ট্রনিক ডিভাইস নিয়ে তুমি কি খুব ব্যস্ত থাক?</strong>', NULL, 'null', 2, '2020-02-04 05:41:38', '2020-02-04 05:41:10', 2, 'প্রায় সবসময়', 1, 'প্রায়ই', 2, 'মাঝে মাঝে', 3, 'কদাচিৎ', 4, 'কখনো না', 5),
(44, 1, 3, '[\"3\",\"4\",\"5\",\"6\",\"7\",\"8\"]', 3, 1, '<strong>তোমার কি ঘুম ভাল না হওয়ার সমস্যা আছে?</strong>', NULL, 'null', NULL, '2020-02-04 11:41:58', '2020-02-04 05:41:58', 2, 'প্রায় সবসময়', 1, 'প্রায়ই', 2, 'মাঝে মাঝে', 3, 'কদাচিৎ', 4, 'কখনো না', 5),
(45, 1, 3, '[\"3\",\"4\",\"5\",\"6\",\"7\",\"8\"]', 3, 1, '<strong>তুমি কি খেলাধুলা বা শারীরিক ব্যায়াম চর্চায় অনিয়মিত?</strong>', NULL, 'null', NULL, '2020-02-04 11:42:39', '2020-02-04 05:42:39', 2, 'প্রায় সবসময়', 1, 'প্রায়ই', 2, 'মাঝে মাঝে', 3, 'কদাচিৎ', 4, 'কখনো না', 5);

-- --------------------------------------------------------

--
-- Table structure for table `bdedu_schools`
--

CREATE TABLE `bdedu_schools` (
  `school_row_id` int(11) NOT NULL,
  `school_encrypted_row_id` varchar(255) NOT NULL,
  `school_id` int(3) NOT NULL,
  `academic_session_row_id` int(1) NOT NULL,
  `school_name` varchar(255) NOT NULL,
  `school_name_bn` varchar(255) CHARACTER SET utf8 DEFAULT NULL,
  `school_classes` varchar(255) NOT NULL,
  `school_eiin_id` varchar(100) NOT NULL,
  `school_mobile_no` varchar(255) NOT NULL,
  `school_phone_no` varchar(255) NOT NULL,
  `school_logo` text CHARACTER SET utf8 NOT NULL,
  `school_slogan` text CHARACTER SET utf8 NOT NULL,
  `school_slogan_bangla` text CHARACTER SET utf8 NOT NULL,
  `school_address` text NOT NULL,
  `division_id` tinyint(1) DEFAULT NULL,
  `district_id` int(3) DEFAULT NULL,
  `upazila_id` int(5) DEFAULT NULL,
  `post_code` int(5) NOT NULL,
  `school_establishment_date` varchar(255) NOT NULL,
  `is_active` tinyint(1) NOT NULL DEFAULT '1',
  `created_by` int(11) NOT NULL,
  `updated_by` int(11) NOT NULL,
  `created_at` datetime NOT NULL,
  `updated_at` datetime NOT NULL
) ENGINE=InnoDB DEFAULT CHARSET=latin1;

--
-- Dumping data for table `bdedu_schools`
--

INSERT INTO `bdedu_schools` (`school_row_id`, `school_encrypted_row_id`, `school_id`, `academic_session_row_id`, `school_name`, `school_name_bn`, `school_classes`, `school_eiin_id`, `school_mobile_no`, `school_phone_no`, `school_logo`, `school_slogan`, `school_slogan_bangla`, `school_address`, `division_id`, `district_id`, `upazila_id`, `post_code`, `school_establishment_date`, `is_active`, `created_by`, `updated_by`, `created_at`, `updated_at`) VALUES
(1, 'c4ca4238a0b923820dcc509a6f75849b', 1001, 1, 'ASIYA BARI IDEAL SCHOOL', '', '[\"3\",\"4\",\"5\",\"6\",\"7\",\"8\",\"9\",\"10\",\"11\",\"12\"]', '11111', '', '', 'Asiya-Bari-Logo.png', '', '', 'Mothkhola', 1, 18, 40, 2326, '', 1, 1, 2, '0000-00-00 00:00:00', '2019-12-17 03:29:22');

-- --------------------------------------------------------

--
-- Table structure for table `bdedu_school_class_shifts`
--

CREATE TABLE `bdedu_school_class_shifts` (
  `class_shift_row_id` int(11) NOT NULL,
  `school_row_id` int(11) NOT NULL,
  `class_row_id` int(11) NOT NULL,
  `shift_row_id` int(11) NOT NULL,
  `academic_session` int(5) NOT NULL,
  `is_active` tinyint(1) NOT NULL DEFAULT '1',
  `created_by` int(11) NOT NULL,
  `updated_by` int(111) DEFAULT NULL,
  `created_at` datetime NOT NULL DEFAULT CURRENT_TIMESTAMP,
  `updated_at` datetime DEFAULT CURRENT_TIMESTAMP
) ENGINE=InnoDB DEFAULT CHARSET=latin1;

--
-- Dumping data for table `bdedu_school_class_shifts`
--

INSERT INTO `bdedu_school_class_shifts` (`class_shift_row_id`, `school_row_id`, `class_row_id`, `shift_row_id`, `academic_session`, `is_active`, `created_by`, `updated_by`, `created_at`, `updated_at`) VALUES
(1, 1, 13, 1, 1, 0, 2, 2, '2019-04-28 07:21:10', '2019-06-19 08:22:44'),
(2, 1, 14, 1, 1, 0, 2, 2, '2019-04-28 07:21:10', '2019-06-19 08:22:44'),
(3, 1, 1, 1, 1, 0, 2, 2, '2019-04-28 07:21:10', '2019-06-19 08:22:44'),
(4, 1, 2, 1, 1, 0, 2, 2, '2019-04-28 07:21:10', '2019-06-19 08:22:44'),
(5, 1, 3, 1, 1, 0, 2, 2, '2019-04-28 07:21:10', '2019-06-19 08:22:44'),
(6, 1, 4, 1, 1, 0, 2, 2, '2019-04-28 07:21:10', '2019-06-19 08:22:44'),
(7, 1, 5, 1, 1, 0, 2, 2, '2019-04-28 07:21:10', '2019-06-19 08:22:44'),
(8, 1, 6, 1, 1, 0, 2, 2, '2019-04-28 07:21:10', '2019-06-19 08:22:44'),
(9, 1, 7, 1, 1, 0, 2, 2, '2019-04-28 07:21:10', '2019-06-19 08:22:44'),
(10, 1, 8, 1, 1, 1, 2, 2, '2019-04-28 07:21:10', '2019-06-19 08:22:44'),
(11, 1, 9, 1, 1, 1, 2, 2, '2019-04-28 07:21:10', '2019-06-19 08:22:44'),
(12, 1, 10, 1, 1, 1, 2, 2, '2019-04-28 07:21:10', '2019-06-19 08:22:44'),
(13, 1, 11, 1, 1, 1, 2, 2, '2019-05-15 06:38:11', '2019-06-19 08:22:44'),
(14, 1, 12, 1, 1, 1, 2, 2, '2019-05-15 06:38:11', '2019-06-19 08:22:44'),
(15, 1, 8, 2, 1, 1, 2, 2, '2019-06-19 08:05:20', '2019-06-19 08:22:44'),
(16, 1, 9, 2, 1, 1, 2, 2, '2019-06-19 08:05:20', '2019-06-19 08:22:44'),
(17, 1, 10, 2, 1, 1, 2, 2, '2019-06-19 08:05:20', '2019-06-19 08:22:44'),
(18, 1, 11, 2, 1, 0, 2, 2, '2019-06-19 08:05:20', '2019-06-19 08:22:44'),
(19, 1, 12, 2, 1, 0, 2, 2, '2019-06-19 08:05:20', '2019-06-19 08:22:44');

-- --------------------------------------------------------

--
-- Table structure for table `bdedu_school_sections`
--

CREATE TABLE `bdedu_school_sections` (
  `section_row_id` int(11) NOT NULL,
  `class_row_id` int(3) NOT NULL,
  `section_name` varchar(100) NOT NULL,
  `school_row_id` int(11) NOT NULL,
  `academic_session` int(5) NOT NULL,
  `is_active` tinyint(1) NOT NULL DEFAULT '1',
  `created_by` int(11) DEFAULT NULL,
  `updated_by` int(11) DEFAULT NULL,
  `created_at` datetime NOT NULL DEFAULT CURRENT_TIMESTAMP,
  `updated_at` datetime NOT NULL DEFAULT CURRENT_TIMESTAMP
) ENGINE=InnoDB DEFAULT CHARSET=latin1;

--
-- Dumping data for table `bdedu_school_sections`
--

INSERT INTO `bdedu_school_sections` (`section_row_id`, `class_row_id`, `section_name`, `school_row_id`, `academic_session`, `is_active`, `created_by`, `updated_by`, `created_at`, `updated_at`) VALUES
(1, 8, 'General', 1, 1, 1, 2, NULL, '2019-06-13 06:34:30', '2019-06-13 12:34:30');

-- --------------------------------------------------------

--
-- Table structure for table `bdedu_school_shifts`
--

CREATE TABLE `bdedu_school_shifts` (
  `shift_row_id` int(11) NOT NULL,
  `school_row_id` int(11) NOT NULL,
  `shift_title` varchar(255) CHARACTER SET utf8 NOT NULL,
  `shift_start_from` time NOT NULL,
  `shift_end_to` time NOT NULL,
  `is_active` tinyint(1) NOT NULL DEFAULT '1',
  `academic_session` int(5) NOT NULL,
  `created_by` int(11) NOT NULL,
  `updated_by` int(11) NOT NULL,
  `created_at` datetime NOT NULL DEFAULT CURRENT_TIMESTAMP,
  `updated_at` datetime NOT NULL DEFAULT CURRENT_TIMESTAMP
) ENGINE=InnoDB DEFAULT CHARSET=latin1;

--
-- Dumping data for table `bdedu_school_shifts`
--

INSERT INTO `bdedu_school_shifts` (`shift_row_id`, `school_row_id`, `shift_title`, `shift_start_from`, `shift_end_to`, `is_active`, `academic_session`, `created_by`, `updated_by`, `created_at`, `updated_at`) VALUES
(1, 1, 'Batch-1(2019)', '19:00:00', '21:00:00', 1, 1, 2, 2, '2019-04-28 07:11:39', '2019-06-19 08:04:16'),
(2, 1, 'Batch-2(2019)', '19:30:00', '21:30:00', 1, 1, 2, 2, '2019-06-19 08:05:20', '2019-06-19 08:05:20');

-- --------------------------------------------------------

--
-- Table structure for table `bdedu_sessions`
--

CREATE TABLE `bdedu_sessions` (
  `id` varchar(255) NOT NULL,
  `user_id` int(11) DEFAULT NULL,
  `ip_address` varchar(45) DEFAULT NULL,
  `user_agent` text,
  `payload` text NOT NULL,
  `last_activity` int(11) NOT NULL
) ENGINE=InnoDB DEFAULT CHARSET=latin1;

--
-- Dumping data for table `bdedu_sessions`
--

INSERT INTO `bdedu_sessions` (`id`, `user_id`, `ip_address`, `user_agent`, `payload`, `last_activity`) VALUES
('Lv0TUn9mWCAid0rn09mIhtDLa4tQ6q4OGzJHHZYf', NULL, '::1', 'Mozilla/5.0 (Windows NT 10.0; WOW64; rv:65.0) Gecko/20100101 Firefox/65.0', 'YTo2OntzOjY6Il90b2tlbiI7czo0MDoiUXJxTFlqT3RaWWh6QjVqYnRmMGJLRnQ2eWt5UHBEN3loR0MzWDdtZSI7czo5OiJfcHJldmlvdXMiO2E6MTp7czozOiJ1cmwiO3M6NDA6Imh0dHA6Ly9sb2NhbGhvc3QvYmRlZHVjYXRpb24vc2Nob29sQWRtaW4iO31zOjY6Il9mbGFzaCI7YToyOntzOjM6Im9sZCI7YTowOnt9czozOiJuZXciO2E6MDp7fX1zOjExOiJzY2hvb2xfbG9nbyI7czoxOToiQXNpeWEtQmFyaS1Mb2dvLnBuZyI7czoxMToic2Nob29sX25hbWUiO3M6MjM6IkFTSVlBIEJBUkkgSURFQUwgU0NIT09MIjtzOjIzOiJhY2FkZW1pY19zZXNzaW9uX3Jvd19pZCI7aToyO30=', 1551958475),
('yNFkLP5vYaZHwTKRZerpLbj1rBzb8gYUqvkHCZva', NULL, '::1', 'Mozilla/5.0 (Windows NT 10.0; WOW64; rv:65.0) Gecko/20100101 Firefox/65.0', 'YTo4OntzOjY6Il90b2tlbiI7czo0MDoiWVFHYVNQd29lSzNGYXF3SnVUZmU3UkZrSERQdjl2dEVOZDFQRm1TUyI7czo5OiJfcHJldmlvdXMiO2E6MTp7czozOiJ1cmwiO3M6Njk6Imh0dHA6Ly9sb2NhbGhvc3QvYmRlZHVjYXRpb24vc2Nob29sQWRtaW4vc2Nob2xhcnNoaXAvbWFzcy9lbnRpdGxlbWVudCI7fXM6NjoiX2ZsYXNoIjthOjI6e3M6Mzoib2xkIjthOjA6e31zOjM6Im5ldyI7YTowOnt9fXM6NTk6ImxvZ2luX3NjaG9vbEFkbWluc181OWJhMzZhZGRjMmIyZjk0MDE1ODBmMDE0YzdmNThlYTRlMzA5ODlkIjtpOjI7czoxMzoic2Nob29sX3Jvd19pZCI7aToxO3M6MTE6InNjaG9vbF9sb2dvIjtzOjE5OiJBc2l5YS1CYXJpLUxvZ28ucG5nIjtzOjExOiJzY2hvb2xfbmFtZSI7czoyMzoiQVNJWUEgQkFSSSBJREVBTCBTQ0hPT0wiO3M6MjM6ImFjYWRlbWljX3Nlc3Npb25fcm93X2lkIjtpOjI7fQ==', 1552394380),
('bUt502K50OQdOwEwHP3M4ka03Ki7yqJhgQDVp8zD', NULL, '::1', 'Mozilla/5.0 (Windows NT 10.0; WOW64; rv:65.0) Gecko/20100101 Firefox/65.0', 'YTo2OntzOjY6Il90b2tlbiI7czo0MDoiRkV0SldwekFEQmRGZ3QwQXJxRXFvd1VsOEszM0I5Qzl1MGZ3MWZpVCI7czo5OiJfcHJldmlvdXMiO2E6MTp7czozOiJ1cmwiO3M6NDA6Imh0dHA6Ly9sb2NhbGhvc3QvYmRlZHVjYXRpb24vc2Nob29sQWRtaW4iO31zOjY6Il9mbGFzaCI7YToyOntzOjM6Im9sZCI7YTowOnt9czozOiJuZXciO2E6MDp7fX1zOjExOiJzY2hvb2xfbG9nbyI7czoxOToiQXNpeWEtQmFyaS1Mb2dvLnBuZyI7czoxMToic2Nob29sX25hbWUiO3M6MjM6IkFTSVlBIEJBUkkgSURFQUwgU0NIT09MIjtzOjIzOiJhY2FkZW1pY19zZXNzaW9uX3Jvd19pZCI7aToyO30=', 1552453210),
('UBYbNT6LZnoKMcX98LzKmweW5yEfhchIzlYKERke', NULL, '::1', 'Mozilla/5.0 (Windows NT 10.0; WOW64; rv:66.0) Gecko/20100101 Firefox/66.0', 'YTo4OntzOjY6Il90b2tlbiI7czo0MDoiTUlXZkVmb3A5R3ZEVGRmTkRWbUZMUXA3WW5wdnRoRmd1cTY0eGhWQiI7czo5OiJfcHJldmlvdXMiO2E6MTp7czozOiJ1cmwiO3M6NzY6Imh0dHA6Ly9sb2NhbGhvc3QvYmRlZHVjYXRpb24vc2Nob29sQWRtaW4vc2Nob29sU2V0dGluZy9tYW5hZ2VBY2FkZW1pY1Nlc3Npb24iO31zOjY6Il9mbGFzaCI7YToyOntzOjM6Im9sZCI7YTowOnt9czozOiJuZXciO2E6MDp7fX1zOjU5OiJsb2dpbl9zY2hvb2xBZG1pbnNfNTliYTM2YWRkYzJiMmY5NDAxNTgwZjAxNGM3ZjU4ZWE0ZTMwOTg5ZCI7aToyO3M6MTM6InNjaG9vbF9yb3dfaWQiO2k6MTtzOjExOiJzY2hvb2xfbG9nbyI7czoxOToiQXNpeWEtQmFyaS1Mb2dvLnBuZyI7czoxMToic2Nob29sX25hbWUiO3M6MjM6IkFTSVlBIEJBUkkgSURFQUwgU0NIT09MIjtzOjIzOiJhY2FkZW1pY19zZXNzaW9uX3Jvd19pZCI7aToyO30=', 1555475577),
('75ksTueIlVHF2A9XiqFPZgYpcb7NuejuniPkofwQ', NULL, '::1', 'Mozilla/5.0 (Windows NT 10.0; Win64; x64) AppleWebKit/537.36 (KHTML, like Gecko) Chrome/73.0.3683.103 Safari/537.36', 'YTo4OntzOjY6Il90b2tlbiI7czo0MDoiWmkwclFzZlVmdHdjTkxCR3U2M0lFRlJoT2RiS0d5bXVxTHNPS01pNiI7czo5OiJfcHJldmlvdXMiO2E6MTp7czozOiJ1cmwiO3M6NzY6Imh0dHA6Ly9sb2NhbGhvc3QvYmRlZHVjYXRpb24vc2Nob29sQWRtaW4vc2Nob29sU2V0dGluZy9tYW5hZ2VBY2FkZW1pY1Nlc3Npb24iO31zOjY6Il9mbGFzaCI7YToyOntzOjM6Im9sZCI7YTowOnt9czozOiJuZXciO2E6MDp7fX1zOjU5OiJsb2dpbl9zY2hvb2xBZG1pbnNfNTliYTM2YWRkYzJiMmY5NDAxNTgwZjAxNGM3ZjU4ZWE0ZTMwOTg5ZCI7aToyO3M6MTM6InNjaG9vbF9yb3dfaWQiO2k6MTtzOjExOiJzY2hvb2xfbG9nbyI7czoxOToiQXNpeWEtQmFyaS1Mb2dvLnBuZyI7czoxMToic2Nob29sX25hbWUiO3M6MjM6IkFTSVlBIEJBUkkgSURFQUwgU0NIT09MIjtzOjIzOiJhY2FkZW1pY19zZXNzaW9uX3Jvd19pZCI7aToyO30=', 1555998056);

-- --------------------------------------------------------

--
-- Table structure for table `bdedu_students`
--

CREATE TABLE `bdedu_students` (
  `student_row_id` int(11) UNSIGNED NOT NULL,
  `student_id` bigint(20) DEFAULT NULL,
  `student_name` varchar(255) COLLATE utf8_unicode_ci NOT NULL,
  `student_name_bangla` varchar(255) COLLATE utf8_unicode_ci NOT NULL,
  `email` varchar(255) COLLATE utf8_unicode_ci DEFAULT NULL,
  `institute_name` varchar(250) COLLATE utf8_unicode_ci DEFAULT NULL,
  `status` tinyint(1) NOT NULL DEFAULT '1',
  `password` varchar(255) COLLATE utf8_unicode_ci NOT NULL,
  `student_password_text` varchar(255) COLLATE utf8_unicode_ci NOT NULL,
  `school_row_id` int(11) NOT NULL,
  `current_session` int(3) DEFAULT NULL,
  `version_row_id` tinyint(1) NOT NULL DEFAULT '2',
  `current_class` tinyint(1) NOT NULL,
  `current_shift` tinyint(1) NOT NULL DEFAULT '1',
  `current_department` tinyint(1) NOT NULL DEFAULT '1' COMMENT '1=General, 2= Science, 3=Arts, 4=commerce, 5=other',
  `current_section` int(11) DEFAULT NULL,
  `current_rollnumber` int(11) DEFAULT NULL,
  `contact` varchar(255) COLLATE utf8_unicode_ci DEFAULT NULL,
  `student_photo` varchar(255) COLLATE utf8_unicode_ci DEFAULT NULL,
  `student_phone` varchar(255) COLLATE utf8_unicode_ci NOT NULL,
  `student_gender` tinyint(1) NOT NULL,
  `student_blood_group` varchar(255) COLLATE utf8_unicode_ci DEFAULT NULL,
  `student_religion` varchar(255) COLLATE utf8_unicode_ci DEFAULT NULL,
  `nationality` varchar(255) COLLATE utf8_unicode_ci DEFAULT NULL,
  `father_name` varchar(255) COLLATE utf8_unicode_ci DEFAULT NULL,
  `mother_name` varchar(255) COLLATE utf8_unicode_ci DEFAULT NULL,
  `student_dob` date DEFAULT NULL,
  `admission_date` date DEFAULT NULL,
  `guardian_row_id` int(11) DEFAULT NULL,
  `guardian_login_row_id` int(11) DEFAULT NULL,
  `remember_token` varchar(100) COLLATE utf8_unicode_ci DEFAULT NULL,
  `active_status` tinyint(1) NOT NULL DEFAULT '1' COMMENT '0 = inactive, 1 = active',
  `created_by` int(11) NOT NULL,
  `updated_by` int(11) DEFAULT NULL,
  `created_at` timestamp NULL DEFAULT NULL,
  `updated_at` timestamp NULL DEFAULT NULL
) ENGINE=InnoDB DEFAULT CHARSET=utf8 COLLATE=utf8_unicode_ci;

--
-- Dumping data for table `bdedu_students`
--

INSERT INTO `bdedu_students` (`student_row_id`, `student_id`, `student_name`, `student_name_bangla`, `email`, `institute_name`, `status`, `password`, `student_password_text`, `school_row_id`, `current_session`, `version_row_id`, `current_class`, `current_shift`, `current_department`, `current_section`, `current_rollnumber`, `contact`, `student_photo`, `student_phone`, `student_gender`, `student_blood_group`, `student_religion`, `nationality`, `father_name`, `mother_name`, `student_dob`, `admission_date`, `guardian_row_id`, `guardian_login_row_id`, `remember_token`, `active_status`, `created_by`, `updated_by`, `created_at`, `updated_at`) VALUES
(1, 80047, 'Amina Billah', 'আমিনা বিল্লাহ', 'aminabillah@gmail.com', 'Scholastica', 1, '$2y$10$t9rw5cqi5B8HI.68IuxQAu.nm8n11IlT0XITAFGntcIwEw7S9ARDi', '123456', 1, NULL, 1, 8, 1, 1, 1, NULL, NULL, '1561445204_Amina Billah.png', '01787062659', 2, '0', '1', 'Bangladeshi', 'Arif Billah', 'Zakia Khan', NULL, '2019-04-10', NULL, NULL, 'DYy3bIHdy18nm7YNUvJwkCig3gejQomQhZEP8eATAYkpxXjXYl0m5l0RKWpe', 1, 2, NULL, '2019-06-25 04:57:53', NULL),
(2, 80047, 'Mehereen Noor', 'মেহেরীন নুর', 'mehereennoor@gmail.com', 'Scholastica', 1, '$2y$10$ulWnSuzFyRYgDQA71nnq.uCUZQl5/kixlFK2e3GMyXjFyv35pOqAC', '123456', 1, NULL, 1, 8, 1, 1, 1, NULL, NULL, '1561445303_Mehereen Noor.png', '01715992691', 2, '0', '1', 'Bangladeshi', 'Kazi Ahsanul Houqe', 'Shamim Ara Nipa', NULL, '2019-04-10', NULL, NULL, 'RmZPJtsINPR2Y71WvUgp9fhcXDO0RDg5cnNLz6Ulg2epZXtWrHJxUGfGkEd8', 1, 2, NULL, '2019-06-25 00:48:23', NULL),
(3, 80003, 'Zareef Yeasin Zaman', 'জারীফ ইয়াসিন জামান', 'zareefyeasinzaman@gmail.com', 'Scholastica', 1, '$2y$10$96HkZy5BrAPMWA2QDoKkRObcbmLEVB/F9p9M1ZgB1FolIV6QKAo8y', '123456', 1, NULL, 2, 3, 1, 1, 1, NULL, NULL, '1560935829_Zareef Yeasin Zaman.png', '01711439925', 1, '0', '0', 'Bangladeshi', 'M. Musleh Uz Zaman', 'Mallika Nabi', NULL, '2019-04-27', NULL, NULL, '25TYvy92GF0pI17U4Yebv532mYTeTZObjtKVVONFPs7zyYsI50siyjIURvDW', 1, 2, NULL, '2019-06-19 03:17:09', NULL),
(4, 80004, 'Ahnaf Ahmed Joarder', 'আহনাফ আহমেদ জোয়ারদার', 'ahnafahmedjoarder@gmail.com', 'Scholastica', 1, '$2y$10$0PU6BA/SXvMz.c5gc6bHtOTi7ddhI8fx5OL22eyGOZF74S.Ddrlte', '123456', 1, NULL, 1, 8, 1, 1, 1, NULL, NULL, '1560936075_Ahnaf Ahmed Joarder.png', '01711861551', 1, '0', '1', 'Bangladeshi', 'Qamar Alam', 'Farhana Haque', NULL, '2019-04-09', NULL, NULL, 'Z8X0EZs8wH0Z87Co9tOGT9xeJ1IiO6RAjHTjF7Msn7XAlnRefqFK2xwsB0wy', 1, 2, NULL, '2019-06-19 03:21:15', NULL),
(5, 80047, 'Md. Yeasin Mahmud Piash', 'মোঃ ইয়াসিন মাহমুদ পিয়াস', 'mdyeasinmahmudpiash@gmail.com', 'Scholastica', 1, '$2y$10$ZVeHm6Uy8dBYsk8qpr0M..dDj/0ey7Zjg.zVNRHK39P/wLHFe0K2m', '123456', 1, NULL, 2, 4, 1, 1, 1, NULL, NULL, '1561445342_Md. Yeasin.png', '01629467128', 1, '0', '1', 'Bangladeshi', 'Md. Moffiz Uddin', 'Yasmin Akter', NULL, '2019-04-09', NULL, NULL, 'awKUir5PczqgTnsD2QMDM0Cpui1NYLMbOZOJz2rxqqC0YFf6IhL6Bc987v29', 1, 2, NULL, '2019-06-25 00:49:02', NULL),
(6, 80006, 'Azmine Saeed', 'আজমায়িন সাইদ', 'azminesaeed@gmail.com', 'Scholastica', 1, '$2y$10$SoDZ6piMyzzdLr9QXImvJuSAozBSG1Nj3Ld1jeB5TWDaO3kIVaiiy', '123456', 1, NULL, 2, 8, 1, 1, 1, NULL, NULL, '', '01746603799', 1, '0', '1', 'Bangladeshi', 'Sayeed Rahman', 'Sabina Saeed', NULL, '2019-06-07', NULL, NULL, NULL, 1, 2, NULL, '2019-06-22 23:14:55', NULL),
(7, 80007, 'Ahmed Ithmam Jabari', 'আহমেদ ইতমাম জাবারি', 'ahmedithmamjabari@gmail.com', 'Scholastica', 1, '$2y$10$bbNTP4Djh193jlWjTNsZAu7fSvhfkqWBRWljxrwVm4HNwv./.j9Xm', '123456', 1, NULL, 2, 3, 1, 1, 1, NULL, NULL, '1561267131_Jabari.png', '018200683557', 1, '0', '1', 'Bangladeshi', 'Mohammad Khasru Meah', 'Sayeda Chowdhury', NULL, '2019-06-06', NULL, NULL, 'dmXjLREmf8Xv7odE2INNCGLRARlpZuDM3bUCRuLw2861PpMf4E6OMbyx2Rqx', 1, 2, NULL, '2019-06-22 23:18:51', NULL),
(8, 80008, 'Jobaida Rafique Raida', 'জোবাইদা রফিক রাইদা', 'jobaudarafiqueraida@gmail.com', 'Scholastica', 1, '$2y$10$80NQ3sg8E87PsF7LUKsxouGCsVb9rCDJFYUqGhUu0O0VrqtRa7YYG', '123456', 1, NULL, 2, 8, 1, 1, 1, NULL, NULL, '1561267336_Jubaida Rafique Raida.png', '01819239497', 2, '0', '1', 'Bangladeshi', 'Md. Rafique Islam Khan', 'Zakia Rafique', NULL, '2019-06-07', NULL, NULL, 'bjUWSmqokPeBsR9EKxeKXLzxtEef1yQAPh6MN7A7GMk79mycHHBQjqMiyWWK', 1, 2, NULL, '2019-06-22 23:22:16', NULL),
(9, 80009, 'Ana Maria Hasan', 'এনা মারিয়া হাসান', 'anamariahasan@gmail.com', 'Scholastica', 1, '$2y$10$ZhBNP/4q3070F04fkZx5sOhqpcGB2Wrn3ynyuLDsoX/KQRvUYUqXi', '123456', 1, NULL, 2, 4, 1, 1, 1, NULL, NULL, '1561267491_Ana Maria Hasan.png', '01730373366', 2, '0', '0', 'Bangladeshi', 'Z. Hasan Tipu', 'Sajida Ahmed', NULL, '2019-06-07', NULL, NULL, NULL, 1, 2, NULL, '2019-06-22 23:24:51', NULL),
(10, 80010, 'Fatiha Mahdiyat', 'ফাতিহা মাহদিয়াত', 'fateehamahdiyat@gmail.com', 'Scholastica', 1, '$2y$10$c9xLGLKt5tNHdbEh/5MoJ.9Bmcp8qfdaY37GjCAu0cfOeFcGog/2e', '123456', 1, NULL, 2, 7, 1, 1, 1, NULL, NULL, '1561267667_Fateeha Mahhdiyat.png', '01712270728', 2, '0', '1', 'Bangladeshi', 'Adnan Fahee', 'Tasnia Ahmed', NULL, '2019-06-07', NULL, NULL, 'akdKyI0tktHOINykmw4gscpq2oNGHeVyJ18R9VBWy1gjWLj6CGyk1MAvQaP1', 1, 2, NULL, '2019-06-22 23:27:47', NULL),
(11, 80047, 'Dia Kabir', 'দিয়া কাবির', 'diakabir@gmail.com', 'Scholastica', 1, '$2y$10$NxHiFbnmnRIQv8.7.JHXuu5NchUFpMBhRWYRkH0zxMMrDF2fkldYW', '123456', 1, NULL, 3, 7, 1, 1, 1, NULL, NULL, '1561455983_1561267823_Dia Kabir.png', '01718550790', 2, '0', '1', 'Bangladeshi', 'Hemayetul Kabir', 'Farhana Kabir', NULL, '2019-06-07', NULL, NULL, 'FNJ9xw1isTdLWLzpkxeevLo4KEAdvjcpYT9fGAYfbzUvjWisiJUYszKfIAiI', 1, 2, NULL, '2019-06-25 03:46:23', NULL),
(12, 80012, 'Kenneth Shifa', 'কেনেথ শিফা', 'kennethshifa@gmail.com', 'Scholastica', 1, '$2y$10$abZxdC4bCrbyv.Ptu7fOgeCL65cGRet7f0BPr908Z89FbWsEFmBhC', '123456', 1, NULL, 2, 5, 1, 1, 1, NULL, NULL, '1561267962_Keneth Shifa.png', '01713201863', 2, '0', '1', 'Bangladeshi', 'Md. Abul Kashem', 'Habiba Begum', NULL, '2019-06-07', NULL, NULL, NULL, 1, 2, NULL, '2019-06-22 23:32:54', NULL),
(13, 80013, 'Lamisa Zaheen', 'লামিসা জাহিন', 'lamisazaheen@gmail.com', 'Scholastica', 1, '$2y$10$rqPGYQK.fugq4wjBGYia2.Fnbxo36uWFHLpyOLC9/lfdxS8f6JDMW', '123456', 1, NULL, 2, 8, 1, 1, 1, NULL, NULL, '1561268141_Lamisa Zaheen.png', '01712108592', 2, '0', '1', 'Bangladeshi', 'syed Obaidul Bari', 'Suraiya Hossain', NULL, '2019-06-07', NULL, NULL, 'uNYXxSdYTgT1IaADttb4b2gsxp1fpJNcvCj4TxofZNRfaPmN0vVfk1PqDTs0', 1, 2, NULL, '2019-06-22 23:35:41', NULL),
(14, 80047, 'Farha Mehjabin Tahia', 'ফারহা মেহজাবিন তাহিয়া', 'farhamehjabintahia@gmail.com', 'Scholastica', 1, '$2y$10$Pezv2UMD2iJOFbeYrwjLwemPlAR2ZyCHj9eZspl55xrcKDm4trqG.', '123456', 1, NULL, 3, 8, 1, 1, 1, NULL, NULL, '1561463462_1561268796_Fariha Mehjabin Tahia.png', '01715750428', 2, '0', '1', 'Bangladeshi', 'Mohammad Humayon kabir', 'Sayeda Mahabuba Shaheen', NULL, '2019-06-07', NULL, NULL, '4otLPu8ZJBzQNro3pKyosODq7KxcJ7ahS6TbEjxNnb3RTAcdj5xYjqwV4tk7', 1, 2, NULL, '2019-06-25 05:51:39', NULL),
(15, 80015, 'Md. Ragib Hasan', 'রাগিব হাসান', 'mdragibhasan@gmail.com', 'Scholastica', 1, '$2y$10$G2LDhCyW0R.K1Bx4NWTKAuRmvMfJyMlyvhSdQ38x3bcNOq06M3RC2', '123456', 1, NULL, 2, 8, 1, 1, 1, NULL, NULL, '1561268957_Md Ragib Hasan.png', '01732485060', 1, '0', '1', 'Bangladeshi', 'Md. Shahidul Islam', 'Mst. Rubina Khatun', NULL, '2019-06-07', NULL, NULL, NULL, 1, 2, NULL, '2019-06-22 23:49:17', NULL),
(16, 80016, 'Ramisa Sujana Khan', 'রামিসা সুজানা খান', 'ramisasujanakhan@gmail.com', 'Scholastica', 1, '$2y$10$GqrFyBFLZlqN1uElUAxtsOHWJZ4ag99jMnS5FReBSkDJkISIhIpqq', '123456', 1, NULL, 2, 5, 1, 1, 1, NULL, NULL, '1561269153_Ramisa Sujan Khan.png', '01714138618', 2, '0', '1', 'Bangladeshi', 'Md. Nazmul Haque Khan', 'Noor Nahar Afroza', NULL, '2019-06-07', NULL, NULL, 'veqrbjZrwoOyLqHo9PQDYrubSGpp8cE2auWelzZP4k6o38kAY7rr6CNhFhLX', 1, 2, NULL, '2019-06-22 23:52:33', NULL),
(17, 80017, 'Sumaiya Binte Shasid', 'সুমাইয়া বিনতে শাসিদ', 'sumaiyabinteshasid@gmail.com', 'Scholastica', 1, '$2y$10$CPo13SZldc/AcYRCoelk0uhqmtx/J7eQ/Q8yBQlIz/BSwPwHyZ2PK', '123456', 1, NULL, 2, 8, 1, 1, 1, NULL, NULL, '1561269372_Sumaiya Binte Shahid.png', '01720216996', 2, '0', '0', 'Bangladeshi', 'Md. Shasid Hossain', 'Taslima Akter', NULL, '2019-06-07', NULL, NULL, NULL, 1, 2, NULL, '2019-06-22 23:56:12', NULL),
(18, 80018, 'Ishmam Yaseen Taha', 'ইশমাম ইয়াসিন তাহা', 'ishmamyaseentaha@gmail.com', 'Scholastica', 1, '$2y$10$u982mDp42sPvCwP8abB10.6LcsD9Pps01nw3CkQkhZ8c8VeJXvg/6', '123456', 1, NULL, 3, 3, 1, 1, 1, NULL, NULL, '1561269587_Ishmam Yaseen Taha.png', '01912974789', 1, '0', '1', 'Bangladeshi', 'Mofiz Uddin Ahmed', 'Andelip Sazia', NULL, '2019-06-07', NULL, NULL, 'kHv0iOXmV7h35i8Ot6JYFR1vvmyhhVRmRhkVFSFMSQwaXBqipX3P0kNnWOow', 1, 2, NULL, '2019-06-25 03:46:42', NULL),
(19, 80019, 'Rafin Almas Ahon', 'রাফিন আলমাস আহন', 'rafinalmasahon@gmail.com', 'Scholastica', 1, '$2y$10$dzyqLtFEBIGqtX8qEhDup.TFPGtkjphi/rDvHxXvEA2QK7zs8IgmW', '123456', 1, NULL, 2, 8, 1, 1, 1, NULL, NULL, '1561269776_Rafin Almas Ahon.png', '01718735518', 1, '0', '1', 'Bangladeshi', 'Dr. Md. Durul Hoda', 'Mst. Masuma Sultana', NULL, '2019-06-07', NULL, NULL, NULL, 1, 2, NULL, '2019-06-23 00:02:56', NULL),
(20, 80020, 'Syeda Rifa Sanjida', 'সায়েদা রিফা সানজিদা', 'syedarifasanjida@gmail.com', 'Scholastica', 1, '$2y$10$Xd9oHz..NZqnhBMZ3GcrWuCvkIWr2fCQ9C.bz7JWMCEVt4ZKiYzIe', '123456', 1, NULL, 3, 4, 1, 1, 1, NULL, NULL, '1561270009_Syeda Rifa Khan.png', '01711168762', 2, '0', '1', 'Bangladeshi', 'Syed Ahsan Ghoni', 'Noor - e Farzana huq', NULL, '2019-06-07', NULL, NULL, 'YUMSm8K2VwMbAxKsO681OeemaMCYZeMaM8UwPrPZIS7cv0RcNMqlGZZIXUU5', 1, 2, NULL, '2019-06-23 00:06:49', NULL),
(21, 80021, 'Nazwa Nasheeta Rahman', 'নাজওয়া নাজহিতা রহমান', 'najwanaheetarahman@gmail.com', 'Scholastica', 1, '$2y$10$q.akkq7iqi9SVNCPlYYEAelReFhtzX3s79qHX7wjNAH50vglH6xGi', '123456', 1, NULL, 3, 5, 1, 1, 1, NULL, NULL, '', '01552309038', 2, '0', '1', 'Bangladeshi', 'Md. Golam Sarwer', 'Dr. Nahid Farhana Amin', NULL, '2019-06-07', NULL, NULL, NULL, 1, 2, NULL, '2019-06-23 00:11:10', NULL),
(22, 80022, 'Hasinur Rahman Sahil', 'হাসিনুর রহমান সাহিল', 'nasinurrahmansahil@gmail.com', 'Scholastica', 1, '$2y$10$yzof7fWxgHKuoRS1tk1TWudV9/XPt9emX725BsMzX8WFBhVZRjDU6', '123456', 1, NULL, 2, 8, 1, 1, 1, NULL, NULL, '', '01552309038', 1, '0', '0', 'Bangladeshi', 'Md. Golam Sarwer', 'Dr. Nahid Farhana Amin', NULL, '2019-06-07', NULL, NULL, NULL, 1, 2, NULL, '2019-06-23 00:36:57', NULL),
(23, 80024, 'Munshatia Islam Merry', 'মুনতাশিয়া ইসলাম মেরি', 'munshatiaislammerry@gmail.com', 'Scholastica', 1, '$2y$10$xNdndTWymYVR1xQqABJ2UeFugxx4oC/QLyme0mU6renCO0BA2r11.', '123456', 1, NULL, 3, 5, 1, 1, 1, NULL, NULL, '', '01749279990', 2, '0', '1', 'Bangladeshi', '', '', NULL, '2019-06-07', NULL, NULL, 'DQByLQ5o0cXAm8wEhXot9Rl5vVgXVULJjRIgSR3bRKyh0CmZsyixcRww2z4P', 1, 2, NULL, '2019-06-23 00:42:43', NULL),
(24, 80024, 'Amrin Rafa', 'আমরিন রাফা', 'amrinrafa@gmail.com', 'Scholastica', 1, '$2y$10$qpYgEredtXdhWzTwpCL3Uu3udzwHFtPRyOZM//XT6JWE8nqX6ASne', '123456', 1, NULL, 3, 6, 1, 1, 1, NULL, NULL, '', '01948889428', 2, '0', '1', 'Bangladeshi', '', '', NULL, '2019-06-07', NULL, NULL, 'xHVf5eDN5P0g7SEg7TE955AH3DBtLLWBYEMrxh6mdKF5ezut3CXaCpf9VZUN', 1, 2, NULL, '2019-06-23 00:41:44', NULL),
(25, 80025, 'Syeda Aysha Bushra', 'সৈয়দা আয়শা বুশরা', 'syedaayshabushra@gmail.com', 'Scholastica', 1, '$2y$10$W3AwxDCc1eDoMS86IwLL2u4YK/AiE2CnjlDDoFxxNEauEd1dGKCIe', '123456', 1, NULL, 2, 6, 1, 1, 1, NULL, NULL, '1561272371_Syeda Aysha Bushra.png', '01614504902', 2, '0', '1', 'Bangladeshi', 'Syed Khaled Hossain', 'Syeda Arifa', NULL, '2019-06-07', NULL, NULL, 'uJlkYRhXPVJ1eoukqPqhDCjhU2IVAUdPnxYXfDdkmUoNEiySi77betyNF4n8', 1, 2, NULL, '2019-06-23 00:46:11', NULL),
(26, 80026, 'Progga Parmita Rupkotha', 'প্রজ্ঞা পরমিতা রূপকথা', 'proggaparmitarupkothatest@gmail.com', 'Scholastica', 1, '$2y$10$vV6b1q.y/JtzI2QjtVwX9ucA9t3xpuXt24GUuvyO31YoZriUFNT8i', '123456', 1, NULL, 2, 8, 1, 1, 1, NULL, NULL, '', '01726396214', 2, '0', '1', 'Bangladeshi', 'Mahbub Aziz', 'Alpona Akter', NULL, '2019-06-27', NULL, NULL, NULL, 1, 2, NULL, '2019-06-24 21:59:34', NULL),
(27, 80028, 'Mohammad Akif Hasan', 'মোঃ আকিফ হাসান', 'mohammadakifhasan@gmail.com', 'Scholastica', 1, '$2y$10$hiL85JEdGtd1bqFk01LufO77Nfa/GVPt5j4g2WbRar.pz.n0lTnmu', '123456', 1, NULL, 2, 8, 1, 1, 1, NULL, NULL, '1561435769_Akif Hasan.png', '01819176836', 1, '0', '1', 'Bangladeshi', 'Hasan Mahammad Tareque', 'Zakia Rahman', NULL, '2019-04-08', NULL, NULL, NULL, 1, 2, NULL, '2019-06-24 22:09:29', NULL),
(28, 80028, 'Walisa Wahid Tarin', 'ওয়ালিসা ওয়াহিদ তারিন', 'walisawahidtarin@gmail.com', 'Scholastica', 1, '$2y$10$IyUrlajgf9R.Q80beT.eoegWmSvs0AG1rmp50hYSjG.yVJrUUL/t6', '123456', 1, NULL, 2, 8, 1, 1, 1, NULL, NULL, '1561435701_Walisa Wahid Tarin.png', '01790492688', 2, '0', '1', 'Bangladeshi', 'Wahidur Rahman', 'Shaheen Sarwar', NULL, '2019-04-07', NULL, NULL, NULL, 1, 2, NULL, '2019-06-24 22:08:21', NULL),
(29, 80029, 'S. M Hassin Arman Araf', 'এস এম হাসিন আরমান আরাফ', 'smhassinarmanaraf@gmail.com', 'Scholastica', 1, '$2y$10$N7MisskoPYazIrsgSLJs..n/Up6Ub6iIPjT.5wXQ7tpmFu07Amnua', '123456', 1, NULL, 2, 8, 1, 1, 1, NULL, NULL, '', '01717769416', 1, '0', '1', 'Bangladeshi', 'S. M Shahidul Islam', 'Dewan Khodejatul Zannat', NULL, '2019-04-08', NULL, NULL, NULL, 1, 2, NULL, '2019-06-24 22:13:05', NULL),
(30, 80030, 'Sian Ahbab Khan', 'সিয়ান আহবাব খান', 'sianahbabkhan@gmail.com', 'Scholastica', 1, '$2y$10$AcoUUB4GWtZRl5J.WyfKue7J2iXcXU3zSSFxvbhGFAA5WRMij.C4e', '123456', 1, NULL, 2, 8, 1, 1, 1, NULL, NULL, '1561436299_Sian Ahbab Khan.png', '01713009502', 1, '0', '1', 'Bangladeshi', 'M Habibur Rahman Khan', 'Sharmin Mastafi Koni', NULL, '2019-04-08', NULL, NULL, NULL, 1, 2, NULL, '2019-06-24 22:18:19', NULL),
(31, 80031, 'Md. Kaif Faisal Al Gafur', 'মোঃ কাইফ ফয়সাল আল গফুর', 'mdkaiffaisalalgafur@gmail.com', 'Scholastica', 1, '$2y$10$gQoGX3SyG0ckfnrjvwgJ6.OCR1.OhUSkrI.ejSjfxgO8tyHJURg16', '123456', 1, NULL, 2, 8, 1, 1, 1, NULL, NULL, '1561436520_Kaif Faisal.png', '01779099681', 1, '0', '1', 'Bangladeshi', 'Mohammad Faisal Al Gafur', 'Kamrun Nahar', NULL, '2019-04-17', NULL, NULL, NULL, 1, 2, NULL, '2019-06-24 22:22:00', NULL),
(32, 80032, 'Tanisha Kabir', 'টানিশা কবির', 'tanishakabir@gmail.com', 'Scholastica', 1, '$2y$10$9aDjPYfMyk.RvYFaPW6gGeGQYfbIkp.5rPktDWUZ1.6HFd6td2kyu', '123456', 1, NULL, 2, 8, 1, 1, 1, NULL, NULL, '1561436662_Tanisha Kabir.png', '01676610907', 2, '0', '1', 'Bangladeshi', 'Ekramul Kabir', 'Rokeya Sultana', NULL, '2019-04-27', NULL, NULL, NULL, 1, 2, NULL, '2019-06-24 22:24:22', NULL),
(33, 80033, 'Md. Yusha Rumman', 'মোঃ ইউশা রুম্মান', 'mdyusharumman@gmail.com', 'Scholastica', 1, '$2y$10$7krTZoK5SRcidqnCSLXE.OUc4Xeo6yBtu2TD5tMl/g9RDxvUmEEXO', '123456', 1, NULL, 2, 8, 1, 1, 1, NULL, NULL, '', '01819245371', 2, '0', '1', 'Bangladeshi', 'Hanif Md. Kawser', 'Afrin Kawser', NULL, '2019-04-11', NULL, NULL, NULL, 1, 2, NULL, '2019-06-24 22:28:16', NULL),
(34, 80034, 'Mahadir Haque', 'মোঃ মাহাদির হক', 'mahadirhaque@gmail.com', 'Scholastica', 1, '$2y$10$D/f7.9LdibminSsbJp1SfeJSKe1JbHS4kvAQy2hiEryGecCFzcyJC', '123456', 1, NULL, 2, 8, 1, 1, 1, NULL, NULL, '', '01964797340', 1, '0', '0', 'Bangladeshi', 'Mozammel Haque', 'Dilara Haque', NULL, '2019-04-10', NULL, NULL, NULL, 1, 2, NULL, '2019-06-24 22:39:14', NULL),
(35, 80035, 'Farhana Tasnim', 'ফারহানা তাসনিম', 'farhanatasnim@gmail.com', 'Scholastica', 1, '$2y$10$43aF2PC0QXK3590fZVh.1OrGF5RZMu1JMFVaaUrjutUFwNMNZ//dm', '123456', 1, NULL, 2, 8, 1, 1, 1, NULL, NULL, '1561437730_Farhana Tasnim.png', '01817631114', 2, '0', '1', 'Bangladeshi', 'AKM Abu Sayeed', 'Selina Akhter', NULL, '2019-04-08', NULL, NULL, NULL, 1, 2, NULL, '2019-06-24 22:42:10', NULL),
(36, 80037, 'Binuli Minayani Weerasekara', 'বিনুলি মিরাইয়া ওয়েসেকারা', 'binuliminayaniweerasekara@gmail.com', 'International Hope School Bangladesh', 1, '$2y$10$fkwmODmuv44Am7K9O4myau6xEZHl/VbgyGnoio0EjFLBXChsyFWT6', '123456', 1, NULL, 2, 8, 1, 1, 1, NULL, NULL, '1561438266_Binuli.png', '01771666820', 2, '0', '3', 'Bangladeshi', 'Jayantha Weerasekara', 'Poornima Weerasekara', NULL, '2019-04-10', NULL, NULL, NULL, 1, 2, NULL, '2019-06-25 03:48:12', NULL),
(37, 80037, 'Yenuli Minayani Weerasekara', 'ইয়ানলি মিরাইয়া ওয়েসেকারা', 'yenuliminayaniweerasekara@gmail.com', 'International Hope School Bangladesh', 1, '$2y$10$yj2VVSw/yBut51uvrLuGO.BqikeGId1alJyqIvdSFEdpFQa/dxSvS', '123456', 1, NULL, 2, 8, 1, 1, 1, NULL, NULL, '1561438204_Yenuli.png', '01771666820', 2, '0', '3', 'Bangladeshi', 'Jayantha Weerasekara', 'Poornima Weerasekara', NULL, '2019-04-10', NULL, NULL, NULL, 1, 2, NULL, '2019-06-24 22:50:04', NULL),
(38, 80038, 'Azmayeen Ameen', 'আজমাইন আমিন', 'azmayeenameen@gmail.com', 'Scholastica', 1, '$2y$10$kPe3uZenozofAlgqmNJL6.hTFpvVMRYv6m3ObzOB7eq3kd.aEIzPi', '123456', 1, NULL, 2, 8, 1, 1, 1, NULL, NULL, '1561438442_Azmayeen Ameen.png', '01818210583', 1, '0', '1', 'Bangladeshi', 'Md. Shahidul Ameen', 'Farzana Mahjabeen Khan', NULL, '2019-04-10', NULL, NULL, NULL, 1, 2, NULL, '2019-06-25 03:47:15', NULL),
(39, 80040, 'Lisara Fernando', 'লিসারা ফারনান্দু', 'lisarafernando@gmail.com', 'DPS STS Dhaka', 1, '$2y$10$.StkoNwAnJwdAzMGwLifI.ATXS/LCguXfwnRnc/55SkVO5i.cDsmi', '123456', 1, NULL, 2, 8, 1, 1, 1, NULL, NULL, '', '01836952670', 2, '0', '3', 'Bangladeshi', 'Hilary Fernando', 'Nirosha Fernando', NULL, '2019-04-10', NULL, NULL, NULL, 1, 2, NULL, '2019-06-24 23:04:21', NULL),
(40, 80040, 'Indueara Jayasekara', 'ইন্দুয়ারি জয়াসেকারা', 'induearajayasekara@gmail.com', 'DPS STS Dhaka', 1, '$2y$10$yP8FRYWsXSgYpHbo/uQhOu25XTzshdOIOK3cxb0739XHj3k2hjX9O', '123456', 1, NULL, 2, 8, 1, 1, 1, NULL, NULL, '', '01629369531', 2, '0', '3', 'Bangladeshi', 'Indika Jayasekara', 'Kalani Jayasekara', NULL, '2019-04-10', NULL, NULL, NULL, 1, 2, NULL, '2019-06-24 23:04:06', NULL),
(41, 80041, 'Ramisha Nishad Anam', 'রামিশা নিশাত আনাম', 'ramishanishadanam@gmail.com', 'Scholastica', 1, '$2y$10$mHkNUraxYs0ZKWQTtpc3QuUC2VRzyT5traAkTgbeDSCTfoF6vx8ky', '123456', 1, NULL, 2, 8, 1, 1, 1, NULL, NULL, '', '01711856507', 2, '0', '1', 'Bangladeshi', 'Md. Zakir Anam', 'Rubaiya Nisat', NULL, '2019-04-10', NULL, NULL, NULL, 1, 2, NULL, '2019-06-24 23:10:49', NULL),
(42, 80042, 'Tasnim Anower', 'তাসনিম আনোয়ার', 'tasnimanower@gmail.com', 'Scholastica', 1, '$2y$10$ncstfRbEEGQyhqUgZOS.Ze7WqO1q7v9D0HaGwtM4MKYTXnTnIqrnS', '123456', 1, NULL, 2, 8, 1, 1, 1, NULL, NULL, '1561439628_Tasnim Anower.png', '01710981313', 2, '0', '1', 'Bangladeshi', 'Gazi Majharul Anower', 'Jubaida Yeasmin', NULL, '2019-04-09', NULL, NULL, NULL, 1, 2, NULL, '2019-06-24 23:13:48', NULL),
(43, 80043, 'Nafi Ali Quaderi', 'নাফি আলী কাদেরী', 'nafialiquaderi@gmail.com', 'Scholastica', 1, '$2y$10$MZjVSV8OfUxayYQGx6E5OuoPqn90s4At.fIr9uQKkuuj3ppOZDHV2', '123456', 1, NULL, 2, 8, 1, 1, 1, NULL, NULL, '1561439850_Nafi Ali Quaderi.png', '01711359198', 1, '0', '1', 'Bangladeshi', 'Mahtuz Ali Quaderi', 'Nazmin Islam', NULL, '2019-04-09', NULL, NULL, NULL, 1, 2, NULL, '2019-06-24 23:17:30', NULL),
(44, 80047, 'Sheikh Araf Anwar', 'শেখ আরাফ আনোয়ার', 'sheikharafanwar@gmail.com', 'Scholastica', 1, '$2y$10$Q95cfmI10TRXJjfrkRmbteLFhKFFTlEhkz6SJrHbpjNT.5Tk.tjGy', '123456', 1, NULL, 2, 8, 1, 1, 1, NULL, NULL, '1561447779_1561440040_Sheikh Araf Anwar.png', '01711945842', 1, '0', '1', 'Bangladeshi', 'Sheikh Anwar Ali', 'Lutfun Nahar', NULL, '2019-04-07', NULL, NULL, NULL, 1, 2, NULL, '2019-06-25 01:29:46', NULL),
(45, 80045, 'Amasha Nethemi', 'আমাশা নেথেমি', 'amashanethemi@gmail.com', 'Scholastica', 1, '$2y$10$2PLtHrOg6dgAT8KeIojsx.YPeuAULf7JV3SiebEYVBMgFLt/12OeK', '123456', 1, NULL, 2, 8, 1, 1, 1, NULL, NULL, '', '01842331381', 2, '0', '3', 'Bangladeshi', 'Dhammika Hetharachchi', 'M. A Parashara', NULL, '2019-04-09', NULL, NULL, NULL, 1, 2, NULL, '2019-06-24 23:24:00', NULL),
(46, 80047, 'Sanam Marjan', 'সানাম মারজান', 'sanammarjan@gmail.com', 'Scholastica', 1, '$2y$10$o1Gcvb1z33xZ.ymqumDd3epgUIQGjbEfIb2GGrQe1F9So9HTUeBQi', '123456', 1, NULL, 2, 8, 1, 1, 1, NULL, NULL, '1561463545_1561440429_Sanam Marjan.png', '01843745731', 2, '0', '1', 'Bangladeshi', 'Dr. Hossain Md. Shadid', 'Nadia Patuary Mitu', NULL, '2019-04-08', NULL, NULL, NULL, 1, 2, NULL, '2019-06-25 05:52:40', NULL),
(47, 80047, 'Ashfia Islam', 'আশফিয়া ইসলাম', 'ashfiaislam@gmail.com', 'Scholastica', 1, '$2y$10$Cxc1fmFAZt3PAri9DO88NepgkDC9txQjLFUrWtLSQ/ReQd6x8OSIC', '123456', 1, NULL, 2, 8, 1, 1, 1, NULL, NULL, '1561441147_Ashfia Islam.png', '01714026087', 2, '0', '1', 'Bangladeshi', 'Md. Ruhul Islam', 'Keisarun Nahar', NULL, '2019-04-10', NULL, NULL, NULL, 1, 2, NULL, '2019-06-25 03:47:34', NULL);

-- --------------------------------------------------------

--
-- Table structure for table `bdedu_students_academic_details`
--

CREATE TABLE `bdedu_students_academic_details` (
  `student_academic_details_row_id` int(11) NOT NULL,
  `student_row_id` int(11) NOT NULL,
  `date_of_admission` date NOT NULL,
  `academic_session` int(3) NOT NULL,
  `academic_class` tinyint(1) NOT NULL,
  `academic_shift` tinyint(1) NOT NULL,
  `academic_department` tinyint(1) NOT NULL,
  `academic_section` int(11) NOT NULL,
  `academic_rollnumber` int(11) NOT NULL,
  `created_at` datetime NOT NULL DEFAULT CURRENT_TIMESTAMP,
  `updated_at` datetime NOT NULL DEFAULT CURRENT_TIMESTAMP
) ENGINE=InnoDB DEFAULT CHARSET=latin1;

-- --------------------------------------------------------

--
-- Table structure for table `bdedu_students_assesments`
--

CREATE TABLE `bdedu_students_assesments` (
  `assessment_row_id` int(11) NOT NULL,
  `student_id` bigint(20) NOT NULL,
  `exam_year` int(3) DEFAULT '1',
  `attempt_no` int(3) DEFAULT '1',
  `comment` text COLLATE utf8_unicode_ci NOT NULL,
  `status` tinyint(1) NOT NULL DEFAULT '1',
  `has_math_anxiety` tinyint(2) NOT NULL DEFAULT '0',
  `anxiety_level` int(3) NOT NULL DEFAULT '0',
  `created_by` int(11) NOT NULL,
  `updated_by` int(11) DEFAULT NULL,
  `created_at` datetime NOT NULL DEFAULT CURRENT_TIMESTAMP,
  `updated_at` datetime DEFAULT CURRENT_TIMESTAMP
) ENGINE=InnoDB DEFAULT CHARSET=utf8 COLLATE=utf8_unicode_ci;

--
-- Dumping data for table `bdedu_students_assesments`
--

INSERT INTO `bdedu_students_assesments` (`assessment_row_id`, `student_id`, `exam_year`, `attempt_no`, `comment`, `status`, `has_math_anxiety`, `anxiety_level`, `created_by`, `updated_by`, `created_at`, `updated_at`) VALUES
(1, 10118020017, 2020, 1, 'Poor Performance', 1, 1, 3, 2, NULL, '2020-02-23 09:16:49', '2020-02-23 10:36:47'),
(2, 302203050400, 2020, 1, 'Very Poor Performance', 1, 1, 4, 2, NULL, '2020-02-23 10:09:06', '2020-02-23 15:20:07'),
(3, 10318010007, 2020, 1, 'Very Poor performance', 1, 1, 3, 2, NULL, '2020-02-27 11:22:27', '2020-02-27 09:42:43'),
(4, 10318030002, 2020, 1, 'Good performance', 1, 1, 1, 2, NULL, '2020-02-27 11:14:08', '2020-02-27 11:10:35'),
(5, 10318030010, 2020, 1, 'Average Performance', 1, 1, 2, 2, NULL, '2020-02-27 05:26:30', '2020-02-27 11:16:24'),
(6, 10318030005, 2020, 1, 'Very Poor Performance', 1, 1, 3, 2, NULL, '2020-02-27 11:12:30', '2020-02-27 17:12:30'),
(7, 10318020001, 2020, 1, 'Average Performance', 1, 1, 2, 2, NULL, '2020-02-27 11:15:11', '2020-02-27 17:15:11'),
(8, 10318020007, 2020, 1, 'Very Poor Performance', 1, 1, 3, 2, NULL, '2020-02-27 11:17:17', '2020-02-27 17:16:50'),
(9, 10318020008, 2020, 1, 'Average', 1, 1, 2, 2, NULL, '2020-02-27 11:18:34', '2020-02-27 17:18:34'),
(10, 10318030042, 2020, 1, 'Very Poor Performance', 1, 1, 3, 2, NULL, '2020-02-27 11:19:45', '2020-02-27 17:19:45'),
(11, 10318010008, 2020, 1, 'Average Performance', 1, 1, 2, 2, NULL, '2020-02-27 11:23:38', '2020-02-27 17:23:38'),
(12, 10318010011, 2020, 1, 'Very Poor Performance', 1, 1, 3, 2, NULL, '2020-02-27 11:25:26', '2020-02-27 17:25:26'),
(13, 10320030026, 2020, 1, 'Average Performance', 1, 1, 2, 2, NULL, '2020-02-27 11:26:52', '2020-02-27 17:26:52'),
(14, 10318010022, 2020, 1, 'Average Performance', 1, 1, 2, 2, NULL, '2020-02-27 11:27:49', '2020-02-27 17:27:49');

-- --------------------------------------------------------

--
-- Table structure for table `bdedu_students_details`
--

CREATE TABLE `bdedu_students_details` (
  `student_details_row_id` int(11) UNSIGNED NOT NULL,
  `student_row_id` int(11) NOT NULL,
  `student_blood_group` int(3) NOT NULL,
  `student_dob` date NOT NULL,
  `student_birth_place` text COLLATE utf8_unicode_ci NOT NULL,
  `student_religion` tinyint(1) NOT NULL,
  `is_physically_disabled` tinyint(1) NOT NULL DEFAULT '1',
  `student_medical_problem` text COLLATE utf8_unicode_ci NOT NULL,
  `student_present_address` text COLLATE utf8_unicode_ci NOT NULL,
  `student_present_address_bangla` text COLLATE utf8_unicode_ci NOT NULL,
  `student_division_present` tinyint(4) DEFAULT NULL,
  `student_district_present` tinyint(4) DEFAULT NULL,
  `student_upazila_present` int(11) DEFAULT NULL,
  `student_postcode_present` int(11) DEFAULT NULL,
  `permanentaspresent` tinyint(1) NOT NULL,
  `student_permanent_address` text COLLATE utf8_unicode_ci NOT NULL,
  `student_permanent_address_bangla` varchar(255) COLLATE utf8_unicode_ci NOT NULL,
  `student_division_permanent` tinyint(4) DEFAULT NULL,
  `student_district_permanent` tinyint(4) DEFAULT NULL,
  `student_upazila_permanent` int(11) DEFAULT NULL,
  `student_postcode_permanent` int(11) DEFAULT NULL,
  `student_telephone` varchar(255) COLLATE utf8_unicode_ci NOT NULL,
  `student_photo` varchar(255) COLLATE utf8_unicode_ci NOT NULL,
  `student_signature` varchar(255) COLLATE utf8_unicode_ci NOT NULL,
  `student_nationality` varchar(255) COLLATE utf8_unicode_ci NOT NULL,
  `student_birthcertificateno` varchar(100) COLLATE utf8_unicode_ci NOT NULL,
  `student_birthcertificatephoto` varchar(255) COLLATE utf8_unicode_ci NOT NULL,
  `father_name` varchar(255) COLLATE utf8_unicode_ci NOT NULL,
  `father_name_bangla` varchar(255) CHARACTER SET utf8 NOT NULL,
  `father_email` varchar(100) COLLATE utf8_unicode_ci NOT NULL,
  `father_occupation` varchar(255) COLLATE utf8_unicode_ci NOT NULL,
  `father_office_address` text COLLATE utf8_unicode_ci NOT NULL,
  `father_nid` varchar(255) COLLATE utf8_unicode_ci NOT NULL,
  `father_mobile` varchar(100) COLLATE utf8_unicode_ci NOT NULL,
  `father_income_annual` float(8,2) NOT NULL,
  `father_phone_office` varchar(100) COLLATE utf8_unicode_ci NOT NULL,
  `father_photo` varchar(255) COLLATE utf8_unicode_ci NOT NULL,
  `father_signature` varchar(255) COLLATE utf8_unicode_ci NOT NULL,
  `mother_name` varchar(100) COLLATE utf8_unicode_ci NOT NULL,
  `mother_name_bangla` varchar(255) CHARACTER SET utf8 NOT NULL,
  `mother_email` varchar(100) COLLATE utf8_unicode_ci NOT NULL,
  `mother_occupation` varchar(255) COLLATE utf8_unicode_ci NOT NULL,
  `mother_office_address` text COLLATE utf8_unicode_ci NOT NULL,
  `mother_nid` varchar(255) COLLATE utf8_unicode_ci NOT NULL,
  `mother_mobile` varchar(100) COLLATE utf8_unicode_ci NOT NULL,
  `mother_income_annual` float(8,2) NOT NULL,
  `mother_phone_office` varchar(100) COLLATE utf8_unicode_ci NOT NULL,
  `mother_photo` varchar(255) COLLATE utf8_unicode_ci NOT NULL,
  `mother_signature` varchar(255) COLLATE utf8_unicode_ci NOT NULL,
  `visitor_info` text COLLATE utf8_unicode_ci NOT NULL,
  `emergency_contact_name` varchar(100) COLLATE utf8_unicode_ci NOT NULL,
  `emergency_contact_name_bangla` varchar(255) CHARACTER SET utf8 NOT NULL,
  `emergency_contact_number` varchar(100) COLLATE utf8_unicode_ci NOT NULL,
  `previous_institute_name` varchar(255) COLLATE utf8_unicode_ci NOT NULL,
  `previous_institute_class` varchar(50) COLLATE utf8_unicode_ci NOT NULL,
  `previous_institute_board` varchar(50) COLLATE utf8_unicode_ci NOT NULL,
  `previous_institute_year` varchar(50) COLLATE utf8_unicode_ci NOT NULL,
  `previous_institute_grade` varchar(50) COLLATE utf8_unicode_ci NOT NULL,
  `previous_institute_cgpa` varchar(50) COLLATE utf8_unicode_ci NOT NULL,
  `student_siblings_id` text COLLATE utf8_unicode_ci NOT NULL,
  `who_is_gurdian` tinyint(1) NOT NULL COMMENT '1=father, 2=mother, 3= others',
  `guardian_row_id` int(11) NOT NULL,
  `created_at` timestamp NULL DEFAULT CURRENT_TIMESTAMP,
  `updated_at` timestamp NULL DEFAULT CURRENT_TIMESTAMP
) ENGINE=InnoDB DEFAULT CHARSET=utf8 COLLATE=utf8_unicode_ci;

-- --------------------------------------------------------

--
-- Table structure for table `bdedu_upazila`
--

CREATE TABLE `bdedu_upazila` (
  `id` int(11) NOT NULL,
  `full_name` varchar(255) COLLATE utf8_unicode_ci NOT NULL,
  `short_name` varchar(20) COLLATE utf8_unicode_ci NOT NULL,
  `code` int(11) NOT NULL,
  `district_id` int(11) NOT NULL,
  `createdAt` datetime NOT NULL,
  `updatedAt` datetime NOT NULL
) ENGINE=InnoDB DEFAULT CHARSET=utf8 COLLATE=utf8_unicode_ci;

--
-- Dumping data for table `bdedu_upazila`
--

INSERT INTO `bdedu_upazila` (`id`, `full_name`, `short_name`, `code`, `district_id`, `createdAt`, `updatedAt`) VALUES
(1, 'DCC North', '01', 200, 1, '2014-09-14 19:33:23', '2014-09-14 19:33:23'),
(2, 'DCC South', '02', 200, 1, '2014-09-14 19:33:23', '2014-09-14 19:33:23'),
(3, 'Dhamrai', '03', 200, 1, '2014-09-14 19:33:23', '2014-09-14 19:33:23'),
(4, 'Dohar', '04', 200, 1, '2014-09-14 19:33:23', '2014-09-14 19:33:23'),
(5, 'Keraniganj', '05', 200, 1, '2014-09-14 19:33:23', '2014-09-14 19:33:23'),
(6, 'Nawabganj', '06', 200, 1, '2014-09-14 19:33:23', '2014-09-14 19:33:23'),
(7, 'Savar', '07', 200, 1, '2014-10-17 04:15:47', '2014-10-17 04:15:47'),
(8, 'Gazipur Sadar', '01', 18, 9, '2014-10-17 06:00:43', '2014-10-17 06:00:43'),
(12, 'Kaliakair', '02', 200, 9, '2014-10-27 21:48:37', '2014-10-27 21:48:37'),
(13, 'Kaliganj', '03', 200, 9, '2014-10-27 21:49:39', '2014-10-27 21:49:39'),
(14, 'Kapasia', '04', 200, 9, '2014-10-27 21:50:06', '2014-10-27 21:50:06'),
(15, 'Sreepur', '05', 200, 9, '2014-10-27 21:50:48', '2014-10-27 21:50:48'),
(16, 'Tangail Sadar', '06', 200, 12, '2014-10-27 21:52:01', '2014-10-27 21:52:01'),
(17, 'Gopalpur', '07', 200, 12, '2014-10-27 21:52:30', '2014-10-27 21:52:30'),
(18, 'Basail', '08', 200, 12, '2014-10-27 21:53:02', '2014-10-27 21:53:02'),
(19, 'Basail', '09', 200, 9, '0000-00-00 00:00:00', '0000-00-00 00:00:00'),
(20, 'Bhuapur', '10', 200, 9, '0000-00-00 00:00:00', '0000-00-00 00:00:00'),
(21, 'Delduar', '11', 200, 9, '0000-00-00 00:00:00', '0000-00-00 00:00:00'),
(22, 'Ghatail', '12', 200, 9, '0000-00-00 00:00:00', '0000-00-00 00:00:00'),
(23, 'Kalihati', '13', 200, 9, '0000-00-00 00:00:00', '0000-00-00 00:00:00'),
(24, 'Madhupur', '14', 200, 9, '0000-00-00 00:00:00', '0000-00-00 00:00:00'),
(25, 'Mirzapur', '15', 200, 9, '0000-00-00 00:00:00', '0000-00-00 00:00:00'),
(26, 'Nagarpur', '16', 200, 9, '0000-00-00 00:00:00', '0000-00-00 00:00:00'),
(27, 'Sakhipur', '17', 200, 9, '0000-00-00 00:00:00', '0000-00-00 00:00:00'),
(28, 'Dhanbari', '18', 200, 9, '0000-00-00 00:00:00', '0000-00-00 00:00:00'),
(29, 'Astagram', '25', 200, 18, '0000-00-00 00:00:00', '0000-00-00 00:00:00'),
(30, 'Bajitpur', '26', 200, 18, '0000-00-00 00:00:00', '0000-00-00 00:00:00'),
(31, 'Bhairab', '27', 200, 18, '0000-00-00 00:00:00', '0000-00-00 00:00:00'),
(32, 'Hossainpur', '28', 200, 18, '0000-00-00 00:00:00', '0000-00-00 00:00:00'),
(33, 'Itna', '29', 200, 18, '0000-00-00 00:00:00', '0000-00-00 00:00:00'),
(34, 'Karimganj', '30', 200, 18, '0000-00-00 00:00:00', '0000-00-00 00:00:00'),
(35, 'Katiadi', '31', 200, 18, '0000-00-00 00:00:00', '0000-00-00 00:00:00'),
(36, 'Kishoreganj Sadar', '33', 200, 18, '0000-00-00 00:00:00', '0000-00-00 00:00:00'),
(37, 'Kuliarchar', '34', 200, 18, '0000-00-00 00:00:00', '0000-00-00 00:00:00'),
(38, 'Mithamain', '35', 200, 18, '0000-00-00 00:00:00', '0000-00-00 00:00:00'),
(39, 'Nikli', '36', 200, 18, '0000-00-00 00:00:00', '0000-00-00 00:00:00'),
(40, 'Pakundia', '37', 200, 18, '0000-00-00 00:00:00', '0000-00-00 00:00:00'),
(41, 'Tarail', '38', 200, 18, '0000-00-00 00:00:00', '0000-00-00 00:00:00'),
(42, 'Araihazar', '01', 200, 11, '0000-00-00 00:00:00', '0000-00-00 00:00:00'),
(43, 'Bandar', '02', 200, 11, '0000-00-00 00:00:00', '0000-00-00 00:00:00'),
(44, 'Narayanganj Sadar', '03', 200, 11, '0000-00-00 00:00:00', '0000-00-00 00:00:00'),
(45, 'Rupganj', '04', 200, 11, '0000-00-00 00:00:00', '0000-00-00 00:00:00'),
(46, 'Sonargaon', '05', 200, 11, '0000-00-00 00:00:00', '0000-00-00 00:00:00'),
(47, 'Fatullah', '06', 200, 11, '0000-00-00 00:00:00', '0000-00-00 00:00:00'),
(48, 'Siddhirganj', '07', 200, 11, '0000-00-00 00:00:00', '0000-00-00 00:00:00'),
(49, 'Daulatpur', '14', 200, 8, '0000-00-00 00:00:00', '0000-00-00 00:00:00'),
(50, 'Ghior', '09', 200, 8, '0000-00-00 00:00:00', '0000-00-00 00:00:00'),
(51, 'Harirampur', '10', 200, 8, '0000-00-00 00:00:00', '0000-00-00 00:00:00'),
(52, 'Manikgonj Sadar', '11', 200, 8, '0000-00-00 00:00:00', '0000-00-00 00:00:00'),
(53, 'Saturia', '12', 200, 8, '0000-00-00 00:00:00', '0000-00-00 00:00:00'),
(54, 'Shivalaya', '13', 200, 8, '0000-00-00 00:00:00', '0000-00-00 00:00:00'),
(55, 'Singair', '08', 200, 8, '0000-00-00 00:00:00', '0000-00-00 00:00:00'),
(56, 'Narsingdi Sadar', '15', 200, 19, '0000-00-00 00:00:00', '0000-00-00 00:00:00'),
(57, 'Belabo', '16', 200, 19, '0000-00-00 00:00:00', '0000-00-00 00:00:00'),
(58, 'Monohardi', '17', 200, 19, '0000-00-00 00:00:00', '0000-00-00 00:00:00'),
(59, 'Palash', '18', 200, 19, '0000-00-00 00:00:00', '0000-00-00 00:00:00'),
(60, 'Raipura', '19', 200, 19, '0000-00-00 00:00:00', '0000-00-00 00:00:00'),
(61, 'Shibpur', '20', 200, 19, '0000-00-00 00:00:00', '0000-00-00 00:00:00'),
(62, 'Gazaria', '21', 200, 15, '0000-00-00 00:00:00', '0000-00-00 00:00:00'),
(63, 'Lohajang', '22', 200, 15, '0000-00-00 00:00:00', '0000-00-00 00:00:00'),
(64, 'Munshiganj Sadar', '23', 200, 15, '0000-00-00 00:00:00', '0000-00-00 00:00:00'),
(65, 'Sirajdikhan', '24', 200, 15, '0000-00-00 00:00:00', '0000-00-00 00:00:00'),
(66, 'Sreenagar', '25', 200, 15, '0000-00-00 00:00:00', '0000-00-00 00:00:00'),
(67, 'Tongibari', '26', 200, 15, '0000-00-00 00:00:00', '0000-00-00 00:00:00'),
(68, 'Ajmiriganj', '01', 1, 56, '2014-10-28 15:21:56', '2014-10-28 15:21:56'),
(69, 'Bahubal', '02', 200, 56, '2014-10-28 15:24:32', '2014-10-28 15:24:32'),
(70, 'Baniyachong', '03', 200, 56, '2014-10-28 15:25:21', '2014-10-28 15:25:21'),
(71, 'Chunarughat', '04', 200, 56, '2014-10-28 15:25:58', '2014-10-28 15:25:58'),
(72, 'Habiganj Sadar', '05', 200, 56, '2014-10-28 15:26:31', '2014-10-28 15:26:31'),
(73, 'Lakhai', '06', 200, 56, '2014-10-28 15:27:07', '2014-10-28 15:27:07'),
(74, 'Madhabpur', '07', 200, 56, '2014-10-28 15:27:40', '2014-10-28 15:27:40'),
(75, 'Nabiganj', '08', 200, 56, '2014-10-28 15:28:23', '2014-10-28 15:28:23'),
(76, 'Barlekha', '09', 200, 55, '2014-10-28 15:29:09', '2014-10-28 15:29:09'),
(77, 'Kamalganj', '10', 200, 55, '2014-10-28 15:29:59', '2014-10-28 15:29:59'),
(78, 'Kulaura', '11', 200, 55, '2014-10-28 15:30:30', '2014-10-28 15:30:30'),
(79, 'Moulvibazar Sadar', '12', 200, 55, '2014-10-28 15:31:01', '2014-10-28 15:31:01'),
(80, 'Rajnagar', '13', 200, 55, '2014-10-28 15:31:40', '2014-10-28 15:31:40'),
(81, 'Sreemangal', '14', 200, 55, '2014-10-28 15:35:51', '2014-10-28 15:35:51'),
(82, 'Juri', '15', 200, 55, '2014-10-28 15:36:21', '2014-10-28 15:36:21'),
(83, 'Bishwamvarpur', '16', 200, 57, '2014-10-28 15:38:01', '2014-10-28 15:38:01'),
(84, 'Chhatak', '17', 200, 57, '2014-10-28 15:38:42', '2014-10-28 15:38:42'),
(85, 'Derai', '18', 200, 57, '2014-10-28 15:39:17', '2014-10-28 15:39:17'),
(86, 'Dharampasha', '19', 200, 57, '2014-10-28 15:39:52', '2014-10-28 15:39:52'),
(87, 'Dowarabazar', '20', 200, 57, '2014-10-28 15:40:25', '2014-10-28 15:40:25'),
(88, 'Jagannathpur', '21', 200, 57, '2014-10-28 15:41:07', '2014-10-28 15:41:07'),
(89, 'Jamalganj', '22', 200, 57, '2014-10-28 15:43:05', '2014-10-28 15:43:05'),
(90, 'Sullah', '23', 200, 57, '2014-10-28 15:44:07', '2014-10-28 15:44:07'),
(91, 'Sunamganj	Sadar', '24', 200, 57, '2014-10-28 15:45:59', '2014-10-28 15:45:59'),
(92, 'Tahirpur', '25', 200, 57, '2014-10-28 15:46:38', '2014-10-28 15:46:38'),
(93, 'South Sunamganj', '26', 200, 57, '2014-10-28 15:47:28', '2014-10-28 15:47:28'),
(94, 'Balaganj', '27', 200, 6, '2014-10-28 15:48:54', '2014-10-28 15:48:54'),
(95, 'Beanibazar', '28', 200, 6, '2014-10-28 15:49:42', '2014-10-28 15:49:42'),
(96, 'Bishwanath', '29', 200, 6, '2014-10-28 15:50:10', '2014-10-28 15:50:10'),
(97, 'Companigonj', '30', 200, 6, '2014-10-28 15:50:46', '2014-10-28 15:50:46'),
(98, 'Fenchuganj', '31', 200, 6, '2014-10-28 15:51:11', '2014-10-28 15:51:11'),
(99, 'Golapganj', '32', 200, 6, '2014-10-28 15:51:51', '2014-10-28 15:51:51'),
(100, 'Gowainghat', '33', 200, 6, '2014-10-28 15:52:55', '2014-10-28 15:52:55'),
(101, 'Jaintiapur', '34', 200, 6, '2014-10-28 15:53:31', '2014-10-28 15:53:31'),
(102, 'Kanaighat', '35', 200, 6, '2014-10-28 15:54:04', '2014-10-28 15:54:04'),
(103, 'Sylhet Sadar', '36', 200, 6, '2014-10-28 15:54:48', '2014-10-28 15:54:48'),
(104, 'Zakiganj', '37', 200, 6, '2014-10-28 15:55:15', '2014-10-28 15:55:15'),
(105, 'South Shurma', '38', 200, 6, '2014-10-28 15:55:45', '2014-10-28 15:55:45'),
(106, 'Birampur', '01', 9, 58, '2014-10-28 16:05:32', '2014-10-28 16:05:32'),
(107, 'Birganj', '02', 9, 58, '2014-10-28 16:06:19', '2014-10-28 16:06:19'),
(108, 'Biral', '03', 9, 58, '2014-10-28 16:06:50', '2014-10-28 16:06:50'),
(109, 'Bochaganj', '04', 9, 58, '2014-10-28 16:07:26', '2014-10-28 16:07:26'),
(110, 'Chirirbandar', '05', 9, 58, '2014-10-28 16:08:44', '2014-10-28 16:08:44'),
(111, 'Phulbari', '06', 9, 58, '2014-10-28 16:12:01', '2014-10-28 16:12:01'),
(112, 'Ghoraghat', '07', 9, 58, '2014-10-28 16:12:39', '2014-10-28 16:12:39'),
(113, 'Hakimpur', '08', 900, 58, '2014-10-28 16:13:34', '2014-10-28 16:13:34'),
(114, 'Kaharole', '09', 900, 58, '2014-10-28 16:14:08', '2014-10-28 16:14:08'),
(115, 'Khansama', '10', 900, 58, '2014-10-28 16:14:38', '2014-10-28 16:14:38'),
(116, 'Dinajpur Sadar', '11', 900, 58, '2014-10-28 16:15:11', '2014-10-28 16:15:11'),
(117, 'Nawabganj', '12', 900, 58, '2014-10-28 16:15:43', '2014-10-28 16:15:43'),
(118, 'Parbatipur', '13', 900, 58, '2014-10-28 16:16:10', '2014-10-28 16:16:10'),
(119, 'Phulchhari', '14', 900, 59, '2014-10-28 16:16:53', '2014-10-28 16:16:53'),
(120, 'Gaibandha Sadar', '15', 900, 59, '2014-10-28 16:17:38', '2014-10-28 16:17:38'),
(121, 'Gobindaganj', '16', 900, 59, '2014-10-28 16:18:23', '2014-10-28 16:18:23'),
(122, 'Palashbari', '17', 900, 59, '2014-10-28 16:19:04', '2014-10-28 16:19:04'),
(123, 'Sadullapur', '18', 900, 59, '2014-10-28 16:19:31', '2014-10-28 16:19:31'),
(124, 'Sughatta', '19', 900, 59, '2014-10-28 16:20:03', '2014-10-28 16:20:03'),
(125, 'Sundarganj', '20', 900, 59, '2014-10-28 16:20:43', '2014-10-28 16:20:43'),
(126, 'Badarganj', '21', 900, 7, '2014-10-28 16:21:27', '2014-10-28 16:21:27'),
(127, 'Gangachhara', '22', 900, 7, '2014-10-28 16:21:56', '2014-10-28 16:21:56'),
(128, 'Kaunia', '23', 900, 7, '2014-10-28 16:22:35', '2014-10-28 16:22:35'),
(129, 'Rangpur Sadar', '24', 900, 7, '2014-10-28 16:23:05', '2014-10-28 16:23:05'),
(130, 'Mithapukur', '25', 900, 7, '2014-10-28 16:23:31', '2014-10-28 16:23:31'),
(131, 'Pirgachha', '26', 900, 7, '2014-10-28 16:23:59', '2014-10-28 16:23:59'),
(132, 'Pirganj', '27', 900, 7, '2014-10-28 16:24:27', '2014-10-28 16:24:27'),
(133, 'Taraganj', '28', 900, 7, '2014-10-28 16:24:53', '2014-10-28 16:24:53'),
(134, 'Baliadangi', '29', 900, 64, '2014-10-28 16:25:31', '2014-10-28 16:25:31'),
(135, 'Haripur', '30', 900, 64, '2014-10-28 16:26:00', '2014-10-28 16:26:00'),
(136, 'Pirganj', '31', 900, 64, '2014-10-28 16:26:29', '2014-10-28 16:26:29'),
(137, 'Ranisankail', '32', 900, 64, '2014-10-28 16:27:04', '2014-10-28 16:27:04'),
(138, 'Thakurgaon Sadar', '33', 900, 64, '2014-10-28 16:27:39', '2014-10-28 16:27:39'),
(139, 'Bhurungamari', '01', 100, 60, '2014-10-28 16:40:52', '2014-10-28 16:40:52'),
(140, 'Char	 Rajibpur', '02', 100, 60, '2014-10-28 16:41:57', '2014-10-28 16:41:57'),
(141, 'Chilmari', '03', 100, 60, '2014-10-28 16:42:33', '2014-10-28 16:42:33'),
(142, 'Phulbari', '04', 100, 60, '2014-10-28 16:43:18', '2014-10-28 16:43:18'),
(143, 'Kurigram	Sadar', '05', 100, 60, '2014-10-28 16:44:02', '2014-10-28 16:44:02'),
(144, 'Nageshwari', '06', 100, 60, '2014-10-28 16:44:37', '2014-10-28 16:44:37'),
(145, 'Rajarhat', '07', 100, 60, '2014-10-28 16:45:20', '2014-10-28 16:45:20'),
(146, 'Raomari', '08', 100, 60, '2014-10-28 16:45:51', '2014-10-28 16:45:51'),
(147, 'Ulipur', '09', 100, 60, '2014-10-28 16:46:25', '2014-10-28 16:46:25'),
(148, 'Aditmari', '10', 100, 61, '2014-10-28 16:47:02', '2014-10-28 16:47:02'),
(149, 'Hatibandha', '11', 100, 61, '2014-10-28 16:47:35', '2014-10-28 16:47:35'),
(150, 'Kaliganj', '12', 100, 61, '2014-10-28 16:48:20', '2014-10-28 16:48:20'),
(151, 'Lalmonirhat Sadar', '13', 100, 61, '2014-10-28 16:48:55', '2014-10-28 16:48:55'),
(152, 'Patgram', '14', 100, 61, '2014-10-28 16:49:26', '2014-10-28 16:49:26'),
(153, 'Dimla', '15', 100, 62, '2014-10-28 16:50:37', '2014-10-28 16:50:37'),
(154, 'Domar', '16', 100, 62, '2014-10-28 16:51:13', '2014-10-28 16:51:13'),
(155, 'Jaldhaka', '17', 100, 62, '2014-10-28 16:51:46', '2014-10-28 16:51:46'),
(156, 'Kishoreganj', '18', 100, 62, '2014-10-28 16:52:31', '2014-10-28 16:52:31'),
(157, 'Nilphamari Sadar', '19', 100, 62, '2014-10-28 16:53:07', '2014-10-28 16:53:07'),
(158, 'Saidpur', '20', 100, 62, '2014-10-28 16:53:36', '2014-10-28 16:53:36'),
(159, 'Atwari', '21', 100, 63, '2014-10-28 16:54:21', '2014-10-28 16:54:21'),
(160, 'Boda', '22', 100, 63, '2014-10-28 16:54:47', '2014-10-28 16:54:47'),
(161, 'Debiganj', '23', 100, 63, '2014-10-28 16:55:28', '2014-10-28 16:55:28'),
(162, 'Panchagarh Sadar', '24', 100, 63, '2014-10-28 16:56:12', '2014-10-28 16:56:12'),
(163, 'Tetulia', '25', 100, 63, '2014-10-28 16:56:40', '2014-10-28 16:56:40'),
(164, 'Bagha', '01', 700, 2, '2014-10-28 17:26:42', '2014-10-28 17:26:42'),
(165, 'Bagmara', '02', 700, 2, '2014-10-28 17:27:18', '2014-10-28 17:27:18'),
(166, 'Charghat', '03', 700, 2, '2014-10-28 17:28:01', '2014-10-28 17:28:01'),
(167, 'Durgapur', '04', 700, 2, '2014-10-28 17:28:31', '2014-10-28 17:28:31'),
(168, 'Godagari', '05', 700, 2, '2014-10-28 17:28:57', '2014-10-28 17:28:57'),
(169, 'Mohanpur', '06', 700, 2, '2014-10-28 17:29:23', '2014-10-28 17:29:23'),
(170, 'Paba', '07', 700, 2, '2014-10-28 17:29:52', '2014-10-28 17:29:52'),
(171, 'Puthia', '08', 700, 2, '2014-10-28 17:30:23', '2014-10-28 17:30:23'),
(172, 'Tanore', '09', 700, 2, '2014-10-28 17:30:50', '2014-10-28 17:30:50'),
(173, 'Boalia', '10', 700, 2, '2014-10-28 17:33:10', '2014-10-28 17:33:10'),
(174, 'Matihar', '11', 700, 2, '2014-10-28 17:33:34', '2014-10-28 17:33:34'),
(175, 'Rajpara', '12', 700, 2, '2014-10-28 17:34:05', '2014-10-28 17:34:05'),
(176, 'Shah Mokdum', '13', 700, 2, '2014-10-28 17:35:00', '2014-10-28 17:35:00'),
(177, 'Akkelpur', '14', 700, 25, '2014-10-28 17:35:41', '2014-10-28 17:35:41'),
(178, 'Joypurhat	Sadar', '15', 700, 25, '2014-10-28 17:36:49', '2014-10-28 17:36:49'),
(179, 'Kalai', '16', 700, 25, '2014-10-28 17:37:43', '2014-10-28 17:37:43'),
(180, 'Khetlal', '17', 200, 25, '2014-10-28 17:38:23', '2014-10-28 17:38:23'),
(181, 'Baksiganj', '01', 200, 14, '2014-10-28 17:38:37', '2014-10-28 17:38:37'),
(182, 'Panchbibi', '18', 700, 25, '2014-10-28 17:39:01', '2014-10-28 17:39:01'),
(183, 'Dewanganj', '02', 200, 14, '2014-10-28 17:39:08', '2014-10-28 17:39:08'),
(184, 'Islampur', '03', 200, 14, '2014-10-28 17:39:50', '2014-10-28 17:39:50'),
(185, 'Atrai', '19', 700, 26, '2014-10-28 17:40:26', '2014-10-28 17:40:26'),
(186, 'Badalgachhi', '20', 700, 26, '2014-10-28 17:41:00', '2014-10-28 17:41:00'),
(187, 'Manda', '21', 700, 26, '2014-10-28 17:41:30', '2014-10-28 17:41:30'),
(188, 'Dhamoirhat', '22', 700, 26, '2014-10-28 17:42:04', '2014-10-28 17:42:04'),
(189, 'Mohadevpur', '23', 700, 26, '2014-10-28 17:42:34', '2014-10-28 17:42:34'),
(190, 'Naogaon	Sadar', '24', 700, 26, '2014-10-28 17:43:04', '2014-10-28 17:43:04'),
(191, 'Niamatpur', '25', 700, 26, '2014-10-28 17:43:37', '2014-10-28 17:43:37'),
(192, 'Patnitala', '26', 700, 26, '2014-10-28 17:44:19', '2014-10-28 17:44:19'),
(193, 'Jamalpur Sadar', '05', 200, 14, '2014-10-28 17:44:27', '2014-10-28 17:44:27'),
(194, 'Porsha', '27', 700, 26, '2014-10-28 17:44:59', '2014-10-28 17:44:59'),
(195, 'Madarganj', '04', 200, 14, '2014-10-28 17:45:17', '2014-10-28 17:45:17'),
(196, 'Raninagar', '28', 700, 26, '2014-10-28 17:45:55', '2014-10-28 17:45:55'),
(197, 'Melandaha', '06', 200, 14, '2014-10-28 17:47:09', '2014-10-28 17:47:09'),
(198, 'Sapahar', '29', 700, 26, '2014-10-28 17:47:17', '2014-10-28 17:47:17'),
(199, 'Sarishabari', '07', 200, 14, '2014-10-28 17:47:36', '2014-10-28 17:47:36'),
(200, 'Bholahat', '30', 700, 28, '2014-10-28 17:48:46', '2014-10-28 17:48:46'),
(201, 'Gomastapur', '31', 700, 28, '2014-10-28 17:49:15', '2014-10-28 17:49:15'),
(202, 'Nachole', '32', 700, 28, '2014-10-28 17:49:43', '2014-10-28 17:49:43'),
(203, 'Nawabganj', '33', 700, 28, '2014-10-28 17:50:10', '2014-10-28 17:50:10'),
(204, 'Shibganj', '34', 700, 28, '2014-10-28 17:50:43', '2014-10-28 17:50:43'),
(205, 'Bhaluka', '08', 200, 10, '2014-10-28 17:50:47', '2014-10-28 17:50:47'),
(206, 'Dhobaura', '09', 200, 10, '2014-10-28 17:51:43', '2014-10-28 17:51:43'),
(207, 'Fulbaria', '10', 200, 10, '2014-10-28 17:52:12', '2014-10-28 17:52:12'),
(208, 'Gaffargaon', '11', 200, 10, '2014-10-28 17:53:14', '2014-10-28 17:53:14'),
(209, 'Gauripur', '12', 200, 10, '2014-10-28 17:54:53', '2014-10-28 17:54:53'),
(210, 'Haluaghat', '13', 200, 10, '2014-10-28 17:55:37', '2014-10-28 17:55:37'),
(211, 'Ishwarganj', '14', 200, 10, '2014-10-28 17:55:59', '2014-10-28 17:55:59'),
(212, 'Mymensingh Sadar', '15', 200, 10, '2014-10-28 17:56:34', '2014-10-28 17:56:34'),
(213, 'Muktagachha', '16', 200, 10, '2014-10-28 17:56:53', '2014-10-28 17:56:53'),
(214, 'Nandail', '17', 200, 10, '2014-10-28 17:57:13', '2014-10-28 17:57:13'),
(215, 'Adamdighi', '01', 800, 24, '2014-10-28 17:58:52', '2014-10-28 17:58:52'),
(216, 'Bogra Sadar', '02', 800, 24, '2014-10-28 17:59:37', '2014-10-28 17:59:37'),
(217, 'Dhunat', '03', 800, 24, '2014-10-28 18:00:06', '2014-10-28 18:00:06'),
(218, 'Phulpur', '18', 200, 10, '2014-10-28 18:00:11', '2014-10-28 18:00:11'),
(219, 'Dhupchanchia', '04', 800, 24, '2014-10-28 18:00:41', '2014-10-28 18:00:41'),
(220, 'Gabtali', '05', 800, 24, '2014-10-28 18:01:10', '2014-10-28 18:01:10'),
(221, 'Trishal', '19', 200, 10, '2014-10-28 18:01:31', '2014-10-28 18:01:31'),
(222, 'Kahaloo', '06', 800, 24, '2014-10-28 18:01:38', '2014-10-28 18:01:38'),
(223, 'Nandigram', '07', 800, 24, '2014-10-28 18:02:04', '2014-10-28 18:02:04'),
(224, 'Tara Khanda', '20', 200, 10, '2014-10-28 18:02:11', '2014-10-28 18:02:11'),
(225, 'Sariakandi', '08', 800, 24, '2014-10-28 18:02:32', '2014-10-28 18:02:32'),
(226, 'Shajahanpur', '09', 800, 24, '2014-10-28 18:03:13', '2014-10-28 18:03:13'),
(227, 'Sherpur', '10', 800, 24, '2014-10-28 18:03:44', '2014-10-28 18:03:44'),
(228, 'Shibganj', '11', 800, 24, '2014-10-28 18:04:19', '2014-10-28 18:04:19'),
(229, 'Sonatola', '12', 800, 24, '2014-10-28 18:04:47', '2014-10-28 18:04:47'),
(230, 'Bagatipara', '13', 800, 27, '2014-10-28 18:05:31', '2014-10-28 18:05:31'),
(231, 'Baraigram', '14', 800, 27, '2014-10-28 18:06:01', '2014-10-28 18:06:01'),
(232, 'Gurudaspur', '15', 800, 27, '2014-10-28 18:06:32', '2014-10-28 18:06:32'),
(233, 'Lalpur', '16', 800, 27, '2014-10-28 18:06:56', '2014-10-28 18:06:56'),
(234, 'Natore Sadar', '17', 800, 27, '2014-10-28 18:07:32', '2014-10-28 18:07:32'),
(235, 'Atpara', '21', 200, 21, '2014-10-28 18:07:40', '2014-10-28 18:07:40'),
(236, 'Singra', '18', 800, 27, '2014-10-28 18:08:04', '2014-10-28 18:08:04'),
(237, 'Naldanga', '19', 800, 27, '2014-10-28 18:08:28', '2014-10-28 18:08:28'),
(238, 'Ataikula', '20', 800, 29, '2014-10-28 18:09:40', '2014-10-28 18:09:40'),
(239, 'Atgharia', '21', 800, 29, '2014-10-28 18:10:06', '2014-10-28 18:10:06'),
(240, 'Bera', '22', 800, 29, '2014-10-28 18:10:36', '2014-10-28 18:10:36'),
(241, 'Bhangura', '23', 800, 29, '2014-10-28 18:11:02', '2014-10-28 18:11:02'),
(242, 'Barhatta', '22', 200, 21, '2014-10-28 18:11:06', '2014-10-28 18:11:06'),
(243, 'Chatmohar', '24', 800, 29, '2014-10-28 18:11:25', '2014-10-28 18:11:25'),
(244, 'Faridpur', '25', 700, 29, '2014-10-28 18:11:51', '2014-10-28 18:11:51'),
(245, 'Ishwardi', '26', 800, 29, '2014-10-28 18:13:00', '2014-10-28 18:13:00'),
(246, 'Pabna Sadar', '27', 800, 29, '2014-10-28 18:13:38', '2014-10-28 18:13:38'),
(247, 'Santhia', '28', 800, 29, '2014-10-28 18:14:07', '2014-10-28 18:14:07'),
(248, 'Sujanagar', '29', 800, 29, '2014-10-28 18:14:34', '2014-10-28 18:14:34'),
(249, 'Durgapur', '23', 200, 21, '2014-10-28 18:14:50', '2014-10-28 18:14:50'),
(250, 'Khaliajuri', '24', 200, 21, '2014-10-28 18:15:28', '2014-10-28 18:15:28'),
(251, 'Belkuchi', '30', 800, 30, '2014-10-28 18:15:45', '2014-10-28 18:15:45'),
(252, 'Kalmakanda', '25', 200, 21, '2014-10-28 18:15:59', '2014-10-28 18:15:59'),
(253, 'Chauhali', '31', 800, 30, '2014-10-28 18:16:24', '2014-10-28 18:16:24'),
(254, 'Kendua', '26', 200, 21, '2014-10-28 18:16:56', '2014-10-28 18:16:56'),
(255, 'Kamarkhanda', '32', 800, 30, '2014-10-28 18:17:08', '2014-10-28 18:17:08'),
(256, 'Madan', '27', 200, 21, '2014-10-28 18:17:34', '2014-10-28 18:17:34'),
(257, 'Kazipur', '33', 800, 30, '2014-10-28 18:17:39', '2014-10-28 18:17:39'),
(258, 'Raiganj', '34', 800, 30, '2014-10-28 18:18:09', '2014-10-28 18:18:09'),
(259, 'Mohanganj', '28', 200, 21, '2014-10-28 18:18:20', '2014-10-28 18:18:20'),
(260, 'Netrokona Sadar', '29', 200, 21, '2014-10-28 18:18:40', '2014-10-28 18:18:40'),
(261, 'Shahjadpur', '35', 800, 30, '2014-10-28 18:18:44', '2014-10-28 18:18:44'),
(262, 'Sirajganj	Sadar', '36', 800, 30, '2014-10-28 18:19:17', '2014-10-28 18:19:17'),
(263, 'Tarash', '37', 800, 30, '2014-10-28 18:20:04', '2014-10-28 18:20:04'),
(264, 'Ullahpara', '38', 800, 30, '2014-10-28 18:20:42', '2014-10-28 18:20:42'),
(265, 'Purbadhala', '30', 200, 21, '2014-10-28 18:21:13', '2014-10-28 18:21:13'),
(266, 'Bagerhat	Sadar', '01', 110, 32, '2014-10-28 18:25:27', '2014-10-28 18:25:27'),
(267, 'Chitalmari', '02', 110, 32, '2014-10-28 18:26:07', '2014-10-28 18:26:07'),
(268, 'Fakirhat', '03', 110, 32, '2014-10-28 18:26:59', '2014-10-28 18:26:59'),
(269, 'Kachua', '04', 110, 32, '2014-10-28 18:27:28', '2014-10-28 18:27:28'),
(270, 'Mollahat', '05', 110, 32, '2014-10-28 18:28:04', '2014-10-28 18:28:04'),
(271, 'Mongla', '06', 110, 32, '2014-10-28 18:28:31', '2014-10-28 18:28:31'),
(272, 'Morrelganj', '07', 110, 32, '2014-10-28 18:29:00', '2014-10-28 18:29:00'),
(273, 'Rampal', '08', 110, 32, '2014-10-28 18:29:34', '2014-10-28 18:29:34'),
(274, 'Sarankhola', '09', 110, 32, '2014-10-28 18:29:57', '2014-10-28 18:29:57'),
(275, 'Batiaghata', '10', 110, 3, '2014-10-28 18:30:33', '2014-10-28 18:30:33'),
(276, 'Dacope', '11', 110, 3, '2014-10-28 18:31:05', '2014-10-28 18:31:05'),
(277, 'Dumuria', '12', 110, 3, '2014-10-28 18:31:49', '2014-10-28 18:31:49'),
(278, 'Dighalia', '13', 110, 3, '2014-10-28 18:32:17', '2014-10-28 18:32:17'),
(279, 'Koyra', '14', 110, 3, '2014-10-28 18:32:42', '2014-10-28 18:32:42'),
(280, 'Paikgachha', '15', 110, 3, '2014-10-28 18:33:06', '2014-10-28 18:33:06'),
(281, 'Phultala', '16', 110, 3, '2014-10-28 18:33:43', '2014-10-28 18:33:43'),
(282, 'Rupsha', '17', 110, 3, '2014-10-28 18:34:07', '2014-10-28 18:34:07'),
(283, 'Terokhada', '18', 110, 3, '2014-10-28 18:34:31', '2014-10-28 18:34:31'),
(284, 'Daulatpur', '19', 110, 3, '2014-10-28 18:34:58', '2014-10-28 18:34:58'),
(285, 'Khalishpur', '20', 110, 3, '2014-10-28 18:35:21', '2014-10-28 18:35:21'),
(286, 'Khan Jahan Ali', '21', 110, 3, '2014-10-28 18:36:00', '2014-10-28 18:36:00'),
(287, 'Kotwali', '22', 110, 3, '2014-10-28 18:36:16', '2014-10-28 18:36:16'),
(288, 'Sonadanga', '23', 110, 3, '2014-10-28 18:36:38', '2014-10-28 18:36:38'),
(289, 'Harintana', '24', 110, 6, '2014-10-28 18:37:05', '2014-10-28 18:37:05'),
(290, 'Assasuni', '25', 110, 31, '2014-10-28 18:38:07', '2014-10-28 18:38:07'),
(291, 'Kalaroa', '27', 110, 3, '2014-10-28 18:38:30', '2014-10-28 18:38:30'),
(292, 'Kaliganj', '28', 110, 31, '2014-10-28 18:39:11', '2014-10-28 18:39:11'),
(293, 'Satkhira sadar', '29', 110, 31, '2014-10-28 18:39:49', '2014-10-28 18:39:49'),
(294, 'Shyamnagar', '30', 110, 31, '2014-10-28 18:41:03', '2014-10-28 18:41:03'),
(295, 'Tala', '31', 110, 31, '2014-10-28 18:41:38', '2014-10-28 18:41:38'),
(296, 'Kalia', '01', 120, 34, '2014-10-28 18:42:41', '2014-10-28 18:42:41'),
(297, 'Lohagara', '02', 120, 34, '2014-10-28 18:43:36', '2014-10-28 18:43:36'),
(298, 'Narail	Sadar', '03', 120, 34, '2014-10-28 18:44:23', '2014-10-28 18:44:23'),
(299, 'Naragati', '04', 120, 34, '2014-10-28 18:45:01', '2014-10-28 18:45:01'),
(300, 'Abhaynagar', '05', 120, 33, '2014-10-28 18:45:46', '2014-10-28 18:45:46'),
(301, 'Bagherpara', '06', 120, 33, '2014-10-28 18:46:51', '2014-10-28 18:46:51'),
(302, 'Chaugachha', '07', 120, 33, '2014-10-28 18:47:25', '2014-10-28 18:47:25'),
(303, 'Jhikargachha', '08', 120, 33, '2014-10-28 18:47:55', '2014-10-28 18:47:55'),
(304, 'Keshabpur', '09', 120, 33, '2014-10-28 18:48:29', '2014-10-28 18:48:29'),
(305, 'Jessore	Sadar', '10', 120, 33, '2014-10-28 18:49:15', '2014-10-28 18:49:15'),
(306, 'Manirampur', '11', 120, 33, '2014-10-28 18:50:23', '2014-10-28 18:50:23'),
(307, 'Sharsha', '12', 120, 33, '2014-10-28 18:51:04', '2014-10-28 18:51:04'),
(308, 'Magura Sadar', '13', 21, 35, '2014-10-28 18:51:52', '2014-10-28 18:51:52'),
(309, 'Mohammadpur', '14', 120, 35, '2014-10-28 18:53:24', '2014-10-28 18:53:24'),
(310, 'Shalikha', '15', 120, 35, '2014-10-28 18:53:48', '2014-10-28 18:53:48'),
(311, 'Sreepur', '16', 120, 35, '2014-10-28 18:54:27', '2014-10-28 18:54:27'),
(312, 'Alamdanga', '01', 130, 37, '2014-10-28 18:55:17', '2014-10-28 18:55:17'),
(313, 'Chuadanga Sadar', '02', 120, 37, '2014-10-28 18:55:59', '2014-10-28 18:55:59'),
(314, 'Damurhuda', '03', 120, 37, '2014-10-28 18:56:53', '2014-10-28 18:56:53'),
(315, 'Jibannagar', '04', 120, 37, '2014-10-28 18:57:20', '2014-10-28 18:57:20'),
(316, 'Harinakunda', '05', 120, 36, '2014-10-28 18:57:58', '2014-10-28 18:57:58'),
(317, 'Jhenaidah Sadar', '06', 120, 36, '2014-10-28 18:58:55', '2014-10-28 18:58:55'),
(318, 'Kaliganj', '07', 120, 36, '2014-10-28 19:00:11', '2014-10-28 19:00:11'),
(319, 'Kotchandpur', '08', 120, 36, '2014-10-28 19:00:55', '2014-10-28 19:00:55'),
(320, 'Maheshpur', '09', 120, 36, '2014-10-28 19:01:21', '2014-10-28 19:01:21'),
(321, 'Shailkupa', '10', 120, 36, '2014-10-28 19:01:49', '2014-10-28 19:01:49'),
(322, 'Bheramara', '11', 130, 38, '2014-10-28 19:03:45', '2014-10-28 19:03:45'),
(323, 'Daulatpur', '12', 130, 38, '2014-10-28 19:04:20', '2014-10-28 19:04:20'),
(324, 'Khoksa', '13', 130, 38, '2014-10-28 19:04:45', '2014-10-28 19:04:45'),
(325, 'Kumarkhali', '14', 130, 38, '2014-10-28 19:05:08', '2014-10-28 19:05:08'),
(326, 'Kushtia Sadar', '15', 130, 38, '2014-10-28 19:05:50', '2014-10-28 19:05:50'),
(327, 'Mirpur', '16', 130, 38, '2014-10-28 19:06:19', '2014-10-28 19:06:19'),
(328, 'Shekhpara', '17', 130, 38, '2014-10-28 19:07:08', '2014-10-28 19:07:08'),
(329, 'Gangni', '18', 130, 39, '2014-10-28 19:08:13', '2014-10-28 19:08:13'),
(330, 'Meherpur Sadar', '19', 130, 39, '2014-10-28 19:09:14', '2014-10-28 19:09:14'),
(331, 'Mujibnagar', '20', 130, 39, '2014-10-28 19:09:41', '2014-10-28 19:09:41'),
(332, 'Ali Kadam', '01', 140, 40, '2014-10-28 19:23:22', '2014-10-28 19:23:22'),
(333, 'Bandarban Sadar', '02', 140, 40, '2014-10-28 19:24:28', '2014-10-28 19:24:28'),
(334, 'Lama', '03', 140, 40, '2014-10-28 19:26:00', '2014-10-28 19:26:00'),
(335, 'Naikhongchhari', '04', 140, 40, '2014-10-28 19:26:30', '2014-10-28 19:26:30'),
(336, 'Rowangchhari', '05', 140, 40, '2014-10-28 19:27:10', '2014-10-28 19:27:10'),
(337, 'Ruma', '06', 140, 40, '2014-10-28 19:27:52', '2014-10-28 19:27:52'),
(338, 'Thanchi', '07', 140, 40, '2014-10-28 19:28:27', '2014-10-28 19:28:27'),
(339, 'Chakaria', '08', 140, 43, '2014-10-28 19:38:47', '2014-10-28 19:38:47'),
(340, 'Cox\'s Bazar Sadar', '09', 140, 43, '2014-10-28 19:39:28', '2014-10-28 19:39:28'),
(341, 'Kutubdia', '10', 140, 43, '2014-10-28 19:39:56', '2014-10-28 19:39:56'),
(342, 'Maheshkhali', '11', 140, 43, '2014-10-28 19:40:26', '2014-10-28 19:40:26'),
(343, 'Ramu', '12', 140, 43, '2014-10-28 19:40:59', '2014-10-28 19:40:59'),
(344, 'Teknaf', '13', 140, 43, '2014-10-28 19:41:27', '2014-10-28 19:41:27'),
(345, 'Ukhia', '14', 140, 43, '2014-10-28 19:41:53', '2014-10-28 19:41:53'),
(346, 'Pekua', '15', 140, 43, '2014-10-28 19:42:16', '2014-10-28 19:42:16'),
(347, 'Chhagalnaiya', '16', 140, 44, '2014-10-28 19:42:43', '2014-10-28 19:42:43'),
(348, 'Daganbhuiyan', '17', 140, 44, '2014-10-28 19:43:08', '2014-10-28 19:43:08'),
(349, 'Feni	Sadar', '18', 140, 44, '2014-10-28 19:43:39', '2014-10-28 19:43:39'),
(350, 'Parshuram', '19', 140, 44, '2014-10-28 19:44:02', '2014-10-28 19:44:02'),
(351, 'Sonagazi', '20', 140, 44, '2014-10-28 19:44:25', '2014-10-28 19:44:25'),
(352, 'Fulgazi', '21', 140, 44, '2014-10-28 19:44:47', '2014-10-28 19:44:47'),
(353, 'Anwara', '22', 140, 4, '2014-10-28 19:45:15', '2014-10-28 19:45:15'),
(354, 'Banshkhali', '23', 140, 4, '2014-10-28 19:45:46', '2014-10-28 19:45:46'),
(355, 'Boalkhali', '24', 140, 4, '2014-10-28 19:46:10', '2014-10-28 19:46:10'),
(356, 'Chandanaish', '25', 140, 4, '2014-10-28 19:46:46', '2014-10-28 19:46:46'),
(357, 'Fatikchhari', '26', 140, 4, '2014-10-28 19:47:12', '2014-10-28 19:47:12'),
(358, 'Hathazari', '27', 140, 4, '2014-10-28 19:47:36', '2014-10-28 19:47:36'),
(359, 'Lohagara', '28', 140, 4, '2014-10-28 19:48:07', '2014-10-28 19:48:07'),
(360, 'Mirsharai', '29', 140, 4, '2014-10-28 19:48:30', '2014-10-28 19:48:30'),
(361, 'Jhenaigati', '31', 200, 17, '2014-10-28 19:48:45', '2014-10-28 19:48:45'),
(362, 'Patiya', '30', 140, 4, '2014-10-28 19:48:59', '2014-10-28 19:48:59'),
(363, 'Nakla', '32', 200, 17, '2014-10-28 19:49:15', '2014-10-28 19:49:15'),
(364, 'Rangunia', '31', 140, 4, '2014-10-28 19:49:24', '2014-10-28 19:49:24'),
(365, 'Raozan', '32', 140, 4, '2014-10-28 19:49:46', '2014-10-28 19:49:46'),
(366, 'Sandwip', '33', 140, 4, '2014-10-28 19:50:08', '2014-10-28 19:50:08'),
(367, 'Nalitabari', '33', 200, 17, '2014-10-28 19:50:24', '2014-10-28 19:50:24'),
(368, 'Satkania', '34', 140, 4, '2014-10-28 19:50:42', '2014-10-28 19:50:42'),
(369, 'Sitakunda', '35', 140, 4, '2014-10-28 19:51:03', '2014-10-28 19:51:03'),
(370, 'Sherpur Sadar', '34', 200, 17, '2014-10-28 19:51:03', '2014-10-28 19:51:03'),
(371, 'Bandor-Chittagong	Port', '36', 140, 4, '2014-10-28 19:51:59', '2014-10-28 19:51:59'),
(372, 'Chandgaon', '37', 140, 4, '2014-10-28 19:52:28', '2014-10-28 19:52:28'),
(373, 'Sreebardi', '35', 200, 17, '2014-10-28 19:52:29', '2014-10-28 19:52:29'),
(374, 'Double	Mooring', '38', 140, 4, '2014-10-28 19:52:57', '2014-10-28 19:52:57'),
(375, 'Kotwali', '39', 140, 4, '2014-10-28 19:53:26', '2014-10-28 19:53:26'),
(376, 'Pahartali', '40', 140, 4, '2014-10-28 19:53:50', '2014-10-28 19:53:50'),
(377, 'Panchlaish', '41', 140, 4, '2014-10-28 19:54:16', '2014-10-28 19:54:16'),
(378, 'Dighinala', '42', 140, 42, '2014-10-28 19:54:54', '2014-10-28 19:54:54'),
(379, 'Alfadanga', '01', 200, 23, '2014-10-28 19:55:09', '2014-10-28 19:55:09'),
(380, 'Khagrachhari sadar', '43', 140, 42, '2014-10-28 19:56:37', '2014-10-28 19:56:37'),
(381, 'Bhanga', '02', 200, 23, '2014-10-28 19:56:59', '2014-10-28 19:56:59'),
(382, 'Lakshmichhari', '44', 140, 42, '2014-10-28 19:57:04', '2014-10-28 19:57:04'),
(383, 'Mahalchhari', '45', 140, 42, '2014-10-28 19:57:31', '2014-10-28 19:57:31'),
(384, 'Manikchhari', '46', 140, 42, '2014-10-28 19:58:00', '2014-10-28 19:58:00'),
(385, 'Matiranga', '47', 140, 42, '2014-10-28 19:58:45', '2014-10-28 19:58:45'),
(386, 'Panchhari', '48', 140, 42, '2014-10-28 20:01:12', '2014-10-28 20:01:12'),
(387, 'Ramgarh', '49', 140, 42, '2014-10-28 20:01:39', '2014-10-28 20:01:39'),
(388, 'Bagaichhari', '50', 140, 41, '2014-10-28 20:02:18', '2014-10-28 20:02:18'),
(389, 'Barkal', '51', 140, 41, '2014-10-28 20:02:58', '2014-10-28 20:02:58'),
(390, 'Kawkhali-Betbunia', '52', 140, 41, '2014-10-28 20:04:02', '2014-10-28 20:04:02'),
(391, 'Belaichhari', '53', 140, 41, '2014-10-28 20:04:32', '2014-10-28 20:04:32'),
(392, 'Kaptai', '54', 140, 41, '2014-10-28 20:04:59', '2014-10-28 20:04:59'),
(393, 'Juraichhari', '55', 140, 41, '2014-10-28 20:05:27', '2014-10-28 20:05:27'),
(394, 'Langadu', '56', 140, 41, '2014-10-28 20:05:53', '2014-10-28 20:05:53'),
(395, 'Naniyachar', '57', 140, 41, '2014-10-28 20:06:20', '2014-10-28 20:06:20'),
(396, 'Rajasthali', '58', 140, 41, '2014-10-28 20:06:46', '2014-10-28 20:06:46'),
(397, 'Rangamati', '59', 140, 41, '2014-10-28 20:07:09', '2014-10-28 20:07:09'),
(398, 'Amtali', '01', 160, 50, '2014-10-28 20:13:24', '2014-10-28 20:13:24'),
(399, 'Bamna', '02', 160, 50, '2014-10-28 20:13:54', '2014-10-28 20:13:54'),
(400, 'Barguna Sadar', '03', 160, 50, '2014-10-28 20:14:27', '2014-10-28 20:14:27'),
(401, 'Betagi', '04', 160, 50, '2014-10-28 20:14:52', '2014-10-28 20:14:52'),
(402, 'Patharghata', '05', 160, 50, '2014-10-28 20:15:22', '2014-10-28 20:15:22'),
(403, 'Taltoli', '06', 160, 50, '2014-10-28 20:15:57', '2014-10-28 20:15:57'),
(404, 'Agailjhara', '07', 160, 5, '2014-10-28 20:16:34', '2014-10-28 20:16:34'),
(405, 'Babuganj', '08', 160, 5, '2014-10-28 20:16:59', '2014-10-28 20:16:59'),
(406, 'Bakerganj', '09', 160, 5, '2014-10-28 20:17:26', '2014-10-28 20:17:26'),
(407, 'Boalmari', '03', 200, 23, '2014-10-28 20:17:30', '2014-10-28 20:17:30'),
(408, 'Banaripara', '10', 160, 5, '2014-10-28 20:17:50', '2014-10-28 20:17:50'),
(409, 'Charbhadrasan', '04', 200, 23, '2014-10-28 20:18:04', '2014-10-28 20:18:04'),
(410, 'Gaurnadi', '11', 160, 5, '2014-10-28 20:18:24', '2014-10-28 20:18:24'),
(411, 'Hizla', '12', 160, 5, '2014-10-28 20:18:44', '2014-10-28 20:18:44'),
(412, 'Faridpur Sadar', '05', 200, 23, '2014-10-28 20:19:12', '2014-10-28 20:19:12'),
(413, 'Barisal Sadar', '13', 160, 5, '2014-10-28 20:19:17', '2014-10-28 20:19:17'),
(414, 'Madhukhali', '06', 200, 23, '2014-10-28 20:19:42', '2014-10-28 20:19:42'),
(415, 'Mehendiganj', '14', 160, 5, '2014-10-28 20:19:52', '2014-10-28 20:19:52'),
(416, 'Nagarkanda', '07', 200, 23, '2014-10-28 20:20:08', '2014-10-28 20:20:08'),
(417, 'Muladi', '15', 160, 5, '2014-10-28 20:20:18', '2014-10-28 20:20:18'),
(418, 'Wazirpur', '16', 160, 5, '2014-10-28 20:20:41', '2014-10-28 20:20:41'),
(419, 'Sadarpur', '08', 200, 23, '2014-10-28 20:20:48', '2014-10-28 20:20:48'),
(420, 'Bhola Sadar', '17', 160, 51, '2014-10-28 20:21:13', '2014-10-28 20:21:13'),
(421, 'Burhanuddin', '18', 160, 51, '2014-10-28 20:21:50', '2014-10-28 20:21:50'),
(422, 'Char	Fasson', '19', 160, 51, '2014-10-28 20:22:27', '2014-10-28 20:22:27'),
(423, 'Gopalganj Sadar', '09', 200, 16, '2014-10-28 20:22:54', '2014-10-28 20:22:54'),
(424, 'Daulatkhan', '20', 160, 51, '2014-10-28 20:23:10', '2014-10-28 20:23:10'),
(425, 'Lalmohan', '21', 160, 51, '2014-10-28 20:23:43', '2014-10-28 20:23:43'),
(426, 'Manpura', '22', 160, 51, '2014-10-28 20:24:07', '2014-10-28 20:24:07'),
(427, 'Kashiani', '10', 200, 16, '2014-10-28 20:24:09', '2014-10-28 20:24:09'),
(428, 'Tazumuddin', '23', 160, 51, '2014-10-28 20:24:51', '2014-10-28 20:24:51'),
(429, 'Jhalokati	Sadar', '24', 160, 52, '2014-10-28 20:25:42', '2014-10-28 20:25:42'),
(430, 'Kathalia', '25', 160, 52, '2014-10-28 20:26:17', '2014-10-28 20:26:17'),
(431, 'Kotalipara', '11', 200, 16, '2014-10-28 20:26:21', '2014-10-28 20:26:21'),
(432, 'Nalchity', '26', 160, 52, '2014-10-28 20:26:46', '2014-10-28 20:26:46'),
(433, 'Muksudpur', '12', 200, 16, '2014-10-28 20:26:57', '2014-10-28 20:26:57'),
(434, 'Rajapur', '27', 160, 52, '2014-10-28 20:27:16', '2014-10-28 20:27:16'),
(435, 'Bauphal', '28', 160, 53, '2014-10-28 20:27:55', '2014-10-28 20:27:55'),
(436, 'Dashmina', '29', 160, 53, '2014-10-28 20:28:29', '2014-10-28 20:28:29'),
(437, 'Galachipa', '30', 160, 53, '2014-10-28 20:28:53', '2014-10-28 20:28:53'),
(438, 'Kalapara', '31', 160, 53, '2014-10-28 20:29:18', '2014-10-28 20:29:18'),
(439, 'Mirzaganj', '32', 160, 53, '2014-10-28 20:29:47', '2014-10-28 20:29:47'),
(440, 'Patuakhali Sadar', '33', 160, 53, '2014-10-28 20:30:23', '2014-10-28 20:30:23'),
(441, 'Rangabali', '34', 140, 53, '2014-10-28 20:30:55', '2014-10-28 20:30:55'),
(442, 'Dumki', '35', 160, 53, '2014-10-28 20:31:32', '2014-10-28 20:31:32'),
(443, 'Bhandaria', '36', 160, 54, '2014-10-28 20:32:09', '2014-10-28 20:32:09'),
(444, 'Kawkhali', '37', 160, 54, '2014-10-28 20:32:39', '2014-10-28 20:32:39'),
(445, 'Mathbaria', '38', 160, 54, '2014-10-28 20:33:06', '2014-10-28 20:33:06'),
(446, 'Nazirpur', '39', 160, 54, '2014-10-28 20:33:33', '2014-10-28 20:33:33'),
(447, 'Pirojpur Sadar', '40', 160, 54, '2014-10-28 20:34:14', '2014-10-28 20:34:14'),
(448, 'Tungipara', '13', 200, 16, '2014-10-28 20:34:14', '2014-10-28 20:34:14'),
(449, 'Nesarabad-Swarupkati', '41', 160, 54, '2014-10-28 20:35:16', '2014-10-28 20:35:16'),
(450, 'Zianagor', '42', 160, 54, '2014-10-28 20:35:43', '2014-10-28 20:35:43'),
(451, 'Rajoir', '14', 200, 8, '2014-10-28 20:36:02', '2014-10-28 20:36:02'),
(452, 'Akhaura', '01', 170, 48, '2014-10-28 20:41:40', '2014-10-28 20:41:40'),
(453, 'Bancharampur', '02', 170, 48, '2014-10-28 20:42:29', '2014-10-28 20:42:29'),
(454, 'Madaripur Sadar', '15', 200, 13, '2014-10-28 20:45:46', '2014-10-28 20:45:46'),
(455, 'Kalkini', '16', 200, 13, '2014-10-28 20:46:40', '2014-10-28 20:46:40'),
(456, 'Brahmanbaria sadar', '03', 170, 48, '2014-10-28 20:46:53', '2014-10-28 20:46:53'),
(457, 'Kasba', '04', 170, 48, '2014-10-28 20:47:34', '2014-10-28 20:47:34'),
(458, 'Shibchar', '17', 200, 13, '2014-10-28 20:47:47', '2014-10-28 20:47:47'),
(459, 'Nabinagar', '05', 170, 48, '2014-10-28 20:48:08', '2014-10-28 20:48:08'),
(460, 'Nasirnagar', '06', 170, 48, '2014-10-28 20:48:32', '2014-10-28 20:48:32'),
(461, 'Sarail', '07', 170, 48, '2014-10-28 20:49:01', '2014-10-28 20:49:01'),
(462, 'Ashuganj', '08', 170, 48, '2014-10-28 20:49:29', '2014-10-28 20:49:29'),
(463, 'Bijoynagar', '09', 170, 48, '2014-10-28 20:49:57', '2014-10-28 20:49:57'),
(464, 'Chandpur sadar', '10', 170, 49, '2014-10-28 20:51:04', '2014-10-28 20:51:04'),
(465, 'Faridganj', '11', 170, 49, '2014-10-28 20:51:33', '2014-10-28 20:51:33'),
(466, 'Haimchar', '12', 170, 49, '2014-10-28 20:52:07', '2014-10-28 20:52:07'),
(467, 'Haziganj', '13', 170, 49, '2014-10-28 20:52:44', '2014-10-28 20:52:44'),
(468, 'Kachua', '14', 170, 49, '2014-10-28 20:53:10', '2014-10-28 20:53:10'),
(469, 'Matlab Dakshin', '15', 170, 49, '2014-10-28 20:53:50', '2014-10-28 20:53:50'),
(470, 'Matlab Uttar', '16', 170, 49, '2014-10-28 20:54:25', '2014-10-28 20:54:25'),
(471, 'Shahrasti', '17', 170, 49, '2014-10-28 20:54:56', '2014-10-28 20:54:56'),
(472, 'Barura', '18', 170, 47, '2014-10-28 20:55:55', '2014-10-28 20:55:55'),
(473, 'Brahmanpara', '19', 170, 47, '2014-10-28 20:56:20', '2014-10-28 20:56:20'),
(474, 'Burichang', '20', 170, 47, '2014-10-28 20:56:52', '2014-10-28 20:56:52'),
(475, 'Chandina', '21', 170, 47, '2014-10-28 20:57:17', '2014-10-28 20:57:17'),
(476, 'Chauddagram', '22', 170, 47, '2014-10-28 20:57:40', '2014-10-28 20:57:40'),
(477, 'Daudkandi', '23', 170, 47, '2014-10-28 20:58:15', '2014-10-28 20:58:15'),
(478, 'Debidwar', '24', 170, 47, '2014-10-28 20:58:39', '2014-10-28 20:58:39'),
(479, 'Homna', '25', 170, 47, '2014-10-28 20:59:04', '2014-10-28 20:59:04'),
(480, 'Laksam', '26', 170, 47, '2014-10-28 20:59:31', '2014-10-28 20:59:31'),
(481, 'Muradnagar', '27', 170, 47, '2014-10-28 20:59:56', '2014-10-28 20:59:56'),
(482, 'Nangalkot', '28', 170, 47, '2014-10-28 21:00:20', '2014-10-28 21:00:20'),
(483, 'Comilla Sadar', '29', 170, 47, '2014-10-28 21:00:51', '2014-10-28 21:00:51'),
(484, 'Meghna', '30', 170, 47, '2014-10-28 21:01:17', '2014-10-28 21:01:17'),
(485, 'Titas', '31', 170, 47, '2014-10-28 21:01:48', '2014-10-28 21:01:48'),
(486, 'Monohargonj', '32', 170, 47, '2014-10-28 21:02:11', '2014-10-28 21:02:11'),
(487, 'Sadar South Upazila', '33', 170, 47, '2014-10-28 21:03:08', '2014-10-28 21:03:08'),
(488, 'Lakshmipur Sadar', '34', 170, 46, '2014-10-28 21:03:38', '2014-10-28 21:03:38'),
(489, 'Raipur', '35', 170, 46, '2014-10-28 21:04:02', '2014-10-28 21:04:02'),
(490, 'Ramganj', '36', 170, 46, '2014-10-28 21:04:25', '2014-10-28 21:04:25'),
(491, 'Ramgati', '37', 170, 46, '2014-10-28 21:04:49', '2014-10-28 21:04:49'),
(492, 'Komolnagar', '38', 170, 46, '2014-10-28 21:05:15', '2014-10-28 21:05:15'),
(493, 'Begumganj', '39', 170, 45, '2014-10-28 21:05:53', '2014-10-28 21:05:53'),
(494, 'Noakhali	Sadar', '40', 170, 45, '2014-10-28 21:06:35', '2014-10-28 21:06:35'),
(495, 'Chatkhil', '41', 170, 45, '2014-10-28 21:07:10', '2014-10-28 21:07:10'),
(496, 'Companiganj', '42', 170, 45, '2014-10-28 21:07:43', '2014-10-28 21:07:43'),
(497, 'Hatiya', '43', 170, 45, '2014-10-28 21:08:13', '2014-10-28 21:08:13'),
(498, 'Senbagh', '44', 170, 45, '2014-10-28 21:08:47', '2014-10-28 21:08:47'),
(499, 'Sonaimuri', '45', 170, 45, '2014-10-28 21:09:17', '2014-10-28 21:09:17'),
(500, 'Subarnachar', '46', 170, 45, '2014-10-28 21:09:43', '2014-10-28 21:09:43'),
(501, 'Kabirhat', '47', 170, 45, '2014-10-28 21:10:11', '2014-10-28 21:10:11'),
(502, 'Baliakandi', '18', 600, 22, '2014-10-28 21:11:05', '2014-10-28 21:11:05'),
(503, 'Goalandaghat', '19', 170, 22, '2014-10-28 21:11:31', '2014-10-28 21:11:31'),
(504, 'Pangsha', '20', 170, 22, '2014-10-28 21:11:58', '2014-10-28 21:11:58'),
(505, 'Rajbari Sadar', '21', 600, 22, '2014-10-28 21:12:47', '2014-10-28 21:12:47'),
(506, 'Kalukhali', '22', 170, 22, '2014-10-28 21:13:12', '2014-10-28 21:13:12'),
(507, 'Bhedarganj', '23', 600, 20, '2014-10-28 21:13:47', '2014-10-28 21:13:47'),
(508, 'Damudya', '24', 600, 20, '2014-10-28 21:14:20', '2014-10-28 21:14:20'),
(509, 'Gosairhat', '25', 170, 20, '2014-10-28 21:14:45', '2014-10-28 21:14:45'),
(510, 'Naria', '26', 170, 20, '2014-10-28 21:15:20', '2014-10-28 21:15:20'),
(511, 'Shariatpur Sadar', '27', 600, 20, '2014-10-28 21:16:01', '2014-10-28 21:16:01'),
(512, 'Zanjira', '28', 170, 20, '2014-10-28 21:16:31', '2014-10-28 21:16:31'),
(513, 'Shakhipur', '29', 600, 20, '2014-10-28 21:17:07', '2014-10-28 21:17:07');

-- --------------------------------------------------------

--
-- Table structure for table `migrations`
--

CREATE TABLE `migrations` (
  `id` int(10) UNSIGNED NOT NULL,
  `migration` varchar(255) COLLATE utf8mb4_unicode_ci NOT NULL,
  `batch` int(11) NOT NULL
) ENGINE=InnoDB DEFAULT CHARSET=utf8mb4 COLLATE=utf8mb4_unicode_ci;

-- --------------------------------------------------------

--
-- Table structure for table `users`
--

CREATE TABLE `users` (
  `id` bigint(20) UNSIGNED NOT NULL,
  `name` varchar(255) COLLATE utf8mb4_unicode_ci NOT NULL,
  `email` varchar(255) COLLATE utf8mb4_unicode_ci NOT NULL,
  `email_verified_at` timestamp NULL DEFAULT NULL,
  `password` varchar(255) COLLATE utf8mb4_unicode_ci NOT NULL,
  `remember_token` varchar(100) COLLATE utf8mb4_unicode_ci DEFAULT NULL,
  `created_at` timestamp NULL DEFAULT NULL,
  `updated_at` timestamp NULL DEFAULT NULL
) ENGINE=InnoDB DEFAULT CHARSET=utf8mb4 COLLATE=utf8mb4_unicode_ci;

--
-- Dumping data for table `users`
--

INSERT INTO `users` (`id`, `name`, `email`, `email_verified_at`, `password`, `remember_token`, `created_at`, `updated_at`) VALUES
(1, 'Md.Sakoat Hossen', 'sakoatcse@gmail.com', NULL, '$2y$10$6.qpj1ic5ewIC61VbklEeO9Rb1NxeP3DMf1Ee0v3lYPU.uO5NJtRm', NULL, '2019-04-03 23:13:41', '2019-04-03 23:13:41');

--
-- Indexes for dumped tables
--

--
-- Indexes for table `bdedu_academic_session`
--
ALTER TABLE `bdedu_academic_session`
  ADD PRIMARY KEY (`academic_session_row_id`);

--
-- Indexes for table `bdedu_admins`
--
ALTER TABLE `bdedu_admins`
  ADD PRIMARY KEY (`admin_row_id`);

--
-- Indexes for table `bdedu_admin_details`
--
ALTER TABLE `bdedu_admin_details`
  ADD PRIMARY KEY (`admin_details_row_id`);

--
-- Indexes for table `bdedu_descriptive_exam_results`
--
ALTER TABLE `bdedu_descriptive_exam_results`
  ADD PRIMARY KEY (`descriptive_answer_row_id`);

--
-- Indexes for table `bdedu_districts`
--
ALTER TABLE `bdedu_districts`
  ADD PRIMARY KEY (`id`);

--
-- Indexes for table `bdedu_education_types`
--
ALTER TABLE `bdedu_education_types`
  ADD PRIMARY KEY (`education_type_row_id`);

--
-- Indexes for table `bdedu_exams`
--
ALTER TABLE `bdedu_exams`
  ADD PRIMARY KEY (`exam_row_id`);

--
-- Indexes for table `bdedu_exam_categories`
--
ALTER TABLE `bdedu_exam_categories`
  ADD PRIMARY KEY (`exam_category_row_id`);

--
-- Indexes for table `bdedu_exam_questions`
--
ALTER TABLE `bdedu_exam_questions`
  ADD PRIMARY KEY (`exam_question_row_id`);

--
-- Indexes for table `bdedu_exam_results`
--
ALTER TABLE `bdedu_exam_results`
  ADD PRIMARY KEY (`exam_result_row_id`);

--
-- Indexes for table `bdedu_institute_info`
--
ALTER TABLE `bdedu_institute_info`
  ADD PRIMARY KEY (`school_id`);

--
-- Indexes for table `bdedu_iq_standard_marks`
--
ALTER TABLE `bdedu_iq_standard_marks`
  ADD PRIMARY KEY (`mark_row_id`);

--
-- Indexes for table `bdedu_master_classes`
--
ALTER TABLE `bdedu_master_classes`
  ADD PRIMARY KEY (`class_row_id`);

--
-- Indexes for table `bdedu_memory_exam_categories`
--
ALTER TABLE `bdedu_memory_exam_categories`
  ADD PRIMARY KEY (`memory_exam_category_row_id`);

--
-- Indexes for table `bdedu_memory_exam_questions`
--
ALTER TABLE `bdedu_memory_exam_questions`
  ADD PRIMARY KEY (`memory_question_row_id`);

--
-- Indexes for table `bdedu_modules`
--
ALTER TABLE `bdedu_modules`
  ADD PRIMARY KEY (`module_row_id`);

--
-- Indexes for table `bdedu_psychology_categories`
--
ALTER TABLE `bdedu_psychology_categories`
  ADD PRIMARY KEY (`psychology_exam_category_row_id`);

--
-- Indexes for table `bdedu_psychology_questions`
--
ALTER TABLE `bdedu_psychology_questions`
  ADD PRIMARY KEY (`psychology_question_row_id`);

--
-- Indexes for table `bdedu_remembering_questions`
--
ALTER TABLE `bdedu_remembering_questions`
  ADD PRIMARY KEY (`remembering_question_row_id`);

--
-- Indexes for table `bdedu_schools`
--
ALTER TABLE `bdedu_schools`
  ADD PRIMARY KEY (`school_row_id`);

--
-- Indexes for table `bdedu_school_class_shifts`
--
ALTER TABLE `bdedu_school_class_shifts`
  ADD PRIMARY KEY (`class_shift_row_id`);

--
-- Indexes for table `bdedu_school_sections`
--
ALTER TABLE `bdedu_school_sections`
  ADD PRIMARY KEY (`section_row_id`);

--
-- Indexes for table `bdedu_school_shifts`
--
ALTER TABLE `bdedu_school_shifts`
  ADD PRIMARY KEY (`shift_row_id`);

--
-- Indexes for table `bdedu_students`
--
ALTER TABLE `bdedu_students`
  ADD PRIMARY KEY (`student_row_id`);

--
-- Indexes for table `bdedu_students_academic_details`
--
ALTER TABLE `bdedu_students_academic_details`
  ADD PRIMARY KEY (`student_academic_details_row_id`);

--
-- Indexes for table `bdedu_students_assesments`
--
ALTER TABLE `bdedu_students_assesments`
  ADD PRIMARY KEY (`assessment_row_id`);

--
-- Indexes for table `bdedu_students_details`
--
ALTER TABLE `bdedu_students_details`
  ADD PRIMARY KEY (`student_details_row_id`);

--
-- Indexes for table `migrations`
--
ALTER TABLE `migrations`
  ADD PRIMARY KEY (`id`);

--
-- Indexes for table `users`
--
ALTER TABLE `users`
  ADD PRIMARY KEY (`id`);

--
-- AUTO_INCREMENT for dumped tables
--

--
-- AUTO_INCREMENT for table `bdedu_academic_session`
--
ALTER TABLE `bdedu_academic_session`
  MODIFY `academic_session_row_id` int(3) NOT NULL AUTO_INCREMENT, AUTO_INCREMENT=2;

--
-- AUTO_INCREMENT for table `bdedu_admins`
--
ALTER TABLE `bdedu_admins`
  MODIFY `admin_row_id` int(10) UNSIGNED NOT NULL AUTO_INCREMENT, AUTO_INCREMENT=22;

--
-- AUTO_INCREMENT for table `bdedu_admin_details`
--
ALTER TABLE `bdedu_admin_details`
  MODIFY `admin_details_row_id` int(11) NOT NULL AUTO_INCREMENT, AUTO_INCREMENT=40;

--
-- AUTO_INCREMENT for table `bdedu_descriptive_exam_results`
--
ALTER TABLE `bdedu_descriptive_exam_results`
  MODIFY `descriptive_answer_row_id` int(11) NOT NULL AUTO_INCREMENT;

--
-- AUTO_INCREMENT for table `bdedu_education_types`
--
ALTER TABLE `bdedu_education_types`
  MODIFY `education_type_row_id` int(11) NOT NULL AUTO_INCREMENT, AUTO_INCREMENT=4;

--
-- AUTO_INCREMENT for table `bdedu_exams`
--
ALTER TABLE `bdedu_exams`
  MODIFY `exam_row_id` int(11) NOT NULL AUTO_INCREMENT, AUTO_INCREMENT=102;

--
-- AUTO_INCREMENT for table `bdedu_exam_categories`
--
ALTER TABLE `bdedu_exam_categories`
  MODIFY `exam_category_row_id` int(11) NOT NULL AUTO_INCREMENT, AUTO_INCREMENT=9;

--
-- AUTO_INCREMENT for table `bdedu_exam_questions`
--
ALTER TABLE `bdedu_exam_questions`
  MODIFY `exam_question_row_id` int(11) NOT NULL AUTO_INCREMENT, AUTO_INCREMENT=1838;

--
-- AUTO_INCREMENT for table `bdedu_exam_results`
--
ALTER TABLE `bdedu_exam_results`
  MODIFY `exam_result_row_id` int(11) NOT NULL AUTO_INCREMENT, AUTO_INCREMENT=748;

--
-- AUTO_INCREMENT for table `bdedu_iq_standard_marks`
--
ALTER TABLE `bdedu_iq_standard_marks`
  MODIFY `mark_row_id` int(11) NOT NULL AUTO_INCREMENT, AUTO_INCREMENT=4;

--
-- AUTO_INCREMENT for table `bdedu_master_classes`
--
ALTER TABLE `bdedu_master_classes`
  MODIFY `class_row_id` int(3) NOT NULL AUTO_INCREMENT, AUTO_INCREMENT=18;

--
-- AUTO_INCREMENT for table `bdedu_memory_exam_categories`
--
ALTER TABLE `bdedu_memory_exam_categories`
  MODIFY `memory_exam_category_row_id` int(11) NOT NULL AUTO_INCREMENT, AUTO_INCREMENT=3;

--
-- AUTO_INCREMENT for table `bdedu_memory_exam_questions`
--
ALTER TABLE `bdedu_memory_exam_questions`
  MODIFY `memory_question_row_id` int(11) NOT NULL AUTO_INCREMENT, AUTO_INCREMENT=101;

--
-- AUTO_INCREMENT for table `bdedu_modules`
--
ALTER TABLE `bdedu_modules`
  MODIFY `module_row_id` int(11) NOT NULL AUTO_INCREMENT, AUTO_INCREMENT=7;

--
-- AUTO_INCREMENT for table `bdedu_psychology_categories`
--
ALTER TABLE `bdedu_psychology_categories`
  MODIFY `psychology_exam_category_row_id` int(11) NOT NULL AUTO_INCREMENT, AUTO_INCREMENT=5;

--
-- AUTO_INCREMENT for table `bdedu_psychology_questions`
--
ALTER TABLE `bdedu_psychology_questions`
  MODIFY `psychology_question_row_id` int(11) NOT NULL AUTO_INCREMENT, AUTO_INCREMENT=121;

--
-- AUTO_INCREMENT for table `bdedu_remembering_questions`
--
ALTER TABLE `bdedu_remembering_questions`
  MODIFY `remembering_question_row_id` int(11) NOT NULL AUTO_INCREMENT, AUTO_INCREMENT=46;

--
-- AUTO_INCREMENT for table `bdedu_schools`
--
ALTER TABLE `bdedu_schools`
  MODIFY `school_row_id` int(11) NOT NULL AUTO_INCREMENT, AUTO_INCREMENT=2;

--
-- AUTO_INCREMENT for table `bdedu_school_class_shifts`
--
ALTER TABLE `bdedu_school_class_shifts`
  MODIFY `class_shift_row_id` int(11) NOT NULL AUTO_INCREMENT, AUTO_INCREMENT=20;

--
-- AUTO_INCREMENT for table `bdedu_school_sections`
--
ALTER TABLE `bdedu_school_sections`
  MODIFY `section_row_id` int(11) NOT NULL AUTO_INCREMENT, AUTO_INCREMENT=2;

--
-- AUTO_INCREMENT for table `bdedu_school_shifts`
--
ALTER TABLE `bdedu_school_shifts`
  MODIFY `shift_row_id` int(11) NOT NULL AUTO_INCREMENT, AUTO_INCREMENT=3;

--
-- AUTO_INCREMENT for table `bdedu_students`
--
ALTER TABLE `bdedu_students`
  MODIFY `student_row_id` int(11) UNSIGNED NOT NULL AUTO_INCREMENT, AUTO_INCREMENT=48;

--
-- AUTO_INCREMENT for table `bdedu_students_academic_details`
--
ALTER TABLE `bdedu_students_academic_details`
  MODIFY `student_academic_details_row_id` int(11) NOT NULL AUTO_INCREMENT;

--
-- AUTO_INCREMENT for table `bdedu_students_assesments`
--
ALTER TABLE `bdedu_students_assesments`
  MODIFY `assessment_row_id` int(11) NOT NULL AUTO_INCREMENT, AUTO_INCREMENT=15;

--
-- AUTO_INCREMENT for table `bdedu_students_details`
--
ALTER TABLE `bdedu_students_details`
  MODIFY `student_details_row_id` int(11) UNSIGNED NOT NULL AUTO_INCREMENT;

--
-- AUTO_INCREMENT for table `migrations`
--
ALTER TABLE `migrations`
  MODIFY `id` int(10) UNSIGNED NOT NULL AUTO_INCREMENT;

--
-- AUTO_INCREMENT for table `users`
--
ALTER TABLE `users`
  MODIFY `id` bigint(20) UNSIGNED NOT NULL AUTO_INCREMENT, AUTO_INCREMENT=2;
COMMIT;

