INSERT INTO `bdedu_exam_questions` (`exam_question_row_id`, `education_type_row_id`, `class_row_id`, `module_row_id`, `school_row_id`, `exam_category_row_id`, `question_type`, `question_title`, `question_title_attachment`, `question_level`, `question_mimetype`, `answer_type`, `mark_weight`, `answer_1`, `answer_2`, `answer_3`, `answer_4`, `is_correct_answer`, `created_by`, `updated_by`, `created_at`, `updated_at`) VALUES
(1354, 2, '[\"6\"]', 3, 1, 7, 1, '<strong>304 + 201 + 359 = ?</strong>', NULL, 'null', 1, 1, 1, '800', '950', '864', '900', 3, 2, NULL, '2020-02-16 05:41:53', '2020-02-16 11:41:53'),
(1355, 2, '[\"6\"]', 3, 1, 7, 1, '<strong>9,601 &ndash; 481 = ?</strong>', NULL, 'null', 1, 1, 1, '9,200', '9,120', '8,100', '9,000', 2, 2, 2, '2020-02-16 05:43:05', '2020-02-16 05:45:20'),
(1356, 2, '[\"6\"]', 3, 1, 7, 1, '<strong>989 &ndash; 99 + 3,202 = ?</strong>', NULL, 'null', 1, 1, 1, '3,400', '3,200', '4,092', '3,100', 3, 2, 2, '2020-02-16 05:44:49', '2020-02-16 05:46:56'),
(1357, 2, '[\"6\"]', 3, 1, 7, 1, '<strong>10 % of 2500 &nbsp;= ?</strong>', NULL, 'null', 1, 1, 1, '42', '44', '40', '88', 2, 2, NULL, '2020-02-16 05:52:59', '2020-02-16 11:52:59'),
(1358, 2, '[\"6\"]', 3, 1, 7, 1, '<strong>5.8 &times; 6.1 &times; 0 = ?</strong>', NULL, 'null', 1, 1, 1, '35.38', '35.48', '36.38', '0', 4, 2, NULL, '2020-02-16 05:54:26', '2020-02-16 11:54:26'),
(1359, 2, '[\"6\"]', 3, 1, 7, 1, '<strong>0.2 &times; 0.2 &times; 0.2 = ?</strong>', NULL, 'null', 1, 1, 1, '0.8', '0.002', '0.008', '0.08', 3, 2, NULL, '2020-02-16 05:59:53', '2020-02-16 11:59:53'),
(1360, 2, '[\"6\"]', 3, 1, 7, 1, '<strong>1,447 &divide; 100 = ?</strong>', NULL, 'null', 1, 1, 1, '144.0', '144.7', '0.1447', '14.47', 4, 2, NULL, '2020-02-16 06:02:10', '2020-02-16 12:02:10'),
(1361, 2, '[\"6\"]', 3, 1, 7, 1, '<strong>0.05 &times; 1000 = ?</strong>', NULL, 'null', 1, 1, 1, '5000', '0.5', '50', '500', 3, 2, NULL, '2020-02-16 06:03:04', '2020-02-16 12:03:04'),
(1362, 2, '[\"6\"]', 3, 1, 7, 1, '<strong>100000 - 99999</strong>', NULL, 'null', 1, 1, 1, '10', '100', '1', '90', 3, 2, NULL, '2020-02-16 06:04:15', '2020-02-16 12:04:15'),
(1363, 2, '[\"6\"]', 3, 1, 7, 1, '<strong>If one ream of paper costs $3.25 how much 10 would reams cost?</strong>', NULL, 'null', 1, 1, 1, '$325', '$37.00', '$32.50', '$13.00', 3, 2, NULL, '2020-02-16 06:07:41', '2020-02-16 12:07:41'),
(1364, 2, '[\"6\"]', 3, 1, 7, 1, '<strong>The next number of the series.&nbsp; &nbsp;3, &nbsp;&nbsp;&nbsp;&nbsp;&nbsp;&nbsp;&nbsp;&nbsp;&nbsp;&nbsp; 11, &nbsp;&nbsp;&nbsp;&nbsp;&nbsp;&nbsp;&nbsp;&nbsp; 19, &nbsp;&nbsp;&nbsp;&nbsp;&nbsp;&nbsp;&nbsp;&nbsp; 27, &nbsp;&nbsp;&nbsp;&nbsp;&nbsp;&nbsp;&nbsp;&nbsp; 35&nbsp;&nbsp;&nbsp;&nbsp;&nbsp;&nbsp;&nbsp;&nbsp;&nbsp;&nbsp; ?</strong>', NULL, 'null', 1, 1, 1, '33', '43', '37', '39', 2, 2, NULL, '2020-02-16 06:08:49', '2020-02-16 12:08:49'),
(1365, 2, '[\"6\"]', 3, 1, 7, 1, '<strong>Which one of the following is greater?</strong>', NULL, 'null', 1, 1, 1, '75%', '0.76', '$\\frac{3}{4}$', '0.7449', 2, 2, NULL, '2020-02-16 06:09:46', '2020-02-16 12:09:46'),
(1366, 2, '[\"6\"]', 3, 1, 7, 1, '<strong>Find the missing number in the series &nbsp;&nbsp; 40&nbsp;&nbsp;&nbsp;&nbsp;&nbsp;&nbsp;&nbsp;&nbsp;&nbsp;&nbsp; 33&nbsp;&nbsp;&nbsp;&nbsp;&nbsp;&nbsp;&nbsp;&nbsp;&nbsp;&nbsp; &nbsp;?&nbsp;&nbsp;&nbsp;&nbsp;&nbsp;&nbsp;&nbsp;&nbsp;&nbsp;&nbsp;&nbsp; &nbsp;19&nbsp;&nbsp;&nbsp;&nbsp;&nbsp;&nbsp;&nbsp;&nbsp; &nbsp;12&nbsp;&nbsp;&nbsp;&nbsp;&nbsp;&nbsp;&nbsp;&nbsp; &nbsp;5</strong>', NULL, 'null', 1, 1, 1, '31', '26', '29', '27', 2, 2, NULL, '2020-02-16 06:10:46', '2020-02-16 12:10:46'),
(1367, 2, '[\"6\"]', 3, 1, 7, 1, '<strong>How many times larger is one crore than one thousand?</strong>', NULL, 'null', 1, 1, 1, '10', '100', '10000', '100000', 3, 2, NULL, '2020-02-16 06:11:37', '2020-02-16 12:11:37'),
(1368, 2, '[\"6\"]', 3, 1, 7, 1, '<strong>Fill in the blank.<br />\r\n3865 +&nbsp; = 5178</strong>', NULL, 'null', 1, 1, 1, '1515', '1414', '1226', '1313', 4, 2, NULL, '2020-02-16 06:12:50', '2020-02-16 12:12:50'),
(1369, 2, '[\"6\"]', 3, 1, 7, 1, '<strong>What is the difference between the largest and smallest numbers formed by the digits 5, 4, 8, and 0 using each digit only once?</strong>', NULL, 'null', 1, 1, 1, '1795', '4895', '4482', '4582', 3, 2, NULL, '2020-02-16 06:13:38', '2020-02-16 12:13:38'),
(1370, 2, '[\"6\"]', 3, 1, 7, 1, '<strong>Fill in the blank.<br />\r\n &ndash; 5347 = 3531</strong>', NULL, 'null', 1, 1, 1, '8125', '8234', '8566', '8878', 4, 2, NULL, '2020-02-16 06:15:11', '2020-02-16 12:15:11'),
(1371, 2, '[\"6\"]', 3, 1, 7, 1, '<strong>What is the unit digit of the square of 49?</strong>', NULL, 'null', 1, 1, 1, '5', '4', '7', '1', 4, 2, NULL, '2020-02-16 06:15:48', '2020-02-16 12:15:48'),
(1372, 2, '[\"6\"]', 3, 1, 7, 1, '<strong>The average of two numbers is 24. If the smallest number is 18, what is the value of the highest number?</strong>', NULL, 'null', 1, 1, 1, '42', '6', '48', '30', 4, 2, NULL, '2020-02-16 06:16:35', '2020-02-16 12:16:35'),
(1373, 2, '[\"6\"]', 3, 1, 7, 1, '<strong>The value of $\\frac{137}{136}$&nbsp;</strong>', NULL, 'null', 1, 1, 1, 'Less than 1', 'Equal to 1', 'Greater than 1', 'None of the above', 3, 2, NULL, '2020-02-16 06:18:12', '2020-02-16 12:18:12'),
(1374, 2, '[\"6\"]', 3, 1, 7, 1, '<strong>Find the missing number.<br />\r\n$\\frac{}{3}$&nbsp;+ $\\frac{1}{5}$&nbsp;= $\\frac{13}{15}$</strong>', NULL, 'null', 1, 1, 1, '2', '3', '5', '7', 1, 2, NULL, '2020-02-16 06:19:36', '2020-02-16 12:19:36'),
(1375, 2, '[\"6\"]', 3, 1, 7, 1, '<strong>Find the missing number. $\\frac{5}{6}$&nbsp;- $\\frac{}{7}$&nbsp;= $\\frac{23}{42}$</strong>', NULL, 'null', 1, 1, 1, '2', '3', '5', '7', 1, 2, 2, '2020-02-16 06:20:59', '2020-02-16 06:21:20'),
(1376, 2, '[\"6\"]', 3, 1, 7, 1, '<strong>0.6 + 0.4 =?</strong>', NULL, 'null', 1, 1, 1, '1', '10', '0.10', '1.1', 1, 2, NULL, '2020-02-16 06:22:11', '2020-02-16 12:22:11'),
(1377, 2, '[\"6\"]', 3, 1, 7, 1, '<strong>1 &ndash; 0.02 =?</strong>', NULL, 'null', 1, 1, 1, '1.2', '0.8', '0.98', '0.08', 3, 2, NULL, '2020-02-16 06:22:53', '2020-02-16 12:22:53'),
(1378, 2, '[\"6\"]', 3, 1, 7, 1, '<strong>7$\\frac{5}{8}$&nbsp;is equivalent to </strong>', NULL, 'null', 1, 1, 1, '$\\frac{61}{7}$', '$\\frac{61}{5}$', '$\\frac{56}{8}$', '$\\frac{61}{8}$', 4, 2, NULL, '2020-02-16 06:24:30', '2020-02-16 12:24:30'),
(1379, 2, '[\"6\"]', 3, 1, 7, 1, '<strong>$\\frac{16}{9}$&nbsp;&divide; $\\frac{4}{3}$ is equivalent to</strong>', NULL, 'null', 1, 1, 1, '$\\frac{64}{27}$', '$\\frac{4}{3}$', '$\\frac{3}{4}$', '$\\frac{48}{27}$', 2, 2, NULL, '2020-02-16 06:27:03', '2020-02-16 12:27:03'),
(1380, 2, '[\"6\"]', 3, 1, 7, 1, '<strong>$\\frac{980}{1000}$&nbsp;is equivalent to</strong>', NULL, 'null', 1, 1, 1, '9', '9.8', '980000', '0.98', 4, 2, NULL, '2020-02-16 06:28:11', '2020-02-16 12:28:11'),
(1381, 3, '[\"6\"]', 3, 1, 7, 1, '<strong>নিচের কোনটি সঠিক নয়?</strong>', NULL, 'null', 1, 1, 1, '৪০০ × ৪ = ১৬০০', '৪০ × ৪০ = ১৬০০', '৫০ × ৩০ = ১৫০০', '৪০ × ৩৪ = ১৬৩৪', 4, 2, NULL, '2020-02-16 06:58:00', '2020-02-16 12:58:00'),
(1382, 3, '[\"6\"]', 3, 1, 7, 1, '<strong>সঠিক অঙ্ক দ্বারা খালিঘর পূরণ কর।&nbsp;<br />\r\n৪০ &times; ৯  = ৩৬০০</strong>', NULL, 'null', 1, 1, 1, '৬', '৩', '০', '৪', 3, 2, NULL, '2020-02-16 07:00:57', '2020-02-16 13:00:57'),
(1383, 3, '[\"6\"]', 3, 1, 7, 1, '<strong>নিচের কোনটি সঠিক? </strong>', NULL, 'null', 1, 1, 1, '২৪ – (৩ × ৪) ÷ ২ = ৬', '২৪ – ৩ × ৪ ÷ ২ = ৬', '{২৪ – (৩ × ৪)} ÷ ২ = ৬', 'কোনটি নয়', 3, 2, NULL, '2020-02-16 07:01:45', '2020-02-16 13:01:45'),
(1384, 3, '[\"6\"]', 3, 1, 7, 1, '<strong>২০, ১২, এবং ১৫ এর লসাগু কত? </strong>', NULL, 'null', 1, 1, 1, '৫০', '৪০', '৩০', '৬০  ', 4, 2, NULL, '2020-02-16 07:02:24', '2020-02-16 13:02:24'),
(1385, 3, '[\"6\"]', 3, 1, 7, 1, '<strong>২৪, ৩৬ এবং ৪২ এর গসাগু কত?</strong>', NULL, 'null', 1, 1, 1, '২৪', '১২', '৬', '২১', 3, 2, NULL, '2020-02-16 07:03:07', '2020-02-16 13:03:07'),
(1386, 3, '[\"6\"]', 3, 1, 7, 1, '<strong>খালিঘরে কোন সংখ্যা হবে?<br />\r\n$\\frac{১}{৫}$ = $\\frac{}{৩}$</strong>', NULL, 'null', 1, 1, 1, '১১', '১৩', '১৫', '১৭', 3, 2, 2, '2020-02-16 07:04:22', '2020-02-16 07:04:33'),
(1387, 3, '[\"6\"]', 3, 1, 7, 1, '<strong>$\\frac{৭}{১২}$ &divide; ২$\\frac{১}{৩}$ &times; $\\farc{২}{৫}$ =&nbsp;কত?</strong>', NULL, 'null', 1, 1, 1, '$\\frac{২}{৫}$', '$\\frac{২}{১৫}$', '$\\frac{১}{১০}$', '$\\frac{৩}{১০}$', 3, 2, NULL, '2020-02-16 07:06:33', '2020-02-16 13:06:33'),
(1388, 3, '[\"6\"]', 3, 1, 7, 1, '<strong>-১৩, ০, ১৩ সংখ্যাগুলোর গড় কত?</strong>', NULL, 'null', 1, 1, 1, '১৩', '- ১৩', '২৬', '০', 4, 2, NULL, '2020-02-16 07:07:17', '2020-02-16 13:07:17'),
(1389, 3, '[\"6\"]', 3, 1, 7, 1, '<strong>১৬ জন লোক হলো<u>&nbsp;&nbsp;&nbsp;&nbsp;&nbsp;&nbsp;&nbsp;&nbsp;&nbsp;&nbsp;&nbsp;&nbsp;&nbsp;&nbsp; </u>জন লোকের ৩২%</strong>', NULL, 'null', 1, 1, 1, '৪০', '৫৯', '৫০', '৪৯', 3, 2, 2, '2020-02-16 07:07:54', '2020-02-16 07:13:58'),
(1390, 3, '[\"6\"]', 3, 1, 7, 1, '<strong>১৭ + ৪৭ = ৪ + ?</strong>', NULL, 'null', 1, 1, 1, '৬৪', '৬০', '৫০', '৬৭', 2, 2, NULL, '2020-02-16 07:08:33', '2020-02-16 13:08:33'),
(1391, 3, '[\"6\"]', 3, 1, 7, 1, '<strong>২৫০০ এর ১০ % = ?</strong>', NULL, 'null', 1, 1, 1, '৪২', '৪৪', '৪০', '৮৮', 2, 2, NULL, '2020-02-16 07:09:13', '2020-02-16 13:09:13'),
(1392, 3, '[\"6\"]', 3, 1, 7, 1, '<strong>১৮.৩ &ndash; ১৭.৪ = ? </strong>', NULL, 'null', 1, 1, 1, '৩৫.৭', '১.১', '১.৯', '০.৯', 4, 2, NULL, '2020-02-16 07:09:50', '2020-02-16 13:09:50'),
(1393, 3, '[\"6\"]', 3, 1, 7, 1, '<strong>১২.৮ &times; ? = ১২৮</strong>', NULL, 'null', 1, 1, 1, '১০০', '১০', '২০', '০.১', 2, 2, 2, '2020-02-16 07:10:40', '2020-02-16 07:13:42'),
(1394, 3, '[\"6\"]', 3, 1, 7, 1, '<strong>৯০০০ + ৯০ = ? </strong>', NULL, 'null', 1, 1, 1, '৯০০০৯০', '৯০৯০', '৯৯০', '৯৯৯০', 2, 2, NULL, '2020-02-16 07:11:21', '2020-02-16 13:11:21'),
(1395, 3, '[\"6\"]', 3, 1, 7, 1, '<strong>৩০৪ + ২০১ + ৩৫৯ = ?</strong>', NULL, 'null', 1, 1, 1, '৮০০', '৯৫০', '৮৬৪', '৯০০', 3, 2, NULL, '2020-02-16 07:12:04', '2020-02-16 13:12:04'),
(1396, 3, '[\"6\"]', 3, 1, 7, 1, '<strong>৯৬০১ &ndash; ৪৮১ = ? </strong>', NULL, 'null', 1, 1, 1, '৯২০০', '৯১২০', '৮১০০', '৯০০০', 2, 2, NULL, '2020-02-16 07:12:42', '2020-02-16 13:12:42'),
(1397, 3, '[\"6\"]', 3, 1, 7, 1, '<strong>৯৮৯ &ndash; ৯৯ + ৩২০২ = ?</strong>', NULL, 'null', 1, 1, 1, '৩৪০০', '৩২০০', '৪০৯২', '৩১০০', 3, 2, NULL, '2020-02-16 07:14:49', '2020-02-16 13:14:49'),
(1398, 3, '[\"6\"]', 3, 1, 7, 1, '<strong>৫.৮ &times; ৬.১ &times; ০ = ?</strong>', NULL, 'null', 1, 1, 1, '৩৫.৩৮', '৩৫.৪৮', '৩৬.৩৮', '০', 4, 2, NULL, '2020-02-16 07:15:32', '2020-02-16 13:15:32'),
(1399, 3, '[\"6\"]', 3, 1, 7, 1, '<strong>১,৪৪৭ &divide; ১০০ = ? </strong>', NULL, 'null', 1, 1, 1, '১৪৪.০', '১৪৪.৭', '০.১৪৪৭', '১৪.৪৭', 4, 2, NULL, '2020-02-16 07:16:10', '2020-02-16 13:16:10'),
(1400, 3, '[\"6\"]', 3, 1, 7, 1, '<strong>০.২ &times; ০.২ &times; ০.২ = ?</strong>', NULL, 'null', 1, 1, 1, '০.৮  ', '০.০০২   ', '০.০০৮', '০.০৮২', 3, 2, NULL, '2020-02-16 07:16:58', '2020-02-16 13:16:58'),
(1401, 3, '[\"6\"]', 3, 1, 7, 1, '<strong>০.০৫ &times; ১০০০ = ?</strong>', NULL, 'null', 1, 1, 1, '৫০০০', '০.৫', '৫০', '৫০০', 3, 2, NULL, '2020-02-16 07:17:43', '2020-02-16 13:17:43'),
(1402, 3, '[\"6\"]', 3, 1, 7, 1, '<strong>১০০০০০ &ndash; ৯৯৯৯৯</strong>', NULL, 'null', 1, 1, 1, '১০', '১০০', '১', '৯০', 3, 2, NULL, '2020-02-16 07:18:21', '2020-02-16 13:18:21'),
(1403, 3, '[\"6\"]', 3, 1, 7, 1, '<strong>এক রিম কাগজের মূল্য ৩.২৫ টাকা হলে ১০ রিম কাগজের মূল্য কত?</strong>', NULL, 'null', 1, 1, 1, '৩২৫ টাকা', '৩৭.০০ টাকা', '৩২.৫০ টাকা', '১৩.০০ টাকা', 3, 2, NULL, '2020-02-16 07:19:04', '2020-02-16 13:19:04'),
(1404, 3, '[\"6\"]', 3, 1, 7, 1, '<strong>৩, &nbsp;&nbsp;&nbsp;&nbsp;&nbsp; ১১, &nbsp;&nbsp;&nbsp;&nbsp; ১৯, &nbsp;&nbsp;&nbsp;&nbsp; ২৭, &nbsp;&nbsp;&nbsp;&nbsp; ৩৫&nbsp;&nbsp;&nbsp;&nbsp;&nbsp;&nbsp;&nbsp;&nbsp;&nbsp; ধারাটির পরবর্তী সংখ্যা কত?</strong>', NULL, 'null', 1, 1, 1, '৩৩', '৪৩', '৩৭', '৩৯', 2, 2, NULL, '2020-02-16 07:19:48', '2020-02-16 13:19:48'),
(1405, 3, '[\"6\"]', 3, 1, 7, 1, '<strong>নিচের কোন সংখ্যাটি বৃহত্তম?</strong>', NULL, 'null', 1, 1, 1, '৭৫%', '০.৭৬', '$\\frac{৩}{৪}$', '০.৭৪৪৯', 2, 2, NULL, '2020-02-16 07:20:38', '2020-02-16 13:20:38'),
(1406, 3, '[\"6\"]', 3, 1, 7, 1, '<strong>৪০&nbsp;&nbsp;&nbsp;&nbsp;&nbsp; ৩৩&nbsp;&nbsp; &nbsp;&nbsp;?&nbsp;&nbsp; &nbsp;১৯&nbsp; &nbsp;&nbsp;১২&nbsp;&nbsp;&nbsp; ৫ &nbsp;এ &nbsp;প্রশ্নবোধক চিহ্নে কোন সংখ্যা হবে? </strong>', NULL, 'null', 1, 1, 1, '৩১', '২৬', '২৯', '২৭', 2, 2, NULL, '2020-02-16 07:21:19', '2020-02-16 13:21:19'),
(1407, 3, '[\"6\"]', 3, 1, 7, 1, '<strong>এক হাজার থেকে এক কোটি কত গুণ বড়?</strong>', NULL, 'null', 1, 1, 1, '১০', '১০০', '১০০০০', '১০০০০০', 3, 2, NULL, '2020-02-16 07:21:59', '2020-02-16 13:21:59'),
(1408, 3, '[\"6\"]', 3, 1, 7, 1, '<strong>খালিঘর পূরণ কর।<br />\r\n৩৮৬৫ +&nbsp;&nbsp;= ৫১৭৮</strong>', NULL, 'null', 1, 1, 1, '১৫১৫', '১৪১৪', '১২২৬', '১৩১৩', 4, 2, NULL, '2020-02-16 07:23:13', '2020-02-16 13:23:13'),
(1409, 3, '[\"6\"]', 3, 1, 7, 1, '<strong>৫, ৪, ৮, ও ০ অঙ্কগুলো মাত্র একবার ব্যবহার করে গঠিত বৃহত্তম ও ক্ষুদ্রতম সংখ্যার পার্থক্য কত?</strong>', NULL, 'null', 1, 1, 1, '১৭৯৫', '৪৮৯৫', '৪৪৮২ ', '৪৫৮২', 3, 2, NULL, '2020-02-16 07:23:58', '2020-02-16 13:23:58'),
(1410, 3, '[\"6\"]', 3, 1, 7, 1, '<strong>খালিঘর পূরণ কর।<br />\r\n &ndash; ৫৩৪৭ = ৩৫৩১</strong>', NULL, 'null', 1, 1, 1, '৮১২৫', '৮২৩৪', '৮৫৬৬', '৮৮৭৮', 4, 2, NULL, '2020-02-16 07:25:03', '2020-02-16 13:25:03'),
(1411, 3, '[\"6\"]', 3, 1, 7, 1, '<strong>৪৯ সংখ্যার বর্গের এককের অঙ্ক কত ?</strong>', NULL, 'null', 1, 1, 1, '৫', '৪', '৭', '১', 4, 2, NULL, '2020-02-16 07:25:57', '2020-02-16 13:25:57'),
(1412, 3, '[\"6\"]', 3, 1, 7, 1, '<strong>দুটি সংখ্যার গড় ২৪ । ছোট সংখ্যাটি ১৮ হলে , বড় সংখ্যাটি কত?&nbsp;</strong>', NULL, 'null', 1, 1, 1, '৪২', '৬', '৪৮', '৩০', 4, 2, NULL, '2020-02-16 07:26:35', '2020-02-16 13:26:35'),
(1413, 3, '[\"6\"]', 3, 1, 7, 1, '<strong>$\\frac{১৩৭}{১৩৬}$ এর মান</strong>', NULL, 'null', 1, 1, 1, '১ থেকে ছোট', '১ এর সমান', '১ থেকে বড়', 'কোনটি নয়', 3, 2, NULL, '2020-02-16 07:27:37', '2020-02-16 13:27:37'),
(1414, 3, '[\"6\"]', 3, 1, 7, 1, '<strong>খালিঘরে কোন সংখ্যা হবে?<br />\r\n$\\frac{}{৩}$ + $\\frac{১}{৫}$ = $\\frac{১৩}{১৫}$&nbsp;</strong>', NULL, 'null', 1, 1, 1, '২', '৩', '৫', '৭', 1, 2, 2, '2020-02-16 07:28:55', '2020-02-16 07:30:53'),
(1415, 3, '[\"6\"]', 3, 1, 7, 1, '<strong>খালিঘরে কোন সংখ্যা হবে?<br />\r\n$\\frac{৫}{৬}$ - $\\frac{}{৭}$ = $\\frac{২৩}{৪২}$</strong>', NULL, 'null', 1, 1, 1, '২', '৩', '৫', '৭', 1, 2, 2, '2020-02-16 07:30:12', '2020-02-16 07:31:19'),
(1416, 3, '[\"6\"]', 3, 1, 7, 1, '<strong>০.৬ + ০.৪ =?</strong>', NULL, 'null', 1, 1, 1, '১', '১০', '০.১০', '১.১', 1, 2, NULL, '2020-02-16 07:32:06', '2020-02-16 13:32:06'),
(1417, 3, '[\"6\"]', 3, 1, 7, 1, '<strong>১ &ndash; ০.০২ =? </strong>', NULL, 'null', 1, 1, 1, '১.২', '০.৮', '০.৯৮', '০.০৮', 3, 2, NULL, '2020-02-16 07:32:43', '2020-02-16 13:32:43'),
(1418, 3, '[\"6\"]', 3, 1, 7, 1, '<strong>নিচের কোনটি ৭$\\frac{৫}{৮}$ এর সমতুল ভগ্নাংশ?</strong>', NULL, 'null', 1, 1, 1, '$\\frac{৬১}{৭}$', '$\\frac{৬১}{৫}$', '$\\frac{৫৬}{৮}$', '$\\frac{৬১}{৮}$', 4, 2, NULL, '2020-02-16 07:34:35', '2020-02-16 13:34:35'),
(1419, 3, '[\"6\"]', 3, 1, 7, 1, '<strong>নিচের কোনটি $\\frac{১৬}{৯}$ &divide; $\\frac{৪}{৩}$ এর সমতুল ভগ্নাংশ?</strong>', NULL, 'null', 1, 1, 1, '$\\frac{৬৪}{২৭}$', '$\\frac{৪}{৩}$', '$\\frac{৩}{৪}$', '$\\frac{৪৮}{২৭}$', 2, 2, NULL, '2020-02-16 07:36:14', '2020-02-16 13:36:14'),
(1420, 3, '[\"6\"]', 3, 1, 7, 1, '<strong>নিচের কোনটি $\\frac{৯৮০}{১০০০}$&nbsp;এর সমতুল ভগ্নাংশ? </strong>', NULL, 'null', 1, 1, 1, '৯', '৯.৮', '৯৮০০০০', '০.৯৮', 4, 2, NULL, '2020-02-16 07:37:13', '2020-02-16 13:37:13'),
(1421, 2, '[\"7\"]', 3, 1, 1, 1, '<strong>The ratio of the angles of a triangle is 2:5:8. What is the size of the smallest angle?</strong>', NULL, 'null', 1, 1, 1, '60', '96', '24', '30', 3, 2, NULL, '2020-02-17 05:43:37', '2020-02-17 11:43:37'),
(1422, 2, '[\"7\"]', 3, 1, 1, 1, '<strong>The biggest chord of a circle is called</strong>', NULL, 'null', 1, 1, 1, 'Radius', 'tangent', 'Perimeter', 'Diameter', 4, 2, NULL, '2020-02-17 05:44:26', '2020-02-17 11:44:26'),
(1423, 2, '[\"7\"]', 3, 1, 1, 1, '<strong>Which one is the biggest?</strong>', NULL, 'null', 1, 1, 1, '10% of 5', '5 × (0.1)<sup>2</sup>', '0.5 × 0.1', '(0.5)<sup>2</sup>', 1, 2, 2, '2020-02-17 05:45:38', '2020-02-17 05:46:13'),
(1424, 2, '[\"7\"]', 3, 1, 1, 1, '<strong>Bags A and B contain some counters. The number of counters in each bag is the same. Find the value of <em>y.</em></strong>', '1581918464_Q17.png', 'null', 2, 1, 1, '6', '4', '5', '3', 4, 2, NULL, '2020-02-17 05:47:44', '2020-02-17 11:47:44'),
(1425, 2, '[\"7\"]', 3, 1, 1, 1, '<strong>What percentage of this shape is shaded?</strong>', '1581918598_Q18.png', 'null', 2, 1, 1, '25%', '20%', '50%', '10%', NULL, 2, NULL, '2020-02-17 05:49:58', '2020-02-17 11:49:58'),
(1426, 2, '[\"7\"]', 3, 1, 1, 1, '<strong>I start with a rectangle of paper. I fold it in half, then in half again, then I cut out two shapes (as shown in the above diagram)<br />\r\nThen I unfold my paper. Circle the diagram below that shows what my paper looks like now.</strong>', '1581918903_Q19.png', 'null', 2, 2, 1, '1581918903_Q19A1.png', '1581918903_Q19A2.png', '1581918903_Q19A3.png', '1581918903_Q19A4.png', 4, 2, NULL, '2020-02-17 05:55:03', '2020-02-17 11:55:03'),
(1427, 2, '[\"7\"]', 3, 1, 1, 1, '<strong>Jan&rsquo;s age is 17 years 9 months and Habib&rsquo;s age is 20 years 7 months. What is their average age?</strong>', NULL, 'null', 1, 1, 1, '36 years 16 months', '38 years 4 months', '36 years 6 months', '19 years 2 months', 4, 2, NULL, '2020-02-17 05:55:58', '2020-02-17 11:55:58'),
(1428, 2, '[\"7\"]', 3, 1, 1, 1, '<strong>Convert 1 hour 5 minutes 15 seconds into seconds. </strong>', NULL, 'null', 1, 1, 1, '385 seconds', '3620 seconds', '3915 seconds', '3815 seconds', 3, 2, NULL, '2020-02-17 05:56:44', '2020-02-17 11:56:44'),
(1429, 2, '[\"7\"]', 3, 1, 1, 1, '<strong>Which one of the following is correct? </strong>', NULL, 'null', 1, 1, 1, 'Dividend = divisor × quotient + remainder', 'Quotient   = divisor × dividend + remainder', 'Dividend = (divisor + quotient) ×   remainder', 'Dividend = (divisor × quotient)-  remainder', 1, 2, NULL, '2020-02-17 05:57:29', '2020-02-17 11:57:29'),
(1430, 2, '[\"7\"]', 3, 1, 1, 1, '<strong>What feature is not common in the following sets of numbers?<br />\r\n16&nbsp;&nbsp;&nbsp;&nbsp;&nbsp;&nbsp;&nbsp; 8&nbsp;&nbsp;&nbsp;&nbsp;&nbsp;&nbsp;&nbsp;&nbsp;&nbsp; 52&nbsp;&nbsp;&nbsp;&nbsp;&nbsp;&nbsp;&nbsp; 16&nbsp;&nbsp;&nbsp;&nbsp;&nbsp;&nbsp;&nbsp; 100&nbsp;&nbsp;&nbsp;&nbsp;&nbsp; 80</strong>', NULL, 'null', 1, 1, 1, 'They are all multiple of 4', 'They are all whole numbers', 'They are not divisible by 6', 'They are divisible by five', 4, 2, NULL, '2020-02-17 05:58:05', '2020-02-17 11:58:05'),
(1431, 2, '[\"7\"]', 3, 1, 1, 1, '<strong>Mr. Ali&rsquo;s monthly income is 20,000 Tk. He pays 8,000 Tk. as house rent and half of his monthly income is paid for food and other expenditure. The remaining amount he saves in the bank. What is his annual savings?</strong>', NULL, 'null', 1, 1, 1, '2,000 Tk.', '6,000 Tk.', '24,000 Tk.', '72,000 Tk.', 3, 2, NULL, '2020-02-17 05:58:51', '2020-02-17 11:58:51'),
(1432, 2, '[\"7\"]', 3, 1, 1, 1, '<strong>In a class there were 36 students. Among them 27 student passed the exam. What percentage of the students did not pass?</strong>', NULL, 'null', 1, 1, 1, '9%', '25%', '75%', '125%', 2, 2, NULL, '2020-02-17 05:59:36', '2020-02-17 11:59:36'),
(1433, 2, '[\"7\"]', 3, 1, 1, 1, '<strong>Jasmine&rsquo;s recipe requires $\\frac{2}{3}$ cup flour. She has only $\\frac{1}{2}$ cup of flour in the pantry. How much more flour does she need?<strong> </strong> </strong>', NULL, 'null', 1, 1, 1, '$\\frac{7}{6}$ cups', '$\\frac{1}{6}$ cup', '$\\farc{3}{5}$ cup', '$\\farc{1}{3}$  cup', 2, 2, NULL, '2020-02-17 06:01:24', '2020-02-17 12:01:24'),
(1434, 2, '[\"7\"]', 3, 1, 1, 1, '<strong>How many squares are there in the given diagram?</strong>', '1581919450_Q27.png', 'null', 2, 1, 1, '10', '14', '9', '12', 2, 2, NULL, '2020-02-17 06:04:10', '2020-02-17 12:04:10'),
(1435, 2, '[\"7\"]', 3, 1, 1, 1, '<strong>What percent of 200 is 16 ?</strong>', NULL, 'null', 1, 1, 1, '8%', '32%', '16%', '80%', 1, 2, 2, '2020-02-17 06:04:51', '2020-02-17 06:04:59'),
(1436, 2, '[\"7\"]', 3, 1, 1, 1, '<strong>What is the minimum amount to be added with 18 to get a perfect square number?</strong>', NULL, 'null', 1, 1, 1, '2', '9', '7', '8', 3, 2, NULL, '2020-02-17 06:05:34', '2020-02-17 12:05:34'),
(1437, 2, '[\"7\"]', 3, 1, 1, 1, '<strong>If 3x - 2 = 10&nbsp;then&nbsp;2x + 3&nbsp;is equal to</strong>', NULL, 'null', 1, 1, 1, '12', '9', '15', '11', 4, 2, NULL, '2020-02-17 06:06:39', '2020-02-17 12:06:39'),
(1438, 2, '[\"7\"]', 3, 1, 1, 1, '<strong>What is the product L.C.M and H.C.F of 3 and 6 ?</strong>', NULL, 'null', 1, 1, 1, '12', '9', '18', '6', 3, 2, NULL, '2020-02-17 06:40:52', '2020-02-17 12:40:52'),
(1439, 2, '[\"7\"]', 3, 1, 1, 1, '<strong>Some money is borrowed from a bank with 8% annual interest. One year later if interest is paid 400 Taka, how much money was borrowed from the bank?</strong>', NULL, 'null', 1, 1, 1, '5000 Taka', '4000 Taka', '6000 Taka', '2000 Taka', 1, 2, NULL, '2020-02-17 06:41:38', '2020-02-17 12:41:38'),
(1440, 2, '[\"7\"]', 3, 1, 1, 1, '<strong>If a pen is bought at 50 Taka, and sold at 56 Taka, then what is the profit %?</strong>', NULL, 'null', 1, 1, 1, '15%', '21%', '12%', '22%', 3, 2, NULL, '2020-02-17 06:42:29', '2020-02-17 12:42:29'),
(1441, 2, '[\"7\"]', 3, 1, 1, 1, '<strong>Which one of the following is not correct?</strong>', NULL, 'null', 1, 1, 1, 'Area of Rectangle = Length × Breadth', 'Area of Parallelogram = Base × Height', 'Area of Triangle = (Length × Breadth) ÷ 2', 'Area of Triangle = (Base × Height) ÷ 2', 3, 2, NULL, '2020-02-17 06:43:06', '2020-02-17 12:43:06'),
(1442, 2, '[\"7\"]', 3, 1, 1, 1, '<strong>The average of 10 numbers is 7. A new number 7 is added with these 10 numbers. Now the new average of these 11 numbers will be.</strong>', NULL, 'null', 1, 1, 1, 'More then 7', 'Less then 7      ', 'None of them', 'Remain Same', 4, 2, NULL, '2020-02-17 06:43:48', '2020-02-17 12:43:48'),
(1443, 2, '[\"7\"]', 3, 1, 1, 1, '<strong>A pupil recorded how much rain fell on 5 different days. The least rain fell on</strong>', '1581921904_Q36.png', 'null', 2, 1, 1, 'Monday', 'Wednesday', 'Thursday', 'Friday', 4, 2, NULL, '2020-02-17 06:45:04', '2020-02-17 12:45:04'),
(1444, 2, '[\"7\"]', 3, 1, 1, 1, '<strong>The value of <em>Z</em> in this isosceles triangle is</strong>', '1581922055_Q37.png', 'null', 2, 1, 1, '480<sup>0</sup>', '42<sup>0</sup>', '66<sup>0</sup>', '132<sup>0</sup>', 3, 2, 2, '2020-02-17 06:47:21', '2020-02-17 06:47:35'),
(1445, 2, '[\"7\"]', 3, 1, 1, 1, '<strong>If the perimeter of a square is 24 cm, then its area is equal to:</strong>', NULL, 'null', 1, 1, 1, '48 cm<sup>2</sup>', '36 cm<sup>2</sup>', '24 cm<sup>2</sup>', '60 cm<sup>2</sup>', 2, 2, 2, '2020-02-17 06:48:39', '2020-02-17 06:49:39'),
(1446, 2, '[\"7\"]', 3, 1, 1, 1, '<strong>What is the area of the shaded region?</strong>', NULL, 'null', 1, 1, 1, '208', '450', '418', '242', 1, 2, NULL, '2020-02-17 06:49:25', '2020-02-17 12:49:25'),
(1447, 2, '[\"7\"]', 3, 1, 1, 1, '<strong>What is the perimeter of the given figure?</strong>', '1581922291_Q40.png', 'null', 2, 1, 1, '108 cm', '102 cm', '104 cm', '112 cm', 4, 2, NULL, '2020-02-17 06:51:31', '2020-02-17 12:51:31'),
(1448, 2, '[\"7\"]', 3, 1, 1, 1, '<strong>The size of the angle x is</strong>', '1581922421_Q41.png', 'null', 2, 1, 1, 'Acute', 'Reflex', 'Right angle', 'Obtuse', 4, 2, NULL, '2020-02-17 06:53:41', '2020-02-17 12:53:41'),
(1449, 2, '[\"7\"]', 3, 1, 1, 1, '<strong>Area of a circle is</strong>', NULL, 'null', 1, 1, 1, 'A = πr<sup>2</sup>', '<em>A= 2&pi;r</em>', 'A = 2π', 'A = 2r', 1, 2, NULL, '2020-02-17 06:55:08', '2020-02-17 12:55:08'),
(1450, 2, '[\"7\"]', 3, 1, 1, 1, '<strong>0.3 <em>&times;&nbsp;</em>0.3 <em>&times;&nbsp;</em>0.3 = ?</strong>', NULL, 'null', 1, 1, 1, '0.027', '0.9', '0.27', '0.6', 1, 2, NULL, '2020-02-17 06:56:33', '2020-02-17 12:56:33'),
(1451, 2, '[\"7\"]', 3, 1, 1, 1, '<strong>Which one of the following fractions lies between $\\frac{3}{5}$&nbsp;and $\\frac{4}{5}$</strong>', NULL, 'null', 1, 1, 1, '$\\frac{7}{10}$', '$\\frac{9}{10}$', '$\\frac{5}{10}$', '$\\frac{3}{10}$', 1, 2, NULL, '2020-02-17 06:58:05', '2020-02-17 12:58:05'),
(1452, 2, '[\"7\"]', 3, 1, 1, 1, '<strong>Which one of the following is the greatest?</strong>', NULL, 'null', 1, 1, 1, '$\\frac{3}{4}$', '0.80', '72%', '$\\frac{9}{10}$', 4, 2, NULL, '2020-02-17 06:59:14', '2020-02-17 12:59:14'),
(1453, 2, '[\"7\"]', 3, 1, 1, 1, '<strong>A piece of paper is cut out and labeled as shown in the diagram. It is folded along the dotted lines to make an open box. If the box is placed on a table so that the top of the box is open, then the label at the bottom of the box is:</strong>', '1581922801_Q46.png', 'null', 2, 1, 1, 'U', 'V', 'Y', 'W', 2, 2, NULL, '2020-02-17 07:00:01', '2020-02-17 13:00:01'),
(1454, 2, '[\"7\"]', 3, 1, 1, 1, '<strong>What is the next number of the following series ? &nbsp;&nbsp;<br />\r\n0&nbsp;&nbsp;&nbsp;&nbsp;&nbsp;&nbsp;&nbsp;&nbsp;&nbsp; 3&nbsp;&nbsp;&nbsp;&nbsp;&nbsp;&nbsp;&nbsp;&nbsp;&nbsp; 8&nbsp;&nbsp;&nbsp;&nbsp;&nbsp;&nbsp;&nbsp;&nbsp;&nbsp; 15&nbsp;&nbsp;&nbsp;&nbsp;&nbsp;&nbsp;&nbsp; 24 &nbsp;&nbsp;&nbsp;&nbsp;&nbsp;&nbsp; 35&nbsp;&nbsp;&nbsp;&nbsp;&nbsp;&nbsp;&nbsp; ?</strong>', NULL, 'null', 1, 1, 1, '36', '50', '63', '48', 4, 2, NULL, '2020-02-17 07:00:49', '2020-02-17 13:00:49'),
(1455, 2, '[\"7\"]', 3, 1, 1, 1, '<strong>Which one the following lettered pair best expresses a relationship similar to Animal : Cat </strong>', NULL, 'null', 1, 1, 1, 'Apple: Pear', 'Club: Player', 'Furniture : Chair', 'Body: Toe', 3, 2, NULL, '2020-02-17 07:01:46', '2020-02-17 13:01:46'),
(1456, 2, '[\"7\"]', 3, 1, 1, 1, '<strong>When full, the tank of a car contains 32 litters of oil.&nbsp; If 25% of oil is used, how many litters remains in the tank?</strong>', NULL, 'null', 1, 1, 1, '16', '8', '24', '12', 3, 2, NULL, '2020-02-17 07:02:18', '2020-02-17 13:02:18'),
(1457, 2, '[\"7\"]', 3, 1, 1, 1, '<strong>The graph below shows the marks obtained by some students in a mathematics test.<br />\r\nWhat is the approximate mark obtained by Adam?</strong>', '1581923080_Q50.png', 'null', 2, 1, 1, '40.5', '45', '48', '50', 2, 2, 2, '2020-02-17 07:03:13', '2020-02-17 07:04:40'),
(1458, 3, '[\"7\"]', 3, 1, 1, 1, '<strong>a = 5 এবং b = 2 হলে 3a - 2b এর মান কত?</strong>', NULL, 'null', 1, 1, 1, '19', '11', '4', '13', 2, 2, NULL, '2020-02-18 04:03:52', '2020-02-18 10:03:52'),
(1459, 3, '[\"7\"]', 3, 1, 1, 1, '<strong>5<em>x </em>+ 15 = 30 হলে <em>x </em>এর মান কত?</strong>', NULL, 'null', 1, 1, 1, 'x = 5', 'x = 6', 'x = 2', 'x = 3', 4, 2, NULL, '2020-02-18 04:04:38', '2020-02-18 10:04:38'),
(1460, 3, '[\"7\"]', 3, 1, 1, 1, '<strong>একটি সম্পূর্ণ পিৎজা চার জন বন্ধুর মাঝে সমান ভাগে ভাগ করে দিতে হলে প্রতিটি টুকরো কত কোণে কাটতে হবে?</strong>', NULL, 'null', 1, 1, 1, '45°', '60°', '90°', '100°', 3, 2, NULL, '2020-02-18 04:07:04', '2020-02-18 10:07:04'),
(1461, 3, '[\"7\"]', 3, 1, 1, 1, '<strong>x = 2 এবং y = 3 হলে 5x + 2y এর মান কত?</strong>', NULL, 'null', 1, 1, 1, '14', '21', '16', '19', 3, 2, NULL, '2020-02-18 04:08:26', '2020-02-18 10:08:26'),
(1462, 3, '[\"7\"]', 3, 1, 1, 1, '<strong>কোন একদিন সকালে তাপমাত্রা ছিল -5&lt;sup&gt;0&lt;/sup&gt;। বিকালে তাপমাত্রা আরও 9&lt;sup&gt;0&lt;/sup&gt; কমে যায়। &nbsp;বিকালের তাপমাত্রা কত ছিল?</strong>', NULL, 'null', 1, 1, 1, '14<sup>0</sup>', '9<sup>0</sup>', '-14<sup>0</sup>', '4<sup>0</sup>', 3, 2, NULL, '2020-02-18 04:11:31', '2020-02-18 10:11:31'),
(1463, 3, '[\"7\"]', 3, 1, 1, 1, '<strong>একটি বর্গের বাহু 10% বৃদ্ধি পেলে, বর্গটির ক্ষেত্রফল শতকরা কত বাড়বে?</strong>', NULL, 'null', 1, 1, 1, '100%', '21%', '11%', '20%', 2, 2, NULL, '2020-02-18 04:12:43', '2020-02-18 10:12:43'),
(1464, 3, '[\"7\"]', 3, 1, 1, 1, '<strong>একটি বোয়ামের ওজন 1.6 কেজি। বোয়ামের ভিতরে 545 গ্রাম জিনিস রয়েছে। বোয়ামের এবং জিনিসের ওজন একত্রে কত কেজি?</strong>', NULL, 'null', 1, 1, 1, '7.05', '2.145', '546.6', '1.055', 2, 2, NULL, '2020-02-18 04:14:18', '2020-02-18 10:14:18'),
(1465, 3, '[\"7\"]', 3, 1, 1, 1, '<strong>57 এর সাথে সর্বনিম্ন কত যোগ করলে সংখ্যাটি 7 দ্বারা বিভাজ্য হবে?</strong>', NULL, 'null', 1, 1, 1, '13', '6', '12', '7', 2, 2, NULL, '2020-02-18 04:14:52', '2020-02-18 10:14:52'),
(1466, 3, '[\"7\"]', 3, 1, 1, 1, '<strong>একটি পোষাকে ক্রয়মূল্যের চেয়ে 20% বেশি মূল্য লিখা আছে। যদি পোষাকে 600 টাকা লিখা থাকে তাহলে ক্রয়মূল্য কত টাকা?</strong>', NULL, 'null', 1, 1, 1, '522', '720', '480', '500', 4, 2, NULL, '2020-02-18 04:15:30', '2020-02-18 10:15:30'),
(1467, 3, '[\"7\"]', 3, 1, 1, 1, '<strong>400 এর 40% এর অর্ধেক কত ?</strong>', NULL, 'null', 1, 1, 1, '80', '160', '320', '16000', 1, 2, NULL, '2020-02-18 04:16:21', '2020-02-18 10:16:21'),
(1468, 3, '[\"7\"]', 3, 1, 1, 1, '<strong>পাঁচটি ক্রমিক ধনাত্মক সংখ্যার সর্বনিম্ন মান 13 হলে, সংখ্যাগুলোর গড় মান কত?</strong>', NULL, 'null', 1, 1, 1, '15', '13', '18', '65', 1, 2, NULL, '2020-02-18 04:17:03', '2020-02-18 10:17:03'),
(1469, 3, '[\"7\"]', 3, 1, 1, 1, '<strong>$\\sqrt{90}$ এর মান নিচের কোন দুটি সংখ্যার মাঝে অবস্থিত?</strong>', NULL, 'null', 1, 1, 1, '10 এবং 11', '11 এবং 12', '8 এবং 9', '9 এবং 10', 4, 2, NULL, '2020-02-18 04:18:01', '2020-02-18 10:18:01'),
(1470, 3, '[\"7\"]', 3, 1, 1, 1, '<strong>একজন লোক $600 এর 20% কর দিয়েছেন। তিনি 12 টি সমান কিস্তিতে কর দিলেন। প্রতিটি কিস্তি কত ছিল?</strong>', NULL, 'null', 1, 1, 1, '$10', '$12', '$120', '$100', 1, 2, NULL, '2020-02-18 04:18:48', '2020-02-18 10:18:48'),
(1471, 3, '[\"7\"]', 3, 1, 1, 1, '<strong>একটি ত্রিভুজের কোণ গুলোর অনুপাত 2 : 5 : 8 হলে ক্ষুদ্রতম কোণের মান কত?</strong>', NULL, 'null', 1, 1, 1, '60', '96', '24', '30', 3, 2, NULL, '2020-02-18 04:19:32', '2020-02-18 10:19:32'),
(1472, 3, '[\"7\"]', 3, 1, 1, 1, '<strong>বৃত্তের সবচেয়ে বড় জ্যা কোনটি?</strong>', NULL, 'null', 1, 1, 1, 'ব্যাসার্ধ', 'স্পর্শক', 'পরিধি', 'ব্যাস', 4, 2, NULL, '2020-02-18 04:20:07', '2020-02-18 10:20:07'),
(1473, 3, '[\"7\"]', 3, 1, 1, 1, '<strong>নিচের কোনটি বৃহত্তম? </strong>', NULL, 'null', 1, 1, 1, '5 এর 10%', '5 × (0.1)<sup>2</sup>', '0.5 × 0.1', '(0.5)<sup>2</sup>', 1, 2, NULL, '2020-02-18 04:21:08', '2020-02-18 10:21:08'),
(1474, 3, '[\"7\"]', 3, 1, 1, 1, '<strong>ব্যাগ A এবং ব্যাগ B তে কিছুসংখ্যক জিনিস আছে। প্রতিটি ব্যাগে সমান সংখ্যক জিনিস থাকলে y এর মান কত?</strong>', '1581999751_Q17.png', 'null', 2, 1, 1, '6', '4', '5', '3', 4, 2, 2, '2020-02-18 04:22:31', '2020-02-18 04:22:58'),
(1475, 3, '[\"7\"]', 3, 1, 1, 1, '<strong>ছায়াযুক্ত অংশের শতকরা মান কত?</strong>', NULL, 'null', 1, 1, 1, '25%', '20%', '50%', '10%', 2, 2, NULL, '2020-02-18 04:26:44', '2020-02-18 10:26:44'),
(1476, 3, '[\"7\"]', 3, 1, 1, 1, '<strong>একটি আয়তাকার কাগজকে প্রথমে অর্ধ-ভাঁজ করে আবার অর্ধ- ভাঁজ করলাম। তারপর, উপরের ডায়াগ্রামের অনুরূপে দুইটি জ্যমিতিক আকৃতি কাটার পর ভাঁজ খুলে ফেললাম। এখন কাগজটি দেখতে কিরূপ হবে? </strong>', '1582000060_Q19.png', 'null', 2, 2, 1, '1582000060_Q19A1.png', '1582000060_Q19A2.png', '1582000060_Q19A3.png', '1582000060_Q19A4.png', 4, 2, NULL, '2020-02-18 04:27:40', '2020-02-18 10:27:40'),
(1477, 3, '[\"7\"]', 3, 1, 1, 1, '<strong>জনির বয়স 17 বছর 9 মাস এবং হাবিবের বয়স 20 বছর 7 মাস। তাদের বয়সের গড় কত?</strong>', NULL, 'null', 1, 1, 1, '36 বছর 16  মাস', '38 বছর 4 মাস', '36 বছর  6 মাস', '19 বছর  2 মাস', 4, 2, NULL, '2020-02-18 04:29:23', '2020-02-18 10:29:23'),
(1478, 3, '[\"7\"]', 3, 1, 1, 1, '<strong>1 ঘণ্টা 5 মিনিট 15 সেকেন্ড কে সেকেন্ডে প্রকাশ কর। </strong>', NULL, 'null', 1, 1, 1, '385 সেকেন্ড', '3620 সেকেন্ড', '3915 সেকেন্ড', '3815 সেকেন্ড', 3, 2, NULL, '2020-02-18 04:30:00', '2020-02-18 10:30:00'),
(1479, 3, '[\"7\"]', 3, 1, 1, 1, '<strong>নিচের কোনটি সঠিক? </strong>', NULL, 'null', 1, 1, 1, 'ভাজ্য = ভাজক ×  ভাগফল + ভাগশেষ', 'ভাগফল   = ভাজক ×  ভাজ্য + ভাগশেষ', 'ভাজ্য = (ভাজক + ভাগফল)×   ভাগশেষ', 'ভাজ্য = (ভাজক ×  ভাগফল) -  ভাগশেষ', 1, 2, NULL, '2020-02-18 04:30:41', '2020-02-18 10:30:41'),
(1480, 3, '[\"7\"]', 3, 1, 1, 1, '<strong>কোন বৈশিষ্টটি প্রদত্ত ধারার সাথে সামঞ্জস্য নেই?<br />\r\n16&nbsp;&nbsp;&nbsp;&nbsp;&nbsp;&nbsp;&nbsp; 8&nbsp;&nbsp;&nbsp;&nbsp;&nbsp;&nbsp;&nbsp; 52&nbsp;&nbsp;&nbsp;&nbsp;&nbsp;&nbsp; 16&nbsp;&nbsp;&nbsp;&nbsp;&nbsp;&nbsp; 100&nbsp;&nbsp;&nbsp;&nbsp; 80</strong>', NULL, 'null', 1, 1, 1, 'সবগুলো সংখ্যা 4 এর গুণিতক', 'সবগুলো সংখ্যা পূর্ণ সংখ্যা', 'সবগুলো সংখ্যা 6 দ্বারা বিভাজ্য নয়', 'সবগুলো সংখ্যা 5 দ্বারা বিভাজ্য ', 4, 2, NULL, '2020-02-18 05:17:21', '2020-02-18 11:17:21'),
(1481, 3, '[\"7\"]', 3, 1, 1, 1, '<strong>আলী সাহেবের মাসিক আয় 20,000 টাকা। তিনি বাসা ভাড়া বাবদ 8,000 টাকা এবং মাসিক আয়ের অর্ধেক টাকা খাবার ও অন্যান্য প্রয়োজনে খরচ করেন। অবশিষ্ট টাকা তিনি ব্যাংকে জমা রাখেন। তিনি এক বছরে কত টাকা জমান?</strong>', NULL, 'null', 1, 1, 1, '2,000 টাকা', '6,000 টাকা', '24,000 টাকা', '72,000 টাকা', 3, 2, NULL, '2020-02-18 05:18:02', '2020-02-18 11:18:02'),
(1482, 3, '[\"7\"]', 3, 1, 1, 1, '<strong>একটি শ্রেণিতে 36 জন শিক্ষার্থীর মধ্যে পরীক্ষায় কৃতকার্য হয়েছে 27 জন শিক্ষার্থী । শতকরা কত জন শিক্ষার্থী কৃতকার্য হতে পারেনি?</strong>', NULL, 'null', 1, 1, 1, '9%', '25%', '75%', '125%', 2, 2, NULL, '2020-02-18 05:18:44', '2020-02-18 11:18:44'),
(1483, 3, '[\"7\"]', 3, 1, 1, 1, '<strong>জেসমিনের $\\frac{2}{3}$ কাপ ময়দা প্রয়োজন। তার কাছে $\\frac{1}{2}$ কাপ ময়দা আছে। তার আর কত কাপ ময়দা লাগবে?</strong>', NULL, 'null', 1, 1, 1, '$\\frac{7}{6}$ কাপ', '$\\frac{1}{6}$ কাপ', '$\\frac{3}{5}$ কাপ', '$\\frac{1}{3}$ কাপ', 2, 2, NULL, '2020-02-18 05:20:55', '2020-02-18 11:20:55'),
(1484, 3, '[\"7\"]', 3, 1, 1, 1, '<strong>নিচের ডায়াগ্রামে কয়টি বর্গ আছে?</strong>', '1582003358_Q27.png', 'null', 2, 1, 1, '10', '14', '9', '12', 2, 2, 2, '2020-02-18 05:21:35', '2020-02-18 05:22:38'),
(1485, 3, '[\"7\"]', 3, 1, 1, 1, '<strong>200 এর কত শতাংশ সমান 16 ?</strong>', NULL, 'null', 1, 1, 1, '8 %', '32%', '16%', '80%', 1, 2, NULL, '2020-02-18 05:22:21', '2020-02-18 11:22:21'),
(1486, 3, '[\"7\"]', 3, 1, 1, 1, '<strong>18 এর সাথে সর্বনিম্ন কত যোগ করলে একটি পূর্ণ বর্গ সংখ্যা হবে?</strong>', NULL, 'null', 1, 1, 1, '2', '9', '7', '18', 3, 2, NULL, '2020-02-18 05:23:23', '2020-02-18 11:23:23'),
(1487, 3, '[\"7\"]', 3, 1, 1, 1, '<strong>3x - 2 = 10&nbsp;হলে 2x + 3 =&nbsp;?</strong>', NULL, 'null', 1, 1, 1, '12', '9', '15', '11', 4, 2, NULL, '2020-02-18 05:24:25', '2020-02-18 11:24:25'),
(1488, 3, '[\"7\"]', 3, 1, 1, 1, '<strong>3 এবং 6 এর গসাগু ও লসাগু এর গুণফল কত?</strong>', NULL, 'null', 1, 1, 1, '12', '9', '18', '6', 3, 2, NULL, '2020-02-18 05:25:09', '2020-02-18 11:25:09'),
(1489, 3, '[\"7\"]', 3, 1, 1, 1, '<strong>ব্যাংক থেকে বার্ষিক 8% মুনাফায় কিছু টাকা ঋণ নিয়ে, এক বছর পর 400 টাকা মুনাফা দেওয়া হলো। আসল কত ছিল?</strong>', NULL, 'null', 1, 1, 1, '5,000 টাকা', '4,000 টাকা', '6,000 টাকা', '2,000 টাকা', 1, 2, NULL, '2020-02-18 05:25:52', '2020-02-18 11:25:52'),
(1490, 3, '[\"7\"]', 3, 1, 1, 1, '<strong>একটি কলম 50 টাকায় ক্রয় করে 56 টাকায় বিক্রয় করা হলে শতকরা কত লাভ হবে?</strong>', NULL, 'null', 1, 1, 1, '15%', '21%', '12%', '22%', 3, 2, NULL, '2020-02-18 05:27:56', '2020-02-18 11:27:56'),
(1491, 3, '[\"7\"]', 3, 1, 1, 1, '<strong>নিচের কোনটি সঠিক নয়? </strong>', NULL, 'null', 1, 1, 1, 'আয়তের ক্ষেত্রফল = দৈর্ঘ্য × প্রস্থ ', 'সামান্তরিকের ক্ষেত্রফল = ভূমি × উচ্চতা ', 'ত্রিভুজের ক্ষেত্রফল = (দৈর্ঘ্য × প্রস্থ) ÷ 2   ', 'ত্রিভুজের ক্ষেত্রফল = (ভূমি × উচ্চতা) ÷ 2 ', 3, 2, NULL, '2020-02-18 05:30:57', '2020-02-18 11:30:57'),
(1492, 3, '[\"7\"]', 3, 1, 1, 1, '<strong>10 টি সংখ্যার গড় 7।&nbsp; নতুন একটি সংখ্যা 7 যোগ করা হলে 11 টি সংখ্যার গড় হবে<u>&nbsp; &nbsp; &nbsp; &nbsp;&nbsp; </u></strong>', NULL, 'null', 1, 1, 1, '7 এর বেশি', '7 এর কম ', 'কোনটি নয়', 'অপরিবর্তিত থাকবে', 4, 2, NULL, '2020-02-18 05:31:57', '2020-02-18 11:31:57'),
(1493, 3, '[\"7\"]', 3, 1, 1, 1, '<strong>5 দিনের বৃষ্টিপাতের পরিমান তালিকায় লিপিবদ্ধ করা হয়েছে। বৃষ্টিপাতের পরিমান সর্বনিম্ন কবে? </strong>', '1582003969_Q36.png', 'null', 2, 1, 1, 'সোম', 'বুধ', 'বৃহস্পতি', 'শুক্র', 4, 2, NULL, '2020-02-18 05:32:49', '2020-02-18 11:32:49'),
(1494, 3, '[\"7\"]', 3, 1, 1, 1, '<strong>সমদ্বিবাহু ত্রিভুজটিতে Z এর মান কত?</strong>', NULL, 'null', 1, 1, 1, '48<sup>0</sup>', '42<sup>0</sup>', '66<sup>0</sup>', '132<sup>0</sup>', 3, 2, NULL, '2020-02-18 05:33:48', '2020-02-18 11:33:48'),
(1495, 3, '[\"7\"]', 3, 1, 1, 1, '<strong>একটি বর্গের পরিসীমা 24 সেমি হলে এর ক্ষেত্রফল কত?</strong>\r\n<ol>\r\n	<li>&nbsp;</li>\r\n	<li>&nbsp;</li>\r\n	<li>&nbsp;</li>\r\n	<li>&nbsp;</li>\r\n</ol>', NULL, 'null', 1, 1, 1, '48 বর্গসেমি', '36 বর্গসেমি', '24 বর্গসেমি', '60 বর্গসেমি', 2, 2, NULL, '2020-02-18 05:34:32', '2020-02-18 11:34:32'),
(1496, 3, '[\"7\"]', 3, 1, 1, 1, '<strong>ছায়াবৃত অংশের ক্ষেত্রফল কত?</strong>', '1582004261_Q39.png', 'null', 2, 1, 1, '208', '450', '418', '242', 1, 2, NULL, '2020-02-18 05:37:41', '2020-02-18 11:37:41'),
(1497, 3, '[\"7\"]', 3, 1, 1, 1, '<strong>প্রদত্ত চিত্রের পরিসীমা কত?</strong>', '1582004349_Q40.png', 'null', 2, 1, 1, '108 সেমি', '102 সেমি', '104 সেমি', '112 সেমি', 4, 2, NULL, '2020-02-18 05:39:09', '2020-02-18 11:39:09'),
(1498, 3, '[\"7\"]', 3, 1, 1, 1, '<strong>প্রদত্ত ত্রিভুজের<em> x </em>কোণটি-</strong>', '1582004410_Q41.png', 'null', 2, 1, 1, 'সূক্ষ্মকোণ', 'প্রবৃদ্ধকোণ', 'সমকোণ', 'স্থূলকোণ', 4, 2, NULL, '2020-02-18 05:40:10', '2020-02-18 11:40:10'),
(1499, 3, '[\"7\"]', 3, 1, 1, 1, '<strong>বৃত্তের ক্ষেত্রফল- </strong>', NULL, 'null', 1, 1, 1, 'A = πr<sup>2</sup>', 'A = 2πr', 'A = 2π', 'A = 2r', 1, 2, NULL, '2020-02-18 05:41:11', '2020-02-18 11:41:11'),
(1500, 3, '[\"7\"]', 3, 1, 1, 1, '<strong>0.3&nbsp;<em>&times;&nbsp;</em>0.3&nbsp;<em>&times;&nbsp;</em>0.3 = ?</strong>', NULL, 'null', 1, 1, 1, '0.027', '0.9', '0.27', '0.6', 1, 2, NULL, '2020-02-18 05:42:19', '2020-02-18 11:42:19'),
(1501, 3, '[\"7\"]', 3, 1, 1, 1, '<strong>নিচের কোন ভগ্নাংশটি $\\frac{3}{5}$&nbsp;এবং $\\frac{4}{5}$&nbsp;এর মাঝে অবস্থিত?</strong>', NULL, 'null', 1, 1, 1, '$\\frac{7}{10}$', '$\\frac{9}{10}$', '$\\frac{5}{10}$', '$\\frac{3}{10}$', 1, 2, NULL, '2020-02-18 05:44:00', '2020-02-18 11:44:00'),
(1502, 3, '[\"7\"]', 3, 1, 1, 1, '<strong>নিচের কোন সংখ্যাটি বৃহত্তম?</strong>', NULL, 'null', 1, 1, 1, '$\\frac{3}{4}$', '0.80 ', '72%', '$\\frac{9}{10}$', 4, 2, NULL, '2020-02-18 05:45:11', '2020-02-18 11:45:11'),
(1503, 3, '[\"7\"]', 3, 1, 1, 1, '<strong>এক টুকরো কাগজকে কেটে নিচের ডায়াগ্রামের মত রাখা হয়েছে। একটা খোলা বাক্স বানাতে বিন্দু বিন্দু লাইনের সরাসরি এটাকে &nbsp;ভাঁজ করা হয়েছে। যদি বাক্সটিকে টেবিলের উপর এমন ভাবে রাখা হয় যাতে বাক্সের খোলা অংশ উপরের দিকে থাকে, তাহলে বাক্সের নিচের অংশ হবে:</strong>', NULL, 'null', 1, 1, 1, 'U', 'V', 'Y', 'W', 2, 2, NULL, '2020-02-18 05:45:49', '2020-02-18 11:45:49'),
(1504, 3, '[\"7\"]', 3, 1, 1, 1, '<strong>0&nbsp;&nbsp; &nbsp;&nbsp;&nbsp; 3&nbsp;&nbsp;&nbsp;&nbsp;&nbsp;&nbsp; 8&nbsp;&nbsp;&nbsp;&nbsp;&nbsp;&nbsp; 15&nbsp;&nbsp;&nbsp;&nbsp; 24 &nbsp;&nbsp;&nbsp; 35&nbsp;&nbsp;&nbsp;&nbsp; &hellip;&hellip;&hellip; ধারাটির পরবর্তী সংখ্যা কত?</strong>', NULL, 'null', 1, 1, 1, '36', '50', '63', '48', 4, 2, NULL, '2020-02-18 05:46:44', '2020-02-18 11:46:44'),
(1505, 3, '[\"7\"]', 3, 1, 1, 1, '<strong>নিচের কোন জোড়াটি &ldquo;প্রাণী : বিড়াল&rdquo; এর মত একই সম্পর্ক নির্দেশ করে-</strong>', NULL, 'null', 1, 1, 1, 'আপেল : নাশপাতি', 'ক্লাব : খেলোয়ার', 'আসবাবপত্র : চেয়ার', 'শরীর : পায়ের আঙ্গুল', 3, 2, NULL, '2020-02-18 05:47:40', '2020-02-18 11:47:40'),
(1506, 3, '[\"7\"]', 3, 1, 1, 1, '<strong>একটি গাড়ির ট্যাংকে 32 লিটার তেল আছে। যদি 25% তেল ব্যবহার করা হলে ট্যাংকে আর কত লিটার তেল বাকি আছে?</strong>', NULL, 'null', 1, 1, 1, '16', '8', '24', '12', 3, 2, NULL, '2020-02-18 05:48:22', '2020-02-18 11:48:22'),
(1507, 3, '[\"7\"]', 3, 1, 1, 1, '<strong>কিছু শিক্ষার্থীর গণিতে প্রাপ্ত নম্বর নিচের ডায়াগ্রামে দেখানো হলো।এডামের প্রাপ্ত নম্বর কত?</strong>', '1582004955_Q50.png', 'null', 2, 1, 1, '40.5', '45', '48', '50', 2, 2, 2, '2020-02-18 05:49:15', '2020-02-20 03:45:05'),
(1508, 3, '[\"6\"]', 3, 1, 4, 1, '<strong>নিচের কোনটি সঠিক নয়? </strong>', NULL, 'null', 1, 1, 1, 'বিয়োগ ও যোগ বিপরীত প্রক্রিয়া', 'বিয়োজন – বিয়োজ্য = বিয়োগফল', 'বিয়োগফল + বিয়োজ্য = বিয়োজন', 'বিয়োজন + বিয়োগফল = বিয়োজ্য   ', 4, 2, NULL, '2020-02-20 03:46:02', '2020-02-20 09:46:02'),
(1509, 3, '[\"6\"]', 3, 1, 4, 1, '<strong>নিচের কোনটি সঠিক নয়?</strong>', NULL, 'null', 1, 1, 1, '৪০০ × ৪ = ১৬০০', '৪০ × ৪০= ১৬০০', '৫০ × ৩০ = ১৫০০', '৪০ × ৩৪ = ১৬৩৪', 4, 2, NULL, '2020-02-20 03:47:29', '2020-02-20 09:47:29'),
(1510, 3, '[\"6\"]', 3, 1, 4, 1, '<strong>সঠিক অঙ্ক দ্বারা খালিঘর পূরণ কর। &nbsp;<br />\r\n৪০ &times; ৯  = ৩৬০০&nbsp;</strong>', NULL, 'null', 1, 1, 1, '৬', '৩', '০', '৪', 3, 2, NULL, '2020-02-20 03:48:56', '2020-02-20 09:48:56'),
(1511, 3, '[\"6\"]', 3, 1, 4, 1, '<strong>রিয়াজ প্রতিদিন ৪৫০০ টাকা উপার্জন করে। সে ২০ দিনে কত টাকা উপার্জন করে? </strong>', NULL, 'null', 1, 1, 1, '৪৫০০ টাকা', '৯০০০ টাকা', '৯০০০০ টাকা', '৪৫০০০ টাকা', 3, 2, NULL, '2020-02-20 03:49:40', '2020-02-20 09:49:40'),
(1512, 3, '[\"6\"]', 3, 1, 4, 1, '<strong>নিচের কোনটি সঠিক নয়?</strong>', NULL, 'null', 1, 1, 1, 'গুণ্য × গুণক  = গুণফল', 'ভাগশেষ < ভাজক', 'ভাজক × ভাগফল + ভাগশেষ = ভাজ্য', 'ভাগশেষ > ভাজক', 4, 2, NULL, '2020-02-20 03:50:19', '2020-02-20 09:50:19'),
(1513, 3, '[\"6\"]', 3, 1, 4, 1, '<strong>৭৫ &divide; ২ এর ক্ষেত্রে, নিচের কোনটি সঠিক নয়?</strong>', NULL, 'null', 1, 1, 1, 'ভাজক = ২', 'ভাজ্য = ৭৫', 'ভাগফল = ৩৫', 'ভাগশেষ = ১', 3, 2, NULL, '2020-02-20 03:51:36', '2020-02-20 09:51:36'),
(1514, 3, '[\"6\"]', 3, 1, 4, 1, '<strong>৩৫টি বক্সের প্রতিটিতে ৫০০ টি করে ক্রিকেট ম্যাচের টিকেট রয়েছে। বক্সগুলোতে মোট কতটি টিকেট রয়েছে?</strong>', NULL, 'null', 1, 1, 1, '১৫৫০০', '১২৫০০', '১৩৫০০', '১৭৫০০', 4, 2, NULL, '2020-02-20 03:53:11', '2020-02-20 09:53:11'),
(1515, 3, '[\"6\"]', 3, 1, 4, 1, '<strong>৬৬০০ টি আপেল ৬ জনের মধ্যে সমানভাবে বিতরণ করা হলো। প্রতিজন কয়টি করে আপেল পেল? </strong>', NULL, 'null', 1, 1, 1, '৬৬০', '১০১০', '১১০০', '১১০', 3, 2, NULL, '2020-02-20 03:53:51', '2020-02-20 09:53:51'),
(1516, 3, '[\"6\"]', 3, 1, 4, 1, '<strong>মায়ের বর্তমান বয়স পুত্রের বয়সের ৩ গুণ। মায়ের বর্তমান বয়স ৪৫ বছর হলে পুত্রের বর্তমান বয়স কত?</strong>', NULL, 'null', 1, 1, 1, '৩৫', '২৫', '১৫', '২০', 3, 2, NULL, '2020-02-20 03:54:33', '2020-02-20 09:54:33'),
(1517, 3, '[\"6\"]', 3, 1, 4, 1, '<strong>সুমা প্রতি মাসে ১৫০ টাকা বৃত্তি পায়। তার ১২ মাসের বৃত্তি থেকে সে লিমাকে ৭৫০ টাকা দেয়। সুমার কাছে কত টাকা অবশিষ্ট রইল?</strong>', NULL, 'null', 1, 1, 1, '১১৬৫', '১০৬৫', '১০৫০', '১৭৫৬', 3, 2, NULL, '2020-02-20 03:55:16', '2020-02-20 09:55:16'),
(1518, 3, '[\"6\"]', 3, 1, 4, 1, '<strong>কোন সংখ্যাকে ৪৫ দিয়ে ভাগ করলে এর ভাগফল ৫ এবং ভাগশেষ ১০ পাওয়া যায়। সংখ্যাটি কত?</strong>', NULL, 'null', 1, 1, 1, '২৩৫', '১২২', '১৩২', '২৪৩', 1, 2, NULL, '2020-02-20 03:57:05', '2020-02-20 09:57:05'),
(1519, 3, '[\"6\"]', 3, 1, 4, 1, '<strong>নিচের কোনটি সঠিক? </strong>', NULL, 'null', 1, 1, 1, '২৯৮০০ ÷ ১০০ এর ভাগফল ২৯৮ এবং ভাগশেষ ১০০', '২৯৮০০ ÷ ১০০ এর ভাগফল ২৯৮০ এবং ভাগশেষ ০', '২৯৮০০ ÷ ১০ এর ভাগফল ২৯৮ এবং ভাগশেষ ০', '২৯৮০০ ÷ ১০০ এর ভাগফল ২৯৮ এবং ভাগশেষ ০', 4, 2, NULL, '2020-02-20 03:57:48', '2020-02-20 09:57:48'),
(1520, 3, '[\"6\"]', 3, 1, 4, 1, '<strong>একজন লোক প্রতি মাসে ৫০০ টাকা করে সঞ্চয় করেন। কততম মাসে তার সঞ্চিত টাকা ১০,০০০ অতিক্রম করবে? </strong>', NULL, 'null', 1, 1, 1, '১৯ তম মাসে', '২০ তম মাসে', '২১ তম মাসে', '১৭ তম মাসে', 3, 2, NULL, '2020-02-20 03:58:25', '2020-02-20 09:58:25'),
(1521, 3, '[\"6\"]', 3, 1, 4, 1, '<strong>নিচের কোনটি সঠিক? </strong>', NULL, 'null', 1, 1, 1, '২৪ – (৩ × ৪) ÷ ২ = ৬', '২৪ – ৩ × ৪ ÷ ২ = ৬', '{২৪ – (৩ × ৪)} ÷ ২ = ৬', 'কোনটি নয়', 3, 2, NULL, '2020-02-20 03:59:30', '2020-02-20 09:59:30'),
(1522, 3, '[\"6\"]', 3, 1, 4, 1, '<strong>মিনা ৪ মিনিটে ২০০ মিটার হাঁটে। আধা ঘণ্টায় সে কত মিটার হাঁটতে পারবে?</strong>', NULL, 'null', 1, 1, 1, '১২০০ মিটার', '১৩০০ মিটার', '১৪০০ মিটার', '১৫০০ মিটার', 4, 2, NULL, '2020-02-20 04:00:07', '2020-02-20 10:00:07'),
(1523, 3, '[\"6\"]', 3, 1, 4, 1, '<strong>রফিক ৬৪ টাকা দিয়ে ৮টি কলম কিনল। ২৪টি কলম কিনতে তার কত টাকা প্রয়োজন হবে? </strong>', NULL, 'null', 1, 1, 1, '১৬৪ টাকা', '১৪৪ টাকা', '১৯২ টাকা', '২৪৪ টাকা ', 3, 2, NULL, '2020-02-20 04:00:47', '2020-02-20 10:00:47'),
(1524, 3, '[\"6\"]', 3, 1, 4, 1, '<strong>ভাজক ২১, ভাগফল ৫ এবং ভাগশেষ হলো ভাজকের এক তৃতীয়াংশ। ভাজ্য কত?</strong>', NULL, 'null', 1, 1, 1, '১৭৭', '১৮৭', '১১২', '১২৭', 3, 2, NULL, '2020-02-20 04:01:26', '2020-02-20 10:01:26'),
(1525, 3, '[\"6\"]', 3, 1, 4, 1, '<strong>&ge;, &le;, &ne;, &lt;, &gt; &nbsp;প্রতীক সমূহকে বলা হয় <u>&nbsp; &nbsp; &nbsp; &nbsp; &nbsp; </u></strong>', NULL, 'null', 1, 1, 1, 'সম্পর্ক প্রতীক', 'প্রক্রিয়া প্রতীক', 'সংখ্যা প্রতীক', 'কোনটি নয়', 1, 2, NULL, '2020-02-20 04:02:05', '2020-02-20 10:02:05'),
(1526, 3, '[\"6\"]', 3, 1, 4, 1, '<strong>নিচের কোনটি সঠিক নয়?</strong>', NULL, 'null', 1, 1, 1, '≰  মানে হচ্ছে বৃহত্তর নয়।', '≠ মানে হচ্ছে সমান নয়।', '০, ১, ২, ৩ প্রতীক সমূহকে বলা হয় সংখ্যা প্রতীক।', '≯  প্রতীক মানে হচ্ছে বৃহত্তর নয়।', 1, 2, NULL, '2020-02-20 04:03:14', '2020-02-20 10:03:14'),
(1527, 3, '[\"6\"]', 3, 1, 4, 1, '<strong>৪৮ &divide; (৮ &times; ২ &ndash; ৪)  ৪৮ &times; ৮ &divide; ২ - ৪<br />\r\nখালিঘরে যথাযথ সম্পর্ক প্রতীক নিচের কোনটি হবে?</strong>', NULL, 'null', 1, 1, 1, '<', '>', '=', '≥', 1, 2, NULL, '2020-02-20 04:04:32', '2020-02-20 10:04:32'),
(1528, 3, '[\"6\"]', 3, 1, 4, 1, '<strong>&lsquo;ক&rsquo; এর মান কত হলে (ক &ndash; ৫) &divide; ৩ = ৫ গাণিতিক বাক্যটি সত্য?</strong>', NULL, 'null', 1, 1, 1, '১৫', '১২', '২০', '২৫', 3, 2, NULL, '2020-02-20 04:05:16', '2020-02-20 10:05:16'),
(1529, 3, '[\"6\"]', 3, 1, 4, 1, '<strong>বর্গাকৃতি একটি কাগজের এক বাহুর দৈর্ঘ্য ক সে.মি. হলে এর পরিসীমা কত?</strong>', NULL, 'null', 1, 1, 1, 'ক × ক সে.মি.', '২ × ক সে.মি.', '৪ × ক সে.মি.', 'কোনটি নয়', 3, 2, NULL, '2020-02-20 04:06:00', '2020-02-20 10:06:00'),
(1530, 3, '[\"6\"]', 3, 1, 4, 1, '<strong>নিচের কোন সংখ্যাটি ৯ এর গুণিতক নয়?</strong>', NULL, 'null', 1, 1, 1, '৯', '২৭', '১৮', '১৯', 4, 2, NULL, '2020-02-20 04:06:36', '2020-02-20 10:06:36'),
(1531, 3, '[\"6\"]', 3, 1, 4, 1, '<strong>নিচের কোনটি সঠিক নয়? </strong>', NULL, 'null', 1, 1, 1, '৪৮ সংখ্যাটি ৬ ও ৮ এর লঘিষ্ঠ সাধারণ গুণিতক নয়।', '৬ ও ৮ এর লঘিষ্ঠ সাধারণ গুণিতক হচ্ছে ২৪।', '৬ ও ৮ এর সাধারণ গুণিতকগুলো হচ্ছে ২৪, ৪৮ এবং ৬০।', '৬ এর গুণিতক হচ্ছে ২৪। ', 3, 2, NULL, '2020-02-20 04:07:18', '2020-02-20 10:07:18'),
(1532, 3, '[\"6\"]', 3, 1, 4, 1, '<strong>নিচের কোনটি সঠিক নয়? </strong>', NULL, 'null', 1, 1, 1, '৬ ও ১১ এর একমাত্র সাধারণ গুণনীয়ক ১।', '৯ ও ২৭ এর গরিষ্ঠ সাধারণ গুণনীয়ক ৯।', '১২ এর গুণনীয়ক ৪টি।', '১২ ও ১৮ এর গরিষ্ঠ সাধারণ গুণনীয়ক ৬।', 3, 2, NULL, '2020-02-20 04:08:03', '2020-02-20 10:08:03'),
(1533, 3, '[\"6\"]', 3, 1, 4, 1, '<strong>নিচের কোন সংখ্যাটি মৌলিক?</strong>', NULL, 'null', 1, 1, 1, '৪৯', '২১', '৩৩', '৫৭', 4, 2, NULL, '2020-02-20 04:08:44', '2020-02-20 10:08:44'),
(1534, 3, '[\"6\"]', 3, 1, 4, 1, '<strong>৫৪, ৩৬, এবং ৭২ এর গসাগু কত? </strong>', NULL, 'null', 1, 1, 1, '১২', '১৬', '১৮', '১৯', 3, 2, NULL, '2020-02-20 04:09:26', '2020-02-20 10:09:26'),
(1535, 3, '[\"6\"]', 3, 1, 4, 1, '<strong>তিনটি ঘণ্টা ১৮ মিনিট, ১৫ মিনিট এবং ১২ মিনিট পরপর বাজে। ঘণ্টাগুলো সন্ধ্যা ৬টায় একসাথে বাজলে, পুনারায় কখন একসাথে বাজবে? </strong>', NULL, 'null', 1, 1, 1, 'রাত ১০টা', 'রাত ৯টা', 'রাত ৮টা', 'রাত ১১টা', 2, 2, NULL, '2020-02-20 04:10:11', '2020-02-20 10:10:11'),
(1536, 3, '[\"6\"]', 3, 1, 4, 1, '<strong>নিচের কোনটি সঠিক নয়?</strong>', NULL, 'null', 1, 1, 1, 'লব থেকে হর ছোট হলে ভগ্নাংশটি অপ্রকৃত ভগ্নাংশ।', 'হর থেকে লব ছোট হলে ভগ্নাংশটি প্রকৃত ভগ্নাংশ।', 'লব থেকে হর বড় হলে ভগ্নাংশটি অপ্রকৃত ভগ্নাংশ।', 'লব ও হর সমান হলে ভগ্নাংশটি অপ্রকৃত ভগ্নাংশ।     ', 3, 2, NULL, '2020-02-20 04:10:54', '2020-02-20 10:10:54'),
(1537, 3, '[\"6\"]', 3, 1, 4, 1, '<strong>নিচের কোন ভগ্নাংশটি অপ্রকৃত ভগ্নাংশ?</strong>', NULL, 'null', 1, 1, 1, '$\\frac{৯}{১}$', '$\\frac{২}{৪}$', '$\\frac{৯}{৭}$', '$\\frac{৮}{৯}$', 3, 2, NULL, '2020-02-20 04:12:32', '2020-02-20 10:12:32'),
(1538, 3, '[\"6\"]', 3, 1, 4, 1, '<strong>নিচের কোন ভগ্নাংশটি প্রকৃত ভগ্নাংশ?</strong>', NULL, 'null', 1, 1, 1, '$\\frac{১৯}{১০}$', '$\\frac{১২}{১০}$', '$\\frac{৯}{১১}$', '$\\frac{১৬}{৯}$', 3, 2, NULL, '2020-02-20 04:14:18', '2020-02-20 10:14:18'),
(1539, 3, '[\"6\"]', 3, 1, 4, 1, '<strong>খালিঘরে কোন সংখ্যা হবে?<br />\r\n$\\frac{১}{৫}$ = $\\frac{৩}{}$</strong>', NULL, 'null', 1, 1, 1, '১১', '১৩', '১৫', '১৭', 3, 2, NULL, '2020-02-20 04:15:52', '2020-02-20 10:15:52'),
(1540, 3, '[\"6\"]', 3, 1, 4, 1, '<strong>ক বোতলে ৩$\\frac{৩}{৪}$ লিটার এবং খ বোতলে ২$\\frac{১}{৩}$ লিটার পানি রয়েছে। বোতল দুইটিতে মোট কত লিটার পানি রয়েছে?</strong>', NULL, 'null', 1, 1, 1, '২$\\frac{২}{৬}$', '৬$\\frac{১}{১২}$', '৫$\\frac{৩}{৫}$  ', '৪$\\frac{২}{৫}$   ', 2, 2, 2, '2020-02-20 04:18:22', '2020-02-20 04:55:06'),
(1541, 3, '[\"6\"]', 3, 1, 4, 1, '<strong>তোমার কাছে ১$\\frac{৫}{৬}$ লিটার দুধ রয়েছে যা থেকে তুমি $\\frac{১৩}{৮}$ লিটার দুধ পান করেছ। তোমার কাছে আর কত লিটার দুধ অবশিষ্ট রয়েছে?</strong>', NULL, 'null', 1, 1, 1, '$\\frac{৩}{১৭}$', '$\\frac{৫}{২৪}$', '$\\frac{১৩}{১৫}$', '$\\frac{৩}{১২}$', 2, 2, NULL, '2020-02-20 04:54:03', '2020-02-20 10:54:03'),
(1542, 3, '[\"6\"]', 3, 1, 4, 1, '<strong>$\\frac{৭}{১২}$ &divide; ২%$\\frac{১}{৩}$ &times; $\\frac{২}{৫}$ = কত?</strong>', NULL, 'null', 1, 1, 1, '$\\frac{২}{৫}$', '$\\frac{২}{১৫}$', '$\\frac{১}{১০}$', '$\\frac{৩}{১০}$', 3, 2, NULL, '2020-02-20 04:57:57', '2020-02-20 10:57:57'),
(1543, 3, '[\"6\"]', 3, 1, 4, 1, '<strong>একটি হোস্টেলে প্রতিদিন ২$\\frac{১}{৭}$ কুইন্টাল চাল লাগে। হোস্টেলটিতে এক সপ্তাহে কত কুইন্টাল চাল লাগবে?</strong>', NULL, 'null', 1, 1, 1, '২২ কুইন্টাল', '২৩ কুইন্টাল', '১৫ কুইন্টাল', '১৭ কুইন্টাল', 3, 2, NULL, '2020-02-20 04:58:52', '2020-02-20 10:58:52'),
(1544, 3, '[\"6\"]', 3, 1, 4, 1, '<strong>একজন শিক্ষক ৭৫ জন শিক্ষার্থীর প্রত্যেককে ০.২৪ মিটার করে ফিতা দিলেন। তিনি সকল শিক্ষার্থীকে মোট কত মিটার ফিতা দিলেন? </strong>', NULL, 'null', 1, 1, 1, '১৯ মিটার', '১৭ মিটার', '১৮ মিটার', '১৬ মিটার', 3, 2, NULL, '2020-02-20 04:59:34', '2020-02-20 10:59:34'),
(1545, 3, '[\"6\"]', 3, 1, 4, 1, '<strong>একটি প্যাকেটে ০.৩৩ লিটার দুধ আছে। এরূপ ৫টি প্যাকেটে কত লিটার দুধ আছে?</strong>', NULL, 'null', 1, 1, 1, '১.৬৫ লিটার', '১.১৭ লিটার', '১.৩৭ লিটার', '১.২৭ লিটার', 1, 2, NULL, '2020-02-20 05:00:11', '2020-02-20 11:00:11'),
(1546, 3, '[\"6\"]', 3, 1, 4, 1, '<strong>৩০.৫০ লিটার তেল ৫টি পরিবারের মধ্যে সমানভাবে ভাগ করে দিলে প্রত্যেক পরিবার কত লিটার তেল পাবে? </strong>', NULL, 'null', 1, 1, 1, '৬.১০ লিটার', '৫.২১ লিটার', '৭.২০ লিটার', '৫.০২ লিটার', 1, 2, NULL, '2020-02-20 05:00:48', '2020-02-20 11:00:48'),
(1547, 3, '[\"6\"]', 3, 1, 4, 1, '<strong>নিচের কোনটির গুণফল গুণ্য অপেক্ষা ছোট হবে? </strong>', NULL, 'null', 1, 1, 1, '৩.২ × ৩.২', '০.৯৭ × ০.৯৭', '১.০১ × ১.০১', 'কোনটি নয়', 2, 2, NULL, '2020-02-20 05:01:32', '2020-02-20 11:01:32');
INSERT INTO `bdedu_exam_questions` (`exam_question_row_id`, `education_type_row_id`, `class_row_id`, `module_row_id`, `school_row_id`, `exam_category_row_id`, `question_type`, `question_title`, `question_title_attachment`, `question_level`, `question_mimetype`, `answer_type`, `mark_weight`, `answer_1`, `answer_2`, `answer_3`, `answer_4`, `is_correct_answer`, `created_by`, `updated_by`, `created_at`, `updated_at`) VALUES
(1548, 3, '[\"6\"]', 3, 1, 4, 1, '<strong>একটি গাড়ি এক ঘণ্টায় ২২.৮ কিমি যায়। ৫ ঘণ্টায় গাড়িটি কত কিমি যায়? </strong>', NULL, 'null', 1, 1, 1, '১২৮ কিমি', '১১৪ কিমি', '১২৫ কিমি', '৩৪১ কিমি', 2, 2, NULL, '2020-02-20 05:02:10', '2020-02-20 11:02:10'),
(1549, 3, '[\"6\"]', 3, 1, 4, 1, '<strong>৩৪, ৩৫, ৩০, ৪১ সংখ্যাগুলোর গড় কত? </strong>', NULL, 'null', 1, 1, 1, '৩৫ ', '৩৪.৫', '৩৩.৫', '৩৫.৬', 1, 2, NULL, '2020-02-20 05:02:46', '2020-02-20 11:02:46'),
(1550, 3, '[\"6\"]', 3, 1, 4, 1, '<strong>রবিবার কোনো বিদ্যালয়ে ৮০জন শিক্ষার্থীর ৩০% অনুপস্থিত। ঐ দিন উপস্থিত শিক্ষার্থীর সংখ্যা কত?</strong>', NULL, 'null', 1, 1, 1, '২৪ জন', '৫৪ জন', '৫৬ জন', '২৬ জন', 3, 2, NULL, '2020-02-20 05:03:25', '2020-02-20 11:03:25'),
(1551, 3, '[\"6\"]', 3, 1, 4, 1, '<strong>একটি কলম ৫০ টাকায় ক্রয় করে ৫৬ টাকায় বিক্রয় করা হলে শতকরা কত লাভ হবে? </strong>', NULL, 'null', 1, 1, 1, '১৫%', '২১%', '১২%', '২২%', 3, 2, NULL, '2020-02-20 05:05:03', '2020-02-20 11:05:03'),
(1552, 3, '[\"6\"]', 3, 1, 4, 1, '<strong>একটি দোকানে ৮০০ টাকার পণ্য ২০% কমে বিক্রয় করা হলো। পণ্যটির বিক্রয় মূল্য কত? </strong>', NULL, 'null', 1, 1, 1, '৬২০ টাকা', '৬৪০ টাকা', '৫৪০ টাকা', '৫২০ টাকা', 2, 2, NULL, '2020-02-20 05:05:46', '2020-02-20 11:05:46'),
(1553, 3, '[\"6\"]', 3, 1, 4, 1, '<strong>একজন বিক্রেতা কৃষকের কাছ থেকে এক ঝুড়ি সবজি কিনে ২০% লাভে ৬০০ টাকায় বিক্রয় করলেন। সবজির ক্রয় মূল্য কত ছিল?</strong>', NULL, 'null', 1, 1, 1, '৬০০ টাকা', '৩০০ টাকা', '৫০০ টাকা', '৪০০ টাকা', 3, 2, NULL, '2020-02-20 05:06:38', '2020-02-20 11:06:38'),
(1554, 3, '[\"6\"]', 3, 1, 4, 1, '<strong>একটি বইয়ের ওজন ১২০ গ্রাম। ৪০টি বইয়ের ওজন কত কেজি হবে? </strong>', NULL, 'null', 1, 1, 1, '৪.০৮ কেজি', '৪৮০০ কেজি', '৪.৮ কেজি ', '৪৮০ কেজি', 3, 2, NULL, '2020-02-20 05:08:20', '2020-02-20 11:08:20'),
(1555, 3, '[\"6\"]', 3, 1, 4, 1, '<strong>একটি বোতলে আমের জুসের পরিমাণ ২০০ মিলি। ২৪টি বোতলে জুসের পরিমাণ কত লিটার?</strong>', NULL, 'null', 1, 1, 1, '৪.৮ মিলি লিটার', '৪৮ লিটার', '৪.৮ লিটার', '৪৮০ লিটার', 3, 2, NULL, '2020-02-20 05:09:06', '2020-02-20 11:09:06'),
(1556, 3, '[\"6\"]', 3, 1, 4, 1, '<strong>একটি ত্রিভুজের উচ্চতা ০.৮ কিলোমিটার এবং এর ক্ষেত্রফল ১.২ বর্গকিলোমিটার হলে এর ভূমি কত কিমি? </strong>', NULL, 'null', 1, 1, 1, '০.৩ কিলোমিটার', '৩ কিলোমিটার', '০.১১ কিলোমিটার', '৪ কিলোমিটার', 2, 2, NULL, '2020-02-20 05:09:55', '2020-02-20 11:09:55'),
(1557, 3, '[\"6\"]', 3, 1, 4, 1, '<strong>বেবি বিকাল ৫:৩৫ টায় পড়া শুরু করে। সে রাত ৯:৪৫ টায় পড়া শেষ করে। সে কতক্ষণ পড়ে? </strong>', NULL, 'null', 1, 1, 1, '৪ ঘণ্টা', '৪ ঘণ্টা ৫ মিনিট ', '৫ ঘণ্টা ১০ মিনিট  ', '৪ ঘণ্টা ১০ মিনিট     ', 4, 2, NULL, '2020-02-20 05:10:32', '2020-02-20 11:10:32'),
(1558, 2, '[\"6\"]', 3, 1, 4, 1, '<strong>Which one of the following is not correct?</strong>', NULL, 'null', 1, 1, 1, 'Subtraction and addition are inverse operation.', 'Minuend – Subtrahend = Difference', 'Difference + Subtrahend = Minuend', 'Minuend + Difference = Subtrahend', 4, 2, 2, '2020-02-20 05:18:50', '2020-02-20 05:19:51'),
(1559, 2, '[\"6\"]', 3, 1, 4, 1, '<strong>Which one of the following is not correct?</strong>', NULL, 'null', 1, 1, 1, '400 × 4 = 1600', '40 × 40 = 1600', '50 × 30 = 1500', '40 × 34 = 1634', 4, 2, NULL, '2020-02-20 05:19:42', '2020-02-20 11:19:42'),
(1560, 2, '[\"6\"]', 3, 1, 4, 1, '<strong>Fill in the blanks with suitable digit.<br />\r\n40 &times; 9&nbsp; = 3600</strong>', NULL, 'null', 1, 1, 1, '6', '3', '0', '4', 3, 2, NULL, '2020-02-20 05:47:39', '2020-02-20 11:47:39'),
(1561, 2, '[\"6\"]', 3, 1, 4, 1, '<strong>Riaz earns Tk. 4500 daily. How much money does he earn in 20 days?</strong>', NULL, 'null', 1, 1, 1, 'Tk. 4500', 'Tk. 9000', 'Tk. 90000', 'Tk. 45000', 3, 2, NULL, '2020-02-20 05:48:36', '2020-02-20 11:48:36'),
(1562, 2, '[\"6\"]', 3, 1, 4, 1, '<strong>Which one of the following is not correct? </strong>', NULL, 'null', 1, 1, 1, 'Multiplicand × Multiplier = Product', 'Remainder < Divisor', 'Divisor × Quotient + Remainder = Dividend', 'Remainder > Divisor', 4, 2, 2, '2020-02-20 05:49:22', '2020-02-20 05:50:18'),
(1563, 2, '[\"6\"]', 3, 1, 4, 1, '<strong>For 75 &divide; 2, which one of the following is not true?</strong>', NULL, 'null', 1, 1, 1, 'Divisor = 2', 'Dividend = 75', 'Quotient = 35', 'Remainder = 1', 3, 2, NULL, '2020-02-20 05:50:08', '2020-02-20 11:50:08'),
(1564, 2, '[\"6\"]', 3, 1, 4, 1, '<strong>There are 35 boxes which contain 500 tickets of cricket match. How many tickets are there?</strong>', NULL, 'null', 1, 1, 1, '15500', '12500', '13500', '17500', 4, 2, NULL, '2020-02-20 05:51:08', '2020-02-20 11:51:08'),
(1565, 2, '[\"6\"]', 3, 1, 4, 1, '<strong>6600 apples were distributed equally among 6 persons. How many apples did each person get?</strong>', NULL, 'null', 1, 1, 1, '660', '1010', '1100', '110', 3, 2, NULL, '2020-02-20 05:51:45', '2020-02-20 11:51:45'),
(1566, 2, '[\"6\"]', 3, 1, 4, 1, '<strong>The mother&rsquo;s present age is 3 times that of her son&rsquo;s age. If the present age of mother is 45 years; what is&nbsp; the present age of her son?</strong>', NULL, 'null', 1, 1, 1, '35', '25', '15', '20', 3, 2, NULL, '2020-02-20 05:52:38', '2020-02-20 11:52:38'),
(1567, 2, '[\"6\"]', 3, 1, 4, 1, '<strong>Suma gets Tk. 150 per month as scholarship. She gave Lima Tk. 750 from her 12 months&rsquo; scholarship. How much money is left with Suma now?</strong>', NULL, 'null', 1, 1, 1, '1165', '1065', '1050', '1756', 3, 2, NULL, '2020-02-20 05:53:16', '2020-02-20 11:53:16'),
(1568, 2, '[\"6\"]', 3, 1, 4, 1, '<strong>When a number is divided by 45; the quotient is 5 and it leaves a remainder of 10. What is the number?</strong>', NULL, 'null', 1, 1, 1, '235', '122', '132', '243', 1, 2, NULL, '2020-02-20 05:55:17', '2020-02-20 11:55:17'),
(1569, 2, '[\"6\"]', 3, 1, 4, 1, '<strong>Which one of the following is correct? </strong>', NULL, 'null', 1, 1, 1, '29800 ÷ 100 = 298,  Remainder 100 ', '29800 ÷ 100 = 2980,  Remainder 0 ', '29800 ÷ 10 = 298,  Remainder 0', '29800 ÷ 100 = 298,  Remainder 0', 4, 2, NULL, '2020-02-20 05:56:09', '2020-02-20 11:56:09'),
(1570, 2, '[\"6\"]', 3, 1, 4, 1, '<strong>If a person saves 500 Taka each month, in which month his saving will exceed 10,000 Taka?</strong>', NULL, 'null', 1, 1, 1, '19<sup>th</sup> month   ', '20<sup>th</sup> month', '21<sup>th</sup> month', '17<sup>th</sup> month', 3, 2, NULL, '2020-02-20 05:57:22', '2020-02-20 11:57:22'),
(1571, 2, '[\"6\"]', 3, 1, 4, 1, '<strong>Which one of the following is correct?</strong>', NULL, 'null', 1, 1, 1, '24 – (3 ×  4) ÷ 2 = 6', '24 – 3 ×  4 ÷ 2 = 6', '{24 – (3 ×  4)} ÷ 2 = 6', 'None of the above', 3, 2, NULL, '2020-02-20 05:58:00', '2020-02-20 11:58:00'),
(1572, 2, '[\"6\"]', 3, 1, 4, 1, '<strong>Mina can walk 200 metres in 4 minutes. How many metres can she walk in half an hour? </strong>', NULL, 'null', 1, 1, 1, '1200 metres', '1300 metres', '1400 metres', '1500 metres', 4, 2, NULL, '2020-02-20 05:58:42', '2020-02-20 11:58:42'),
(1573, 2, '[\"6\"]', 3, 1, 4, 1, '<strong>Rafiq bought 8 pens at 64 Taka. How much will he pay if he buys 24 pens?</strong>', NULL, 'null', 1, 1, 1, '164 Taka', '144 Taka', '192 Taka', '244 Taka', 3, 2, NULL, '2020-02-20 05:59:21', '2020-02-20 11:59:21'),
(1574, 2, '[\"6\"]', 3, 1, 4, 1, '<strong>Divisor is 21, the quotient is 5 and the remainder is one-third of the divisor. What is the dividend?</strong>', NULL, 'null', 1, 1, 1, '177', '187', '112', '127', 3, 2, NULL, '2020-02-20 06:00:04', '2020-02-20 12:00:04'),
(1575, 2, '[\"6\"]', 3, 1, 4, 1, '<strong>The symbols &nbsp;&ge;, &le;, &ne;, &lt;, &gt; &nbsp;are called<u>&nbsp; &nbsp; &nbsp; &nbsp;&nbsp;</u></strong>', NULL, 'null', 1, 1, 1, 'Relation symbols', 'Operation symbols', 'Numeral symbols', 'None of the above', 1, 2, NULL, '2020-02-20 06:01:10', '2020-02-20 12:01:10'),
(1576, 2, '[\"6\"]', 3, 1, 4, 1, '<strong>Which one of the following is not correct?</strong>', NULL, 'null', 1, 1, 1, 'The symbol ≰ means not greater than.', 'The symbol ≠ means not equal.', 'The symbols 0, 1, 2, 3   are called numeral symbols.', 'The symbol ≯ means not greater than.', 1, 2, NULL, '2020-02-20 06:02:10', '2020-02-20 12:02:10'),
(1577, 2, '[\"6\"]', 3, 1, 4, 1, '<strong>48 &divide; (8 &times; 2 &ndash; 4)  8 &times; 8 &divide; 2 - 4<br />\r\nWhich one of the following relation symbols will be used in the above blank box.</strong>', NULL, 'null', 1, 1, 1, '<', '>', '=', '≥', 1, 2, NULL, '2020-02-20 06:03:54', '2020-02-20 12:03:54'),
(1578, 2, '[\"6\"]', 3, 1, 4, 1, '<strong>For what value of x; the mathematical sentence x - 5&nbsp;&divide; 3 = 5&nbsp;is true?</strong>', NULL, 'null', 1, 1, 1, '15', '12', '20', '25', 3, 2, NULL, '2020-02-23 04:30:20', '2020-02-23 10:30:20'),
(1579, 2, '[\"6\"]', 3, 1, 4, 1, '<strong>If the side of a square-shaped paper is equal to x cm; what is the perimeter of the paper?</strong>', NULL, 'null', 1, 1, 1, 'x × x cm', '2 × x cm', '4 × x cm  ', 'None of the above', 3, 2, NULL, '2020-02-23 04:34:07', '2020-02-23 10:34:07'),
(1580, 2, '[\"6\"]', 3, 1, 4, 1, '<strong>Which one of the following numbers is not a multiple of 9?</strong>', NULL, 'null', 1, 1, 1, '9', '27', '18', '19', 4, 2, 2, '2020-02-23 04:34:45', '2020-02-23 04:45:43'),
(1581, 2, '[\"6\"]', 3, 1, 4, 1, '<strong>Which one of the following is not correct?</strong>', NULL, 'null', 1, 1, 1, 'The number 48 is not the least common multiple of 6 and 8.', 'The least common multiple of 6 and 8 is 24.', 'The common multiples of 6 and 8 are 24, 48 and 60.', 'The multiple of 6 is 24.', 3, 2, NULL, '2020-02-23 04:35:31', '2020-02-23 10:35:31'),
(1582, 2, '[\"6\"]', 3, 1, 4, 1, '<strong>Which one of the following is not correct?</strong>', NULL, 'null', 1, 1, 1, 'The numbers 6 and 11 only has 1 as a common factor.', 'The highest common factor of 9 and 27 is 9.', 'The number 12 has 4 factors.', 'The highest common factor of 12 and 18 is 6.', 3, 2, NULL, '2020-02-23 04:36:11', '2020-02-23 10:36:11'),
(1583, 2, '[\"6\"]', 3, 1, 4, 1, '<strong>Which one of the following numbers is prime?</strong>', NULL, 'null', 1, 1, 1, '49', '21', '33', '57', 4, 2, NULL, '2020-02-23 04:46:34', '2020-02-23 10:46:34'),
(1584, 2, '[\"6\"]', 3, 1, 4, 1, '<strong>Find the GCF of 54, 36 and 72.</strong>', NULL, 'null', 1, 1, 1, '12', '16', '18', '19', 3, 2, NULL, '2020-02-23 04:47:12', '2020-02-23 10:47:12'),
(1585, 2, '[\"6\"]', 3, 1, 4, 1, '<strong>There are three bells ring every 18 minutes, 15 minutes, and 12 minutes. If they ring together at 6 pm, what time will they ring together next time?</strong>', NULL, 'null', 1, 1, 1, '10 pm', '9 pm', '8 pm', '11 pm', 2, 2, NULL, '2020-02-23 04:48:00', '2020-02-23 10:48:00'),
(1586, 2, '[\"6\"]', 3, 1, 4, 1, '<strong>Which one of the following is not correct?</strong>', NULL, 'null', 1, 1, 1, 'If the denominator is smaller than the numerator of a fraction; then the fraction is called improper fraction.', 'If the numerator is smaller than denominator of a fraction; then the fraction is called proper fraction.', 'If the denominator is greater than numerator of a fraction; then the fraction is called improper fraction.', 'If the denominator and numerator are equal of a fraction; then the fraction is called improper fraction.', 3, 2, NULL, '2020-02-23 04:48:43', '2020-02-23 10:48:43'),
(1587, 2, '[\"6\"]', 3, 1, 4, 1, '<strong>Which one of the following fractions is improper fraction?</strong>', NULL, 'null', 1, 1, 1, '$\\frac{9}{10}$', '$\\frac{2}{4}$', '$\\frac{9}{7}$', '$\\frac{8}{9}$', 3, 2, NULL, '2020-02-23 04:50:26', '2020-02-23 10:50:26'),
(1588, 2, '[\"6\"]', 3, 1, 4, 1, '<strong>Which one of the following fractions is proper fraction?</strong>', NULL, 'null', 1, 1, 1, '$\\frac{19}{10}$', '$\\frac{12}{10}$', '$\\frac{9}{11}$', '$\\frac{16}{9}$', 3, 2, NULL, '2020-02-23 04:51:46', '2020-02-23 10:51:46'),
(1589, 2, '[\"6\"]', 3, 1, 4, 1, '<strong>Find the missing number.<br />\r\n$\\frac{1}{5}$&nbsp;= $\\frac{3}{}$</strong>', NULL, 'null', 1, 1, 1, '11', '13', '15', '17', 3, 2, 2, '2020-02-23 04:53:30', '2020-02-23 04:57:29'),
(1590, 2, '[\"6\"]', 3, 1, 4, 1, '<strong>Container A has&nbsp;3$\\frac{3}{4}$&nbsp;litre of water and container B has 2$\\frac{1}{3}$&nbsp;litre of water. How many litre of water in all?</strong>', NULL, 'null', 1, 1, 1, '2$\\frac{2}{6}$', '6$\\frac{1}{12}$', '5$\\frac{3}{5}$', '4$\\frac{2}{5}$', 2, 2, NULL, '2020-02-23 04:55:57', '2020-02-23 10:55:57'),
(1591, 2, '[\"6\"]', 3, 1, 4, 1, '<strong>You have&nbsp;$\\frac{5}{6}$&nbsp;litre of milk and you have taken $\\frac{13}{8}$&nbsp;litre. How many litre remain?</strong>\r\n<ol>\r\n	<li>&nbsp;</li>\r\n</ol>', NULL, 'null', 1, 1, 1, '$\\frac{3}{17}$', '$\\frac{5}{24}$', '$\\frac{13}{15}$', '$\\frac{3}{12}$', 2, 2, NULL, '2020-02-23 05:00:02', '2020-02-23 11:00:02'),
(1592, 2, '[\"6\"]', 3, 1, 4, 1, '<strong>$\\frac{7}{12}$&nbsp;&divide; 2$\\frac{1}{3}$&nbsp;&times; $\\frac{2}{5}$&nbsp;=?</strong>', NULL, 'null', 1, 1, 1, '$\\frac{2}{5}$', '$\\frac{2}{15}$', '$\\frac{1}{10}$', '$\\frac{3}{10}$', 3, 2, NULL, '2020-02-23 05:01:59', '2020-02-23 11:01:59'),
(1593, 2, '[\"6\"]', 3, 1, 4, 1, '<strong>In a hostel every day 2$\\frac{1}{7}$&nbsp;quintal of rice is needed. In that hostel how many quintals of rice is needed in one week?</strong>', NULL, 'null', 1, 1, 1, '22', '23', '15', '17', 3, 2, NULL, '2020-02-23 05:03:08', '2020-02-23 11:03:08'),
(1594, 2, '[\"6\"]', 3, 1, 4, 1, '<strong>In a class of 75 students, a teacher distributes o.24 metres of tape to each student. Calculate the total length of the tape in metre that is distributed?</strong>', NULL, 'null', 1, 1, 1, '19 metres', '17 metres', '18 metres', '16 metres', 3, 2, NULL, '2020-02-23 05:03:45', '2020-02-23 11:03:45'),
(1595, 2, '[\"6\"]', 3, 1, 4, 1, '<strong>A packet contains 0.33 litres of milk. Calculate the total amount of milk in litre in 5 packets?</strong>', NULL, 'null', 1, 1, 1, '1.65 litres', '1.17 litres', '1. 37 litres', '1. 27 litres', 1, 2, NULL, '2020-02-23 05:04:28', '2020-02-23 11:04:28'),
(1596, 2, '[\"6\"]', 3, 1, 4, 1, '<strong>Villagers want to equally divide 30.50 litres of oil by 5 families. How many litres of oil will each family receive? </strong>', NULL, 'null', 1, 1, 1, '6.10 litre', '5.21 litre', '7.20 litre', '5.02 litre', 1, 2, NULL, '2020-02-23 05:05:05', '2020-02-23 11:05:05'),
(1597, 2, '[\"6\"]', 3, 1, 4, 1, '<strong>Which product of the following multiplications will be smaller than the multiplicand? </strong>', NULL, 'null', 1, 1, 1, '3.2 × 3.2', '0.97 × 0.97', '1.01 × 1.01', 'None of the above', 2, 2, NULL, '2020-02-23 05:05:48', '2020-02-23 11:05:48'),
(1598, 2, '[\"6\"]', 3, 1, 4, 1, '<strong>A car travels 22.8 kliometres in one hour. How many kilometres will it travel in 5 hours?</strong>', NULL, 'null', 1, 1, 1, '128 kliometres', '114 kliometres', '125 kliometres', '341 kliometres', 2, 2, NULL, '2020-02-23 05:06:26', '2020-02-23 11:06:26'),
(1599, 2, '[\"6\"]', 3, 1, 4, 1, '<strong>Find the average of 34, 35, 30, 41.</strong>', NULL, 'null', 1, 1, 1, '35', '34.5', '33.5', '35.6', 1, 2, NULL, '2020-02-23 05:07:04', '2020-02-23 11:07:04'),
(1600, 2, '[\"6\"]', 3, 1, 4, 1, '<strong>In a school 30% students were absent among 80 students on Sunday. How many students were present on that day?</strong>', NULL, 'null', 1, 1, 1, '24', '54', '56', '26', 3, 2, NULL, '2020-02-23 05:07:41', '2020-02-23 11:07:41'),
(1601, 2, '[\"6\"]', 3, 1, 4, 1, '<strong>If a pen is bought at 50 Taka, and sold at 56 Taka, then what is the profit in percent?</strong>', NULL, 'null', 1, 1, 1, '15%', '21%', '12%', '22%', 3, 2, NULL, '2020-02-23 05:08:27', '2020-02-23 11:08:27'),
(1602, 2, '[\"6\"]', 3, 1, 4, 1, '<strong>In a shop, an item of 800 Taka was sold at a discount of 20%. What was the selling price?</strong>', NULL, 'null', 1, 1, 1, '620 Taka', '640 Taka', '540 Taka', '520 Taka', 2, 2, 2, '2020-02-23 05:09:14', '2020-02-23 05:10:18'),
(1603, 2, '[\"6\"]', 3, 1, 4, 1, '<strong>A seller purchased boxes of vegetables from a farmer and sold them at a market at 600 Taka with a profit of 20%. How much was the cost price?</strong>', NULL, 'null', 1, 1, 1, '600 Taka', '300 Taka', '500 Taka', '400 Taka', 3, 2, NULL, '2020-02-23 05:10:10', '2020-02-23 11:10:10'),
(1604, 2, '[\"6\"]', 3, 1, 4, 1, '<strong>A book weighs 120 grams. How many kilograms will be if there are 40 books?</strong>', NULL, 'null', 1, 1, 1, '4.08 kg', '4800 kg ', '4.8 kg', '480 kg', 3, 2, NULL, '2020-02-23 05:11:05', '2020-02-23 11:11:05'),
(1605, 2, '[\"6\"]', 3, 1, 4, 1, '<strong>A can contains 200 mL of mango juice. Calculate the amount of juice in litre in 24 cans?</strong>', NULL, 'null', 1, 1, 1, '4.8 mL', '48 L', '4.8 L', '480 L', 3, 2, NULL, '2020-02-23 05:11:45', '2020-02-23 11:11:45'),
(1606, 2, '[\"6\"]', 3, 1, 4, 1, '<strong>The height of a triangle is 0.8 km and its area is 1.2 square kilometres, then how many kilometres is the base?</strong>', NULL, 'null', 1, 1, 1, '0.3 km', '3 km', '0.11 km', '4 km', 2, 2, NULL, '2020-02-23 05:12:22', '2020-02-23 11:12:22'),
(1607, 2, '[\"6\"]', 3, 1, 4, 1, '<strong>Baby starts reading at 5:35 in the evening. If she finishes reading at 9:45 at night. How long does she read?</strong>', NULL, 'null', 1, 1, 1, '4 hours  ', '4 hours 5 minutes', '5 hours 10 minutes', '4 hours 10 minutes    ', 4, 2, NULL, '2020-02-23 05:13:17', '2020-02-23 11:13:17');

-- --------------------------------------------------------

--
-- Table structure for table `bdedu_exam_results`
--

CREATE TABLE `bdedu_exam_results` (
  `exam_result_row_id` int(11) NOT NULL,
  `student_id` bigint(20) NOT NULL,
  `class_row_id` int(11) DEFAULT NULL,
  `exam_category_row_id` int(11) NOT NULL,
  `is_psychology` tinyint(4) NOT NULL DEFAULT '0',
  `exam_row_id` int(3) DEFAULT NULL,
  `exam_year` year(4) DEFAULT NULL,
  `total_time_taken` varchar(150) DEFAULT NULL COMMENT 'time taken in hour: minute format',
  `total_questions` int(11) NOT NULL,
  `total_correct_answer` int(11) DEFAULT NULL,
  `total_wrong_answer` int(11) DEFAULT NULL,
  `all_question_row_id` text CHARACTER SET utf8 COLLATE utf8_unicode_ci COMMENT 'all exam question row id in json format',
  `total_marks` float(8,2) DEFAULT NULL,
  `percentage_obtained` float(8,2) DEFAULT NULL,
  `comment` text CHARACTER SET utf8 COLLATE utf8_unicode_ci,
  `assessor_comment` text,
  `created_by` bigint(20) DEFAULT NULL,
  `updated_by` bigint(20) DEFAULT NULL,
  `created_at` datetime DEFAULT CURRENT_TIMESTAMP,
  `updated_at` datetime DEFAULT CURRENT_TIMESTAMP,
  `attempt_no` int(5) DEFAULT '1'
) ENGINE=InnoDB DEFAULT CHARSET=latin1;

--
-- Dumping data for table `bdedu_exam_results`
--

INSERT INTO `bdedu_exam_results` (`exam_result_row_id`, `student_id`, `class_row_id`, `exam_category_row_id`, `is_psychology`, `exam_row_id`, `exam_year`, `total_time_taken`, `total_questions`, `total_correct_answer`, `total_wrong_answer`, `all_question_row_id`, `total_marks`, `percentage_obtained`, `comment`, `assessor_comment`, `created_by`, `updated_by`, `created_at`, `updated_at`, `attempt_no`) VALUES
(4, 10118020014, 3, 1, 0, 13, 2020, '05:36', 25, 22, 3, '{\"763\":\"4\",\"765\":\"1\",\"742\":\"3\",\"772\":\"3\",\"758\":\"2\",\"766\":\"1\",\"757\":\"3\",\"737\":\"2\",\"759\":\"3\",\"769\":\"1\",\"756\":\"1\",\"741\":\"2\",\"751\":\"2\",\"748\":\"2\",\"771\":\"2\",\"745\":\"3\",\"735\":\"2\",\"761\":\"4\",\"736\":\"2\",\"764\":\"4\",\"746\":\"1\",\"754\":\"2\",\"747\":\"3\",\"750\":\"4\",\"762\":\"3\"}', 22.00, 88.00, 'ভাল! এই স্তর/শ্রেণির উপযুক্ত জ্ঞান ও দক্ষতা পরিলক্ষিত হয়। ', NULL, 10118020014, 10118020014, '2020-02-11 14:35:47', '2020-02-11 14:35:47', NULL),
(5, 10118020016, 3, 1, 0, 13, 2020, '05:43', 25, 20, 5, '{\"753\":\"3\",\"766\":\"1\",\"737\":\"2\",\"734\":\"2\",\"742\":\"3\",\"741\":\"4\",\"765\":\"1\",\"756\":\"1\",\"740\":\"4\",\"761\":\"4\",\"757\":\"4\",\"760\":\"3\",\"744\":\"4\",\"739\":\"2\",\"762\":\"2\",\"748\":\"2\",\"749\":\"2\",\"754\":\"2\",\"771\":\"2\",\"746\":\"1\",\"773\":\"2\",\"758\":\"2\",\"736\":\"2\",\"735\":\"2\",\"764\":\"3\"}', 20.00, 80.00, 'ভাল! এই স্তর/শ্রেণির উপযুক্ত জ্ঞান ও দক্ষতা পরিলক্ষিত হয়। ', NULL, 10118020016, 10118020016, '2020-02-11 14:37:07', '2020-02-11 14:37:07', NULL),
(7, 10118020014, 3, 1, 1, 48, 2020, '01:10', 10, NULL, NULL, '{\"81\":\"1\",\"82\":\"1\",\"83\":\"1\",\"84\":\"3\",\"85\":\"1\",\"86\":\"1\",\"87\":\"4\",\"88\":\"4\",\"89\":\"1\",\"90\":\"3\"}', 20.00, NULL, 'মাঝারি বা পরিমিত পরিমান ঘাবড়ানোর লক্ষণ প্রদর্শিত হয়, যা একজন শিক্ষার্থীকে তার লক্ষ ঠিক রাখতে এবং মনোযোগী হতে সাহায্য করতে পারে।', NULL, 10118020014, 10118020014, '2020-02-11 14:38:17', '2020-02-11 14:38:17', NULL),
(8, 10118020007, 3, 1, 1, 48, 2020, '00:45', 10, NULL, NULL, '{\"81\":\"4\",\"82\":\"3\",\"83\":\"2\",\"84\":\"1\",\"85\":\"0\",\"86\":\"0\",\"87\":\"0\",\"88\":\"0\",\"89\":\"0\",\"90\":\"0\"}', 10.00, NULL, 'পরীক্ষায় ঘাবড়ানোর বা চাপের লক্ষণ নেই। এটা খুবই ভাল। গণিতে ভাল প্রস্তুতির জন্য ও গণিতের প্রতি ইতিবাচক থাকার জন্য এমনটা হতে পারে । ( কিন্তু মাঝে মাঝে মাত্রাতিরিক্ত আত্মবিশ্বাস অথবা পড়াশোনা এড়িয়ে যাওয়ার বা ভাল না লাগার জন্যও এই স্তরের অন্তর্ভুক্ত হতে পারে, যা অন্যান্য লক্ষণ দ্বারা নির্ধারণ করা প্রয়োজন। )', NULL, 10118020007, 10118020007, '2020-02-11 14:39:53', '2020-02-11 14:39:53', NULL),
(9, 10118020014, 3, 2, 1, 49, 2020, '01:41', 10, NULL, NULL, '{\"91\":\"5\",\"92\":\"1\",\"93\":\"3\",\"94\":\"1\",\"95\":\"1\",\"96\":\"1\",\"97\":\"5\",\"98\":\"1\",\"99\":\"1\",\"100\":\"5\"}', 24.00, NULL, 'সঠিক দিকনির্দেশনা এবং সঠিকভাবে অনুশীলনের অভাবে গণিত শিখার ক্ষেত্রে অসন্তোষ প্রকাশ পায়।', NULL, 10118020014, 10118020014, '2020-02-11 14:40:37', '2020-02-11 14:40:37', NULL),
(10, 10118020016, 3, 1, 1, 48, 2020, '02:25', 10, NULL, NULL, '{\"81\":\"1\",\"82\":\"1\",\"83\":\"1\",\"84\":\"1\",\"85\":\"2\",\"86\":\"1\",\"87\":\"2\",\"88\":\"5\",\"89\":\"1\",\"90\":\"1\"}', 16.00, NULL, 'পরীক্ষায় ঘাবড়ানোর বা চাপের লক্ষণ নেই। এটা খুবই ভাল। গণিতে ভাল প্রস্তুতির জন্য ও গণিতের প্রতি ইতিবাচক থাকার জন্য এমনটা হতে পারে । ( কিন্তু মাঝে মাঝে মাত্রাতিরিক্ত আত্মবিশ্বাস অথবা পড়াশোনা এড়িয়ে যাওয়ার বা ভাল না লাগার জন্যও এই স্তরের অন্তর্ভুক্ত হতে পারে, যা অন্যান্য লক্ষণ দ্বারা নির্ধারণ করা প্রয়োজন। )', NULL, 10118020016, 10118020016, '2020-02-11 14:42:00', '2020-02-11 14:42:00', NULL),
(11, 10118020014, 3, 3, 1, 50, 2020, '01:44', 10, NULL, NULL, '{\"101\":\"1\",\"102\":\"1\",\"103\":\"1\",\"104\":\"1\",\"105\":\"1\",\"106\":\"5\",\"107\":\"1\",\"108\":\"3\",\"109\":\"1\",\"110\":\"1\"}', 16.00, NULL, 'গণিত শিখার প্রতি ভাল আগ্রহ আছে এবং নিয়মিত গণিত চর্চা করার অভ্যাস আছে।', NULL, 10118020014, 10118020014, '2020-02-11 14:42:43', '2020-02-11 14:42:43', NULL),
(12, 10118020007, 3, 2, 1, 49, 2020, '01:21', 10, NULL, NULL, '{\"91\":\"5\",\"92\":\"5\",\"93\":\"5\",\"94\":\"5\",\"95\":\"5\",\"96\":\"5\",\"97\":\"5\",\"98\":\"4\",\"99\":\"3\",\"100\":\"2\"}', 44.00, NULL, 'বহিরাগত কারণসমূহ দ্বারা মারাত্মকভাবে প্রভাবিত। পূর্বের খারাপ অভিজ্ঞতা বা দূর্বল শিক্ষাদান পদ্ধতি এবং গণিত শিক্ষার ক্ষেত্রে জীবনে নেতিবাচক অভিজ্ঞতার কারণে গণিত শিখার ক্ষেত্রে প্রবল অসন্তোষ প্রকাশ পায়।', NULL, 10118020007, 10118020007, '2020-02-11 14:43:47', '2020-02-11 14:43:47', NULL),
(13, 10118020014, 3, 4, 1, 51, 2020, '02:20', 10, NULL, NULL, '{\"111\":\"5\",\"112\":\"5\",\"113\":\"3\",\"114\":\"5\",\"115\":\"5\",\"116\":\"5\",\"117\":\"5\",\"118\":\"5\",\"119\":\"3\",\"120\":null}', 41.00, NULL, 'ইতিবাচক আচরন লক্ষ্যনীয় এবং লক্ষ্য স্থির করতে ও কাঙ্ক্ষিত ফলাফল অর্জনে সক্ষম ', NULL, 10118020014, 10118020014, '2020-02-11 14:45:47', '2020-02-11 14:45:47', NULL),
(20, 10118020016, 3, 2, 1, 49, 2020, '04:33', 10, NULL, NULL, '{\"91\":\"1\",\"92\":\"1\",\"93\":\"1\",\"94\":\"2\",\"95\":\"2\",\"96\":\"1\",\"97\":\"2\",\"98\":\"1\",\"99\":\"2\",\"100\":\"5\"}', 18.00, NULL, 'গণিত শিখতে আনন্দদায়ক অভিজঙ্গতা আছে এবং গণিত শিখতে কোন অসুবিধা হয় না।', NULL, 10118020016, 10118020016, '2020-02-11 14:50:39', '2020-02-11 14:50:39', NULL),
(22, 10118020014, 3, 3, 0, 17, 2020, '04:06', 25, 24, 1, '{\"590\":\"3\",\"588\":\"3\",\"570\":\"4\",\"600\":\"2\",\"563\":\"3\",\"564\":\"3\",\"575\":\"3\",\"587\":\"2\",\"569\":\"2\",\"567\":\"2\",\"582\":\"2\",\"579\":\"1\",\"596\":\"4\",\"597\":\"2\",\"593\":\"3\",\"592\":\"4\",\"589\":\"2\",\"568\":\"3\",\"576\":\"2\",\"565\":\"3\",\"595\":\"3\",\"584\":\"2\",\"574\":\"3\",\"577\":\"3\",\"578\":\"2\"}', 24.00, 96.00, 'অধিকতর উচ্চতর', NULL, 10118020014, 10118020014, '2020-02-11 14:52:16', '2020-02-11 14:52:16', NULL),
(23, 10118020016, 3, 3, 1, 50, 2020, '02:05', 10, NULL, NULL, '{\"101\":\"5\",\"102\":\"1\",\"103\":\"5\",\"104\":\"5\",\"105\":\"1\",\"106\":\"1\",\"107\":\"1\",\"108\":\"5\",\"109\":\"5\",\"110\":\"1\"}', 30.00, NULL, 'গণিতের প্রতি আগ্রহ কম এবং সহজে অমনোযোগী হয়ে যায়।', NULL, 10118020016, 10118020016, '2020-02-11 14:54:53', '2020-02-11 14:54:53', NULL),
(27, 10118020007, 3, 3, 1, 50, 2020, '01:37', 10, NULL, NULL, '{\"101\":\"5\",\"102\":\"4\",\"103\":\"4\",\"104\":\"3\",\"105\":\"2\",\"106\":\"3\",\"107\":\"2\",\"108\":\"3\",\"109\":\"2\",\"110\":\"1\"}', 29.00, NULL, 'গণিতের প্রতি আগ্রহ কম এবং সহজে অমনোযোগী হয়ে যায়।', NULL, 10118020007, 10118020007, '2020-02-11 14:57:11', '2020-02-11 14:57:11', NULL),
(29, 10118020007, 3, 4, 1, 51, 2020, '01:02', 10, NULL, NULL, '{\"111\":\"5\",\"112\":\"5\",\"113\":\"5\",\"114\":\"1\",\"115\":\"5\",\"116\":\"5\",\"117\":\"5\",\"118\":\"5\",\"119\":\"5\",\"120\":\"5\"}', 46.00, NULL, 'ইতিবাচক আচরন লক্ষ্যনীয় এবং লক্ষ্য স্থির করতে ও কাঙ্ক্ষিত ফলাফল অর্জনে সক্ষম ', NULL, 10118020007, 10118020007, '2020-02-11 14:58:25', '2020-02-11 14:58:25', NULL),
(30, 10118020016, 3, 4, 1, 51, 2020, '01:22', 10, NULL, NULL, '{\"111\":\"5\",\"112\":\"1\",\"113\":\"5\",\"114\":\"3\",\"115\":\"1\",\"116\":\"5\",\"117\":\"5\",\"118\":\"5\",\"119\":\"5\",\"120\":\"5\"}', 40.00, NULL, 'ইতিবাচক আচরন লক্ষ্যনীয় এবং লক্ষ্য স্থির করতে ও কাঙ্ক্ষিত ফলাফল অর্জনে সক্ষম ', NULL, 10118020016, 10118020016, '2020-02-11 14:59:17', '2020-02-11 14:59:17', NULL),
(31, 10118020007, 3, 3, 0, 17, 2020, '00:48', 25, 0, 25, '{\"573\":\"0\",\"600\":\"0\",\"599\":\"0\",\"579\":\"0\",\"576\":\"0\",\"598\":\"0\",\"581\":\"0\",\"582\":\"0\",\"585\":\"0\",\"597\":\"0\",\"592\":\"0\",\"568\":\"0\",\"563\":\"0\",\"593\":\"0\",\"596\":\"0\",\"583\":\"0\",\"570\":\"0\",\"589\":\"0\",\"587\":\"0\",\"586\":\"0\",\"575\":\"0\",\"565\":\"0\",\"567\":\"0\",\"577\":\"0\",\"580\":\"0\"}', 0.00, 0.00, 'অত্যন্ত কম', NULL, 10118020007, 10118020007, '2020-02-11 14:59:22', '2020-02-11 14:59:22', NULL),
(32, 10118020014, 3, 4, 0, 36, 2020, '07:46', 30, 28, 2, '{\"903\":\"3\",\"927\":\"3\",\"890\":\"3\",\"938\":\"4\",\"891\":\"4\",\"900\":\"2\",\"916\":\"1\",\"914\":\"2\",\"937\":\"3\",\"897\":\"3\",\"912\":\"2\",\"928\":\"3\",\"895\":\"3\",\"926\":\"2\",\"919\":\"3\",\"899\":\"4\",\"911\":\"3\",\"892\":\"4\",\"929\":\"4\",\"893\":\"1\",\"920\":\"3\",\"924\":\"2\",\"913\":\"4\",\"918\":\"2\",\"910\":\"4\",\"923\":\"2\",\"908\":\"3\",\"925\":\"1\",\"905\":\"4\",\"932\":\"2\"}', 28.00, 93.33, 'উচ্চ স্তরের ধারণাগত এবং গণনীয় দক্ষতা বজায় রাখে।', NULL, 10118020014, 10118020014, '2020-02-11 15:02:28', '2020-02-11 15:02:28', NULL),
(33, 10118020007, 3, 4, 0, 36, 2020, '00:38', 30, 1, 29, '{\"935\":\"4\",\"929\":\"0\",\"930\":\"0\",\"895\":\"0\",\"931\":\"0\",\"915\":\"0\",\"916\":\"0\",\"936\":\"0\",\"909\":\"0\",\"900\":\"0\",\"921\":\"0\",\"907\":\"0\",\"905\":\"0\",\"938\":\"0\",\"918\":\"0\",\"925\":\"0\",\"922\":\"0\",\"891\":\"0\",\"919\":\"0\",\"926\":\"0\",\"917\":\"0\",\"902\":\"0\",\"898\":\"0\",\"901\":\"0\",\"928\":\"0\",\"932\":\"0\",\"913\":\"0\",\"911\":\"0\",\"914\":\"0\",\"892\":\"0\"}', 1.00, 3.33, 'মৌলিক গাণিতিক ক্রিয়াকলাপগুলি জানেন না এবং গাণিতিক প্যাটার্নের যৌক্তিক প্রসারণ শনাক্ত করার ক্ষেত্রে প্রচুর চ্যালেঞ্জ পেয়েছেন।', NULL, 10118020007, 10118020007, '2020-02-11 15:04:22', '2020-02-11 15:04:22', NULL),
(34, 10118020007, 3, 1, 2, 39, 2020, '00:10', 15, NULL, NULL, '{\"33\":\"0\",\"36\":\"0\",\"39\":\"0\",\"44\":\"0\",\"35\":\"0\",\"45\":\"0\",\"34\":\"0\",\"31\":\"0\",\"41\":\"0\",\"38\":\"0\",\"37\":\"0\",\"42\":\"0\",\"43\":\"0\",\"32\":\"0\",\"40\":\"0\"}', 0.00, NULL, 'অতীতের ঘটনা, তথ্য বা প্রক্রিয়া গুলো স্মরণ করার সক্ষমতা খুব কম।', NULL, 10118020007, 10118020007, '2020-02-11 15:04:47', '2020-02-11 15:04:47', NULL),
(35, 10118020016, 3, 3, 0, 17, 2020, '06:14', 25, 23, 2, '{\"571\":\"1\",\"570\":\"4\",\"564\":\"3\",\"569\":\"2\",\"583\":\"1\",\"563\":\"3\",\"574\":\"3\",\"597\":\"2\",\"576\":\"2\",\"585\":\"2\",\"579\":\"1\",\"598\":\"3\",\"594\":\"3\",\"580\":\"4\",\"600\":\"2\",\"567\":\"2\",\"565\":\"3\",\"577\":\"4\",\"575\":\"3\",\"587\":\"4\",\"596\":\"4\",\"593\":\"4\",\"566\":\"3\",\"562\":\"3\",\"581\":\"4\"}', 23.00, 92.00, 'অধিকতর উচ্চতর', NULL, 10118020016, 10118020016, '2020-02-11 15:06:35', '2020-02-11 15:06:35', NULL),
(36, 10118020014, 3, 1, 2, 39, 2020, '03:52', 15, NULL, NULL, '{\"35\":\"3\",\"41\":\"4\",\"43\":\"1\",\"45\":\"1\",\"40\":\"4\",\"31\":\"4\",\"36\":\"5\",\"44\":\"3\",\"38\":\"4\",\"42\":\"5\",\"32\":\"5\",\"39\":\"5\",\"33\":\"3\",\"34\":\"4\",\"37\":\"5\"}', 56.00, NULL, 'অতীতের ঘটনা, তথ্য বা প্রক্রিয়া গুলো স্মরণ করার সক্ষমতা ভাল।', NULL, 10118020014, 10118020014, '2020-02-11 15:07:18', '2020-02-11 15:07:18', NULL),
(37, 10118020007, 3, 2, 0, 52, 2020, '05:48', 15, 0, 9, '{\"30\":\"0\",\"31\":\"4\",\"29\":\"0\",\"26\":\"4\",\"32\":\"0\",\"27\":\"0\",\"28\":\"0\",\"33\":\"0\",\"34\":\"0\"}', 0.00, 0.00, 'তথ্য সংরক্ষণ, পরিচালনা এবং পুনরুদ্ধারের ক্ষমতা খুব কম।', NULL, 10118020007, 10118020007, '2020-02-11 15:14:27', '2020-02-11 15:14:27', NULL),
(38, 10118020007, 3, 1, 0, 13, 2020, '00:26', 25, 0, 25, '{\"741\":\"0\",\"763\":\"0\",\"748\":\"0\",\"755\":\"0\",\"758\":\"0\",\"766\":\"0\",\"753\":\"0\",\"740\":\"0\",\"767\":\"0\",\"738\":\"0\",\"760\":\"0\",\"742\":\"0\",\"754\":\"0\",\"734\":\"0\",\"745\":\"0\",\"735\":\"0\",\"737\":\"0\",\"770\":\"0\",\"739\":\"0\",\"774\":\"0\",\"759\":\"0\",\"747\":\"0\",\"751\":\"0\",\"752\":\"0\",\"771\":\"0\"}', 0.00, 0.00, 'যথেষ্ট দূর্বল!  গণিতের মৌলিক  জ্ঞানের তীব্র অভাব পরিলক্ষিত হয়।', NULL, 10118020007, 10118020007, '2020-02-11 15:16:01', '2020-02-11 15:16:01', NULL),
(40, 10118020016, 3, 1, 2, 39, 2020, '03:23', 15, NULL, NULL, '{\"33\":\"5\",\"37\":\"5\",\"41\":\"1\",\"38\":\"5\",\"35\":\"5\",\"44\":\"5\",\"45\":\"5\",\"34\":\"5\",\"31\":\"4\",\"43\":\"1\",\"42\":\"5\",\"36\":\"1\",\"40\":\"5\",\"39\":\"3\",\"32\":\"5\"}', 60.00, NULL, 'অতীতের ঘটনা, তথ্য বা প্রক্রিয়া গুলো স্মরণ করার সক্ষমতা ভাল।', NULL, 10118020016, 10118020016, '2020-02-11 15:20:21', '2020-02-11 15:20:21', NULL),
(41, 10118020016, 3, 2, 0, 52, 2020, '02:00', 15, 15, 0, '{\"31\":\"2\",\"32\":\"2\",\"39\":\"2\",\"34\":\"4\",\"36\":\"4\",\"27\":\"3\",\"29\":\"3\",\"40\":\"2\",\"38\":\"3\",\"33\":\"4\",\"26\":\"2\",\"35\":\"2\",\"37\":\"4\",\"30\":\"2\",\"28\":\"3\"}', 15.00, 100.00, 'তথ্য সংরক্ষণ, পরিচালনা এবং পুনরুদ্ধারের ক্ষমতা অসাধারন।', NULL, 10118020016, 10118020016, '2020-02-11 15:22:31', '2020-02-11 15:22:31', NULL),
(46, 10118020020, 3, 2, 2, 52, 2020, '03:12', 15, 15, 0, '{\"28\":\"3\",\"31\":\"2\",\"29\":\"3\",\"36\":\"4\",\"39\":\"2\",\"33\":\"4\",\"32\":\"2\",\"26\":\"2\",\"34\":\"4\",\"40\":\"2\",\"37\":\"4\",\"27\":\"3\",\"30\":\"2\",\"35\":\"2\",\"38\":\"3\"}', 15.00, 100.00, 'তথ্য সংরক্ষণ, পরিচালনা এবং পুনরুদ্ধারের ক্ষমতা অসাধারন।', NULL, 10118020020, 10118020020, '2020-02-11 17:19:31', '2020-02-11 17:19:31', NULL),
(47, 10118020020, 3, 1, 0, 13, 2020, '03:56', 25, 25, 0, '{\"745\":\"3\",\"755\":\"3\",\"739\":\"2\",\"758\":\"2\",\"738\":\"2\",\"767\":\"4\",\"752\":\"3\",\"741\":\"4\",\"737\":\"2\",\"744\":\"4\",\"771\":\"2\",\"764\":\"4\",\"757\":\"3\",\"746\":\"1\",\"768\":\"4\",\"742\":\"3\",\"751\":\"2\",\"769\":\"3\",\"763\":\"4\",\"756\":\"1\",\"772\":\"3\",\"774\":\"2\",\"735\":\"2\",\"734\":\"2\",\"750\":\"4\"}', 25.00, 100.00, 'অসাধারণ!  গণিতে ব্যতিক্রমী সমস্যার সমাধান এবং সূক্ষ্মভাবে চিন্তা করার দক্ষতা পরিলক্ষিত হয়।', NULL, 10118020020, 10118020020, '2020-02-11 17:26:26', '2020-02-11 17:26:26', NULL),
(49, 10118020020, 3, 1, 1, 48, 2020, '01:30', 10, NULL, NULL, '{\"81\":\"1\",\"82\":\"1\",\"83\":\"1\",\"84\":\"4\",\"85\":\"3\",\"86\":\"1\",\"87\":\"1\",\"88\":\"2\",\"89\":\"1\",\"90\":\"1\"}', 16.00, NULL, 'পরীক্ষায় ঘাবড়ানোর বা চাপের লক্ষণ নেই। এটা খুবই ভাল। গণিতে ভাল প্রস্তুতির জন্য ও গণিতের প্রতি ইতিবাচক থাকার জন্য এমনটা হতে পারে । ( কিন্তু মাঝে মাঝে মাত্রাতিরিক্ত আত্মবিশ্বাস অথবা পড়াশোনা এড়িয়ে যাওয়ার বা ভাল না লাগার জন্যও এই স্তরের অন্তর্ভুক্ত হতে পারে, যা অন্যান্য লক্ষণ দ্বারা নির্ধারণ করা প্রয়োজন। )', NULL, 10118020020, 10118020020, '2020-02-11 17:28:19', '2020-02-11 17:28:19', NULL),
(50, 10118020020, 3, 2, 1, 49, 2020, '01:45', 10, NULL, NULL, '{\"91\":\"1\",\"92\":\"1\",\"93\":\"1\",\"94\":\"3\",\"95\":\"1\",\"96\":\"1\",\"97\":\"1\",\"98\":\"1\",\"99\":\"1\",\"100\":\"4\"}', 15.00, NULL, 'গণিত শিখতে আনন্দদায়ক অভিজঙ্গতা আছে এবং গণিত শিখতে কোন অসুবিধা হয় না।', NULL, 10118020020, 10118020020, '2020-02-11 17:33:12', '2020-02-11 17:33:12', NULL),
(51, 10118020020, 3, 3, 1, 50, 2020, '01:23', 10, NULL, NULL, '{\"101\":\"1\",\"102\":\"1\",\"103\":\"1\",\"104\":\"1\",\"105\":\"1\",\"106\":\"1\",\"107\":\"1\",\"108\":\"1\",\"109\":\"1\",\"110\":\"1\"}', 10.00, NULL, 'গণিত শিখার প্রতি ভাল আগ্রহ আছে এবং নিয়মিত গণিত চর্চা করার অভ্যাস আছে।', NULL, 10118020020, 10118020020, '2020-02-11 17:43:53', '2020-02-11 17:43:53', NULL),
(54, 10118020020, 3, 4, 1, 51, 2020, '01:17', 10, NULL, NULL, '{\"111\":\"5\",\"112\":\"5\",\"113\":\"5\",\"114\":\"5\",\"115\":\"5\",\"116\":\"5\",\"117\":\"5\",\"118\":\"5\",\"119\":\"5\",\"120\":\"5\"}', 50.00, NULL, 'ইতিবাচক আচরন লক্ষ্যনীয় এবং লক্ষ্য স্থির করতে ও কাঙ্ক্ষিত ফলাফল অর্জনে সক্ষম ', NULL, 10118020020, 10118020020, '2020-02-12 09:42:57', '2020-02-12 09:42:57', NULL),
(55, 10118020020, 3, 1, 2, 39, 2020, '02:58', 15, NULL, NULL, '{\"35\":\"2\",\"41\":\"3\",\"34\":\"3\",\"33\":\"1\",\"39\":\"4\",\"42\":\"5\",\"38\":\"5\",\"44\":\"2\",\"31\":\"1\",\"40\":\"2\",\"37\":\"3\",\"45\":\"2\",\"32\":\"4\",\"43\":\"3\",\"36\":\"3\"}', 43.00, NULL, 'অতীতের ঘটনা, তথ্য বা প্রক্রিয়া গুলো স্মরণ করার সক্ষমতা পরিমিত।', NULL, 10118020020, 10118020020, '2020-02-12 09:49:01', '2020-02-12 09:49:01', NULL),
(56, 10118020020, 3, 3, 0, 17, 2020, '07:52', 25, 24, 1, '{\"594\":\"3\",\"568\":\"3\",\"590\":\"3\",\"600\":\"2\",\"599\":\"3\",\"567\":\"2\",\"581\":\"4\",\"582\":\"2\",\"587\":\"2\",\"585\":\"2\",\"573\":\"3\",\"563\":\"3\",\"575\":\"3\",\"562\":\"3\",\"588\":\"3\",\"564\":\"3\",\"583\":\"1\",\"577\":\"3\",\"572\":\"2\",\"597\":\"2\",\"598\":\"3\",\"584\":\"2\",\"592\":\"4\",\"586\":\"1\",\"570\":\"4\"}', 24.00, 96.00, 'অধিকতর উচ্চতর', NULL, 10118020020, 10118020020, '2020-02-12 10:02:59', '2020-02-12 10:02:59', NULL),
(58, 10118020017, 3, 1, 0, 13, 2020, '03:56', 25, 25, 0, '{\"760\":\"3\",\"752\":\"3\",\"737\":\"2\",\"741\":\"4\",\"744\":\"4\",\"757\":\"3\",\"770\":\"3\",\"753\":\"3\",\"740\":\"4\",\"765\":\"1\",\"762\":\"3\",\"746\":\"1\",\"761\":\"4\",\"758\":\"2\",\"764\":\"4\",\"749\":\"2\",\"766\":\"2\",\"734\":\"2\",\"738\":\"2\",\"763\":\"4\",\"750\":\"4\",\"747\":\"3\",\"769\":\"3\",\"736\":\"2\",\"739\":\"2\"}', 25.00, 100.00, 'অসাধারণ!  গণিতে ব্যতিক্রমী সমস্যার সমাধান এবং সূক্ষ্মভাবে চিন্তা করার দক্ষতা পরিলক্ষিত হয়।', NULL, 10118020017, 10118020017, '2020-02-12 10:17:51', '2020-02-12 10:17:51', NULL),
(59, 10118020020, 3, 4, 0, 36, 2020, '06:28', 30, 30, 0, '{\"903\":\"3\",\"908\":\"3\",\"925\":\"1\",\"937\":\"3\",\"899\":\"4\",\"921\":\"2\",\"905\":\"4\",\"926\":\"2\",\"935\":\"4\",\"917\":\"4\",\"897\":\"3\",\"911\":\"3\",\"938\":\"4\",\"936\":\"4\",\"890\":\"3\",\"915\":\"4\",\"909\":\"4\",\"900\":\"2\",\"904\":\"4\",\"928\":\"3\",\"918\":\"2\",\"892\":\"3\",\"922\":\"4\",\"939\":\"3\",\"891\":\"4\",\"902\":\"3\",\"901\":\"2\",\"907\":\"3\",\"906\":\"4\",\"919\":\"3\"}', 30.00, 100.00, 'অসাধারণ! গাণিতিক প্রক্রিয়ায় দৃঢ় মৌলিক জ্ঞান এবং সুদৃঢ় কৌশলগত দক্ষতা আছে।', NULL, 10118020020, 10118020020, '2020-02-12 10:18:15', '2020-02-12 10:18:15', NULL),
(60, 10118020017, 3, 1, 1, 48, 2020, '01:33', 10, NULL, NULL, '{\"81\":\"1\",\"82\":\"2\",\"83\":\"1\",\"84\":\"2\",\"85\":\"2\",\"86\":\"4\",\"87\":\"2\",\"88\":\"1\",\"89\":\"2\",\"90\":\"0\"}', 17.00, NULL, 'পরীক্ষায় ঘাবড়ানোর বা চাপের লক্ষণ নেই। এটা খুবই ভাল। গণিতে ভাল প্রস্তুতির জন্য ও গণিতের প্রতি ইতিবাচক থাকার জন্য এমনটা হতে পারে । ( কিন্তু মাঝে মাঝে মাত্রাতিরিক্ত আত্মবিশ্বাস অথবা পড়াশোনা এড়িয়ে যাওয়ার বা ভাল না লাগার জন্যও এই স্তরের অন্তর্ভুক্ত হতে পারে, যা অন্যান্য লক্ষণ দ্বারা নির্ধারণ করা প্রয়োজন। )', NULL, 10118020017, 10118020017, '2020-02-12 10:23:31', '2020-02-12 10:23:31', NULL),
(61, 10118020017, 3, 2, 1, 49, 2020, '00:47', 10, NULL, NULL, '{\"91\":\"1\",\"92\":\"1\",\"93\":\"1\",\"94\":\"2\",\"95\":\"1\",\"96\":\"2\",\"97\":\"1\",\"98\":\"2\",\"99\":\"2\",\"100\":\"1\"}', 14.00, NULL, 'গণিত শিখতে আনন্দদায়ক অভিজঙ্গতা আছে এবং গণিত শিখতে কোন অসুবিধা হয় না।', NULL, 10118020017, 10118020017, '2020-02-12 10:24:44', '2020-02-12 10:24:44', NULL),
(62, 10118020017, 3, 3, 1, 50, 2020, '00:30', 10, NULL, NULL, '{\"101\":\"1\",\"102\":\"2\",\"103\":\"1\",\"104\":\"1\",\"105\":\"2\",\"106\":\"2\",\"107\":\"1\",\"108\":\"2\",\"109\":\"1\",\"110\":\"1\"}', 14.00, NULL, 'গণিত শিখার প্রতি ভাল আগ্রহ আছে এবং নিয়মিত গণিত চর্চা করার অভ্যাস আছে।', NULL, 10118020017, 10118020017, '2020-02-12 10:25:32', '2020-02-12 10:25:32', NULL),
(63, 10118020017, 3, 4, 1, 51, 2020, '00:34', 10, NULL, NULL, '{\"111\":\"5\",\"112\":\"5\",\"113\":\"5\",\"114\":\"4\",\"115\":\"5\",\"116\":\"5\",\"117\":\"4\",\"118\":\"5\",\"119\":\"5\",\"120\":null}', 43.00, NULL, 'ইতিবাচক আচরন লক্ষ্যনীয় এবং লক্ষ্য স্থির করতে ও কাঙ্ক্ষিত ফলাফল অর্জনে সক্ষম ', NULL, 10118020017, 10118020017, '2020-02-12 10:26:30', '2020-02-12 10:26:30', NULL),
(64, 10118020017, 3, 3, 0, 17, 2020, '02:59', 25, 23, 2, '{\"587\":\"4\",\"574\":\"3\",\"599\":\"3\",\"583\":\"1\",\"573\":\"3\",\"593\":\"3\",\"561\":\"2\",\"594\":\"3\",\"590\":\"2\",\"600\":\"2\",\"579\":\"1\",\"572\":\"2\",\"576\":\"2\",\"596\":\"4\",\"586\":\"1\",\"582\":\"2\",\"598\":\"3\",\"588\":\"3\",\"571\":\"1\",\"568\":\"3\",\"569\":\"2\",\"564\":\"3\",\"595\":\"3\",\"565\":\"3\",\"597\":\"2\"}', 23.00, 92.00, 'অধিকতর উচ্চতর', NULL, 10118020017, 10118020017, '2020-02-12 10:30:28', '2020-02-12 10:30:28', NULL),
(65, 10118020003, 3, 1, 1, 48, 2020, '00:24', 10, NULL, NULL, '{\"81\":\"4\",\"82\":\"1\",\"83\":\"2\",\"84\":\"1\",\"85\":\"1\",\"86\":\"2\",\"87\":\"1\",\"88\":\"1\",\"89\":\"1\",\"90\":\"1\"}', 15.00, NULL, 'পরীক্ষায় ঘাবড়ানোর বা চাপের লক্ষণ নেই। এটা খুবই ভাল। গণিতে ভাল প্রস্তুতির জন্য ও গণিতের প্রতি ইতিবাচক থাকার জন্য এমনটা হতে পারে । ( কিন্তু মাঝে মাঝে মাত্রাতিরিক্ত আত্মবিশ্বাস অথবা পড়াশোনা এড়িয়ে যাওয়ার বা ভাল না লাগার জন্যও এই স্তরের অন্তর্ভুক্ত হতে পারে, যা অন্যান্য লক্ষণ দ্বারা নির্ধারণ করা প্রয়োজন। )', NULL, 10118020003, 10118020003, '2020-02-12 10:35:00', '2020-02-12 10:35:00', NULL),
(66, 10118020017, 3, 4, 0, 36, 2020, '05:38', 30, 29, 1, '{\"915\":\"4\",\"936\":\"4\",\"891\":\"4\",\"923\":\"2\",\"901\":\"2\",\"939\":\"3\",\"916\":\"1\",\"930\":\"3\",\"907\":\"3\",\"935\":\"4\",\"920\":\"3\",\"918\":\"2\",\"921\":\"2\",\"903\":\"3\",\"902\":\"3\",\"900\":\"2\",\"926\":\"2\",\"906\":\"4\",\"925\":\"1\",\"895\":\"3\",\"909\":\"4\",\"904\":\"4\",\"917\":\"4\",\"933\":\"2\",\"927\":\"1\",\"905\":\"4\",\"919\":\"3\",\"899\":\"4\",\"932\":\"2\",\"929\":\"4\"}', 29.00, 96.67, 'অসাধারণ! গাণিতিক প্রক্রিয়ায় দৃঢ় মৌলিক জ্ঞান এবং সুদৃঢ় কৌশলগত দক্ষতা আছে।', NULL, 10118020017, 10118020017, '2020-02-12 10:36:26', '2020-02-12 10:36:26', NULL),
(67, 10118020017, 3, 1, 2, 39, 2020, '00:33', 15, NULL, NULL, '{\"40\":\"3\",\"32\":\"3\",\"43\":\"2\",\"36\":\"4\",\"39\":\"2\",\"34\":\"3\",\"45\":\"1\",\"37\":\"2\",\"42\":\"3\",\"38\":\"4\",\"44\":\"5\",\"41\":\"4\",\"35\":\"3\",\"31\":\"2\",\"33\":\"1\"}', 42.00, NULL, 'অতীতের ঘটনা, তথ্য বা প্রক্রিয়া গুলো স্মরণ করার সক্ষমতা পরিমিত।', NULL, 10118020017, 10118020017, '2020-02-12 10:37:10', '2020-02-12 10:37:10', NULL),
(68, 10118020017, 3, 2, 2, 52, 2020, '02:24', 15, 13, 2, '{\"27\":\"3\",\"34\":\"4\",\"31\":\"3\",\"37\":\"4\",\"33\":\"2\",\"40\":\"2\",\"29\":\"3\",\"32\":\"2\",\"35\":\"2\",\"36\":\"4\",\"26\":\"2\",\"30\":\"2\",\"28\":\"3\",\"39\":\"2\",\"38\":\"3\"}', 13.00, 86.67, 'তথ্য সংরক্ষণ, পরিচালনা এবং পুনরুদ্ধারের ক্ষমতা অসাধারন।', NULL, 10118020017, 10118020017, '2020-02-12 10:39:44', '2020-02-12 10:39:44', NULL),
(70, 10118020003, 3, 1, 0, 13, 2020, '03:07', 25, 23, 2, '{\"744\":\"1\",\"764\":\"4\",\"749\":\"2\",\"752\":\"2\",\"751\":\"2\",\"740\":\"4\",\"753\":\"3\",\"759\":\"3\",\"772\":\"3\",\"735\":\"2\",\"736\":\"2\",\"742\":\"3\",\"739\":\"2\",\"762\":\"3\",\"761\":\"4\",\"765\":\"1\",\"754\":\"2\",\"768\":\"4\",\"767\":\"4\",\"750\":\"4\",\"737\":\"2\",\"757\":\"3\",\"774\":\"2\",\"756\":\"1\",\"745\":\"3\"}', 23.00, 92.00, 'অসাধারণ!  গণিতে ব্যতিক্রমী সমস্যার সমাধান এবং সূক্ষ্মভাবে চিন্তা করার দক্ষতা পরিলক্ষিত হয়।', NULL, 10118020003, 10118020003, '2020-02-12 11:51:11', '2020-02-12 11:51:11', NULL),
(71, 302203030075, 3, 1, 0, 12, 2020, '02:15', 25, 22, 3, '{\"655\":\"3\",\"653\":\"4\",\"623\":\"2\",\"646\":\"3\",\"641\":\"3\",\"642\":\"1\",\"622\":\"2\",\"625\":\"3\",\"626\":\"2\",\"631\":\"3\",\"630\":\"1\",\"636\":\"4\",\"643\":\"3\",\"635\":\"2\",\"639\":\"3\",\"629\":\"3\",\"633\":\"3\",\"632\":\"1\",\"654\":\"4\",\"647\":\"4\",\"637\":\"2\",\"627\":\"4\",\"659\":\"2\",\"651\":\"1\",\"658\":\"3\"}', 22.00, 88.00, 'Good performance! Have sound knowledge and proficiency that is required in this level/class.', NULL, 302203030075, 302203030075, '2020-02-12 16:20:24', '2020-02-12 16:20:24', NULL),
(72, 302203030075, 3, 1, 1, 55, 2020, '00:22', 10, NULL, NULL, '{\"41\":\"2\",\"42\":\"3\",\"43\":\"1\",\"44\":\"0\",\"45\":\"1\",\"46\":\"0\",\"47\":\"0\",\"48\":\"0\",\"49\":\"1\",\"50\":\"1\"}', 9.00, NULL, 'Do not have visible sign of nervousness or tension.This is very good and may be because of good preparation and positive disposition about Mathematics.( But sometimes this level/stage may also indicate the overconfidence or avoidance of study that needs to be justified by some other parameters/factors)', NULL, 302203030075, 302203030075, '2020-02-12 16:21:18', '2020-02-12 16:21:18', NULL),
(73, 302203030075, 3, 2, 1, 56, 2020, '00:32', 10, NULL, NULL, '{\"51\":\"0\",\"52\":\"0\",\"53\":\"0\",\"54\":\"0\",\"55\":\"0\",\"56\":\"0\",\"57\":\"0\",\"58\":\"0\",\"59\":\"0\",\"60\":\"1\"}', 1.00, NULL, 'Seems to have pleasant learning experience and low level of discomfort towards Mathematical learning.', NULL, 302203030075, 302203030075, '2020-02-12 16:31:20', '2020-02-12 16:31:20', NULL),
(74, 302203030075, 3, 3, 1, 57, 2020, '00:20', 10, NULL, NULL, '{\"61\":\"3\",\"62\":\"1\",\"63\":\"5\",\"64\":\"1\",\"65\":\"2\",\"66\":\"1\",\"67\":\"1\",\"68\":\"1\",\"69\":\"1\",\"70\":\"1\"}', 17.00, NULL, ' Has good study habit and interest in Maths.', NULL, 302203030075, 302203030075, '2020-02-12 16:40:39', '2020-02-12 16:40:39', NULL),
(75, 302203030075, 3, 4, 1, 58, 2020, '00:18', 10, NULL, NULL, '{\"71\":\"1\",\"72\":\"1\",\"73\":\"2\",\"74\":\"3\",\"75\":\"5\",\"76\":\"1\",\"77\":\"1\",\"78\":\"2\",\"79\":\"3\",\"80\":\"4\"}', 23.00, NULL, 'Not focused, shows signs of low interest in mathematics.', NULL, 302203030075, 302203030075, '2020-02-12 16:41:08', '2020-02-12 16:41:08', NULL),
(76, 302203030075, 3, 3, 0, 16, 2020, '08:31', 25, 23, 2, '{\"539\":\"4\",\"529\":\"4\",\"534\":\"3\",\"547\":\"3\",\"540\":\"4\",\"551\":\"4\",\"555\":\"3\",\"554\":\"3\",\"528\":\"2\",\"546\":\"2\",\"553\":\"3\",\"522\":\"2\",\"556\":\"4\",\"527\":\"3\",\"543\":\"2\",\"538\":\"1\",\"552\":\"3\",\"531\":\"2\",\"520\":\"3\",\"559\":\"3\",\"524\":\"3\",\"521\":\"3\",\"537\":\"2\",\"541\":\"2\",\"560\":\"2\"}', 23.00, 92.00, 'Very Superior/Gifted', NULL, 302203030075, 302203030075, '2020-02-12 17:09:35', '2020-02-12 17:09:35', NULL),
(77, 302203030075, 3, 4, 0, 29, 2020, '11:09', 30, 26, 4, '{\"722\":\"3\",\"711\":\"4\",\"723\":\"4\",\"714\":\"3\",\"693\":\"0\",\"709\":\"4\",\"685\":\"4\",\"692\":\"1\",\"726\":\"1\",\"716\":\"4\",\"731\":\"3\",\"691\":\"3\",\"689\":\"3\",\"687\":\"1\",\"713\":\"3\",\"724\":\"3\",\"720\":\"2\",\"697\":\"3\",\"719\":\"3\",\"721\":\"2\",\"688\":\"3\",\"700\":\"4\",\"699\":\"4\",\"707\":\"4\",\"706\":\"2\",\"732\":\"4\",\"695\":\"2\",\"704\":\"4\",\"696\":\"3\",\"702\":\"3\"}', 26.00, 86.67, 'Good!  Have required basic knowledge and problem solving skills.', NULL, 302203030075, 302203030075, '2020-02-12 17:21:56', '2020-02-12 17:21:56', NULL),
(78, 302203030103, 3, 1, 0, 12, 2020, '05:52', 25, 10, 15, '{\"641\":\"4\",\"631\":\"3\",\"638\":\"3\",\"645\":\"3\",\"652\":\"3\",\"624\":\"3\",\"646\":\"4\",\"633\":\"4\",\"621\":\"4\",\"648\":\"2\",\"622\":\"4\",\"651\":\"2\",\"628\":\"4\",\"630\":\"4\",\"637\":\"2\",\"640\":\"4\",\"626\":\"2\",\"642\":\"2\",\"634\":\"4\",\"644\":\"4\",\"656\":\"3\",\"649\":\"4\",\"632\":\"4\",\"639\":\"4\",\"647\":\"4\"}', 10.00, 40.00, 'Very poor performance. Have deficiency in basic knowledge and understanding.', NULL, 302203030103, 302203030103, '2020-02-13 15:18:29', '2020-02-13 15:18:29', NULL),
(79, 302203030103, 3, 1, 1, 55, 2020, '00:17', 10, NULL, NULL, '{\"41\":\"4\",\"42\":\"4\",\"43\":\"4\",\"44\":\"3\",\"45\":\"2\",\"46\":\"2\",\"47\":\"2\",\"48\":\"2\",\"49\":\"2\",\"50\":\"2\"}', 27.00, NULL, 'Exhibit moderate level of nervousness which is healthy to keep a student focused and attentive.', NULL, 302203030103, 302203030103, '2020-02-13 15:47:07', '2020-02-13 15:47:07', NULL),
(80, 302203030103, 3, 2, 1, 56, 2020, '00:18', 10, NULL, NULL, '{\"51\":\"3\",\"52\":\"2\",\"53\":\"2\",\"54\":\"2\",\"55\":\"2\",\"56\":\"2\",\"57\":\"2\",\"58\":\"2\",\"59\":\"2\",\"60\":\"2\"}', 21.00, NULL, 'Somewhat discontent about Mathematical learning that may be stemmed from lack of proper guidance and lack of practice.', NULL, 302203030103, 302203030103, '2020-02-13 15:48:37', '2020-02-13 15:48:37', NULL),
(81, 302203030103, 3, 3, 1, 57, 2020, '00:19', 10, NULL, NULL, '{\"61\":\"4\",\"62\":\"4\",\"63\":\"4\",\"64\":\"4\",\"65\":\"4\",\"66\":\"4\",\"67\":\"2\",\"68\":\"2\",\"69\":\"2\",\"70\":\"2\"}', 32.00, NULL, 'Has low interest and easily distracted.', NULL, 302203030103, 302203030103, '2020-02-13 15:49:24', '2020-02-13 15:49:24', NULL),
(82, 302203030103, 3, 4, 1, 58, 2020, '00:15', 10, NULL, NULL, '{\"71\":\"2\",\"72\":\"2\",\"73\":\"2\",\"74\":\"3\",\"75\":\"3\",\"76\":\"3\",\"77\":\"3\",\"78\":\"3\",\"79\":\"3\",\"80\":\"3\"}', 27.00, NULL, 'Not focused, shows signs of low interest in mathematics.', NULL, 302203030103, 302203030103, '2020-02-13 15:49:58', '2020-02-13 15:49:58', NULL),
(83, 302203030103, 3, 3, 0, 16, 2020, '01:29', 25, 11, 14, '{\"556\":\"4\",\"541\":\"2\",\"559\":\"3\",\"555\":\"3\",\"522\":\"4\",\"545\":\"4\",\"558\":\"4\",\"551\":\"4\",\"526\":\"2\",\"533\":\"4\",\"535\":\"4\",\"536\":\"4\",\"553\":\"4\",\"540\":\"4\",\"547\":\"4\",\"521\":\"4\",\"542\":\"2\",\"523\":\"4\",\"549\":\"4\",\"529\":\"4\",\"528\":\"2\",\"546\":\"4\",\"537\":\"2\",\"552\":\"0\",\"543\":\"4\"}', 11.00, 44.00, 'Extremely Low', NULL, 302203030103, 302203030103, '2020-02-13 15:51:40', '2020-02-13 15:51:40', NULL),
(84, 302203030103, 3, 4, 0, 29, 2020, '00:42', 30, 12, 18, '{\"718\":\"2\",\"724\":\"4\",\"696\":\"4\",\"726\":\"4\",\"708\":\"4\",\"716\":\"4\",\"698\":\"4\",\"733\":\"4\",\"692\":\"4\",\"730\":\"4\",\"685\":\"4\",\"707\":\"4\",\"725\":\"4\",\"697\":\"4\",\"690\":\"4\",\"712\":\"2\",\"732\":\"2\",\"686\":\"2\",\"723\":\"4\",\"695\":\"4\",\"691\":\"4\",\"700\":\"2\",\"729\":\"4\",\"705\":\"3\",\"720\":\"4\",\"719\":\"4\",\"714\":\"0\",\"715\":\"4\",\"688\":\"4\",\"722\":\"4\"}', 12.00, 40.00, 'Very poor! Do not have required basic knowledge in mathematical operations.', NULL, 302203030103, 302203030103, '2020-02-13 15:52:35', '2020-02-13 15:52:35', NULL),
(85, 302203030048, 3, 1, 0, 12, 2020, '04:49', 25, 25, 0, '{\"653\":\"4\",\"640\":\"2\",\"647\":\"4\",\"638\":\"3\",\"657\":\"2\",\"632\":\"1\",\"634\":\"2\",\"644\":\"2\",\"643\":\"3\",\"645\":\"3\",\"626\":\"2\",\"649\":\"4\",\"636\":\"4\",\"623\":\"2\",\"635\":\"2\",\"630\":\"4\",\"624\":\"2\",\"642\":\"1\",\"639\":\"3\",\"659\":\"2\",\"633\":\"3\",\"628\":\"4\",\"658\":\"3\",\"637\":\"2\",\"631\":\"3\"}', 25.00, 100.00, 'Excellent performance! Displays exceptional problem-solving and critical thinking skills in maths.', NULL, 302203030048, 302203030048, '2020-02-16 14:08:58', '2020-02-16 14:08:58', NULL),
(86, 302203030048, 3, 1, 1, 55, 2020, '02:10', 10, NULL, NULL, '{\"41\":\"1\",\"42\":\"1\",\"43\":\"2\",\"44\":\"2\",\"45\":\"2\",\"46\":\"2\",\"47\":\"2\",\"48\":\"2\",\"49\":\"3\",\"50\":\"3\"}', 20.00, NULL, 'Exhibit moderate level of nervousness which is healthy to keep a student focused and attentive.', NULL, 302203030048, 302203030048, '2020-02-16 14:16:57', '2020-02-16 14:16:57', NULL),
(87, 302203030048, 3, 2, 1, 56, 2020, '02:44', 10, NULL, NULL, '{\"51\":\"3\",\"52\":\"2\",\"53\":\"2\",\"54\":\"2\",\"55\":\"2\",\"56\":\"3\",\"57\":\"2\",\"58\":\"2\",\"59\":\"2\",\"60\":\"5\"}', 25.00, NULL, 'Somewhat discontent about Mathematical learning that may be stemmed from lack of proper guidance and lack of practice.', NULL, 302203030048, 302203030048, '2020-02-16 14:20:30', '2020-02-16 14:20:30', NULL),
(88, 302203030048, 3, 3, 1, 57, 2020, '01:58', 10, NULL, NULL, '{\"61\":\"2\",\"62\":\"2\",\"63\":\"2\",\"64\":\"2\",\"65\":\"2\",\"66\":\"2\",\"67\":\"2\",\"68\":\"2\",\"69\":\"2\",\"70\":\"2\"}', 20.00, NULL, 'Has low interest and easily distracted.', NULL, 302203030048, 302203030048, '2020-02-16 14:22:39', '2020-02-16 14:22:39', NULL),
(89, 302203030048, 3, 4, 1, 58, 2020, '02:17', 10, NULL, NULL, '{\"71\":\"5\",\"72\":\"5\",\"73\":\"5\",\"74\":\"5\",\"75\":\"5\",\"76\":\"5\",\"77\":\"5\",\"78\":\"5\",\"79\":\"5\",\"80\":\"5\"}', 50.00, NULL, 'Has positive disposition and shown excellent ability to set goals and achieve them.', NULL, 302203030048, 302203030048, '2020-02-16 14:25:12', '2020-02-16 14:25:12', NULL),
(90, 302203030048, 3, 3, 0, 16, 2020, '05:02', 25, 24, 1, '{\"526\":\"2\",\"523\":\"3\",\"553\":\"3\",\"558\":\"3\",\"547\":\"3\",\"527\":\"3\",\"557\":\"2\",\"546\":\"2\",\"548\":\"2\",\"520\":\"2\",\"559\":\"3\",\"536\":\"4\",\"535\":\"2\",\"556\":\"4\",\"550\":\"1\",\"541\":\"2\",\"533\":\"3\",\"540\":\"4\",\"530\":\"1\",\"543\":\"2\",\"537\":\"2\",\"542\":\"1\",\"522\":\"3\",\"549\":\"2\",\"524\":\"3\"}', 24.00, 96.00, 'Very Superior/Gifted', NULL, 302203030048, 302203030048, '2020-02-16 14:31:51', '2020-02-16 14:31:51', NULL),
(91, 10118040001, 5, 1, 0, 40, 2020, '02:34', 25, 8, 17, '{\"975\":\"1\",\"982\":\"4\",\"988\":\"1\",\"1007\":\"2\",\"970\":\"4\",\"971\":\"2\",\"996\":\"4\",\"1000\":\"4\",\"994\":\"2\",\"991\":\"2\",\"976\":\"3\",\"977\":\"4\",\"973\":\"4\",\"1003\":\"4\",\"985\":\"4\",\"972\":\"4\",\"979\":\"4\",\"993\":\"4\",\"1002\":\"4\",\"1005\":\"2\",\"999\":\"2\",\"1004\":\"2\",\"1009\":\"2\",\"1008\":\"2\",\"1001\":\"4\"}', 8.00, 32.00, 'যথেষ্ট দূর্বল!  গণিতের মৌলিক  জ্ঞানের তীব্র অভাব পরিলক্ষিত হয়।', NULL, 10118040001, 10118040001, '2020-02-16 14:44:02', '2020-02-16 14:44:02', NULL),
(92, 10118040001, 5, 1, 1, 82, 2020, '01:24', 10, NULL, NULL, '{\"81\":\"4\",\"82\":\"4\",\"83\":\"2\",\"84\":\"2\",\"85\":\"5\",\"86\":\"3\",\"87\":\"4\",\"88\":\"4\",\"89\":\"2\",\"90\":\"4\"}', 34.00, NULL, 'মাঝারি বা পরিমিত পরিমান ঘাবড়ানোর লক্ষণ প্রদর্শিত হয়, যা একজন শিক্ষার্থীকে তার লক্ষ ঠিক রাখতে এবং মনোযোগী হতে সাহায্য করতে পারে।', NULL, 10118040001, 10118040001, '2020-02-16 14:46:52', '2020-02-16 14:46:52', NULL),
(93, 10118040001, 5, 2, 1, 83, 2020, '00:54', 10, NULL, NULL, '{\"91\":\"4\",\"92\":\"2\",\"93\":\"4\",\"94\":\"4\",\"95\":\"4\",\"96\":\"1\",\"97\":\"2\",\"98\":\"2\",\"99\":\"3\",\"100\":\"2\"}', 28.00, NULL, 'সঠিক দিকনির্দেশনা এবং সঠিকভাবে অনুশীলনের অভাবে গণিত শিখার ক্ষেত্রে অসন্তোষ প্রকাশ পায়।', NULL, 10118040001, 10118040001, '2020-02-16 15:00:50', '2020-02-16 15:00:50', NULL),
(94, 10118040001, 5, 3, 1, 84, 2020, '03:13', 10, NULL, NULL, '{\"101\":\"3\",\"102\":\"2\",\"103\":\"4\",\"104\":\"4\",\"105\":\"4\",\"106\":\"4\",\"107\":\"4\",\"108\":\"4\",\"109\":\"3\",\"110\":\"3\"}', 35.00, NULL, 'গণিতের প্রতি আগ্রহ কম এবং সহজে অমনোযোগী হয়ে যায়।', NULL, 10118040001, 10118040001, '2020-02-16 15:04:29', '2020-02-16 15:04:29', NULL),
(95, 10118040001, 5, 4, 1, 85, 2020, '01:29', 10, NULL, NULL, '{\"111\":\"4\",\"112\":\"4\",\"113\":\"4\",\"114\":\"4\",\"115\":\"4\",\"116\":\"4\",\"117\":\"3\",\"118\":\"4\",\"119\":\"4\",\"120\":null}', 35.00, NULL, 'অমনোযোগী, গণিতের প্রতি কম আগ্রহ।', NULL, 10118040001, 10118040001, '2020-02-16 15:06:27', '2020-02-16 15:06:27', NULL),
(96, 302203030048, 3, 4, 0, 29, 2020, '08:38', 30, 30, 0, '{\"698\":\"4\",\"724\":\"3\",\"729\":\"4\",\"693\":\"4\",\"697\":\"3\",\"726\":\"4\",\"694\":\"2\",\"689\":\"3\",\"705\":\"3\",\"704\":\"4\",\"710\":\"1\",\"711\":\"4\",\"721\":\"1\",\"722\":\"3\",\"730\":\"4\",\"716\":\"4\",\"684\":\"3\",\"707\":\"4\",\"706\":\"2\",\"690\":\"3\",\"695\":\"2\",\"692\":\"1\",\"688\":\"3\",\"699\":\"4\",\"718\":\"2\",\"713\":\"3\",\"731\":\"3\",\"725\":\"4\",\"714\":\"3\",\"715\":\"2\"}', 30.00, 100.00, 'Excellent! Have solid basic knowledge in mathematical operations and strong manipulative skills.', NULL, 302203030048, 302203030048, '2020-02-16 15:07:07', '2020-02-16 15:07:07', NULL),
(97, 302203030048, 3, 1, 2, 38, 2020, '02:52', 15, NULL, NULL, '{\"20\":\"2\",\"29\":\"2\",\"22\":\"3\",\"23\":\"4\",\"21\":\"4\",\"16\":\"1\",\"24\":\"5\",\"19\":\"4\",\"17\":\"3\",\"28\":\"2\",\"26\":\"2\",\"30\":\"4\",\"18\":\"1\",\"27\":\"5\",\"25\":\"2\"}', 44.00, NULL, 'Has moderate capacity to recall events, facts or processes.', NULL, 302203030048, 302203030048, '2020-02-16 15:10:11', '2020-02-16 15:10:11', NULL),
(98, 10118040001, 5, 3, 0, 21, 2020, '05:02', 25, 14, 11, '{\"419\":\"2\",\"402\":\"4\",\"398\":\"4\",\"391\":\"2\",\"386\":\"2\",\"392\":\"3\",\"418\":\"4\",\"397\":\"4\",\"390\":\"4\",\"404\":\"2\",\"411\":\"4\",\"417\":\"4\",\"406\":\"1\",\"395\":\"3\",\"385\":\"3\",\"393\":\"3\",\"416\":\"3\",\"409\":\"3\",\"388\":\"2\",\"851\":\"4\",\"405\":\"3\",\"400\":\"2\",\"387\":\"4\",\"384\":\"2\",\"415\":\"4\"}', 14.00, 56.00, 'গড়মানের কম', NULL, 10118040001, 10118040001, '2020-02-16 15:12:02', '2020-02-16 15:12:02', NULL),
(99, 302203030048, 3, 2, 2, 54, 2020, '03:17', 15, 15, 0, '{\"17\":\"2\",\"25\":\"2\",\"20\":\"2\",\"22\":\"4\",\"14\":\"3\",\"11\":\"2\",\"13\":\"3\",\"19\":\"4\",\"12\":\"3\",\"15\":\"2\",\"23\":\"3\",\"16\":\"2\",\"21\":\"4\",\"24\":\"2\",\"18\":\"4\"}', 15.00, 100.00, 'Has strong capacity for storing, managing, and retrieving information.', NULL, 302203030048, 302203030048, '2020-02-16 15:13:39', '2020-02-16 15:13:39', NULL),
(100, 10118040001, 5, 4, 0, 53, 2020, '02:23', 35, 7, 28, '{\"1228\":\"4\",\"1266\":\"4\",\"1253\":\"4\",\"1239\":\"2\",\"1238\":\"2\",\"1274\":\"4\",\"1234\":\"0\",\"1260\":\"4\",\"1243\":\"4\",\"1242\":\"4\",\"1240\":\"4\",\"1257\":\"4\",\"682\":\"4\",\"1225\":\"4\",\"1275\":\"4\",\"1268\":\"4\",\"1221\":\"4\",\"1244\":\"4\",\"1222\":\"4\",\"1261\":\"4\",\"1265\":\"4\",\"1227\":\"4\",\"1246\":\"4\",\"1252\":\"4\",\"1236\":\"4\",\"1220\":\"4\",\"1229\":\"4\",\"1233\":\"4\",\"1272\":\"4\",\"1258\":\"4\",\"1255\":\"4\",\"1264\":\"4\",\"1251\":\"4\",\"1273\":\"4\",\"1259\":\"4\"}', 7.00, 20.00, 'যথেষ্ট দূর্বল!  গাণিতিক প্রক্রিয়ায় প্রয়োজনীয় মৌলিক  জ্ঞানের অভাব পরিলক্ষিত হয়।', NULL, 10118040001, 10118040001, '2020-02-16 15:21:46', '2020-02-16 15:21:46', NULL),
(101, 10118040001, 5, 5, 0, 30, 2020, '01:15', 25, 5, 20, '{\"516\":\"3\",\"495\":\"4\",\"512\":\"4\",\"491\":\"0\",\"500\":\"4\",\"509\":\"4\",\"515\":\"4\",\"490\":\"4\",\"506\":\"4\",\"517\":\"2\",\"514\":\"4\",\"503\":\"4\",\"508\":\"4\",\"502\":\"4\",\"519\":\"2\",\"511\":\"4\",\"494\":\"4\",\"496\":\"4\",\"493\":\"4\",\"507\":\"4\",\"497\":\"2\",\"518\":\"4\",\"492\":\"4\",\"498\":\"4\",\"510\":\"4\"}', 5.00, 20.00, 'মৌলিক জ্যামিতিক আকার এবং তাদের বৈশিষ্ট্যগুলি স্বীকৃতি দেওয়ার ক্ষেত্রে মৌলিক সমস্যা রয়েছে।', NULL, 10118040001, 10118040001, '2020-02-16 15:26:55', '2020-02-16 15:26:55', NULL),
(102, 10118040001, 5, 2, 0, 45, 2020, '00:36', 20, 4, 16, '{\"786\":\"4\",\"781\":\"0\",\"790\":\"2\",\"779\":\"4\",\"794\":\"4\",\"788\":\"4\",\"785\":\"4\",\"775\":\"4\",\"783\":\"2\",\"776\":\"4\",\"778\":\"4\",\"784\":\"4\",\"792\":\"4\",\"787\":\"4\",\"793\":\"4\",\"791\":\"4\",\"782\":\"4\",\"789\":\"4\",\"777\":\"4\",\"780\":\"2\"}', 4.00, 20.00, 'ডেটা ব্যাখ্যা করার জ্ঞান অত্যন্ত কম।', NULL, 10118040001, 10118040001, '2020-02-16 15:27:57', '2020-02-16 15:27:57', NULL),
(103, 10118040001, 5, 1, 2, 65, 2020, '01:28', 15, NULL, NULL, '{\"35\":\"3\",\"39\":\"4\",\"42\":\"2\",\"44\":\"3\",\"31\":\"4\",\"45\":\"4\",\"33\":\"5\",\"40\":\"5\",\"41\":\"3\",\"37\":\"4\",\"43\":\"4\",\"32\":\"4\",\"38\":\"4\",\"34\":\"4\",\"36\":\"4\"}', 57.00, NULL, 'অতীতের ঘটনা, তথ্য বা প্রক্রিয়া গুলো স্মরণ করার সক্ষমতা ভাল।', NULL, 10118040001, 10118040001, '2020-02-16 15:29:44', '2020-02-16 15:29:44', NULL),
(104, 10118030001, 4, 1, 0, 28, 2020, '06:14', 25, 24, 1, '{\"862\":\"1\",\"842\":\"2\",\"838\":\"2\",\"848\":\"3\",\"845\":\"4\",\"1174\":\"2\",\"1178\":\"4\",\"854\":\"4\",\"1167\":\"4\",\"1165\":\"1\",\"859\":\"3\",\"1172\":\"3\",\"836\":\"3\",\"846\":\"3\",\"837\":\"2\",\"1173\":\"2\",\"1168\":\"4\",\"840\":\"2\",\"1170\":\"3\",\"849\":\"1\",\"1163\":\"4\",\"856\":\"2\",\"1164\":\"2\",\"858\":\"2\",\"1169\":\"3\"}', 24.00, 96.00, 'অসাধারণ!  গণিতে ব্যতিক্রমী সমস্যার সমাধান এবং সূক্ষ্মভাবে চিন্তা করার দক্ষতা পরিলক্ষিত হয়।', NULL, 10118030001, 10118030001, '2020-02-16 15:30:47', '2020-02-16 15:30:47', NULL),
(105, 10118040001, 5, 2, 2, 68, 2020, '03:37', 15, 7, 8, '{\"66\":\"2\",\"68\":\"4\",\"57\":\"4\",\"65\":\"4\",\"69\":\"2\",\"60\":\"0\",\"61\":\"2\",\"63\":\"2\",\"67\":\"4\",\"58\":\"4\",\"56\":\"4\",\"70\":\"3\",\"59\":\"4\",\"62\":\"3\",\"64\":\"4\"}', 7.00, 46.67, 'তথ্য সংরক্ষণ, পরিচালনা এবং পুনরুদ্ধারের ক্ষমতা অসাধারন।', NULL, 10118040001, 10118040001, '2020-02-16 15:34:06', '2020-02-16 15:34:06', NULL),
(106, 10118030001, 4, 1, 1, 73, 2020, '01:04', 10, NULL, NULL, '{\"81\":\"1\",\"82\":\"1\",\"83\":\"1\",\"84\":\"3\",\"85\":\"3\",\"86\":\"1\",\"87\":\"1\",\"88\":\"2\",\"89\":\"2\",\"90\":\"2\"}', 17.00, NULL, 'পরীক্ষায় ঘাবড়ানোর বা চাপের লক্ষণ নেই। এটা খুবই ভাল। গণিতে ভাল প্রস্তুতির জন্য ও গণিতের প্রতি ইতিবাচক থাকার জন্য এমনটা হতে পারে । ( কিন্তু মাঝে মাঝে মাত্রাতিরিক্ত আত্মবিশ্বাস অথবা পড়াশোনা এড়িয়ে যাওয়ার বা ভাল না লাগার জন্যও এই স্তরের অন্তর্ভুক্ত হতে পারে, যা অন্যান্য লক্ষণ দ্বারা নির্ধারণ করা প্রয়োজন। )', NULL, 10118030001, 10118030001, '2020-02-16 15:34:33', '2020-02-16 15:34:33', NULL),
(107, 302203050400, 5, 1, 0, 37, 2020, '03:01', 25, 12, 13, '{\"883\":\"2\",\"966\":\"1\",\"940\":\"4\",\"957\":\"4\",\"961\":\"2\",\"950\":\"2\",\"954\":\"2\",\"953\":\"2\",\"958\":\"4\",\"947\":\"4\",\"955\":\"4\",\"881\":\"2\",\"963\":\"4\",\"962\":\"4\",\"944\":\"4\",\"965\":\"4\",\"943\":\"4\",\"948\":\"4\",\"945\":\"4\",\"885\":\"4\",\"887\":\"4\",\"946\":\"2\",\"941\":\"4\",\"886\":\"4\",\"942\":\"2\"}', 12.00, 48.00, 'Very poor performance. Have deficiency in basic knowledge and understanding.', NULL, 302203050400, 302203050400, '2020-02-16 15:39:09', '2020-02-16 15:39:09', NULL),
(108, 10118030001, 4, 2, 1, 74, 2020, '05:27', 10, NULL, NULL, '{\"91\":\"1\",\"92\":\"1\",\"93\":\"1\",\"94\":\"1\",\"95\":\"1\",\"96\":\"1\",\"97\":\"0\",\"98\":\"1\",\"99\":\"1\",\"100\":\"1\"}', 9.00, NULL, 'গণিত শিখতে আনন্দদায়ক অভিজঙ্গতা আছে এবং গণিত শিখতে কোন অসুবিধা হয় না।', NULL, 10118030001, 10118030001, '2020-02-16 15:40:13', '2020-02-16 15:40:13', NULL),
(109, 10118030001, 4, 3, 1, 76, 2020, '01:18', 10, NULL, NULL, '{\"101\":\"1\",\"102\":\"1\",\"103\":\"1\",\"104\":\"1\",\"105\":\"2\",\"106\":\"1\",\"107\":\"1\",\"108\":\"2\",\"109\":\"1\",\"110\":\"1\"}', 12.00, NULL, 'গণিত শিখার প্রতি ভাল আগ্রহ আছে এবং নিয়মিত গণিত চর্চা করার অভ্যাস আছে।', NULL, 10118030001, 10118030001, '2020-02-16 15:41:54', '2020-02-16 15:41:54', NULL),
(110, 302203050400, 5, 1, 1, 77, 2020, '04:12', 10, NULL, NULL, '{\"41\":\"2\",\"42\":\"2\",\"43\":\"2\",\"44\":\"2\",\"45\":\"2\",\"46\":\"2\",\"47\":\"2\",\"48\":\"2\",\"49\":\"2\",\"50\":\"2\"}', 20.00, NULL, 'Exhibit moderate level of nervousness which is healthy to keep a student focused and attentive.', NULL, 302203050400, 302203050400, '2020-02-16 15:46:03', '2020-02-16 15:46:03', NULL),
(111, 302203050400, 5, 2, 1, 79, 2020, '00:41', 10, NULL, NULL, '{\"51\":\"4\",\"52\":\"3\",\"53\":\"2\",\"54\":\"2\",\"55\":\"2\",\"56\":\"2\",\"57\":\"3\",\"58\":\"3\",\"59\":\"3\",\"60\":\"3\"}', 27.00, NULL, 'Somewhat discontent about Mathematical learning that may be stemmed from lack of proper guidance and lack of practice.', NULL, 302203050400, 302203050400, '2020-02-16 15:48:03', '2020-02-16 15:48:03', NULL),
(112, 302203050400, 5, 3, 1, 80, 2020, '00:22', 10, NULL, NULL, '{\"61\":\"1\",\"62\":\"2\",\"63\":\"2\",\"64\":\"2\",\"65\":\"2\",\"66\":\"3\",\"67\":\"3\",\"68\":\"3\",\"69\":\"3\",\"70\":\"3\"}', 24.00, NULL, 'Has low interest and easily distracted.', NULL, 302203050400, 302203050400, '2020-02-16 15:48:49', '2020-02-16 15:48:49', NULL),
(113, 302203050400, 5, 4, 1, 81, 2020, '00:42', 10, NULL, NULL, '{\"71\":\"5\",\"72\":\"4\",\"73\":\"4\",\"74\":\"4\",\"75\":\"3\",\"76\":\"3\",\"77\":\"4\",\"78\":\"4\",\"79\":\"3\",\"80\":\"3\"}', 37.00, NULL, 'Has positive disposition and shown excellent ability to set goals and achieve them.', NULL, 302203050400, 302203050400, '2020-02-16 15:49:44', '2020-02-16 15:49:44', NULL),
(114, 302203050400, 5, 3, 0, 20, 2020, '01:19', 25, 5, 20, '{\"285\":\"2\",\"294\":\"4\",\"280\":\"4\",\"265\":\"4\",\"283\":\"4\",\"850\":\"4\",\"275\":\"4\",\"268\":\"4\",\"296\":\"4\",\"295\":\"2\",\"293\":\"2\",\"277\":\"2\",\"287\":\"4\",\"273\":\"4\",\"298\":\"2\",\"297\":\"4\",\"284\":\"4\",\"278\":\"4\",\"279\":\"4\",\"264\":\"4\",\"266\":\"4\",\"282\":\"2\",\"274\":\"4\",\"286\":\"4\",\"269\":\"4\"}', 5.00, 20.00, 'Extremely Low', NULL, 302203050400, 302203050400, '2020-02-16 15:51:28', '2020-02-16 15:51:28', NULL),
(115, 302203050400, 5, 4, 0, 59, 2020, '01:06', 35, 8, 27, '{\"1317\":\"4\",\"1339\":\"4\",\"1332\":\"2\",\"1328\":\"4\",\"1284\":\"4\",\"1278\":\"4\",\"1312\":\"1\",\"1321\":\"1\",\"1288\":\"1\",\"1287\":\"2\",\"1303\":\"4\",\"1333\":\"4\",\"1299\":\"4\",\"1319\":\"4\",\"1281\":\"4\",\"1291\":\"2\",\"1286\":\"2\",\"1300\":\"2\",\"1305\":\"2\",\"1336\":\"2\",\"1283\":\"2\",\"1340\":\"2\",\"1335\":\"2\",\"1314\":\"4\",\"1306\":\"4\",\"1304\":\"2\",\"1324\":\"4\",\"1313\":\"2\",\"1310\":\"3\",\"1279\":\"2\",\"1289\":\"4\",\"1296\":\"4\",\"1280\":\"4\",\"1318\":\"4\",\"1290\":\"4\"}', 8.00, 22.86, 'Very poor! Do not have required basic knowledge in mathematical operations.', NULL, 302203050400, 302203050400, '2020-02-16 15:53:02', '2020-02-16 15:53:02', NULL),
(116, 10118030010, 4, 1, 0, 28, 2020, '00:30', 25, 0, 25, '{\"836\":\"0\",\"856\":\"0\",\"842\":\"0\",\"1165\":\"0\",\"862\":\"0\",\"840\":\"0\",\"1168\":\"0\",\"1170\":\"0\",\"1166\":\"0\",\"1174\":\"0\",\"1175\":\"0\",\"839\":\"0\",\"857\":\"0\",\"845\":\"0\",\"858\":\"0\",\"855\":\"0\",\"1177\":\"0\",\"1172\":\"0\",\"863\":\"0\",\"1171\":\"0\",\"861\":\"0\",\"843\":\"0\",\"838\":\"0\",\"1169\":\"0\",\"1163\":\"0\"}', 0.00, 0.00, 'যথেষ্ট দূর্বল!  গণিতের মৌলিক  জ্ঞানের তীব্র অভাব পরিলক্ষিত হয়।', NULL, 10118030010, 10118030010, '2020-02-16 15:56:40', '2020-02-16 15:56:40', NULL),
(117, 10118030010, 4, 1, 1, 73, 2020, '01:26', 10, NULL, NULL, '{\"81\":\"2\",\"82\":\"0\",\"83\":\"2\",\"84\":\"0\",\"85\":\"0\",\"86\":\"0\",\"87\":\"0\",\"88\":\"0\",\"89\":\"0\",\"90\":\"0\"}', 4.00, NULL, 'পরীক্ষায় ঘাবড়ানোর বা চাপের লক্ষণ নেই। এটা খুবই ভাল। গণিতে ভাল প্রস্তুতির জন্য ও গণিতের প্রতি ইতিবাচক থাকার জন্য এমনটা হতে পারে । ( কিন্তু মাঝে মাঝে মাত্রাতিরিক্ত আত্মবিশ্বাস অথবা পড়াশোনা এড়িয়ে যাওয়ার বা ভাল না লাগার জন্যও এই স্তরের অন্তর্ভুক্ত হতে পারে, যা অন্যান্য লক্ষণ দ্বারা নির্ধারণ করা প্রয়োজন। )', NULL, 10118030010, 10118030010, '2020-02-16 16:00:26', '2020-02-16 16:00:26', NULL),
(118, 10118030010, 4, 2, 1, 74, 2020, '00:30', 10, NULL, NULL, '{\"91\":\"5\",\"92\":\"5\",\"93\":\"5\",\"94\":\"5\",\"95\":\"5\",\"96\":\"5\",\"97\":\"5\",\"98\":\"5\",\"99\":\"5\",\"100\":\"5\"}', 50.00, NULL, 'বহিরাগত কারণসমূহ দ্বারা মারাত্মকভাবে প্রভাবিত। পূর্বের খারাপ অভিজ্ঞতা বা দূর্বল শিক্ষাদান পদ্ধতি এবং গণিত শিক্ষার ক্ষেত্রে জীবনে নেতিবাচক অভিজ্ঞতার কারণে গণিত শিখার ক্ষেত্রে প্রবল অসন্তোষ প্রকাশ পায়।', NULL, 10118030010, 10118030010, '2020-02-16 16:01:20', '2020-02-16 16:01:20', NULL),
(119, 10118030010, 4, 3, 1, 76, 2020, '00:30', 10, NULL, NULL, '{\"101\":\"5\",\"102\":\"5\",\"103\":\"5\",\"104\":\"5\",\"105\":\"5\",\"106\":\"5\",\"107\":\"5\",\"108\":\"5\",\"109\":\"5\",\"110\":\"5\"}', 50.00, NULL, 'খুব কম আত্মবিশ্বাস। অন্যের সহযোগিতার প্রতি চরম আকারে নির্ভশীলতা লক্ষ্য করা যায় এবং ভুল পদ্ধতিতে অনুশীলন করার অভ্যাস।', NULL, 10118030010, 10118030010, '2020-02-16 16:02:31', '2020-02-16 16:02:31', NULL),
(120, 10118030010, 4, 1, 2, 67, 2020, '00:24', 15, NULL, NULL, '{\"36\":\"0\",\"34\":\"0\",\"39\":\"0\",\"37\":\"0\",\"43\":\"0\",\"45\":\"0\",\"41\":\"0\",\"31\":\"0\",\"32\":\"0\",\"44\":\"0\",\"35\":\"0\",\"42\":\"0\",\"33\":\"0\",\"38\":\"0\",\"40\":\"0\"}', 0.00, NULL, 'অতীতের ঘটনা, তথ্য বা প্রক্রিয়া গুলো স্মরণ করার সক্ষমতা খুব কম।', NULL, 10118030010, 10118030010, '2020-02-16 16:04:19', '2020-02-16 16:04:19', NULL),
(121, 10118030010, 4, 3, 0, 19, 2020, '00:34', 30, 0, 30, '{\"597\":\"0\",\"591\":\"0\",\"589\":\"0\",\"593\":\"0\",\"562\":\"0\",\"563\":\"0\",\"586\":\"0\",\"584\":\"0\",\"571\":\"0\",\"583\":\"0\",\"569\":\"0\",\"592\":\"0\",\"572\":\"0\",\"588\":\"0\",\"578\":\"0\",\"565\":\"0\",\"585\":\"0\",\"564\":\"0\",\"575\":\"0\",\"561\":\"0\",\"579\":\"0\",\"566\":\"0\",\"570\":\"0\",\"582\":\"0\",\"577\":\"0\",\"590\":\"0\",\"567\":\"0\",\"573\":\"0\",\"580\":\"0\",\"574\":\"0\"}', 0.00, 0.00, 'অত্যন্ত কম', NULL, 10118030010, 10118030010, '2020-02-16 16:06:51', '2020-02-16 16:06:51', NULL),
(122, 10118030010, 4, 4, 0, 44, 2020, '00:22', 30, 0, 30, '{\"1134\":\"0\",\"1152\":\"0\",\"1132\":\"0\",\"1128\":\"0\",\"1129\":\"0\",\"1126\":\"0\",\"1149\":\"0\",\"1131\":\"0\",\"1156\":\"0\",\"1160\":\"0\",\"1137\":\"0\",\"1142\":\"0\",\"1130\":\"0\",\"1146\":\"0\",\"1154\":\"0\",\"1159\":\"0\",\"1140\":\"0\",\"1155\":\"0\",\"1136\":\"0\",\"1127\":\"0\",\"1153\":\"0\",\"1144\":\"0\",\"1123\":\"0\",\"1141\":\"0\",\"1139\":\"0\",\"1157\":\"0\",\"1148\":\"0\",\"1158\":\"0\",\"1147\":\"0\",\"1135\":\"0\"}', 0.00, 0.00, 'যথেষ্ট দূর্বল!  গাণিতিক প্রক্রিয়ায় প্রয়োজনীয় মৌলিক  জ্ঞানের অভাব পরিলক্ষিত হয়।', NULL, 10118030010, 10118030010, '2020-02-16 16:08:43', '2020-02-16 16:08:43', NULL),
(123, 302203050400, 5, 5, 0, 31, 2020, '01:03', 25, 7, 18, '{\"489\":\"1\",\"464\":\"2\",\"457\":\"1\",\"459\":\"2\",\"475\":\"2\",\"469\":\"4\",\"476\":\"2\",\"458\":\"2\",\"465\":\"2\",\"455\":\"2\",\"467\":\"2\",\"456\":\"4\",\"466\":\"4\",\"468\":\"4\",\"461\":\"1\",\"472\":\"4\",\"484\":\"4\",\"480\":\"2\",\"474\":\"4\",\"483\":\"4\",\"463\":\"1\",\"471\":\"2\",\"477\":\"2\",\"485\":\"2\",\"486\":\"2\"}', 7.00, 28.00, 'Has fundamental problem in recognizing basic geometrical shapesand their properties.', NULL, 302203050400, 302203050400, '2020-02-16 16:13:59', '2020-02-16 16:13:59', NULL),
(124, 302203050400, 5, 2, 0, 46, 2020, '01:17', 20, 8, 12, '{\"617\":\"2\",\"603\":\"4\",\"604\":\"4\",\"613\":\"2\",\"606\":\"1\",\"620\":\"4\",\"605\":\"2\",\"619\":\"4\",\"609\":\"4\",\"616\":\"4\",\"611\":\"4\",\"608\":\"4\",\"610\":\"0\",\"601\":\"4\",\"607\":\"4\",\"615\":\"4\",\"602\":\"1\",\"614\":\"4\",\"618\":\"4\",\"612\":\"4\"}', 8.00, 40.00, 'Shows poor capacity of interpreting data.', NULL, 302203050400, 302203050400, '2020-02-16 16:15:38', '2020-02-16 16:15:38', NULL),
(125, 302203050400, 5, 1, 2, 63, 2020, '00:26', 15, NULL, NULL, '{\"28\":\"2\",\"20\":\"3\",\"27\":\"4\",\"19\":\"3\",\"30\":\"3\",\"24\":\"4\",\"23\":\"3\",\"17\":\"3\",\"16\":\"3\",\"29\":\"3\",\"21\":\"3\",\"22\":\"3\",\"26\":\"3\",\"25\":\"3\",\"18\":\"2\"}', 45.00, NULL, 'Has moderate capacity to recall events, facts or processes.', NULL, 302203050400, 302203050400, '2020-02-16 16:16:23', '2020-02-16 16:16:23', NULL),
(126, 302203050400, 5, 2, 2, 64, 2020, '02:32', 15, 12, 2, '{\"54\":\"4\",\"49\":\"4\",\"52\":\"3\",\"46\":\"2\",\"42\":\"4\",\"45\":\"2\",\"55\":\"3\",\"48\":\"4\",\"47\":\"3\",\"43\":\"4\",\"41\":\"2\",\"50\":\"4\",\"53\":\"2\",\"51\":\"4\"}', 12.00, 80.00, 'Has strong capacity for storing, managing, and retrieving information.', NULL, 302203050400, 302203050400, '2020-02-16 16:19:07', '2020-02-16 16:19:07', NULL),
(127, 10118030001, 4, 4, 1, 75, 2020, '04:17', 10, NULL, NULL, '{\"111\":\"5\",\"112\":\"5\",\"113\":\"5\",\"114\":\"5\",\"115\":\"5\",\"116\":\"5\",\"117\":\"5\",\"118\":\"4\",\"119\":\"5\",\"120\":\"5\"}', 49.00, NULL, 'ইতিবাচক আচরন লক্ষ্যনীয় এবং লক্ষ্য স্থির করতে ও কাঙ্ক্ষিত ফলাফল অর্জনে সক্ষম ', NULL, 10118030001, 10118030001, '2020-02-16 17:00:05', '2020-02-16 17:00:05', NULL);
INSERT INTO `bdedu_exam_results` (`exam_result_row_id`, `student_id`, `class_row_id`, `exam_category_row_id`, `is_psychology`, `exam_row_id`, `exam_year`, `total_time_taken`, `total_questions`, `total_correct_answer`, `total_wrong_answer`, `all_question_row_id`, `total_marks`, `percentage_obtained`, `comment`, `assessor_comment`, `created_by`, `updated_by`, `created_at`, `updated_at`, `attempt_no`) VALUES
(128, 10118030001, 4, 3, 0, 19, 2020, '05:20', 30, 28, 2, '{\"592\":\"4\",\"582\":\"2\",\"569\":\"2\",\"597\":\"2\",\"594\":\"3\",\"585\":\"2\",\"565\":\"3\",\"561\":\"2\",\"598\":\"3\",\"566\":\"3\",\"589\":\"2\",\"580\":\"4\",\"570\":\"4\",\"584\":\"2\",\"568\":\"3\",\"587\":\"2\",\"596\":\"4\",\"577\":\"4\",\"571\":\"1\",\"574\":\"3\",\"567\":\"2\",\"578\":\"2\",\"576\":\"2\",\"579\":\"1\",\"593\":\"3\",\"572\":\"2\",\"562\":\"4\",\"573\":\"2\",\"599\":\"3\",\"590\":\"3\"}', 28.00, 93.33, 'অধিকতর উচ্চতর', NULL, 10118030001, 10118030001, '2020-02-16 17:07:01', '2020-02-16 17:07:01', NULL),
(129, 10118030001, 4, 4, 0, 44, 2020, '12:19', 30, 25, 5, '{\"1132\":\"2\",\"1125\":\"4\",\"1138\":\"4\",\"1144\":\"3\",\"1158\":\"2\",\"1161\":\"2\",\"1160\":\"2\",\"1146\":\"3\",\"1128\":\"4\",\"1140\":\"4\",\"1124\":\"4\",\"1133\":\"2\",\"1149\":\"4\",\"1162\":\"3\",\"1150\":\"2\",\"1156\":\"4\",\"1143\":\"3\",\"1136\":\"4\",\"1126\":\"0\",\"1155\":\"4\",\"1148\":\"4\",\"1153\":\"4\",\"1139\":\"3\",\"1129\":\"2\",\"1145\":\"2\",\"1134\":\"2\",\"1154\":\"3\",\"1142\":\"2\",\"1147\":\"4\",\"1157\":\"3\"}', 25.00, 83.33, 'ভাল! গণিতের প্রয়োজনীয় মৌলিক জ্ঞান এবং গাণিতিক সমস্যা সমাধানে দক্ষতা পরিলক্ষিত হয়। ', NULL, 10118030001, 10118030001, '2020-02-16 17:19:44', '2020-02-16 17:19:44', NULL),
(130, 10118030001, 4, 2, 0, 33, 2020, '06:59', 20, 17, 3, '{\"777\":\"1\",\"788\":\"4\",\"794\":\"2\",\"782\":\"4\",\"792\":\"4\",\"790\":\"4\",\"779\":\"2\",\"778\":\"2\",\"776\":\"4\",\"793\":\"3\",\"775\":\"1\",\"785\":\"2\",\"780\":\"1\",\"791\":\"2\",\"784\":\"1\",\"786\":\"3\",\"781\":\"1\",\"787\":\"2\",\"783\":\"2\",\"789\":\"4\"}', 17.00, 85.00, 'ডেটা বিশ্লেষণ করে ডেটা থেকে প্রয়োজনীয় তথ্য সংগ্রহ করা এবং সিদ্ধান্ত গ্রহণের অত্যন্ত ভাল দক্ষতা রয়েছে।', NULL, 10118030001, 10118030001, '2020-02-16 17:26:53', '2020-02-16 17:26:53', NULL),
(131, 10118030001, 4, 1, 2, 67, 2020, '01:26', 15, NULL, NULL, '{\"37\":\"3\",\"31\":\"1\",\"32\":\"3\",\"41\":\"1\",\"36\":\"4\",\"34\":\"4\",\"33\":\"3\",\"40\":\"3\",\"45\":\"5\",\"44\":\"1\",\"38\":\"4\",\"39\":\"4\",\"42\":\"5\",\"43\":\"3\",\"35\":\"1\"}', 45.00, NULL, 'অতীতের ঘটনা, তথ্য বা প্রক্রিয়া গুলো স্মরণ করার সক্ষমতা পরিমিত।', NULL, 10118030001, 10118030001, '2020-02-16 17:28:27', '2020-02-16 17:28:27', NULL),
(132, 10118030001, 4, 2, 2, 66, 2020, '02:28', 15, 15, 0, '{\"36\":\"4\",\"30\":\"2\",\"39\":\"2\",\"27\":\"3\",\"37\":\"4\",\"26\":\"2\",\"38\":\"3\",\"28\":\"3\",\"29\":\"3\",\"31\":\"2\",\"32\":\"2\",\"33\":\"4\",\"40\":\"2\",\"34\":\"4\",\"35\":\"2\"}', 15.00, 100.00, 'তথ্য সংরক্ষণ, পরিচালনা এবং পুনরুদ্ধারের ক্ষমতা অসাধারন।', NULL, 10118030001, 10118030001, '2020-02-16 17:31:04', '2020-02-16 17:31:04', NULL),
(133, 10118040003, 5, 2, 2, 68, 2020, '04:37', 15, 14, 1, '{\"64\":\"4\",\"58\":\"4\",\"60\":\"2\",\"56\":\"4\",\"65\":\"4\",\"63\":\"4\",\"67\":\"3\",\"66\":\"4\",\"59\":\"3\",\"68\":\"2\",\"69\":\"4\",\"70\":\"3\",\"61\":\"2\",\"57\":\"4\",\"62\":\"3\"}', 14.00, 93.33, 'তথ্য সংরক্ষণ, পরিচালনা এবং পুনরুদ্ধারের ক্ষমতা অসাধারন।', NULL, 10118040003, 10118040003, '2020-02-16 17:46:50', '2020-02-16 17:46:50', NULL),
(134, 10118040003, 5, 1, 2, 65, 2020, '01:35', 15, NULL, NULL, '{\"36\":\"5\",\"33\":\"3\",\"38\":\"4\",\"40\":\"3\",\"35\":\"1\",\"43\":\"2\",\"32\":\"2\",\"42\":\"5\",\"31\":\"1\",\"44\":\"1\",\"45\":\"4\",\"37\":\"5\",\"34\":\"3\",\"39\":\"3\",\"41\":\"2\"}', 44.00, NULL, 'অতীতের ঘটনা, তথ্য বা প্রক্রিয়া গুলো স্মরণ করার সক্ষমতা পরিমিত।', NULL, 10118040003, 10118040003, '2020-02-16 17:49:03', '2020-02-16 17:49:03', NULL),
(135, 10118040003, 5, 2, 0, 45, 2020, '05:02', 20, 19, 1, '{\"790\":\"4\",\"788\":\"4\",\"779\":\"2\",\"787\":\"2\",\"784\":\"1\",\"777\":\"1\",\"775\":\"1\",\"793\":\"3\",\"785\":\"2\",\"791\":\"2\",\"778\":\"2\",\"782\":\"4\",\"776\":\"4\",\"792\":\"4\",\"789\":\"2\",\"783\":\"1\",\"781\":\"1\",\"794\":\"2\",\"780\":\"1\",\"786\":\"3\"}', 19.00, 95.00, 'ডেটা বিশ্লেষণ করে ডেটা থেকে প্রয়োজনীয় তথ্য সংগ্রহ করা এবং সিদ্ধান্ত গ্রহণের অত্যন্ত ভাল দক্ষতা রয়েছে।', NULL, 10118040003, 10118040003, '2020-02-19 16:04:08', '2020-02-19 16:04:08', NULL),
(136, 10118040003, 5, 1, 0, 40, 2020, '09:26', 25, 25, 0, '{\"1004\":\"3\",\"979\":\"2\",\"991\":\"4\",\"999\":\"2\",\"976\":\"4\",\"986\":\"4\",\"988\":\"1\",\"983\":\"1\",\"1000\":\"2\",\"984\":\"3\",\"993\":\"2\",\"1009\":\"4\",\"981\":\"4\",\"992\":\"1\",\"989\":\"1\",\"1002\":\"3\",\"1008\":\"2\",\"971\":\"4\",\"974\":\"4\",\"990\":\"3\",\"978\":\"2\",\"998\":\"2\",\"987\":\"3\",\"994\":\"2\",\"1007\":\"2\"}', 25.00, 100.00, 'অসাধারণ!  গণিতে ব্যতিক্রমী সমস্যার সমাধান এবং সূক্ষ্মভাবে চিন্তা করার দক্ষতা পরিলক্ষিত হয়।', NULL, 10118040003, 10118040003, '2020-02-20 09:56:36', '2020-02-20 09:56:36', NULL),
(137, 10118040003, 5, 3, 0, 21, 2020, '05:59', 25, 25, 0, '{\"395\":\"3\",\"417\":\"4\",\"396\":\"4\",\"383\":\"4\",\"408\":\"2\",\"403\":\"3\",\"398\":\"1\",\"413\":\"4\",\"394\":\"3\",\"389\":\"3\",\"390\":\"2\",\"401\":\"3\",\"386\":\"1\",\"419\":\"2\",\"852\":\"4\",\"409\":\"3\",\"404\":\"4\",\"418\":\"1\",\"397\":\"4\",\"393\":\"3\",\"851\":\"2\",\"853\":\"3\",\"387\":\"4\",\"412\":\"3\",\"410\":\"4\"}', 25.00, 100.00, 'অধিকতর উচ্চতর', NULL, 10118040003, 10118040003, '2020-02-20 14:52:27', '2020-02-20 14:52:27', 1),
(138, 10118020016, 3, 4, 0, 36, 2020, '03:21', 30, 28, 2, '{\"938\":\"4\",\"915\":\"4\",\"906\":\"4\",\"911\":\"3\",\"892\":\"2\",\"908\":\"3\",\"917\":\"4\",\"914\":\"2\",\"891\":\"4\",\"905\":\"4\",\"935\":\"4\",\"902\":\"3\",\"936\":\"4\",\"900\":\"2\",\"1294\":\"4\",\"928\":\"3\",\"925\":\"3\",\"903\":\"3\",\"897\":\"3\",\"927\":\"1\",\"894\":\"3\",\"890\":\"3\",\"896\":\"3\",\"909\":\"4\",\"923\":\"2\",\"916\":\"1\",\"907\":\"3\",\"918\":\"2\",\"898\":\"1\",\"1295\":\"3\"}', 28.00, 93.33, 'অসাধারণ! গাণিতিক প্রক্রিয়ায় দৃঢ় মৌলিক জ্ঞান এবং সুদৃঢ় কৌশলগত দক্ষতা আছে।', NULL, 10118020016, 10118020016, '2020-02-23 16:23:46', '2020-02-23 16:23:46', 1);

-- --------------------------------------------------------

--
-- Table structure for table `bdedu_institute_info`
--

CREATE TABLE `bdedu_institute_info` (
  `school_id` int(11) NOT NULL,
  `school_name` varchar(255) DEFAULT NULL,
  `api_key` varchar(255) DEFAULT NULL,
  `api_base_url` varchar(100) NOT NULL,
  `short_code` varchar(100) NOT NULL,
  `address` varchar(250) DEFAULT NULL,
  `logo` varchar(250) DEFAULT NULL,
  `EIIN` varchar(50) NOT NULL,
  `establishment_date` date DEFAULT NULL,
  `sort_order` int(5) NOT NULL DEFAULT '1',
  `default_version` tinyint(3) DEFAULT NULL,
  `status` int(2) DEFAULT '1'
) ENGINE=InnoDB DEFAULT CHARSET=latin1;

--
-- Dumping data for table `bdedu_institute_info`
--

INSERT INTO `bdedu_institute_info` (`school_id`, `school_name`, `api_key`, `api_base_url`, `short_code`, `address`, `logo`, `EIIN`, `establishment_date`, `sort_order`, `default_version`, `status`) VALUES
(101, 'ASIYA BARI IDEAL SCHOOL', 'YQ4HqIwQiUrElGegj0D1dA253MLyRqUrltzAXcwOLxs=', 'http://localhost/bdeducation/', 'ABIS', NULL, NULL, '', NULL, 1, 3, 1),
(102, 'Mahmuda Khanam Memorial Academy', 'Upt5MRjMaQ50/DoO5lLbXN+PTr9Bv3wt98Hb+/hUYIo=', 'http://mkma.bdeducation.org.bd/', 'MKMA', NULL, NULL, '', NULL, 1, 3, 1),
(103, 'NIZKUNJARA KG ADARSHA BIDDALAY', 'fNI3yQPj6ngwdpDJfVRh/h2D1MvYgKAoTGQiveLPYe8=', 'http://nizkunjara.bdeducation.org.bd/', 'NKAB', NULL, NULL, '', NULL, 1, 3, 1),
(104, 'M A Rashid Memorial Academy', 'beHaTGLzu5lmDoJ786GssZZfID8JYA/JqB2XOpiwRpE=', 'http://localhost/bdeducation/', 'MARMA', 'Malancha,Melandha,Jamalpur', NULL, '', NULL, 1, 2, 1),
(302, 'Cambrian School and College', 'beHaTGLzu5lmDoJ786GssZZfID8JYA/JqB2XOpiwRpE=', 'http://localhost/eims/api/', 'Cambrian - Narayanganj', 'Islambug,Fatullah,Narayanganj', NULL, '', NULL, 1, 2, 1);

-- --------------------------------------------------------

--
-- Table structure for table `bdedu_iq_standard_marks`
--

CREATE TABLE `bdedu_iq_standard_marks` (
  `mark_row_id` int(11) NOT NULL,
  `school_row_id` int(3) DEFAULT '1',
  `mark_title` varchar(150) DEFAULT NULL,
  `mark` int(11) DEFAULT NULL,
  `status` tinyint(1) NOT NULL DEFAULT '0',
  `created_by` int(11) NOT NULL,
  `updated_by` int(11) NOT NULL,
  `created_at` datetime NOT NULL,
  `updated_at` datetime NOT NULL
) ENGINE=InnoDB DEFAULT CHARSET=latin1;

--
-- Dumping data for table `bdedu_iq_standard_marks`
--

INSERT INTO `bdedu_iq_standard_marks` (`mark_row_id`, `school_row_id`, `mark_title`, `mark`, `status`, `created_by`, `updated_by`, `created_at`, `updated_at`) VALUES
(1, 1, 'International Standard', 75, 0, 2, 2, '2019-07-04 10:32:03', '2019-07-04 10:32:03'),
(2, 1, 'Local Standard', 72, 1, 2, 2, '2019-07-04 10:32:12', '2019-07-04 10:32:12'),
(3, 1, 'General  Standard', 62, 0, 2, 2, '2019-07-04 10:32:27', '2019-07-04 10:32:27');

-- --------------------------------------------------------

--
-- Table structure for table `bdedu_master_classes`
--

CREATE TABLE `bdedu_master_classes` (
  `class_row_id` int(3) NOT NULL,
  `class_name` varchar(100) NOT NULL,
  `class_name_roman` varchar(100) NOT NULL,
  `sort_order` int(3) NOT NULL,
  `school_group` tinyint(1) NOT NULL,
  `created_by` int(11) NOT NULL,
  `updated_by` int(11) NOT NULL,
  `created_at` datetime DEFAULT NULL,
  `updated_at` datetime DEFAULT NULL
) ENGINE=InnoDB DEFAULT CHARSET=latin1;

--
-- Dumping data for table `bdedu_master_classes`
--

INSERT INTO `bdedu_master_classes` (`class_row_id`, `class_name`, `class_name_roman`, `sort_order`, `school_group`, `created_by`, `updated_by`, `created_at`, `updated_at`) VALUES
(1, 'One', 'I', 6, 2, 1, 1, '2016-09-06 11:00:00', '2016-09-06 11:00:00'),
(2, 'Two', 'II', 7, 2, 1, 1, '2016-09-06 11:00:00', '2016-09-06 11:00:00'),
(3, 'Three', 'III', 8, 2, 1, 1, '2016-09-06 11:00:00', '2016-09-06 11:00:00'),
(4, 'Four', 'IV', 9, 2, 1, 1, '2016-09-06 11:00:00', '2016-09-06 11:00:00'),
(5, 'Five', 'V', 10, 2, 1, 1, '2016-09-06 11:00:00', '2016-09-06 11:00:00'),
(6, 'Six', 'VI', 11, 3, 1, 1, '2016-09-06 11:00:00', '2016-09-06 11:00:00'),
(7, 'Seven', 'VII', 12, 3, 1, 1, '2016-09-06 11:00:00', '2016-09-06 11:00:00'),
(8, 'Eight', 'VIII', 13, 3, 1, 1, '2016-09-06 11:00:00', '2016-09-06 11:00:00'),
(9, 'Nine', 'IX', 14, 3, 1, 1, '2016-09-06 11:00:00', '2016-09-06 11:00:00'),
(10, 'Ten', 'X', 15, 3, 1, 1, '2016-09-06 11:00:00', '2016-09-06 11:00:00'),
(11, 'Eleven', 'XI', 16, 4, 1, 1, '2016-09-06 11:00:00', '2016-09-06 11:00:00'),
(12, 'Twelve', 'XII', 17, 4, 1, 1, '2016-09-06 11:00:00', '2016-09-06 11:00:00'),
(13, 'Pre Primary', 'Pre Primary', 1, 1, 1, 0, '2016-09-06 11:00:00', '2016-09-06 11:00:00'),
(14, 'Nursery', 'Nursery', 2, 1, 1, 0, '2016-09-06 11:00:00', '2016-09-06 11:00:00'),
(15, 'KG', 'KG', 3, 1, 1, 0, '2016-09-06 11:00:00', '2016-09-06 11:00:00'),
(16, 'KG-1', 'KG-1', 4, 1, 0, 0, '2016-09-06 11:00:00', '2016-09-06 11:00:00'),
(17, 'KG-2', 'KG-2', 5, 1, 0, 0, '2016-09-06 11:00:00', '2016-09-06 11:00:00');

-- --------------------------------------------------------

--
-- Table structure for table `bdedu_memory_exam_categories`
--

CREATE TABLE `bdedu_memory_exam_categories` (
  `memory_exam_category_row_id` int(11) NOT NULL,
  `module_row_id` int(11) NOT NULL,
  `school_row_id` int(3) DEFAULT NULL,
  `exam_category_name` varchar(255) NOT NULL,
  `exam_category_slug` varchar(255) NOT NULL,
  `icon_name` varchar(255) DEFAULT NULL,
  `is_time_base` tinyint(1) NOT NULL DEFAULT '1',
  `parent_id` int(11) DEFAULT NULL,
  `has_child` int(11) DEFAULT NULL,
  `level` int(11) DEFAULT NULL,
  `sort_order` int(3) NOT NULL DEFAULT '1',
  `status` tinyint(1) DEFAULT '1',
  `created_by` int(11) NOT NULL,
  `updated_by` int(11) DEFAULT NULL,
  `created_at` datetime DEFAULT CURRENT_TIMESTAMP,
  `updated_at` datetime DEFAULT CURRENT_TIMESTAMP
) ENGINE=InnoDB DEFAULT CHARSET=latin1;

--
-- Dumping data for table `bdedu_memory_exam_categories`
--

INSERT INTO `bdedu_memory_exam_categories` (`memory_exam_category_row_id`, `module_row_id`, `school_row_id`, `exam_category_name`, `exam_category_slug`, `icon_name`, `is_time_base`, `parent_id`, `has_child`, `level`, `sort_order`, `status`, `created_by`, `updated_by`, `created_at`, `updated_at`) VALUES
(1, 3, 1, 'Remembering and Recognition', 'rembering-recognition', NULL, 0, NULL, NULL, NULL, 1, 1, 2, 2, '2019-08-19 14:55:13', '2019-08-19 14:55:13'),
(2, 3, 1, 'Visual spatial & Verbal ', 'visual-spatial-verval', NULL, 1, NULL, NULL, NULL, 2, 1, 2, 2, '2019-08-19 14:56:24', '2019-08-19 14:56:24');

-- --------------------------------------------------------

--
-- Table structure for table `bdedu_memory_exam_questions`
--

CREATE TABLE `bdedu_memory_exam_questions` (
  `memory_question_row_id` int(11) NOT NULL,
  `education_type_row_id` int(11) NOT NULL,
  `class_row_id` text CHARACTER SET utf8 COLLATE utf8_unicode_ci COMMENT 'JSON Format Class',
  `module_row_id` int(11) NOT NULL,
  `school_row_id` int(3) DEFAULT NULL,
  `memory_exam_category_row_id` int(11) NOT NULL,
  `question_type` int(11) NOT NULL COMMENT '1 ~ Multiple Choice, 2 ~ Short Descriptive, 3 ~ Broad Descriptive',
  `question_title` text CHARACTER SET utf8 COLLATE utf8_unicode_ci,
  `question_title_attachment` varchar(255) CHARACTER SET utf8 COLLATE utf8_unicode_ci DEFAULT NULL COMMENT 'Image,Audio,Video',
  `question_title_answer` text CHARACTER SET utf8 COLLATE utf8_unicode_ci,
  `question_title_attachment_answer` varchar(255) CHARACTER SET utf8 COLLATE utf8_unicode_ci DEFAULT NULL,
  `question_level` text CHARACTER SET utf8 COLLATE utf8_unicode_ci COMMENT '1 ~ Foundation, 2 ~ Intermediate, 3 ~ Advance',
  `question_mimetype` int(3) DEFAULT NULL COMMENT '1 ~ Text Question, 2 ~ Image Question, 3 ~ Audio(MP3) Question, 4 ~ Video(MP4) Question',
  `answer_type` int(3) DEFAULT NULL COMMENT '1 ~ Text Answer, 2 ~ Image Answer',
  `mark_weight` int(3) NOT NULL DEFAULT '1',
  `answer_1` varchar(250) CHARACTER SET utf8 COLLATE utf8_unicode_ci DEFAULT NULL,
  `answer_2` varchar(250) CHARACTER SET utf8 COLLATE utf8_unicode_ci DEFAULT NULL,
  `answer_3` varchar(250) CHARACTER SET utf8 COLLATE utf8_unicode_ci DEFAULT NULL,
  `answer_4` varchar(250) CHARACTER SET utf8 COLLATE utf8_unicode_ci DEFAULT NULL,
  `is_correct_answer` int(3) DEFAULT NULL,
  `created_by` int(11) DEFAULT NULL,
  `updated_by` int(11) DEFAULT NULL,
  `created_at` datetime DEFAULT CURRENT_TIMESTAMP,
  `updated_at` datetime DEFAULT CURRENT_TIMESTAMP
) ENGINE=InnoDB DEFAULT CHARSET=latin1;

--
-- Dumping data for table `bdedu_memory_exam_questions`
--

INSERT INTO `bdedu_memory_exam_questions` (`memory_question_row_id`, `education_type_row_id`, `class_row_id`, `module_row_id`, `school_row_id`, `memory_exam_category_row_id`, `question_type`, `question_title`, `question_title_attachment`, `question_title_answer`, `question_title_attachment_answer`, `question_level`, `question_mimetype`, `answer_type`, `mark_weight`, `answer_1`, `answer_2`, `answer_3`, `answer_4`, `is_correct_answer`, `created_by`, `updated_by`, `created_at`, `updated_at`) VALUES
(1, 1, '[\"8\"]', 3, 1, 2, 1, NULL, '1566721990_memory_test_2_Q_part_1.png', 'Select the locations of green squares in the diagram', '1566721990_memory_test_Q_part_2.png', 'null', 2, 1, 1, 'a)	[ 6, 2]', '[ 7, 3]', '[ 7, 2]', '[ 1, 3]', 3, 2, 2, '2019-08-25 08:33:10', '2020-02-19 04:35:47'),
(2, 1, '[\"8\"]', 3, 1, 2, 1, NULL, '1566722095_memory_test_2_Q_part_1.png', 'Select the locations of Yellow squares in the diagram', '1566722095_memory_test_2_Q_part_2.png', 'null', 2, 1, 1, 'a)	[ 1, 4]', '[8, 3]', '[ 1, 3]', '[ 8, 4]', 4, 2, 2, '2019-08-25 08:34:55', '2020-02-19 04:35:59'),
(3, 1, '[\"8\"]', 3, 1, 2, 1, NULL, '1566723248_iq_l1_q11.jpg', 'What is the clock time you see?', NULL, 'null', 2, 1, 1, '5:30 PM', '6:300 PM', '7:30 PM', '11:30 PM', 3, 2, NULL, '2019-08-25 08:54:08', '2019-08-25 14:54:08'),
(4, 1, '[\"8\"]', 3, 1, 2, 1, NULL, '1566723433_sub_geo_l1_q8.jpg', 'What shape you see?', NULL, 'null', 2, 1, 1, 'Square', 'Rectangle', 'Polygon', 'Right-angled-Triangle', 4, 2, NULL, '2019-08-25 08:57:13', '2019-08-25 14:57:13'),
(5, 1, '[\"8\"]', 3, 1, 2, 1, NULL, '1566723665_sub_geo_l1_q14.jpg', 'What shape you see in picture?', NULL, 'null', 2, 1, 1, 'Circle', 'Cube', 'Sphare', 'Cylinder', 1, 2, NULL, '2019-08-25 09:01:05', '2019-08-25 15:01:05'),
(6, 1, '[\"8\"]', 3, 1, 2, 1, NULL, '1566723841_sub_geo_l1_q7.jpg', 'What shape you see in picture?', NULL, 'null', 2, 1, 1, 'Cube', 'Triangle', 'Square', 'Rectangle', 1, 2, NULL, '2019-08-25 09:04:01', '2019-08-25 15:04:01'),
(7, 1, '[\"8\"]', 3, 1, 2, 1, NULL, '1566724044_diag1_l3_8.jpg', 'What shape see in picture?', NULL, 'null', 2, 1, 1, 'Cylinder', 'Circle', 'Polygon', 'Quadric', 1, 2, NULL, '2019-08-25 09:07:24', '2019-08-25 15:07:24'),
(8, 1, '[\"8\"]', 3, 1, 2, 1, NULL, '1566725090_memory_apple_question.jpg', 'How Many appel you see in picture?', NULL, 'null', 2, 1, 1, '6', '9', '3', '1', 3, 2, NULL, '2019-08-25 09:24:50', '2019-08-25 15:24:50'),
(9, 1, '[\"8\"]', 3, 1, 2, 1, NULL, '1566725186_memory_question_3.jpg', 'How many Bannana in picture?', NULL, 'null', 2, 1, 1, '5', '7', '4', '3', 1, 2, NULL, '2019-08-25 09:26:26', '2019-08-25 15:26:26'),
(10, 1, '[\"8\"]', 3, 1, 2, 1, NULL, '1566725280_memory_test_question_6.jpg', 'How many pineappel you see in picture?', NULL, 'null', 2, 1, 1, '3', '5', '1', '2', 3, 2, NULL, '2019-08-25 09:28:00', '2019-08-25 15:28:01'),
(11, 2, '[\"3\",\"4\"]', 3, 1, 2, 1, '<strong>Look at the picture carefully.</strong>', '1582088123_Q1.png', '<strong>Select the locations of red squares in the previous diagram.</strong>', '1582088123_Q1A.png', '[\"1\"]', 2, 1, 1, '2, 6', '3,6', '4,5', '5, 3', 2, 2, 2, '2020-02-10 08:28:28', '2020-02-19 04:55:23'),
(12, 2, '[\"3\",\"4\"]', 3, 1, 2, 1, '<strong>Look at the picture carefully.</strong>', '1582088163_Q2.png', '<strong>Select the correct match of the previous picture.</strong>', NULL, '[\"1\"]', 2, 2, 1, '1582088163_Q2A1.png', '1582088163_Q2A2.png', '1582088163_Q2A3.png', '1582088163_Q2A4.png', 3, 2, 2, '2020-02-10 08:48:36', '2020-02-19 04:56:03'),
(13, 2, '[\"3\",\"4\"]', 3, 1, 2, 1, '<strong>Look at the shapes carefully.</strong>', '1582088439_Q3.png', '<strong>Which shape is not shown in the previous picture?</strong>', NULL, '[\"1\"]', 2, 2, 1, '1582088439_Q3A1.png', '1582088439_Q3A2.png', '1582088439_Q3A3.png', '1582088439_Q3A4.png', 3, 2, 2, '2020-02-10 08:49:48', '2020-02-19 05:00:39'),
(14, 2, '[\"3\",\"4\"]', 3, 1, 2, 1, '<strong>Look at the picture carefully.</strong>', '1582088462_Q4.png', '<strong>Which one of the following fruits was not shown before?</strong>', NULL, '[\"1\"]', 2, 2, 1, '1581324710_Q4A1.png', '1581324710_Q4A2.png', '1581324710_Q4A3.png', '1581324710_Q4A4.png', 3, 2, 2, '2020-02-10 08:51:50', '2020-02-19 05:01:02'),
(15, 2, '[\"3\",\"4\"]', 3, 1, 2, 1, '<strong>Look at the diagram carefully.</strong>', '1582088498_Q5.png', '<strong>Select the locations of &ldquo;A&rdquo; shown in the previous picture</strong>', '1582088498_Q5A.png', '[\"1\"]', 2, 1, 1, '2, 6', '5, 12', '4, 5', '5,3', 2, 2, 2, '2020-02-10 08:53:21', '2020-02-19 05:01:38'),
(16, 2, '[\"3\",\"4\"]', 3, 1, 2, 1, '<strong>Look at the diagram carefully.</strong>', '1582088530_Q6.png', '<strong>Which picture was shown in the previous diagram?</strong>', NULL, '[\"1\"]', 2, 2, 1, '1582088530_Q6A1.png', '1582088530_Q6A2.png', '1582088530_Q6A3.png', '1582088559_Q6A4.png', 2, 2, 2, '2020-02-10 08:54:34', '2020-02-19 05:02:39'),
(17, 2, '[\"3\",\"4\"]', 3, 1, 2, 1, '<strong>Look at the picture carefully.</strong>', '1582088596_Q7.png', '<strong>How&nbsp;many&nbsp;male&nbsp;were&nbsp;in&nbsp;the&nbsp;picture?</strong>', NULL, '[\"1\"]', 2, 1, 1, '2', '3', '4', '5', 2, 2, 2, '2020-02-10 08:55:32', '2020-02-19 05:03:16'),
(18, 2, '[\"3\",\"4\"]', 3, 1, 2, 1, '<strong>Look at the shapes carefully.</strong>', '1582088624_Q8.png', '<strong>Identify the correct shapes shown in the previous picture</strong>', '1582088624_Q8A.png', '[\"1\"]', 2, 1, 1, '2, 3', '4, 5', '3, 5', '2, 5', 4, 2, 2, '2020-02-10 08:56:48', '2020-02-19 05:03:44'),
(19, 2, '[\"3\",\"4\"]', 3, 1, 2, 1, '<strong>Look at the diagram carefully.</strong>', '1582088667_Q9.png', '<strong>Identify the correct letters shown in the previous diagram</strong><br />\r\n&nbsp;', '1582088667_Q9A.png', '[\"1\"]', 2, 1, 1, '2, 6', '3, 6', '4, 5', '1, 2', 4, 2, 2, '2020-02-10 09:12:26', '2020-02-19 05:04:27'),
(20, 2, '[\"3\",\"4\"]', 3, 1, 2, 1, '<strong>Look at the diagram carefully.</strong>', '1582088714_Q10.png', '<strong>Select the correct digit shown in the previous diagram</strong>', NULL, '[\"1\"]', 2, 1, 1, '8', '9', '6', '7', 2, 2, 2, '2020-02-10 09:13:47', '2020-02-19 05:05:14'),
(21, 2, '[\"3\",\"4\"]', 3, 1, 2, 1, NULL, '1582088758_Q11.png', '<strong>Select the correct letter and result of the given equation</strong>', NULL, '[\"1\"]', 2, 1, 1, 'P, 10', 'U, 10', 'O, 11', 'Q ,10', 4, 2, 2, '2020-02-10 09:15:03', '2020-02-19 05:05:58'),
(22, 2, '[\"3\",\"4\"]', 3, 1, 2, 1, '<strong>Look at the diagram carefully.</strong>', '1582088790_Q12.png', '<strong>Select the correct fruit</strong>', NULL, '[\"1\"]', 2, 2, 1, '1582088904_Q12A1.png', '1582088904_Q12A2.png', '1582088928_Q12A3.png', '1582088928_Q12A4.png', 4, 2, 2, '2020-02-10 09:17:10', '2020-02-19 05:08:48'),
(23, 2, '[\"3\",\"4\"]', 3, 1, 2, 1, '<strong>Read the sentence carefully </strong>', '1582088832_Q13.png', '<strong>Select the correct cap that was shown in the diagram </strong>', NULL, '[\"1\"]', 2, 2, 1, '1582088979_Q13A1.png', '1582088979_Q13A2.png', '1582088979_Q13A3.png', '1582088979_Q13A4.png', 3, 2, 2, '2020-02-10 09:18:37', '2020-02-19 05:09:39'),
(24, 2, '[\"3\",\"4\"]', 3, 1, 2, 1, '<strong>Look at the diagram carefully</strong>', '1582089037_Q14.png', '<strong>Select the correct position &ldquo;</strong><strong> G</strong><strong> &rdquo;</strong>', NULL, '[\"1\"]', 2, 2, 1, '1582089037_Q14A1.png', '1582089037_Q14A2.png', '1582089037_Q14A3.png', '1582089037_Q14A4.png', 2, 2, 2, '2020-02-10 09:19:53', '2020-02-19 05:10:37'),
(25, 2, '[\"3\",\"4\"]', 3, 1, 2, 1, '<strong>Look at the diagram carefully</strong>', '1582089059_Q15.png', '<strong>Select the correct position of the dog</strong>', '1582089059_Q15A.png', '[\"1\"]', 2, 1, 1, '2', '3', '4', '1', 2, 2, 2, '2020-02-10 09:21:11', '2020-02-19 05:10:59'),
(26, 3, '[\"3\",\"4\"]', 3, 1, 2, 1, '<strong>নিচের চিত্রটি লক্ষ্য কর।</strong>', '1582085338_Q1.png', '<strong>পূর্ববর্তী চিত্রে লাল বর্গ এর অবস্থান চিহ্নিত কর।</strong>', '1582085338_Q1A.png', '[\"1\"]', 2, 1, 1, '2, 6', '3, 6', '4, 5', '5, 3', 2, 2, 2, '2020-02-11 07:09:24', '2020-02-19 04:34:44'),
(27, 3, '[\"3\",\"4\"]', 3, 1, 2, 1, '<strong>নিচের চিত্রটি লক্ষ্য কর।</strong><br />\r\n&nbsp;', '1582085927_Q2.png', '<strong>পূর্ববর্তী চিত্রের সাথে নিচের কোন চিত্রের সম্পূর্ণ মিল আছে?</strong>', NULL, '[\"1\"]', 2, 2, 1, '1582086704_Q2A1.png', '1582086369_Q2A2.png', '1582086369_Q2A3.png', '1582086369_Q2A4.png', 3, 2, 2, '2020-02-11 07:11:53', '2020-02-19 04:31:44'),
(28, 3, '[\"3\",\"4\"]', 3, 1, 2, 1, '<strong>নিচের চিত্রটি লক্ষ্য কর।</strong>', '1582085984_Q3.png', '<strong>নিচের কোন আকারটি পূর্ববর্তী চিত্রে নেই?</strong>', NULL, '[\"1\"]', 2, 2, 1, '1581405193_Q3A1.png', '1581405193_Q3A2.png', '1581405193_Q3A3.png', '1581405193_Q3A4.png', 3, 2, 2, '2020-02-11 07:13:13', '2020-02-19 04:19:44'),
(29, 3, '[\"3\",\"4\"]', 3, 1, 2, 1, '<strong>নিচের চিত্রটি লক্ষ্য কর।</strong>', '1582086008_Q4.png', '<strong>নিচের কোন ফলটি পূর্ববর্তী চিত্রে নেই</strong><strong>?</strong>', NULL, '[\"1\"]', 2, 2, 1, '1581405321_Q4A1.png', '1581405321_Q4A2.png', '1581405321_Q4A3.png', '1581405321_Q4A4.png', 3, 2, 2, '2020-02-11 07:15:21', '2020-02-19 04:20:08'),
(30, 3, '[\"3\",\"4\"]', 3, 1, 2, 1, '<strong>নিচের ডায়াগ্রামটি লক্ষ্য কর।</strong>', '1582086046_Q5.png', '<strong>পূর্ববর্তী চিত্রে </strong><strong>&ldquo;A&rdquo; </strong><strong>এর অবস্থান চিহ্নিত কর। </strong>', '1582086046_Q5A.png', '[\"1\"]', 2, 1, 1, '2, 6', '5, 12', '4, 5', '5,3', 2, 2, 2, '2020-02-11 09:01:32', '2020-02-19 04:20:46'),
(31, 3, '[\"3\",\"4\"]', 3, 1, 2, 1, '<strong>নিচের ডায়াগ্রামটি লক্ষ্য কর।</strong>', '1582086080_Q6.png', '<strong>&nbsp;</strong><strong>পূর্ববর্তী ডায়াগ্রামে প্রদর্শিত সঠিক আকার কোনটি? </strong>', NULL, '[\"1\"]', 2, 2, 1, '1582086590_Q6A1.png', '1582086590_Q6A2.png', '1582086590_Q6A3.png', '1582086590_Q6A4.png', 2, 2, 2, '2020-02-11 09:03:15', '2020-02-19 05:58:30'),
(32, 3, '[\"3\",\"4\"]', 3, 1, 2, 1, '<strong>নিচের চিত্রটি লক্ষ্য কর।</strong><br />\r\n&nbsp;', '1582086122_Q7.png', '<strong>চিত্রে কত জন পুরুষ ছিল? </strong>', NULL, 'null', 2, 1, 1, '2', '3', '4', '5', 2, 2, 2, '2020-02-11 09:05:40', '2020-02-19 04:22:02'),
(33, 3, '[\"3\",\"4\"]', 3, 1, 2, 1, '<strong>নিচের চিত্রটি লক্ষ্য কর।</strong>', '1582086153_Q8.png', '<strong>পূর্ববর্তী চিত্রে প্রদর্শিত সঠিক আকারগুলি চিহ্নিত কর। </strong>', '1582086153_Q8A.png', 'null', 2, 1, 1, '2, 3', '4, 5', '3, 5', '2, 5', 4, 2, 2, '2020-02-11 09:07:00', '2020-02-19 04:22:33'),
(34, 3, '[\"3\",\"4\"]', 3, 1, 2, 1, '<strong>ডায়াগ্রামটি লক্ষ্য কর।</strong><br />\r\n&nbsp;', '1582086193_Q9.png', '<strong>পূর্ববর্তী ডায়াগ্রামে প্রদর্শিত সঠিক বর্ণগুলো চিহ্নিত কর।&nbsp;&nbsp; </strong>', '1582088058_Q9A.png', '[\"1\"]', 2, 1, 1, '2, 6', '3, 6', '4, 5', '1, 2', 4, 2, 2, '2020-02-11 09:08:37', '2020-02-19 04:54:18'),
(35, 3, '[\"3\",\"4\"]', 3, 1, 2, 1, '<strong>ডায়াগ্রামটি লক্ষ্য কর।</strong>', '1581412424_Q10.png', '<strong>পূর্ববর্তী ডায়াগ্রামের সঠিক অঙ্কটি চিহ্নিত কর।</strong>', NULL, 'null', 2, 1, 1, '8', '9', '6', '7', 2, 2, NULL, '2020-02-11 09:13:44', '2020-02-11 15:13:44'),
(36, 3, '[\"3\",\"4\"]', 3, 1, 2, 1, NULL, '1581412493_Q11.png', '<strong>সঠিক বর্ণ এবং ফলাফলটি চিহ্নিত কর।</strong>', NULL, '[\"1\"]', 2, 1, 1, 'P, 10', 'U, 10', 'O, 11', 'Q , 10', 4, 2, NULL, '2020-02-11 09:14:53', '2020-02-11 15:14:53'),
(37, 3, '[\"3\",\"4\"]', 3, 1, 2, 1, '<strong>ডায়াগ্রামটি লক্ষ্য কর।</strong>', '1581412564_Q12.png', '<strong>ডায়াগ্রামে দেখানো সঠিক ফলটি চিহ্নিত কর।&nbsp;</strong>', NULL, '[\"1\"]', 2, 2, 1, '1581412564_Q12A1.png', '1581412564_Q12A2.png', '1581412564_Q12A3.png', '1581412564_Q12A4.png', 4, 2, NULL, '2020-02-11 09:16:04', '2020-02-11 15:16:04'),
(38, 3, '[\"3\",\"4\"]', 3, 1, 2, 1, '<strong>ডায়াগ্রামটি লক্ষ্য কর।</strong>', '1581412633_Q13.png', '<strong>পূর্ববর্তী ডায়াগ্রামে প্রদর্শিত সঠিক টুপিটি চিহ্নিত কর।</strong>', NULL, '[\"1\"]', 2, 2, 1, '1581412633_Q13A1.png', '1581412633_Q13A2.png', '1581412633_Q13A3.png', '1581412633_Q13A4.png', 3, 2, NULL, '2020-02-11 09:17:13', '2020-02-11 15:17:13'),
(39, 3, '[\"3\",\"4\"]', 3, 1, 2, 1, '<strong>নিচের ডায়াগ্রামটি লক্ষ্য কর। </strong>', '1582086233_Q14.png', '<strong>&ldquo; G &rdquo; এর সঠিক আকৃতি চিহ্নিত কর।</strong>', NULL, '[\"1\"]', 2, 2, 1, '1581412698_Q14A1.png', '1581412698_Q14A2.png', '1581412698_Q14A3.png', '1581412698_Q14A4.png', 2, 2, 2, '2020-02-11 09:18:18', '2020-02-19 04:23:53'),
(40, 3, '[\"3\",\"4\"]', 3, 1, 2, 1, '<strong>নিচের ডায়াগ্রামটি লক্ষ্য কর। </strong>', '1582086294_Q15.png', '<strong>কুকুর এর সঠিক অবস্থান</strong><strong> </strong><strong>চিহ্নিত কর।</strong>', '1582086294_Q15A.png', '[\"1\"]', 2, 1, 1, '2', '3', '4', '1', 2, 2, 2, '2020-02-11 09:19:23', '2020-02-19 04:24:54'),
(41, 2, '[\"5\",\"6\"]', 3, 1, 2, 1, '<strong>Look at the picture carefully.</strong><br />\r\n&nbsp;', '1581582677_Q1.png', '<strong>Identify the locations of green squares in the diagram.</strong>', '1581582677_Q1A.png', '[\"1\"]', 2, 1, 1, '3,2,6', '1,3, 6', '1,4,5', '1,6,4', 4, 2, 2, '2020-02-13 08:31:17', '2020-02-19 05:47:09'),
(42, 2, '[\"5\",\"6\"]', 3, 1, 2, 1, '<strong>Look at the picture carefully</strong>', '1581582739_Q2.png', '<strong>Select the correct match</strong>', NULL, '[\"1\"]', 2, 2, 1, '1582092597_Q2A1.png', '1582092597_Q2A2.png', '1582092597_Q2A3.png', '1582092597_Q2A4.png', 4, 2, 2, '2020-02-13 08:32:19', '2020-02-19 06:09:57'),
(43, 2, '[\"5\",\"6\"]', 3, 1, 2, 1, '<strong>Look at the shapes carefully</strong>', '1581582811_Q3.png', '<strong>What shape was not shown in the previous diagram?</strong>', NULL, '[\"1\"]', 2, 2, 1, '1581582811_Q3A1.png', '1581582811_Q3A2.png', '1581582811_Q3A3.png', '1581582811_Q3A4.png', 2, 2, NULL, '2020-02-13 08:33:31', '2020-02-13 14:33:31'),
(44, 2, '[\"6\"]', 3, 1, 2, 1, '<strong>Look at the picture carefully</strong><br />\r\n&nbsp;', NULL, '<strong>What fruit was not shown in the previous picture?</strong>', NULL, '[\"1\"]', 1, 2, 1, '1581582873_Q4A1.png', '1581582873_Q4A2.png', '1581582873_Q4A3.png', '1581582873_Q4A4.png', 3, 2, NULL, '2020-02-13 08:34:33', '2020-02-13 14:34:33'),
(45, 2, '[\"5\",\"6\"]', 3, 1, 2, 1, '<strong>Look at the diagram carefully</strong>', '1581582955_Q5.png', '<strong>Select the locations of &ldquo;A&rdquo;</strong>', '1581582955_Q5A.png', '[\"1\"]', 2, 1, 1, '2,6,5', '5,3,12', '1,4,5', '2,5,3', 2, 2, NULL, '2020-02-13 08:35:55', '2020-02-13 14:35:55'),
(46, 2, '[\"5\",\"6\"]', 3, 1, 2, 1, '<strong>Look at the diagram carefully</strong><br />\r\n&nbsp;', '1582091675_Q6.png', '<strong>Select the correct match</strong>', NULL, '[\"1\"]', 2, 2, 1, '1582091675_Q6A1.png', '1582091675_Q6A2.png', '1582091675_Q6A3.png', '1582091675_Q6A4.png', 2, 2, 2, '2020-02-13 08:37:07', '2020-02-19 05:54:35'),
(47, 2, '[\"5\",\"6\"]', 3, 1, 2, 1, '<strong>Look at the picture carefully</strong>', '1581583822_Q7.png', '<strong>Which one the following balls did the boy have in his hand?</strong>', NULL, '[\"1\"]', 2, 2, 1, '1581583102_Q7A1.png', '1581583102_Q7A2.png', '1581583102_Q7A3.png', '1581583102_Q7A4.png', 3, 2, 2, '2020-02-13 08:38:22', '2020-02-13 08:50:22'),
(48, 2, '[\"5\",\"6\"]', 3, 1, 2, 1, '<strong>Look at the shapes carefully.</strong>', '1581583191_Q8.png', '<strong>Select the correct shapes</strong>', '1581583191_Q8A1.png', '[\"1\"]', 2, 1, 1, '1,2,4', '4,6,5', '4,1,3', '2,3 ,6', 4, 2, NULL, '2020-02-13 08:39:51', '2020-02-13 14:39:51'),
(49, 2, '[\"5\",\"6\"]', 3, 1, 2, 1, '<strong>Look at the diagram</strong>', '1581583279_Q9.png', '<strong>Select the correct letters shown in the previous diagram</strong>', '1581583279_Q9A1.png', '[\"1\"]', 2, 1, 1, '2,6', '3, 6', '4,5', '1, 3', 4, 2, NULL, '2020-02-13 08:41:19', '2020-02-13 14:41:19'),
(50, 2, '[\"5\",\"6\"]', 3, 1, 2, 1, '<strong>Read the sentence and remember the digit carefully.</strong>', '1581583344_Q10.png', '<strong>Select the correct digit</strong>', NULL, '[\"1\"]', 2, 1, 1, '22', '21', '11', '12', 4, 2, NULL, '2020-02-13 08:42:24', '2020-02-13 14:42:24'),
(51, 2, '[\"5\",\"6\"]', 3, 1, 2, 1, '<strong>Remember the letter in the diagram.</strong>', '1581583494_Q11.png', '<strong>Now solve the equation and remember the result.&nbsp;</strong><strong>Select the correct letters and result of the given equation</strong>', '1581583494_Q11A.png', '[\"1\"]', 2, 1, 1, 'P,Q,11', 'U,W, 10', 'O,W,9', 'Q,W,9', 4, 2, NULL, '2020-02-13 08:44:54', '2020-02-13 14:44:54'),
(52, 2, '[\"5\",\"6\"]', 3, 1, 2, 1, '<strong>Remember the shape and read the sentence carefully</strong>', '1581583599_Q12.png', '<strong>Select the correct shape of the diagram</strong>', NULL, '[\"1\"]', 2, 2, 1, '1581583599_Q12A1.png', '1581583599_Q12A2.png', '1581583599_Q12A3.png', '1581583599_Q12A4.png', 3, 2, NULL, '2020-02-13 08:46:39', '2020-02-13 14:46:39'),
(53, 2, '[\"5\",\"6\"]', 3, 1, 2, 1, '<strong>Remember the cap and read the sentence</strong>', '1581583662_Q13.png', '<strong>Select the correct cap</strong>', NULL, '[\"1\"]', 2, 2, 1, '1581583662_Q13A1.png', '1581583662_Q13A2.png', '1581583662_Q13A3.png', '1581583662_Q13A4.png', 2, 2, NULL, '2020-02-13 08:47:42', '2020-02-13 14:47:42'),
(54, 2, '[\"5\",\"6\"]', 3, 1, 2, 1, '<strong>Look at the diagram carefully</strong>', '1581583720_Q14.png', '<strong>Identify the correct position of &ldquo;M&rdquo;</strong>', '1581583720_Q14A.png', '[\"1\"]', 2, 1, 1, '2', '3', '4', '1', 4, 2, NULL, '2020-02-13 08:48:40', '2020-02-13 14:48:40'),
(55, 2, '[\"5\",\"6\"]', 3, 1, 2, 1, '<strong>Look at the diagram carefully</strong>', '1581583794_Q15.png', '<strong>Identify the correct positions of the dog and man</strong>', '1581583794_Q15A.png', '[\"1\"]', 2, 1, 1, '2,4', '3,6', '4,6', '1,2', 3, 2, NULL, '2020-02-13 08:49:54', '2020-02-13 14:49:54'),
(56, 3, '[\"5\",\"6\"]', 3, 1, 2, 1, '<strong>নিচের চিত্রটি লক্ষ্য কর।</strong>', '1581584258_Q1.png', '<strong>পূর্ববর্তী চিত্রে সবুজ বর্গ এর অবস্থান চিহ্নিত কর। </strong>', '1581584258_Q1A.png', '[\"1\"]', 2, 1, 1, '3,2,6', '1,3, 6', '1,4,5', '1,6,4', 4, 2, NULL, '2020-02-13 08:57:38', '2020-02-13 14:57:38'),
(57, 3, '[\"5\",\"6\"]', 3, 1, 2, 1, '<strong>নিচের চিত্রটি লক্ষ্য কর।</strong>', '1581584334_Q2.png', '<strong>পূর্ববর্তী চিত্রের সাথে নিচের কোন চিত্রের সম্পূর্ণ মিল আছে? </strong>', NULL, '[\"1\"]', 2, 2, 1, '1582092806_Q2A1.png', '1582092806_Q2A2.png', '1582092806_Q2A3.png', '1582092806_Q2A4.png', 4, 2, 2, '2020-02-13 08:58:54', '2020-02-19 06:13:26'),
(58, 3, '[\"5\",\"6\"]', 3, 1, 2, 1, '<strong>নিচের চিত্রটি লক্ষ্য কর।</strong>', '1581584392_Q3.png', '<strong>নিচের কোন আকারটি পূর্ববর্তী চিত্রে নেই?</strong>', NULL, '[\"1\"]', 2, 2, 1, '1581584392_Q3A1.png', '1581584392_Q3A2.png', '1581584392_Q3A3.png', '1581584392_Q3A4.png', 2, 2, NULL, '2020-02-13 08:59:52', '2020-02-13 14:59:52'),
(59, 3, '[\"5\",\"6\"]', 3, 1, 2, 1, '<strong>নিচের চিত্রটি লক্ষ্য কর।</strong>', '1581584454_Q4.png', '<strong>নিচের কোন ফলটি পূর্ববর্তী চিত্রে নেই</strong><strong>?</strong>', NULL, '[\"1\"]', 2, 2, 1, '1581584454_Q4A1.png', '1581584454_Q4A2.png', '1581584454_Q4A3.png', '1581584454_Q4A4.png', 3, 2, NULL, '2020-02-13 09:00:54', '2020-02-13 15:00:54'),
(60, 3, '[\"5\",\"6\"]', 3, 1, 2, 1, '<strong>নিচের ডায়াগ্রামটি লক্ষ্য কর।</strong>', '1581584543_Q5.png', '<strong>পূর্ববর্তী চিত্রে </strong><strong>&ldquo;A&rdquo; </strong><strong>এর অবস্থান চিহ্নিত কর। </strong>', '1581584543_Q5A.png', '[\"1\"]', 2, 1, 1, '2,6,5', '5,3,12', '1,4,5', '2,5,3', 2, 2, NULL, '2020-02-13 09:02:23', '2020-02-13 15:02:23'),
(61, 3, '[\"5\",\"6\"]', 3, 1, 2, 1, '<strong>নিচের ডায়াগ্রামটি লক্ষ্য কর।</strong>', '1582091969_Q6.png', '<strong>পূর্ববর্তী ডায়াগ্রামে প্রদর্শিত সঠিক আকার কোনটি?</strong>', NULL, '[\"1\"]', 2, 2, 1, '1582092155_Q2A1.png', '1582092155_Q2A2.png', '1582092155_Q2A3.png', '1582092155_Q2A4.png', 2, 2, 2, '2020-02-13 09:03:32', '2020-02-19 06:02:35'),
(62, 3, '[\"5\",\"6\"]', 3, 1, 2, 1, '<strong>নিচের চিত্রটি লক্ষ্য কর।</strong>', '1581584688_Q7.png', '<strong>চিত্রে ছেলেটির হাতে নিচের কোন বলটি ছিল? </strong>', NULL, '[\"1\"]', 2, 2, 1, '1581584688_Q7A1.png', '1581584688_Q7A2.png', '1581584688_Q7A3.png', '1581584688_Q7A4.png', 3, 2, NULL, '2020-02-13 09:04:48', '2020-02-13 15:04:48'),
(63, 3, '[\"5\",\"6\"]', 3, 1, 2, 1, '<strong>নিচের চিত্রটি লক্ষ্য কর।</strong>', '1581584764_Q8.png', '<strong>পূর্ববর্তী চিত্রে প্রদর্শিত সঠিক আকারগুলি চিহ্নিত কর। </strong>', '1581584764_Q8A1.png', '[\"1\"]', 2, 1, 1, '1,2,4', '4,6,5', '4,1,3', '2,3 ,6', 4, 2, NULL, '2020-02-13 09:06:04', '2020-02-13 15:06:04'),
(64, 3, '[\"5\",\"6\"]', 3, 1, 2, 1, '<strong>ডায়াগ্রামটি লক্ষ্য কর।</strong>', '1581584849_Q9.png', '<strong>পূর্ববর্তী ডায়াগ্রামে প্রদর্শিত সঠিক বর্ণগুলো চিহ্নিত কর।</strong>', '1581584849_Q9A1.png', '[\"1\"]', 2, 1, 1, '2,6', '3, 6', '4,5', '1, 3', 4, 2, NULL, '2020-02-13 09:07:29', '2020-02-13 15:07:29'),
(65, 3, '[\"5\",\"6\"]', 3, 1, 2, 1, '<strong>ডায়াগ্রামটি লক্ষ্য কর।</strong>', '1581584935_Q10.png', '<strong>পূর্ববর্তী ডায়াগ্রামের সঠিক অঙ্কটি&nbsp; চিহ্নিত কর।</strong>', NULL, '[\"1\"]', 2, 1, 1, '22', '21', '11', '12', 4, 2, NULL, '2020-02-13 09:08:55', '2020-02-13 15:08:55'),
(66, 3, '[\"5\",\"6\"]', 3, 1, 2, 1, '<strong>ডায়াগ্রামটি লক্ষ্য কর</strong>', '1581585079_Q11.png', '<strong>সমীকরণটি সমাধান করে সঠিক উত্তরটি মনে রাখ।</strong> <strong>সঠিক বর্ণ এবং ফলাফলটি চিহ্নিত কর।</strong>', '1581585079_Q11A.png', '[\"1\"]', 2, 1, 1, 'P,Q,11', 'U,W, 10', 'O,W,9', 'Q,W,9', 4, 2, NULL, '2020-02-13 09:11:19', '2020-02-13 15:11:19'),
(67, 3, '[\"5\",\"6\"]', 3, 1, 2, 1, '<strong>ডায়াগ্রামটি লক্ষ্য কর।</strong>', '1581585146_Q12.png', '<strong>ডায়াগ্রামে দেখানো সঠিক আকারটি চিহ্নিত কর।&nbsp;&nbsp; </strong>', NULL, '[\"1\"]', 2, 2, 1, '1581585146_Q12A1.png', '1581585146_Q12A2.png', '1581585146_Q12A3.png', '1581585146_Q12A4.png', 3, 2, 2, '2020-02-13 09:12:26', '2020-02-13 09:12:39'),
(68, 3, '[\"5\",\"6\"]', 3, 1, 2, 1, '<strong>ডায়াগ্রামটি লক্ষ্য কর।</strong>', '1581585267_Q13.png', '<strong>পূর্ববর্তী ডায়াগ্রামে প্রদর্শিত সঠিক টুপিটি চিহ্নিত কর।</strong>', NULL, '[\"1\"]', 2, 2, 1, '1582435203_Q13A1.png', '1582435260_Q13A2.png', '1581585267_Q13A3.png', '1581585267_Q13A4.png', 2, 2, 2, '2020-02-13 09:14:27', '2020-02-23 05:21:00'),
(69, 3, '[\"5\",\"6\"]', 3, 1, 2, 1, '<strong>নিচের ডায়াগ্রামটি লক্ষ্য কর।</strong>', '1581585377_Q14.png', '<strong>&ldquo;M&rdquo;</strong><strong> এর সঠিক আকৃতি</strong><strong> </strong><strong>চিহ্নিত কর।</strong>', '1581585377_Q14A.png', '[\"1\"]', 2, 1, 1, '2', '3', '4', '1', 4, 2, NULL, '2020-02-13 09:16:17', '2020-02-13 15:16:17'),
(70, 3, '[\"5\",\"6\"]', 3, 1, 2, 1, '<strong>নিচের ডায়াগ্রামটি লক্ষ্য কর</strong>', '1581585525_Q15.png', '<strong>কুকুর এবং মানুষ এর সঠিক অবস্থান</strong><strong> </strong><strong>চিহ্নিত কর।</strong>', '1581585525_Q15A.png', '[\"1\"]', 2, 1, 1, '2,4', '3,6', '4,6', '1,2', 3, 2, 2, '2020-02-13 09:18:45', '2020-02-13 09:19:00'),
(71, 2, '[\"7\",\"8\"]', 3, 1, 2, 1, '<strong>Look at the picture carefully.</strong>', '1582095109_Q1.png', '<strong>Identify the locations of green squares in the diagram.</strong>', '1582095109_Q1A.png', 'null', 2, 1, 1, '3,2,6', '1,3, 6', '1,4,5', '2,8,10', 4, 2, 2, '2020-02-18 06:22:38', '2020-02-19 06:51:49'),
(72, 2, '[\"7\",\"8\"]', 3, 1, 2, 1, '<strong>Look at the picture carefully.</strong>', '1582095143_Q2.png', '<strong>Select the correct match.</strong>', NULL, 'null', 2, 2, 1, '1582095143_Q2A1.png', '1582095143_Q2A2.png', '1582095143_Q2A3.png', '1582095143_Q2A4.png', 3, 2, 2, '2020-02-18 06:23:42', '2020-02-19 06:52:23'),
(73, 2, '[\"7\",\"8\"]', 3, 1, 2, 1, '<strong>Look at the shapes carefully</strong>', '1582095221_Q3.png', '<strong>What shape was not shown in the previous diagram?</strong>', NULL, 'null', 2, 2, 1, '1582007080_Q3A1.png', '1582007080_Q3A2.png', '1582007080_Q3A3.png', '1582007080_Q3A4.png', 1, 2, 2, '2020-02-18 06:24:40', '2020-02-19 06:53:41'),
(74, 2, '[\"7\",\"8\"]', 3, 1, 2, 1, '<strong>Look at the diagram carefully</strong>', '1582095242_Q4.png', '<strong>Select the locations of &ldquo;A&rdquo;</strong>', '1582095242_Q4A.png', 'null', 2, 1, 1, '2,6,5,7', '5,3,12,14', '1,4,5,13', '2,5,3,13', 2, 2, 2, '2020-02-18 06:25:57', '2020-02-19 06:54:02'),
(75, 2, '[\"7\",\"8\"]', 3, 1, 2, 1, '<strong>Look at the diagram carefully</strong>', '1582095205_Q5.png', '<strong>Select the correct match</strong>', NULL, 'null', 2, 2, 1, '1582095205_Q5A1.png', '1582095205_Q5A2.png', '1582095205_Q5A3.png', '1582095205_Q5A4.png', 3, 2, 2, '2020-02-18 06:27:36', '2020-02-19 06:53:25'),
(76, 2, '[\"7\",\"8\"]', 3, 1, 2, 1, '<strong>Look at the picture carefully</strong>', '1582095260_Q6.png', '<strong>How many students raised their hands in the picture?</strong>', NULL, 'null', 2, 1, 1, '4', '3', '2', '1', 3, 2, 2, '2020-02-18 06:29:02', '2020-02-19 06:54:20'),
(77, 2, '[\"7\",\"8\"]', 3, 1, 2, 1, '<strong>Look at the diagram carefully</strong>', '1582095282_Q7.png', '<strong>Identify the locations of &ldquo;Birds&rdquo;</strong>', '1582095282_Q7A.png', 'null', 2, 1, 1, '4,2', '1,3', '1,4', '2,5', 4, 2, 2, '2020-02-18 06:30:21', '2020-02-19 06:54:42'),
(78, 2, '[\"7\",\"8\"]', 3, 1, 2, 1, '<strong>Remember the letters in the diagram</strong>', '1582095308_Q8.png', '<strong>Select the correct letters shown in the previous diagram</strong>', '1582095308_Q8A.png', 'null', 2, 1, 1, '2,6,1', '3, 6,5', '4,5,6', '1, 3, 4', 4, 2, 2, '2020-02-18 06:31:42', '2020-02-19 06:55:08'),
(79, 2, '[\"7\",\"8\"]', 3, 1, 2, 1, '<strong>Solve the equation</strong>', '1582095330_Q9.png', '<strong>Select the correct answer</strong>', NULL, 'null', 2, 1, 1, '12', '6', '5', '10', 3, 2, 2, '2020-02-18 06:32:47', '2020-02-19 06:55:30'),
(80, 2, '[\"7\",\"8\"]', 3, 1, 2, 1, '<strong>Read the sentence and remember the digits carefully.</strong>', '1582095353_Q10.png', '<br />\r\n<strong>Select the correct digits</strong>', NULL, 'null', 2, 1, 1, '9,22', '21,12', '11,9', '9,12', 4, 2, 2, '2020-02-18 06:33:45', '2020-02-19 06:55:53'),
(81, 2, '[\"7\",\"8\"]', 3, 1, 2, 1, '<strong>Remember the letter in the diagram</strong>', '1582095376_Q11.png', '<strong>Now solve the equation and remember the result.</strong> <strong>Select the correct letters and result of the given equation</strong>', '1582095376_Q11A.png', 'null', 2, 1, 1, 'P,Q,S,7', 'U,W,P,6', 'O,W,U,5', 'Q,W,Z,5', 4, 2, 2, '2020-02-18 06:36:14', '2020-02-19 06:56:16'),
(82, 2, '[\"7\",\"8\"]', 3, 1, 2, 1, '<strong>&nbsp;Remember the caps and read the sentence carefully</strong>', '1582095395_Q12.png', '<strong>Select the correct caps.</strong>', NULL, 'null', 2, 2, 1, '1582007832_Q12A1.png', '1582007832_Q12A2.png', '1582007832_Q12A3.png', '1582007832_Q12A4.png', 3, 2, 2, '2020-02-18 06:37:12', '2020-02-19 06:56:35'),
(83, 2, '[\"7\",\"8\"]', 3, 1, 2, 1, '<strong>Remember the fruits and read the sentence</strong>', '1582095414_Q13.png', '<strong>Select the correct fruits.</strong>', NULL, 'null', 2, 2, 1, '1582007896_Q13A1.png', '1582007896_Q13A2.png', '1582007896_Q13A3.png', '1582007896_Q13A4.png', 4, 2, 2, '2020-02-18 06:38:16', '2020-02-19 06:56:54'),
(84, 2, '[\"7\",\"8\"]', 3, 1, 2, 1, '<strong>Look at the diagram carefully</strong>', '1582095432_Q14.png', '<strong>Identify the correct position of &ldquo;M&rdquo; and &ldquo;G&rdquo;</strong>', '1582095432_Q14A.png', '[\"1\"]', 2, 1, 1, '2,1', '3,5', '4,2', '1,4', 1, 2, 2, '2020-02-18 06:40:56', '2020-02-19 06:57:12'),
(85, 2, '[\"7\",\"8\"]', 3, 1, 2, 1, '<strong>Look at the diagram carefully</strong>', '1582095447_Q15.png', '<strong>Identify the correct position of &ldquo;M&rdquo; and &ldquo;Man&rdquo;</strong>', '1582095447_Q15A.png', '[\"1\"]', 2, 1, 1, '2,4', '3,6', '4,6', '1,2', 1, 2, 2, '2020-02-18 06:42:11', '2020-02-19 06:57:27'),
(86, 3, '[\"7\",\"8\"]', 3, 1, 2, 1, '<strong>নিচের চিত্রটি লক্ষ্য কর।</strong>', '1582435988_Q1.png', '<strong>পূর্ববর্তী চিত্রে সবুজ বর্গ এর অবস্থান চিহ্নিত কর। </strong>', '1582435988_Q1A.png', '[\"1\"]', 2, 1, 1, '3,2,6', '1,3, 6', '1,4,5', '2,8,10', 4, 2, NULL, '2020-02-23 05:33:08', '2020-02-23 11:33:08'),
(87, 3, '[\"7\",\"8\"]', 3, 1, 2, 1, '<strong>নিচের চিত্রটি লক্ষ্য কর।</strong><br />\r\n&nbsp;', '1582436278_Q2.png', '<strong>পূর্ববর্তী চিত্রের সাথে নিচের কোন চিত্রের সম্পূর্ণ মিল আছে? </strong>', NULL, '[\"1\"]', 2, 2, 1, '1582436278_Q2A1.png', '1582436278_Q2A2.png', '1582436278_Q2A3.png', '1582436278_Q2A4.png', 3, 2, 2, '2020-02-23 05:37:58', '2020-02-23 05:58:35'),
(88, 3, '[\"7\",\"8\"]', 3, 1, 2, 1, '<strong>নিচের চিত্রটি লক্ষ্য কর।</strong><br />\r\n&nbsp;', '1582436347_Q3.png', '<strong>নিচের কোন আকারটি পূর্ববর্তী চিত্রে নেই?</strong>', NULL, 'null', 2, 2, 1, '1582436347_Q3A1.png', '1582436347_Q3A2.png', '1582436347_Q3A3.png', '1582436347_Q3A4.png', 1, 2, NULL, '2020-02-23 05:39:07', '2020-02-23 11:39:07'),
(89, 3, '[\"7\",\"8\"]', 3, 1, 2, 1, '<strong>নিচের ডায়াগ্রামটি লক্ষ্য কর।</strong>', '1582436445_Q4.png', '<strong>&nbsp;&ldquo;A&rdquo;&nbsp; </strong><strong>এর সঠিক অবস্থান চিহ্নিত কর।&nbsp; </strong>', '1582436445_Q4A.png', '[\"1\"]', 2, 1, 1, '2,6,5,7', '5,3,12,14', '1,4,5,13', '2,5,3,13', 2, 2, NULL, '2020-02-23 05:40:45', '2020-02-23 11:40:45'),
(90, 3, '[\"7\",\"8\"]', 3, 1, 2, 1, '<strong>নিচের ডায়াগ্রামটি লক্ষ্য কর।</strong><br />\r\n<br />\r\n&nbsp;', '1582436520_Q5.png', '<strong>পূর্ববর্তী ডায়াগ্রামে প্রদর্শিত সঠিক আকার কোনটি?</strong>', NULL, 'null', 2, 2, 1, '1582436520_Q5A1.png', '1582436520_Q5A2.png', '1582436520_Q5A3.png', '1582436520_Q5A4.png', 3, 2, NULL, '2020-02-23 05:42:00', '2020-02-23 11:42:00'),
(91, 3, '[\"7\",\"8\"]', 3, 1, 2, 1, '<strong>নিচের চিত্রটি লক্ষ্য কর।</strong><br />\r\n&nbsp;', '1582436568_Q6.png', '<strong>চিত্রে কতজন শিক্ষার্থী তাদের হাত তুলেছিল?&nbsp;</strong>', NULL, '[\"1\"]', 2, 1, 1, '4', '3', '2', '1', 3, 2, NULL, '2020-02-23 05:42:48', '2020-02-23 11:42:48'),
(92, 3, '[\"7\",\"8\"]', 3, 1, 2, 1, '<strong>নিচের ডায়াগ্রামটি লক্ষ্য কর।</strong>', '1582436640_Q7.png', '<strong>&ldquo;পাখিগুলোর&rdquo;</strong><strong> </strong><strong>এর সঠিক অবস্থান চিহ্নিত কর।</strong>', '1582436640_Q7A.png', '[\"1\"]', 2, 1, 1, '4,2', '1,3', '1,4', '2,5', 4, 2, NULL, '2020-02-23 05:44:00', '2020-02-23 11:44:00'),
(93, 3, '[\"7\",\"8\"]', 3, 1, 2, 1, '<strong>নিচের ডায়াগ্রামটি লক্ষ্য কর।</strong>', '1582436713_Q8.png', '<strong>পূর্ববর্তী ডায়াগ্রামে প্রদর্শিত সঠিক বর্ণগুলো চিহ্নিত কর।</strong>', '1582436713_Q8A.png', '[\"1\"]', 2, 1, 1, '2,6,1', '3, 6,5', '4,5,6', '1, 3,4', 4, 2, NULL, '2020-02-23 05:45:13', '2020-02-23 11:45:13'),
(94, 3, '[\"7\",\"8\"]', 3, 1, 2, 1, '<strong>সমীকরণটি সমাধান কর</strong>', '1582436779_Q9.png', '<strong>সঠিক উত্তরটি চিহ্নিত কর।</strong>', NULL, '[\"1\"]', 2, 1, 1, '12', '6', '5', '10', 3, 2, 2, '2020-02-23 05:46:19', '2020-02-23 05:58:18'),
(95, 3, '[\"7\",\"8\"]', 3, 1, 2, 1, '<strong>ডায়াগ্রামটি লক্ষ্য কর।</strong>', '1582436921_Q10.png', '<strong>পূর্ববর্তী ডায়াগ্রামের সঠিক অঙ্কদ্বয় চিহ্নিত কর।</strong>', NULL, '[\"1\"]', 2, 1, 1, '9,22', '21,12', '11,9', '9,12', 4, 2, 2, '2020-02-23 05:48:41', '2020-02-23 06:14:35'),
(96, 3, '[\"7\",\"8\"]', 3, 1, 2, 1, '<strong>ডায়াগ্রামটি লক্ষ্য কর।&nbsp;সমীকরণটি সমাধান করে সঠিক উত্তরটি মনে রাখ।</strong>', '1582437033_Q11.png', '<br />\r\n<strong>সঠিক বর্ণ এবং ফলাফল চিহ্নিত কর।</strong>', '1582437033_Q11A.png', '[\"1\"]', 2, 1, 1, 'P,Q,S,7', 'U,W,P,6', 'O,W,U,5', 'Q,W,Z,5', 4, 2, 2, '2020-02-23 05:50:33', '2020-02-23 05:58:08'),
(97, 3, '[\"7\",\"8\"]', 3, 1, 2, 1, '<strong>ডায়াগ্রামটি লক্ষ্য কর।</strong>', '1582437140_Q12.png', '<strong>পূর্ববর্তী ডায়াগ্রামে প্রদর্শিত সঠিক টুপিগুলো চিহ্নিত কর।&nbsp;</strong>', NULL, '[\"1\"]', 2, 2, 1, '1582437140_Q12A1.png', '1582437140_Q12A2.png', '1582437140_Q12A3.png', '1582437140_Q12A4.png', 3, 2, 2, '2020-02-23 05:52:20', '2020-02-23 05:57:57'),
(98, 3, '[\"7\",\"8\"]', 3, 1, 2, 1, '<strong>নিচের ডায়াগ্রামটি লক্ষ্য কর।</strong><br />\r\n&nbsp;', '1582437258_Q13.png', '<strong>পূর্ববর্তী ডায়াগ্রামে প্রদর্শিত সঠিক ফলগুলো চিহ্নিত কর।&nbsp;&nbsp; </strong>', NULL, '[\"1\"]', 2, 2, 1, '1582437258_Q13A1.png', '1582437258_Q13A2.png', '1582437258_Q13A3.png', '1582437258_Q13A4.png', 4, 2, 2, '2020-02-23 05:54:18', '2020-02-23 05:57:46'),
(99, 3, '[\"7\",\"8\"]', 3, 1, 2, 1, '<strong>নিচের ডায়াগ্রামটি লক্ষ্য কর।</strong>', '1582437344_Q14.png', '<strong>&ldquo;M&rdquo;</strong><strong> &nbsp;এবং </strong><strong>&ldquo;G&rdquo; </strong><strong>এর সঠিক আকৃতি</strong><strong> </strong><strong>চিহ্নিত কর।</strong>', '1582437344_Q14A.png', '[\"1\"]', 2, 1, 1, '2,1', '3,5', '4,2', '1,4', 1, 2, NULL, '2020-02-23 05:55:44', '2020-02-23 11:55:44'),
(100, 3, '[\"7\",\"8\"]', 3, 1, 2, 1, '<strong>নিচের ডায়াগ্রামটি লক্ষ্য কর।</strong>', '1582437415_Q15.png', '<strong>&nbsp;&ldquo;M&rdquo; </strong><strong>এবং মানুষ এর সঠিক অবস্থান</strong><strong> </strong><strong>চিহ্নিত কর।&nbsp;&nbsp;&nbsp;</strong>', '1582437415_Q15A.png', '[\"1\"]', 2, 1, 1, '2,4', '3,6', '4,6', '1,2', 1, 2, NULL, '2020-02-23 05:56:55', '2020-02-23 11:56:55');

-- --------------------------------------------------------

--
-- Table structure for table `bdedu_modules`
--

CREATE TABLE `bdedu_modules` (
  `module_row_id` int(11) NOT NULL,
  `school_row_id` int(3) DEFAULT NULL,
  `module_name` varchar(255) NOT NULL,
  `module_slug` varchar(255) NOT NULL,
  `sort_order` int(3) NOT NULL DEFAULT '1',
  `status` tinyint(1) NOT NULL DEFAULT '1',
  `created_by` int(11) NOT NULL,
  `updated_by` int(11) NOT NULL,
  `created_at` datetime NOT NULL,
  `updated_at` datetime NOT NULL
) ENGINE=InnoDB DEFAULT CHARSET=latin1;

--
-- Dumping data for table `bdedu_modules`
--

INSERT INTO `bdedu_modules` (`module_row_id`, `school_row_id`, `module_name`, `module_slug`, `sort_order`, `status`, `created_by`, `updated_by`, `created_at`, `updated_at`) VALUES
(1, 1, 'IIDP', 'iidp', 1, 1, 2, 2, '2019-04-17 00:00:00', '2019-04-17 00:00:00'),
(2, 1, 'ECDP', 'ecdp', 2, 1, 2, 2, '2019-04-17 00:00:00', '2019-04-17 00:00:00'),
(3, 1, 'MSDP', 'msdp', 3, 1, 2, 2, '2019-04-17 09:42:00', '2019-04-17 00:00:00'),
(4, 1, 'BCDP', 'bcdp', 4, 1, 2, 2, '2019-04-17 09:42:00', '2019-04-17 00:00:00'),
(5, 1, 'SSDP', 'ssdp', 5, 1, 2, 2, '2019-04-17 09:42:00', '2019-04-17 09:44:07'),
(6, 1, 'HMMS', 'hmms', 6, 1, 2, 2, '2019-04-17 09:42:00', '2019-04-17 09:44:07');

-- --------------------------------------------------------

--
-- Table structure for table `bdedu_psychology_categories`
--

CREATE TABLE `bdedu_psychology_categories` (
  `psychology_exam_category_row_id` int(11) NOT NULL,
  `module_row_id` int(11) NOT NULL,
  `school_row_id` int(3) DEFAULT NULL,
  `exam_category_name` varchar(255) NOT NULL,
  `exam_category_slug` varchar(255) NOT NULL,
  `icon_name` varchar(255) DEFAULT NULL,
  `parent_id` int(11) DEFAULT NULL,
  `has_child` int(11) DEFAULT NULL,
  `level` int(11) DEFAULT NULL,
  `sort_order` int(3) NOT NULL DEFAULT '1',
  `status` tinyint(1) DEFAULT '1',
  `created_by` int(11) NOT NULL,
  `updated_by` int(11) DEFAULT NULL,
  `created_at` datetime DEFAULT CURRENT_TIMESTAMP,
  `updated_at` datetime DEFAULT CURRENT_TIMESTAMP
) ENGINE=InnoDB DEFAULT CHARSET=latin1;

--
-- Dumping data for table `bdedu_psychology_categories`
--

INSERT INTO `bdedu_psychology_categories` (`psychology_exam_category_row_id`, `module_row_id`, `school_row_id`, `exam_category_name`, `exam_category_slug`, `icon_name`, `parent_id`, `has_child`, `level`, `sort_order`, `status`, `created_by`, `updated_by`, `created_at`, `updated_at`) VALUES
(1, 3, 1, 'Maths Anxiety symptoms (Internal and External)', 'maths-anxiety-symptoms', NULL, NULL, NULL, NULL, 1, 1, 2, 2, '2019-05-12 11:14:24', '2019-06-17 08:40:33'),
(2, 3, 1, 'Past Experience', 'past-experience', NULL, NULL, NULL, NULL, 2, 1, 2, 2, '2019-05-12 11:14:24', '2019-06-17 08:40:58'),
(3, 3, 1, 'Learning Habit', 'learning-habit', NULL, NULL, NULL, NULL, 3, 1, 2, 2, '2019-05-12 11:14:33', '2019-06-17 08:41:39'),
(4, 3, 1, 'Productive / Mathematical Disposition', 'productive-mathematical-disposition', NULL, NULL, NULL, NULL, 4, 1, 2, 2, '2019-05-12 12:18:17', '2019-06-17 08:42:25');

-- --------------------------------------------------------

--
-- Table structure for table `bdedu_psychology_questions`
--

CREATE TABLE `bdedu_psychology_questions` (
  `psychology_question_row_id` int(11) NOT NULL,
  `school_row_id` int(11) DEFAULT NULL,
  `education_type_row_id` int(11) NOT NULL,
  `class_row_id` text CHARACTER SET utf8 COLLATE utf8_unicode_ci,
  `module_row_id` int(11) DEFAULT NULL,
  `psychology_exam_category_row_id` int(11) DEFAULT NULL,
  `question_title` varchar(255) CHARACTER SET utf8 COLLATE utf8_unicode_ci DEFAULT NULL,
  `question_title_attachment` varchar(255) CHARACTER SET utf8 COLLATE utf8_unicode_ci DEFAULT NULL,
  `question_level` text CHARACTER SET utf8 COLLATE utf8_unicode_ci COMMENT '1 ~ Foundation, 2 ~ Intermediate, 3 ~ Advance',
  `updated_by` int(11) DEFAULT NULL,
  `updated_at` datetime DEFAULT CURRENT_TIMESTAMP,
  `created_at` datetime DEFAULT CURRENT_TIMESTAMP,
  `created_by` int(11) DEFAULT NULL,
  `answer_1` varchar(255) CHARACTER SET utf8 COLLATE utf8_unicode_ci DEFAULT NULL,
  `marks_1` int(2) DEFAULT NULL,
  `answer_2` varchar(255) CHARACTER SET utf8 COLLATE utf8_unicode_ci DEFAULT NULL,
  `marks_2` int(2) DEFAULT NULL,
  `answer_3` varchar(255) CHARACTER SET utf8 COLLATE utf8_unicode_ci DEFAULT NULL,
  `marks_3` int(2) DEFAULT NULL,
  `answer_4` varchar(255) CHARACTER SET utf8 COLLATE utf8_unicode_ci DEFAULT NULL,
  `marks_4` int(2) DEFAULT NULL,
  `answer_5` varchar(255) CHARACTER SET utf8 COLLATE utf8_unicode_ci DEFAULT NULL,
  `marks_5` int(2) DEFAULT NULL
) ENGINE=InnoDB DEFAULT CHARSET=latin1;

--
-- Dumping data for table `bdedu_psychology_questions`
--

INSERT INTO `bdedu_psychology_questions` (`psychology_question_row_id`, `school_row_id`, `education_type_row_id`, `class_row_id`, `module_row_id`, `psychology_exam_category_row_id`, `question_title`, `question_title_attachment`, `question_level`, `updated_by`, `updated_at`, `created_at`, `created_by`, `answer_1`, `marks_1`, `answer_2`, `marks_2`, `answer_3`, `marks_3`, `answer_4`, `marks_4`, `answer_5`, `marks_5`) VALUES
(1, 1, 1, '[\"8\"]', 3, 1, 'I have visible signs of nervousness (sweaty palms, shaky hands, and so on) right before a test.', NULL, 'null', NULL, '2019-06-09 17:14:09', '2019-06-09 11:14:09', 2, 'Strongly Agree', 5, 'Agree', 4, 'Not Agree', 3, 'Strongly Not Agree', 2, 'None of them', 1),
(2, 1, 1, '[\"8\"]', 3, 1, 'I have &ldquo;butterflies / empty feelings&rdquo; in my stomach before a test.', NULL, 'null', NULL, '2019-06-09 17:15:33', '2019-06-09 11:15:33', 2, 'Strongly Agree', 5, 'Agree', 4, 'Not Agree', 3, 'Strongly Not Agree', 2, 'None of them', 1),
(3, 1, 1, '[\"8\"]', 3, 1, 'I feel nauseous / uneasy before a test.', NULL, 'null', NULL, '2019-06-09 17:16:08', '2019-06-09 11:16:08', 2, 'Strongly Agree', 5, 'Agree', 4, 'Not Agree', 3, 'Strongly Not Agree', 2, 'None of them', 1),
(4, 1, 1, '[\"8\"]', 3, 1, 'I have trouble sleeping the night before a test.', NULL, 'null', NULL, '2019-06-09 17:27:38', '2019-06-09 11:27:38', 2, 'Strongly Agree', 5, 'Agree', 4, 'Not Agree', 3, 'Strongly Not Agree', 2, 'None of them', 1),
(5, 1, 1, '[\"8\"]', 3, 1, 'I panic before and during a test.', NULL, 'null', NULL, '2019-06-09 17:28:08', '2019-06-09 11:28:08', 2, 'Strongly Agree', 5, 'Agree', 4, 'Not Agree', 3, 'Strongly Not Agree', 2, 'None of them', 1),
(6, 1, 1, '[\"8\"]', 3, 1, 'My mouth becomes dry and my body breaks out in sweat.', NULL, 'null', NULL, '2019-06-09 17:28:43', '2019-06-09 11:28:43', 2, 'Strongly Agree', 5, 'Agree', 4, 'Not Agree', 3, 'Strongly Not Agree', 2, 'None of them', 1),
(7, 1, 1, '[\"8\"]', 3, 1, 'Math tests are always more stressful to me than other tests.', NULL, 'null', NULL, '2019-06-09 17:29:16', '2019-06-09 11:29:16', 2, 'Strongly Agree', 5, 'Agree', 4, 'Not Agree', 3, 'Strongly Not Agree', 2, 'None of them', 1),
(8, 1, 1, '[\"8\"]', 3, 1, 'When I go through the test paper I feel that I do not know any of the answers.', NULL, 'null', NULL, '2019-06-09 17:29:55', '2019-06-09 11:29:55', 2, 'Strongly Agree', 5, 'Agree', 4, 'Not Agree', 3, 'Strongly Not Agree', 2, 'None of them', 1),
(9, 1, 1, '[\"8\"]', 3, 1, 'I always suffer from &lsquo;fear of failure&rsquo; (fear of what others might say in case of my failure)', NULL, 'null', NULL, '2019-06-09 17:30:23', '2019-06-09 11:30:23', 2, 'Strongly Agree', 5, 'Agree', 4, 'Not Agree', 3, 'Strongly Not Agree', 2, 'None of them', 1),
(10, 1, 1, '[\"8\"]', 3, 1, 'I have trouble in choosing questions in the test.', NULL, 'null', NULL, '2019-06-09 17:31:15', '2019-06-09 11:31:15', 2, 'Strongly Agree', 5, 'Agree', 4, 'Not Agree', 3, 'Strongly Not Agree', 2, 'None of them', 1),
(11, 1, 1, '[\"8\"]', 3, 2, 'I have been punished or embarrassed in math class for not understanding something.', NULL, 'null', NULL, '2019-06-09 17:32:17', '2019-06-09 11:32:17', 2, 'Strongly Agree', 5, 'Agree', 4, 'Not Agree', 3, 'Strongly Not Agree', 2, 'None of them', 1),
(12, 1, 1, '[\"8\"]', 3, 2, 'I had a break from study/ long discontinuation and since then I found mathematics challenging.', NULL, 'null', NULL, '2019-06-09 17:32:47', '2019-06-09 11:32:47', 2, 'Strongly Agree', 5, 'Agree', 4, 'Not Agree', 3, 'Strongly Not Agree', 2, 'None of them', 1),
(13, 1, 1, '[\"8\"]', 3, 2, 'I am always worried about being called on or questioned in the math class.', NULL, 'null', NULL, '2019-06-09 17:33:22', '2019-06-09 11:33:22', 2, 'Strongly Agree', 5, 'Agree', 4, 'Not Agree', 3, 'Strongly Not Agree', 2, 'None of them', 1),
(14, 1, 1, '[\"8\"]', 3, 2, 'My teacher is always inclined to / prefers his own methods when solving math problems.', NULL, 'null', NULL, '2019-06-09 17:34:07', '2019-06-09 11:34:07', 2, 'Strongly Agree', 5, 'Agree', 4, 'Not Agree', 3, 'Strongly Not Agree', 2, 'None of them', 1),
(15, 1, 1, '[\"8\"]', 3, 2, 'My math teacher became/ becomes annoyed when I ask questions and I am unable to communicate easily with him/her.', NULL, 'null', NULL, '2019-06-09 17:34:37', '2019-06-09 11:34:37', 2, 'Strongly Agree', 5, 'Agree', 4, 'Not Agree', 3, 'Strongly Not Agree', 2, 'None of them', 1),
(16, 1, 1, '[\"8\"]', 3, 2, 'I have been promoted to the next class even though I did poorly in earlier math classes.', NULL, 'null', NULL, '2019-06-09 17:35:08', '2019-06-09 11:35:08', 2, 'Strongly Agree', 5, 'Agree', 4, 'Not Agree', 3, 'Strongly Not Agree', 2, 'None of them', 1),
(17, 1, 1, '[\"8\"]', 3, 2, 'My parents, elder brothers and sisters, friends or teachers shared their own struggles and frustration in math with me.', NULL, 'null', NULL, '2019-06-09 17:35:37', '2019-06-09 11:35:37', 2, 'Strongly Agree', 5, 'Agree', 4, 'Not Agree', 3, 'Strongly Not Agree', 2, 'None of them', 1),
(18, 1, 1, '[\"8\"]', 3, 2, 'I always practice Mathematics but never get the expected result.', NULL, 'null', NULL, '2019-06-09 17:36:01', '2019-06-09 11:36:01', 2, 'Strongly Agree', 5, 'Agree', 4, 'Not Agree', 3, 'Strongly Not Agree', 2, 'None of them', 1),
(19, 1, 1, '[\"8\"]', 3, 2, 'I believe in superstitions/stereotypes and I cannot innately learn math.', NULL, 'null', NULL, '2019-06-09 17:36:18', '2019-06-09 11:36:18', 2, 'Strongly Agree', 5, 'Agree', 4, 'Not Agree', 3, 'Strongly Not Agree', 2, 'None of them', 1),
(20, 1, 1, '[\"8\"]', 3, 2, 'My parents/teachers expect a lot from me.', NULL, 'null', NULL, '2019-06-09 17:36:42', '2019-06-09 11:36:42', 2, 'Strongly Agree', 5, 'Agree', 4, 'Not Agree', 3, 'Strongly Not Agree', 2, 'None of them', 1),
(21, 1, 1, '[\"8\"]', 3, 3, 'I do not practice math regularly', NULL, 'null', NULL, '2019-06-09 17:38:14', '2019-06-09 11:38:14', 2, 'Strongly Agree', 5, 'Agree', 4, 'Not Agree', 3, 'Strongly Not Agree', 2, 'None of them', 1),
(22, 1, 1, '[\"8\"]', 3, 3, 'I prefer memorize the process to understand the process in learning math', NULL, 'null', NULL, '2019-06-09 17:38:42', '2019-06-09 11:38:42', 2, 'Strongly Agree', 5, 'Agree', 4, 'Not Agree', 3, 'Strongly Not Agree', 2, 'None of them', 1),
(23, 1, 1, '[\"8\"]', 3, 3, 'Even though I do not understand anything in the class, I still pretend that I have understood everything.', NULL, 'null', NULL, '2019-06-09 17:39:09', '2019-06-09 11:39:09', 2, 'Strongly Agree', 5, 'Agree', 4, 'Not Agree', 3, 'Strongly Not Agree', 2, 'None of them', 1),
(24, 1, 1, '[\"8\"]', 3, 3, 'I am not organized in answering the math questions and do lot of messy work in between.', NULL, 'null', NULL, '2019-06-09 17:39:31', '2019-06-09 11:39:31', 2, 'Strongly Agree', 5, 'Agree', 4, 'Not Agree', 3, 'Strongly Not Agree', 2, 'None of them', 1),
(25, 1, 1, '[\"8\"]', 3, 3, 'Even when doing simple or easy math problems, I depend on other&rsquo;s assistance/support.', NULL, 'null', NULL, '2019-06-09 17:39:57', '2019-06-09 11:39:57', 2, 'Strongly Agree', 5, 'Agree', 4, 'Not Agree', 3, 'Strongly Not Agree', 2, 'None of them', 1),
(26, 1, 1, '[\"8\"]', 3, 3, 'I do not like to study thoroughly and always do the selective math problems and completely avoid the difficult ones.', NULL, 'null', NULL, '2019-06-09 17:40:31', '2019-06-09 11:40:31', 2, 'Strongly Agree', 5, 'Agree', 4, 'Not Agree', 3, 'Strongly Not Agree', 2, 'None of them', 1),
(27, 1, 1, '[\"8\"]', 3, 3, 'I always suffer from an inferiority complex.', NULL, 'null', NULL, '2019-06-09 17:40:55', '2019-06-09 11:40:55', 2, 'Strongly Agree', 5, 'Agree', 4, 'Not Agree', 3, 'Strongly Not Agree', 2, 'None of them', 1),
(28, 1, 1, '[\"8\"]', 3, 3, 'I have trouble in choosing answers.', NULL, 'null', NULL, '2019-06-09 17:41:20', '2019-06-09 11:41:20', 2, 'Strongly Agree', 5, 'Agree', 4, 'Not Agree', 3, 'Strongly Not Agree', 2, 'None of them', 1),
(29, 1, 1, '[\"8\"]', 3, 3, 'I get exhausted easily and never revise my math test script after the test.', NULL, 'null', NULL, '2019-06-09 17:41:48', '2019-06-09 11:41:48', 2, 'Strongly Agree', 5, 'Agree', 4, 'Not Agree', 3, 'Strongly Not Agree', 2, 'None of them', 1),
(30, 1, 1, '[\"8\"]', 3, 3, 'Everyone including myself believe that I am weak in math and hence I do not try harder to improve myself.', NULL, 'null', NULL, '2019-06-09 17:42:21', '2019-06-09 11:42:21', 2, 'Strongly Agree', 5, 'Agree', 4, 'Not Agree', 3, 'Strongly Not Agree', 2, 'None of them', 1),
(31, 1, 1, '[\"8\"]', 3, 4, 'I like to go to math class every day.', NULL, 'null', NULL, '2019-06-09 17:43:11', '2019-06-09 11:43:11', 2, 'Strongly Agree', 5, 'Agree', 4, 'Not Agree', 3, 'Strongly Not Agree', 2, 'None of them', 1),
(32, 1, 1, '[\"8\"]', 3, 4, 'I practice mathematics regularly.', NULL, 'null', NULL, '2019-06-09 17:43:29', '2019-06-09 11:43:29', 2, 'Strongly Agree', 5, 'Agree', 4, 'Not Agree', 3, 'Strongly Not Agree', 2, 'None of them', 1),
(33, 1, 1, '[\"8\"]', 3, 4, 'I am or I like to be an independent learner.', NULL, 'null', NULL, '2019-06-09 17:43:55', '2019-06-09 11:43:55', 2, 'Strongly Agree', 5, 'Agree', 4, 'Not Agree', 3, 'Strongly Not Agree', 2, 'None of them', 1),
(34, 1, 1, '[\"8\"]', 3, 4, 'When solving a mathematical problem, I always try by myself first then seek help from others.', NULL, 'null', NULL, '2019-06-09 17:44:18', '2019-06-09 11:44:18', 2, 'Strongly Agree', 5, 'Agree', 4, 'Not Agree', 3, 'Strongly Not Agree', 2, 'None of them', 1),
(35, 1, 1, '[\"8\"]', 3, 4, 'I believe regular practice is very important to learn mathematics.', NULL, 'null', NULL, '2019-06-09 17:44:48', '2019-06-09 11:44:48', 2, 'Strongly Agree', 5, 'Agree', 4, 'Not Agree', 3, 'Strongly Not Agree', 2, 'None of them', 1),
(36, 1, 1, '[\"8\"]', 3, 4, 'To me math is understandable, not arbitrary and has a sensible structure.', NULL, 'null', NULL, '2019-06-09 17:45:25', '2019-06-09 11:45:25', 2, 'Strongly Agree', 5, 'Agree', 4, 'Not Agree', 3, 'Strongly Not Agree', 2, 'None of them', 1),
(37, 1, 1, '[\"8\"]', 3, 4, 'I like to contribute or help others to learn math.', NULL, 'null', NULL, '2019-06-09 17:46:46', '2019-06-09 11:46:46', 2, 'Strongly Agree', 5, 'Agree', 4, 'Not Agree', 3, 'Strongly Not Agree', 2, 'None of them', 1),
(38, 1, 1, '[\"8\"]', 3, 4, 'I know the importance of mathematics and believe that mathematics is a very useful subject.', NULL, 'null', NULL, '2019-06-09 17:47:05', '2019-06-09 11:47:05', 2, 'Strongly Agree', 5, 'Agree', 4, 'Not Agree', 3, 'Strongly Not Agree', 2, 'None of them', 1),
(39, 1, 1, '[\"8\"]', 3, 4, 'I am aware of how mathematical relationships are used in social, environmental, cultural and economic relations.', NULL, 'null', 2, '2019-06-17 10:38:59', '2019-06-09 11:47:24', 2, 'Strongly Agree', 5, 'Agree', 4, 'Not Agree', 3, 'Strongly Not Agree', 2, 'None of them', 1),
(40, 1, 1, '[\"8\"]', 3, 4, 'I find mathematics interesting and I am confident in my ability to solve math problems.', NULL, 'null', NULL, '2019-06-09 17:47:43', '2019-06-09 11:47:43', 2, 'Strongly Agree', 5, 'Agree', 4, 'Not Agree', 3, 'Strongly Not Agree', 2, 'None of them', 1),
(41, 1, 2, '[\"3\",\"4\",\"5\",\"6\",\"7\",\"8\"]', 3, 1, '<strong>I have visible signs of nervousness (sweaty palms, shaky hands, and so on) right before a test.</strong><br />\r\n&nbsp;', NULL, 'null', 2, '2020-02-17 05:04:33', '2019-12-17 03:46:35', 2, 'Strongly Agree', 5, 'Agree', 4, 'Not Agree', 3, 'Strongly Not Agree', 2, 'None of them', 1),
(42, 1, 2, '[\"3\",\"4\",\"5\",\"6\",\"7\",\"8\"]', 3, 1, '<strong>I have &ldquo;butterflies / empty feelings&rdquo; in my stomach before a test.</strong>', NULL, 'null', 2, '2019-12-17 04:54:33', '2019-12-17 03:48:04', 2, 'Strongly Agree', 5, 'Agree', 4, 'Not Agree', 3, 'Strongly Not Agree', 2, 'None of them', 1),
(43, 1, 2, '[\"3\",\"4\",\"5\",\"6\",\"7\",\"8\"]', 3, 1, '<strong>I feel nauseous / uneasy before a test.</strong>', NULL, 'null', 2, '2019-12-17 04:54:13', '2019-12-17 03:48:32', 2, 'Strongly Agree', 5, 'Agree', 4, 'Not Agree', 3, 'Strongly Not Agree', 2, 'None of them', 1),
(44, 1, 2, '[\"3\",\"4\",\"5\",\"6\",\"7\",\"8\"]', 3, 1, '<strong>I have trouble sleeping the night before a test.</strong>', NULL, 'null', 2, '2019-12-17 04:53:29', '2019-12-17 03:48:55', 2, 'Strongly Agree', 5, 'Agree', 4, 'Not Agree', 3, 'Strongly Not Agree', 2, 'None of them', 1),
(45, 1, 2, '[\"3\",\"4\",\"5\",\"6\",\"7\",\"8\"]', 3, 1, '<strong>I panic before and during a test.</strong>', NULL, 'null', 2, '2019-12-17 04:52:23', '2019-12-17 03:57:38', 2, 'Strongly Agree', 5, 'Agree', 4, 'Not Agree', 3, 'Strongly Not Agree', 2, 'None of them', 1),
(46, 1, 2, '[\"3\",\"4\",\"5\",\"6\",\"7\",\"8\"]', 3, 1, '<strong>My mouth becomes dry and my body breaks out in sweat.</strong>', NULL, 'null', 2, '2019-12-17 04:52:08', '2019-12-17 03:58:05', 2, 'Strongly Agree', 5, 'Agree', 4, 'Not Agree', 3, 'Strongly Not Agree', 2, 'None of them', 1),
(47, 1, 2, '[\"3\",\"4\",\"5\",\"6\",\"7\",\"8\"]', 3, 1, '<strong>Math tests are always more stressful to me than other tests.</strong>', NULL, 'null', 2, '2019-12-17 04:51:34', '2019-12-17 03:58:39', 2, 'Strongly Agree', 5, 'Agree', 4, 'Not Agree', 3, 'Strongly Not Agree', 2, 'None of them', 1),
(48, 1, 2, '[\"3\",\"4\",\"5\",\"6\",\"7\",\"8\"]', 3, 1, '<strong>When I go through the test paper I feel that I do not know any of the answers.</strong>', NULL, 'null', 2, '2019-12-17 04:57:44', '2019-12-17 03:59:05', 2, 'Strongly Agree', 5, 'Agree', 4, 'Not Agree', 3, 'Strongly Not Agree', 2, 'None of them', 1),
(49, 1, 2, '[\"3\",\"4\",\"5\",\"6\",\"7\",\"8\"]', 3, 1, '<strong>I always suffer from &lsquo;fear of failure&rsquo; (fear of what others might say in case of my failure)</strong>', NULL, 'null', 2, '2019-12-17 04:50:48', '2019-12-17 03:59:35', 2, 'Strongly Agree', 5, 'Agree', 4, 'Not Agree', 3, 'Strongly Not Agree', 2, 'None of them', 1),
(50, 1, 2, '[\"3\",\"4\",\"5\",\"6\",\"7\",\"8\"]', 3, 1, '<strong>I have trouble in choosing questions in the test.</strong>', NULL, 'null', 2, '2019-12-17 04:50:31', '2019-12-17 03:59:54', 2, 'Strongly Agree', 5, 'Agree', 4, 'Not Agree', 3, 'Strongly Not Agree', 2, 'None of them', 1),
(51, 1, 2, '[\"3\",\"4\",\"5\",\"6\",\"7\",\"8\"]', 3, 2, '<strong>I have been punished or embarrassed in math class for not understanding something.</strong>', NULL, 'null', 2, '2019-12-17 04:50:17', '2019-12-17 04:00:18', 2, 'Strongly Agree', 5, 'Agree', 4, 'Not Agree', 3, 'Strongly Not Agree', 2, 'None of them', 1),
(52, 1, 2, '[\"3\",\"4\",\"5\",\"6\",\"7\",\"8\"]', 3, 2, '<strong>I had a break of study/ long discontinuation of study and since then I found mathematics challenging.</strong>', NULL, 'null', 2, '2019-12-17 04:49:48', '2019-12-17 04:01:23', 2, 'Strongly Agree', 5, 'Agree', 4, 'Not Agree', 3, 'Strongly Not Agree', 2, 'None of them', 1),
(53, 1, 2, '[\"3\",\"4\",\"5\",\"6\",\"7\",\"8\"]', 3, 2, '<strong>I am always worried about being called on or questioned in the math class.</strong>', NULL, 'null', 2, '2019-12-17 04:49:24', '2019-12-17 04:01:42', 2, 'Strongly Agree', 5, 'Agree', 4, 'Not Agree', 3, 'Strongly Not Agree', 2, 'None of them', 1),
(54, 1, 2, '[\"3\",\"4\",\"5\",\"6\",\"7\",\"8\"]', 3, 2, '<strong>My teacher is always inclined to / prefers his own methods when solving math problems.</strong>', NULL, 'null', 2, '2019-12-17 04:48:59', '2019-12-17 04:02:05', 2, 'Strongly Agree', 5, 'Agree', 4, 'Not Agree', 3, 'Strongly Not Agree', 2, 'None of them', 1),
(55, 1, 2, '[\"3\",\"4\",\"5\",\"6\",\"7\",\"8\"]', 3, 2, '<strong>My math teacher &nbsp;becomes annoyed when I ask questions and I am unable to communicate easily with him/her.</strong>', NULL, 'null', 2, '2019-12-17 04:48:38', '2019-12-17 04:03:54', 2, 'Strongly Agree', 5, 'Agree', 4, 'Not Agree', 3, 'Strongly Not Agree', 2, 'None of them', 1),
(56, 1, 2, '[\"3\",\"4\",\"5\",\"6\",\"7\",\"8\"]', 3, 2, '<strong>I have been promoted to the next class even though I did poorly in earlier math classes.</strong>', NULL, 'null', 2, '2019-12-17 04:48:15', '2019-12-17 04:04:30', 2, 'Strongly Agree', 5, 'Agree', 4, 'Not Agree', 3, 'Strongly Not Agree', 2, 'None of them', 1),
(57, 1, 2, '[\"3\",\"4\",\"5\",\"6\",\"7\",\"8\"]', 3, 2, '<strong>My parents, elder brothers and sisters, friends or teachers shared their own struggles and frustration in math with me.</strong><br />\r\n&nbsp;', NULL, 'null', 2, '2020-02-17 05:02:57', '2019-12-17 04:04:51', 2, 'Strongly Agree', 5, 'Agree', 4, 'Not Agree', 3, 'Strongly Not Agree', 2, 'None of them', 1),
(58, 1, 2, '[\"3\",\"4\",\"5\",\"6\",\"7\",\"8\"]', 3, 2, '<strong>I always practice Mathematics but never get the expected result.</strong>', NULL, 'null', 2, '2019-12-17 04:47:17', '2019-12-17 04:05:11', 2, 'Strongly Agree', 5, 'Agree', 4, 'Not Agree', 3, 'Strongly Not Agree', 2, 'None of them', 1),
(59, 1, 2, '[\"3\",\"4\",\"5\",\"6\",\"7\",\"8\"]', 3, 2, '<strong>I believe in superstitions/stereotypes and I cannot innately learn math.</strong>', NULL, 'null', 2, '2019-12-17 04:46:36', '2019-12-17 04:05:33', 2, 'Strongly Agree', 5, 'Agree', 4, 'Not Agree', 3, 'Strongly Not Agree', 2, 'None of them', 1),
(60, 1, 2, '[\"3\",\"4\",\"5\",\"6\",\"7\",\"8\"]', 3, 2, '<strong>My parents/teachers expect a lot from me</strong>', NULL, 'null', 2, '2019-12-17 04:45:59', '2019-12-17 04:05:52', 2, 'Strongly Agree', 5, 'Agree', 4, 'Not Agree', 3, 'Strongly Not Agree', 2, 'None of them', 1),
(61, 1, 2, '[\"3\",\"4\",\"5\",\"6\",\"7\",\"8\"]', 3, 3, '<strong>I do not practice math regularly</strong>', NULL, 'null', 2, '2019-12-17 04:45:41', '2019-12-17 04:06:23', 2, 'Strongly Agree', 5, 'Agree', 4, 'Not Agree', 3, 'Strongly Not Agree', 2, 'None of them', 1),
(62, 1, 2, '[\"3\",\"4\",\"5\",\"6\",\"7\",\"8\"]', 3, 3, '<strong>I prefer memorize the process to understand the process in learning math</strong>', NULL, 'null', 2, '2019-12-17 04:44:56', '2019-12-17 04:06:47', 2, 'Strongly Agree', 5, 'Agree', 4, 'Not Agree', 3, 'Strongly Not Agree', 2, 'None of them', 1),
(63, 1, 2, '[\"3\",\"4\",\"5\",\"6\",\"7\",\"8\"]', 3, 3, '<strong>Even though I do not understand anything in the class, I still pretend that I have understood everything.</strong>', NULL, 'null', 2, '2019-12-17 04:44:33', '2019-12-17 04:07:13', 2, 'Strongly Agree', 5, 'Agree', 4, 'Not Agree', 3, 'Strongly Not Agree', 2, 'None of them', 1),
(64, 1, 2, '[\"3\",\"4\",\"5\",\"6\",\"7\"]', 3, 3, '<strong>I am not organized in answering the math questions and do lot of messy work in between.</strong>', NULL, 'null', 2, '2019-12-17 04:44:16', '2019-12-17 04:07:34', 2, 'Strongly Agree', 5, 'Agree', 4, 'Not Agree', 3, 'Strongly Not Agree', 2, 'None of them', 1),
(65, 1, 2, '[\"3\",\"4\",\"5\",\"6\",\"7\",\"8\"]', 3, 3, '<strong>Even when doing simple or easy math problems, I depend on other&rsquo;s assistance/support.</strong>', NULL, 'null', 2, '2019-12-17 04:43:43', '2019-12-17 04:07:57', 2, 'Strongly Agree', 5, 'Agree', 4, 'Not Agree', 3, 'Strongly Not Agree', 2, 'None of them', 1),
(66, 1, 2, '[\"3\",\"4\",\"5\",\"6\",\"7\",\"8\"]', 3, 3, '<strong>I do not like to study thoroughly and always do the selective math problems and completely avoid the difficult ones.</strong>', NULL, 'null', 2, '2019-12-17 04:42:27', '2019-12-17 04:08:18', 2, 'Strongly Agree', 5, 'Agree', 4, 'Not Agree', 3, 'Strongly Not Agree', 2, 'None of them', 1),
(67, 1, 2, '[\"3\",\"4\",\"5\",\"6\",\"7\",\"8\"]', 3, 3, '<strong>I always suffer from an inferiority complex.</strong>', NULL, 'null', 2, '2019-12-17 04:41:56', '2019-12-17 04:08:40', 2, 'Strongly Agree', 5, 'Agree', 4, 'Not Agree', 3, 'Strongly Not Agree', 2, 'None of them', 1),
(68, 1, 2, '[\"3\",\"4\",\"5\",\"6\",\"7\",\"8\"]', 3, 3, '<strong>I have trouble in choosing answers.</strong>', NULL, 'null', 2, '2019-12-17 04:41:39', '2019-12-17 04:09:07', 2, 'Strongly Agree', 5, 'Agree', 4, 'Not Agree', 3, 'Strongly Not Agree', 2, 'None of them', 1),
(69, 1, 2, '[\"3\",\"4\",\"5\",\"6\",\"7\",\"8\"]', 3, 3, '<strong>I get exhausted easily and never revise my math test script after the test.</strong>', NULL, 'null', 2, '2019-12-17 04:41:27', '2019-12-17 04:09:32', 2, 'Strongly Agree', 5, 'Agree', 4, 'Not Agree', 3, 'Strongly Not Agree', 2, 'None of them', 1),
(70, 1, 2, '[\"3\",\"4\",\"5\",\"6\",\"7\",\"8\"]', 3, 3, '<strong>Everyone including myself believe that I am weak in math and hence I do not try harder to improve myself.</strong>', NULL, 'null', 2, '2019-12-17 04:41:00', '2019-12-17 04:09:55', 2, 'Strongly Agree', 5, 'Agree', 4, 'Not Agree', 3, 'Strongly Not Agree', 2, 'None of them', 1),
(71, 1, 2, '[\"3\",\"4\",\"5\",\"6\",\"7\",\"8\"]', 3, 4, '<strong>I know mathematics is an important subject.</strong>', NULL, 'null', 2, '2019-12-17 04:40:45', '2019-12-17 04:12:41', 2, 'Strongly Agree', 5, 'Agree', 4, 'Not Agree', 3, 'Strongly Not Agree', 2, 'None of them', 1),
(72, 1, 2, '[\"3\",\"4\",\"5\",\"6\",\"7\",\"8\"]', 3, 4, '<strong>I like to go to math class every day.</strong>', NULL, 'null', 2, '2019-12-17 04:53:59', '2019-12-17 04:13:02', 2, 'Strongly Agree', 5, 'Agree', 4, 'Not Agree', 3, 'Strongly Not Agree', 2, 'None of them', 1),
(73, 1, 2, '[\"3\",\"4\",\"5\",\"6\",\"7\",\"8\"]', 3, 4, '<strong>I am or I like to be an independent learner.</strong>', NULL, 'null', 2, '2020-02-17 04:44:01', '2019-12-17 04:13:19', 2, 'Strongly Agree', 5, 'Agree', 4, 'Not Agree', 3, 'Strongly Not Agree', 2, 'None of them', 1),
(74, 1, 2, '[\"3\",\"4\",\"5\",\"6\",\"7\",\"8\"]', 3, 4, '<strong>When solving a mathematical problem, I always try by myself first then seek help from others.</strong>', NULL, 'null', 2, '2019-12-17 04:39:38', '2019-12-17 04:13:43', 2, 'Strongly Agree', 5, 'Agree', 4, 'Not Agree', 3, 'Strongly Not Agree', 2, 'None of them', 1),
(75, 1, 2, '[\"3\",\"4\",\"5\",\"6\",\"7\",\"8\"]', 3, 4, '<strong>I believe regular practice is very important to learn mathematics.</strong>', NULL, 'null', 2, '2019-12-17 04:38:50', '2019-12-17 04:14:12', 2, 'Strongly Agree', 5, 'Agree', 4, 'Not Agree', 3, 'Strongly Not Agree', 2, 'None of them', 1),
(76, 1, 2, '[\"3\",\"4\",\"5\",\"6\",\"7\",\"8\"]', 3, 4, '<strong>To me math is understandable, not arbitrary and has a sensible structure.</strong>', NULL, 'null', 2, '2019-12-17 04:23:23', '2019-12-17 04:14:39', 2, 'Strongly Agree', 5, 'Agree', 4, 'Not Agree', 3, 'Strongly Not Agree', 2, 'None of them', 1),
(77, 1, 2, '[\"3\",\"4\",\"5\",\"6\",\"7\",\"8\"]', 3, 4, '<strong>I like to contribute or help others to learn math.</strong>', NULL, 'null', 2, '2019-12-17 04:23:01', '2019-12-17 04:14:59', 2, 'Strongly Agree', 5, 'Agree', 4, 'Not Agree', 3, 'Strongly Not Agree', 2, 'None of them', 1),
(78, 1, 2, '[\"3\",\"4\",\"5\",\"6\",\"7\",\"8\"]', 3, 4, '<strong>I know the importance of mathematics and believe that mathematics is a very useful subject for higher studies.</strong>', NULL, 'null', 2, '2020-02-17 04:45:04', '2019-12-17 04:15:22', 2, 'Strongly Agree', 5, 'Agree', 4, 'Not Agree', 3, 'Strongly Not Agree', 2, 'None of them', 1),
(79, 1, 2, '[\"3\",\"4\",\"5\",\"6\",\"7\",\"8\"]', 3, 4, '<strong>I am aware of how mathematical relationships are used in social, environmental, cultural and economic relations.</strong>', NULL, 'null', 2, '2019-12-19 03:22:06', '2019-12-17 04:15:43', 2, 'Strongly Agree', 5, 'Agree', 4, 'Neutral', 3, 'Disagree', 2, 'Strongly Disagree', 1),
(80, 1, 2, '[\"3\",\"4\",\"5\",\"6\",\"7\",\"8\"]', 3, 4, '<strong>I find mathematics interesting and I am confident in my ability to solve math problems.</strong>', NULL, 'null', 2, '2019-12-17 06:58:44', '2019-12-17 04:16:04', 2, 'Strongly Agree', 5, 'Agree', 4, 'Neutral', 3, 'Disagree', 2, 'Strongly Disagree', 1),
(81, 1, 3, '[\"3\",\"4\",\"5\",\"6\",\"7\",\"8\"]', 3, 1, '<strong>পরীক্ষার ঠিক আগে আমার ঘাবড়ে যাওয়ার লক্ষণ (যেমন হাতের তালুতে ঘাম, হাত কাঁপা ইত্যাদি) প্রকাশ পায়।</strong>', NULL, 'null', 2, '2019-12-19 05:24:35', '2019-12-17 05:00:29', 2, 'দৃঢ়ভাবে একমত', 5, 'একমত', 4, 'নিরপেক্ষ', 3, 'অসম্মত', 2, 'দৃঢ়ভাবে অসম্মত', 1),
(82, 1, 3, '[\"3\",\"4\",\"5\",\"6\",\"7\",\"8\"]', 3, 1, '<strong>পরীক্ষার ঠিক পূর্বমুহুর্তে আমার প্রচন্ড ক্ষুধা অনুভুত হয়।</strong>', NULL, 'null', 2, '2019-12-18 03:36:40', '2019-12-18 03:36:03', 2, 'দৃঢ়ভাবে একমত', 5, 'একমত', 4, 'নিরপেক্ষ', 3, 'অসম্মত', 2, 'দৃঢ়ভাবে অসম্মত', 1),
(83, 1, 3, '[\"3\",\"4\",\"5\",\"6\",\"7\",\"8\"]', 3, 1, '<strong>পরীক্ষার পূর্বমুহুর্তে আমার বমি বমি ভাব হয়। </strong>', NULL, 'null', NULL, '2019-12-18 09:37:51', '2019-12-18 03:37:51', 2, 'দৃঢ়ভাবে একমত', 5, 'একমত', 4, 'নিরপেক্ষ', 3, 'অসম্মত', 2, 'দৃঢ়ভাবে অসম্মত', 1),
(84, 1, 3, '[\"3\",\"4\",\"5\",\"6\",\"7\",\"8\"]', 3, 1, '<strong>পরীক্ষার আগের রাতে আমার ভাল ঘুম হয় না।</strong>', NULL, 'null', NULL, '2019-12-18 09:38:49', '2019-12-18 03:38:49', 2, 'দৃঢ়ভাবে একমত', 5, 'একমত', 4, 'নিরপেক্ষ', 3, 'অসম্মত', 2, 'দৃঢ়ভাবে অসম্মত', 1),
(85, 1, 3, '[\"3\",\"4\",\"5\",\"6\",\"7\",\"8\"]', 3, 1, '<strong>পরীক্ষার আগে এবং পরীক্ষা চলাকালীন সময়ে আমি খুব উদ্বিগ্ন থাকি।</strong>', NULL, 'null', NULL, '2019-12-18 09:39:55', '2019-12-18 03:39:55', 2, 'দৃঢ়ভাবে একমত', 5, 'একমত', 4, 'নিরপেক্ষ', 3, 'অসম্মত', 2, 'দৃঢ়ভাবে অসম্মত', 1),
(86, 1, 3, '[\"3\",\"4\",\"5\",\"6\",\"7\",\"8\"]', 3, 1, '<strong>আমার খুব পানির পিপাসা পায় এবং শরীর ঘামে ভিজে যায়।</strong>', NULL, 'null', NULL, '2019-12-18 09:49:42', '2019-12-18 03:49:42', 2, 'দৃঢ়ভাবে একমত', 5, 'একমত', 4, 'নিরপেক্ষ', 3, 'অসম্মত', 2, 'দৃঢ়ভাবে অসম্মত', 1),
(87, 1, 3, '[\"3\",\"4\",\"5\",\"6\",\"7\",\"8\"]', 3, 1, '<strong>অন্যান্য পরীক্ষার চেয়ে গণিত পরীক্ষার সময় আমি বেশি চাপ অনুভব করি।</strong>', NULL, 'null', NULL, '2019-12-18 09:50:54', '2019-12-18 03:50:54', 2, 'দৃঢ়ভাবে একমত', 5, 'একমত', 4, 'নিরপেক্ষ', 3, 'অসম্মত', 2, 'দৃঢ়ভাবে অসম্মত', 1),
(88, 1, 3, '[\"3\",\"4\",\"5\",\"6\",\"7\",\"8\"]', 3, 1, '<strong>যখন আমি পরীক্ষার প্রশ্ন দেখি আমার কাছে মনে হয় কোনো প্রশ্নের উত্তর আমার জানা নাই।</strong>', NULL, 'null', NULL, '2019-12-18 09:51:45', '2019-12-18 03:51:45', 2, 'দৃঢ়ভাবে একমত', 5, 'একমত', 4, 'নিরপেক্ষ', 3, 'অসম্মত', 2, 'দৃঢ়ভাবে অসম্মত', 1),
(89, 1, 3, '[\"3\",\"4\",\"5\",\"6\",\"7\",\"8\"]', 3, 1, '<strong>আমার মধ্যে সবসময় অকৃতকার্য হওয়ার এবং অকৃতকার্য হলে অন্যরা আমার সম্পর্কে কি বলবে সে ভয় কাজ করে।</strong>', NULL, 'null', NULL, '2019-12-18 09:52:32', '2019-12-18 03:52:32', 2, 'দৃঢ়ভাবে একমত', 5, 'একমত', 4, 'নিরপেক্ষ', 3, 'অসম্মত', 2, 'দৃঢ়ভাবে অসম্মত', 1),
(90, 1, 3, '[\"3\",\"4\",\"5\",\"6\",\"7\",\"8\"]', 3, 1, '<strong>পরীক্ষার সময় প্রশ্ন নির্বাচন করতে আমি সমস্যার সম্মুখীন হই। </strong>', NULL, 'null', NULL, '2019-12-18 09:53:47', '2019-12-18 03:53:47', 2, 'দৃঢ়ভাবে একমত', 5, 'একমত', 4, 'নিরপেক্ষ', 3, 'অসম্মত', 2, 'দৃঢ়ভাবে অসম্মত', 1),
(91, 1, 3, '[\"3\",\"4\",\"5\",\"6\",\"7\",\"8\"]', 3, 2, '<strong>গণিত ক্লাসে কোন কিছু না বুঝতে পারলে আমি শাস্তি পেয়েছি বা বিব্রত হয়েছি।</strong>', NULL, 'null', NULL, '2019-12-18 09:59:06', '2019-12-18 03:59:06', 2, 'দৃঢ়ভাবে একমত', 5, 'একমত', 4, 'নিরপেক্ষ', 3, 'অসম্মত', 2, 'দৃঢ়ভাবে অসম্মত', 1),
(92, 1, 3, '[\"3\",\"4\",\"5\",\"6\",\"7\",\"8\"]', 3, 2, '<strong>আমার অধ্যয়নে দীর্ঘ বিরতি ছিল এবং তার পর থেকে গণিত আমার কাছে খুব কঠিন মনে হতে থাকে।</strong>', NULL, 'null', NULL, '2019-12-18 10:00:50', '2019-12-18 04:00:50', 2, 'দৃঢ়ভাবে একমত', 5, 'একমত', 4, 'নিরপেক্ষ', 3, 'অসম্মত', 2, 'দৃঢ়ভাবে অসম্মত', 1),
(93, 1, 3, '[\"3\",\"4\",\"5\",\"6\",\"7\",\"8\"]', 3, 2, '<strong>গণিত ক্লাসে এই ভেবে আমি সবসময় চিন্তিত থাকতাম যে আমাকে কোন প্রশ্ন করা হয় কিনা অথবা ডাকা হয় কিনা । </strong>', NULL, 'null', NULL, '2019-12-18 10:02:09', '2019-12-18 04:02:09', 2, 'দৃঢ়ভাবে একমত', 5, 'একমত', 4, 'নিরপেক্ষ', 3, 'অসম্মত', 2, 'দৃঢ়ভাবে অসম্মত', 1),
(94, 1, 3, '[\"3\",\"4\",\"5\",\"6\",\"7\",\"8\"]', 3, 2, '<strong>গণিতের সমস্যাগুলি সমাধানে আমার শিক্ষক সর্বদা তাঁর নিজস্ব পদ্ধতি ব্যবহার করতে পছন্দ করতেন।</strong>', NULL, 'null', 2, '2020-02-17 04:34:52', '2019-12-18 04:02:51', 2, 'দৃঢ়ভাবে একমত', 5, 'একমত', 4, 'নিরপেক্ষ', 3, 'অসম্মত', 2, 'দৃঢ়ভাবে অসম্মত', 1),
(95, 1, 3, '[\"3\",\"4\",\"5\",\"6\",\"7\",\"8\"]', 3, 2, '<strong>আমি কোন প্রশ্ন করলে আমার গণিত শিক্ষক বিরক্ত বোধ করতেন এবং তাই তাকে আমি সহজে কোন প্রশ্ন করতে সাহস পেতাম না।</strong><br />\r\n&nbsp;', NULL, 'null', 2, '2020-02-13 05:14:04', '2019-12-18 04:03:49', 2, 'দৃঢ়ভাবে একমত', 5, 'একমত', 4, 'নিরপেক্ষ', 3, 'অসম্মত', 2, 'দৃঢ়ভাবে অসম্মত', 1),
(96, 1, 3, '[\"3\",\"4\",\"5\",\"6\",\"7\",\"8\"]', 3, 2, '<strong>আগের ক্লাসের গণিতে ভাল নাম্বার / গ্রেড না পাওয়া স্বত্ত্বেও আমাকে পরের ক্লাসে উত্তীর্ণ করা হত। </strong><br />\r\n&nbsp;', NULL, 'null', 2, '2020-02-17 04:35:26', '2019-12-18 04:04:29', 2, 'দৃঢ়ভাবে একমত', 5, 'একমত', 4, 'নিরপেক্ষ', 3, 'অসম্মত', 2, 'দৃঢ়ভাবে অসম্মত', 1),
(97, 1, 3, '[\"3\",\"4\",\"5\",\"6\",\"7\",\"8\"]', 3, 2, '<strong>গণিতের প্রতি ভয় ও হতাশার অভিজ্ঞতার কথা আমার বাবা-মা, বড় ভাইবোন, বন্ধু-বান্ধব, শিক্ষকগণ সর্বদা আমার সাথে আলোচনা করত। &nbsp;&nbsp;</strong>', NULL, 'null', 2, '2020-02-17 04:37:26', '2019-12-18 04:27:19', 2, 'দৃঢ়ভাবে একমত', 5, 'একমত', 4, 'নিরপেক্ষ', 3, 'অসম্মত', 2, 'দৃঢ়ভাবে অসম্মত', 1),
(98, 1, 3, '[\"3\",\"4\",\"5\",\"6\",\"7\",\"8\"]', 3, 2, '<strong>আমি সবসময় গণিত অনুশীলন করতাম, কিন্তু কখনও আশানুরূপ নম্বর পেতাম না।</strong>', NULL, 'null', 2, '2020-02-17 04:38:25', '2019-12-18 04:28:23', 2, 'দৃঢ়ভাবে একমত', 5, 'একমত', 4, 'নিরপেক্ষ', 3, 'অসম্মত', 2, 'দৃঢ়ভাবে অসম্মত', 1),
(99, 1, 3, '[\"3\",\"4\",\"5\",\"6\",\"7\",\"8\"]', 3, 2, '<strong>আমি সবসময় অন্ধভাবে না বুঝে গণিত অনুশীলন করতাম।</strong>', NULL, 'null', 2, '2020-02-17 04:39:21', '2019-12-18 04:29:55', 2, 'দৃঢ়ভাবে একমত', 5, 'একমত', 4, 'নিরপেক্ষ', 3, 'অসম্মত', 2, 'দৃঢ়ভাবে অসম্মত', 1),
(100, 1, 3, '[\"3\",\"4\",\"5\",\"6\",\"7\",\"8\"]', 3, 2, '<strong>আমার বাবা-মা সবসময় আমার কাছ থেকে ভাল ফলাফল আশা করত। যার কারণে আমি চাপ অনুভব করি।</strong>', NULL, 'null', NULL, '2019-12-18 10:31:01', '2019-12-18 04:31:01', 2, 'দৃঢ়ভাবে একমত', 5, 'একমত', 4, 'নিরপেক্ষ', 3, 'অসম্মত', 2, 'দৃঢ়ভাবে অসম্মত', 1),
(101, 1, 3, '[\"3\",\"4\",\"5\",\"6\",\"7\",\"8\"]', 3, 3, '<strong>আমি প্রতিদিন গণিত অনুশীলন/ চর্চা করি না।</strong>', NULL, 'null', 2, '2020-02-13 05:16:17', '2019-12-18 04:31:55', 2, 'দৃঢ়ভাবে একমত', 5, 'একমত', 4, 'নিরপেক্ষ', 3, 'অসম্মত', 2, 'দৃঢ়ভাবে অসম্মত', 1),
(102, 1, 3, '[\"3\",\"4\",\"5\",\"6\",\"7\",\"8\"]', 3, 3, '<strong>গণিতের পদ্ধতি বুঝার চেয়ে মুখস্ত করতে আমি বেশি পছন্দ করি।</strong>', NULL, 'null', NULL, '2019-12-18 10:32:47', '2019-12-18 04:32:47', 2, 'দৃঢ়ভাবে একমত', 5, 'একমত', 4, 'নিরপেক্ষ', 3, 'অসম্মত', 2, 'দৃঢ়ভাবে অসম্মত', 1),
(103, 1, 3, '[\"3\",\"4\",\"5\",\"6\",\"7\",\"8\"]', 3, 3, '<strong>&nbsp;গণিত ক্লাসে আমি কোন কিছু না বুঝলেও এমন ভাব করি যেন সব কিছু বুঝতে পেরেছি ।</strong>', NULL, 'null', NULL, '2019-12-18 10:34:03', '2019-12-18 04:34:03', 2, 'দৃঢ়ভাবে একমত', 5, 'একমত', 4, 'নিরপেক্ষ', 3, 'অসম্মত', 2, 'দৃঢ়ভাবে অসম্মত', 1),
(104, 1, 3, '[\"3\",\"4\",\"5\",\"6\",\"7\",\"8\"]', 3, 3, '<strong>আমি গণিতের প্রশ্নের উত্তর সাজিয়ে লিখতে পারি না এবং উত্তর সাজানোর সময় অনেক সমস্যার সম্মুখীন হই।</strong>', NULL, 'null', NULL, '2019-12-18 10:34:47', '2019-12-18 04:34:47', 2, 'দৃঢ়ভাবে একমত', 5, 'একমত', 4, 'নিরপেক্ষ', 3, 'অসম্মত', 2, 'দৃঢ়ভাবে অসম্মত', 1),
(105, 1, 3, '[\"3\",\"4\",\"5\",\"6\",\"7\",\"8\"]', 3, 3, '<strong>খুব সহজ প্রশ্নের সমাধানের ক্ষেত্রেও আমি অন্যের সহযোগিতার উপর নির্ভরশীল থাকি।</strong><br />\r\n&nbsp;', NULL, 'null', 2, '2020-02-17 04:41:36', '2019-12-18 04:35:28', 2, 'দৃঢ়ভাবে একমত', 5, 'একমত', 4, 'নিরপেক্ষ', 3, 'অসম্মত', 2, 'দৃঢ়ভাবে অসম্মত', 1),
(106, 1, 3, '[\"3\",\"4\",\"5\",\"6\",\"7\",\"8\"]', 3, 3, '<strong>কঠিন গাণিতিক সমস্যা আমি এড়িয়ে চলি এবং সবসময় বেছে বেছে সহজ প্রশ্নের সমাধান করি। </strong>', NULL, 'null', NULL, '2019-12-18 10:36:06', '2019-12-18 04:36:06', 2, 'দৃঢ়ভাবে একমত', 5, 'একমত', 4, 'নিরপেক্ষ', 3, 'অসম্মত', 2, 'দৃঢ়ভাবে অসম্মত', 1),
(107, 1, 3, '[\"3\",\"4\",\"5\",\"6\",\"7\",\"8\"]', 3, 3, '<strong>আমার মধ্যে সবসময় হীনমন্যতা কাজ করে।</strong>', NULL, 'null', NULL, '2019-12-18 10:37:07', '2019-12-18 04:37:07', 2, 'দৃঢ়ভাবে একমত', 5, 'একমত', 4, 'নিরপেক্ষ', 3, 'অসম্মত', 2, 'দৃঢ়ভাবে অসম্মত', 1),
(108, 1, 3, '[\"3\",\"4\",\"5\",\"6\",\"7\",\"8\"]', 3, 3, '<strong>প্রথম চেষ্টায় কোন গাণিতিক সমস্যা সমাধান করতে না পারলে দ্বিতীয় বার চেষ্টা করিনা। </strong>', NULL, 'null', NULL, '2019-12-18 10:37:52', '2019-12-18 04:37:52', 2, 'দৃঢ়ভাবে একমত', 5, 'একমত', 4, 'নিরপেক্ষ', 3, 'অসম্মত', 2, 'দৃঢ়ভাবে অসম্মত', 1),
(109, 1, 3, '[\"3\",\"4\",\"5\",\"6\",\"7\",\"8\"]', 3, 3, '<strong>আমি সহজে ক্লান্ত হয়ে যাই এবং গণিত পরীক্ষার শেষে কখনও পুনরায় খাতা মূল্যায়ন করি না।</strong>', NULL, 'null', 2, '2020-02-17 04:40:59', '2019-12-18 04:38:43', 2, 'দৃঢ়ভাবে একমত', 5, 'একমত', 4, 'নিরপেক্ষ', 3, 'অসম্মত', 2, 'দৃঢ়ভাবে অসম্মত', 1),
(110, 1, 3, '[\"3\",\"4\",\"5\",\"6\",\"7\",\"8\"]', 3, 3, '<strong>আমি সহ সবাই মনে করে আমি গণিতে দূর্বল এবং সেজন্য আমি কখনও গণিত বিষয়ে ভাল করার চেষ্টা করি না।</strong>', NULL, 'null', 2, '2020-02-17 04:42:00', '2019-12-18 04:39:33', 2, 'দৃঢ়ভাবে একমত', 5, 'একমত', 4, 'নিরপেক্ষ', 3, 'অসম্মত', 2, 'দৃঢ়ভাবে অসম্মত', 1),
(111, 1, 3, '[\"3\",\"4\",\"5\",\"6\",\"7\",\"8\"]', 3, 4, '<strong>আমি জানি গণিত খুব গুরুত্বপূর্ণ একটি বিষয়।</strong>', NULL, 'null', NULL, '2019-12-18 10:40:52', '2019-12-18 04:40:52', 2, 'দৃঢ়ভাবে একমত', 5, 'একমত', 4, 'নিরপেক্ষ', 3, 'অসম্মত', 2, 'দৃঢ়ভাবে অসম্মত', 1),
(112, 1, 3, '[\"3\",\"4\",\"5\",\"6\",\"7\",\"8\"]', 3, 4, '<strong>প্রতিদিন গণিত ক্লাস করতে আমি পছন্দ করি।</strong>', NULL, 'null', NULL, '2019-12-18 10:41:30', '2019-12-18 04:41:30', 2, 'দৃঢ়ভাবে একমত', 5, 'একমত', 4, 'নিরপেক্ষ', 3, 'অসম্মত', 2, 'দৃঢ়ভাবে অসম্মত', 1),
(113, 1, 3, '[\"3\",\"4\",\"5\",\"6\",\"7\",\"8\"]', 3, 4, '<strong>আমি নিজে নিজেই গণিত চর্চা করতে পছন্দ করি।</strong><br />\r\n&nbsp;', NULL, 'null', 2, '2020-02-13 05:20:16', '2019-12-18 04:42:13', 2, 'দৃঢ়ভাবে একমত', 5, 'একমত', 4, 'নিরপেক্ষ', 3, 'অসম্মত', 2, 'দৃঢ়ভাবে অসম্মত', 1),
(114, 1, 3, '[\"3\",\"4\",\"5\",\"6\",\"7\",\"8\"]', 3, 4, '<strong>গাণিতিক সমস্যা সমাধানের ক্ষেত্রে আমি প্রথমে নিজে নিজে সমাধান করার চেষ্টা করি, সমস্যার সম্মুখীন হলে অন্যের সহযোগিতা নেই।</strong>', NULL, 'null', NULL, '2019-12-18 10:42:52', '2019-12-18 04:42:52', 2, 'দৃঢ়ভাবে একমত', 5, 'একমত', 4, 'নিরপেক্ষ', 3, 'অসম্মত', 2, 'দৃঢ়ভাবে অসম্মত', 1),
(115, 1, 3, '[\"3\",\"4\",\"5\",\"6\",\"7\",\"8\"]', 3, 4, '<strong>আমি বিশ্বাস করি, গণিত শিখার ক্ষেত্রে প্রতিদিন অনুশীলন করা খুব গুরুত্বপূর্ণ।</strong>', NULL, 'null', NULL, '2019-12-18 10:43:31', '2019-12-18 04:43:31', 2, 'দৃঢ়ভাবে একমত', 5, 'একমত', 4, 'নিরপেক্ষ', 3, 'অসম্মত', 2, 'দৃঢ়ভাবে অসম্মত', 1),
(116, 1, 3, '[\"3\",\"4\",\"5\",\"6\",\"7\",\"8\"]', 3, 4, '<strong>আমার মতে গণিত হচ্ছে বোঝার বিষয় এবং গণিতের নির্দিষ্ট নিয়ম/পদ্ধতি আছে।</strong>', NULL, 'null', NULL, '2019-12-18 10:44:10', '2019-12-18 04:44:10', 2, 'দৃঢ়ভাবে একমত', 5, 'একমত', 4, 'নিরপেক্ষ', 3, 'অসম্মত', 2, 'দৃঢ়ভাবে অসম্মত', 1),
(117, 1, 3, '[\"3\",\"4\",\"5\",\"6\",\"7\",\"8\"]', 3, 4, '<strong>আমি অন্যকে গণিত শিখাতে বা বোঝাতে পছন্দ করি। </strong>', NULL, 'null', NULL, '2019-12-18 10:44:48', '2019-12-18 04:44:48', 2, 'দৃঢ়ভাবে একমত', 5, 'একমত', 4, 'নিরপেক্ষ', 3, 'অসম্মত', 2, 'দৃঢ়ভাবে অসম্মত', 1),
(118, 1, 3, '[\"3\",\"4\",\"5\",\"6\",\"7\",\"8\"]', 3, 4, '<strong>আমি গণিতের গুরুত্ব বুঝি এবং জানি উচ্চশিক্ষার জন্য গণিত একটি গুরুত্বপূর্ণ বিষয়।</strong><br />\r\n&nbsp;', NULL, 'null', 2, '2020-02-17 04:31:53', '2019-12-18 05:05:49', 2, 'দৃঢ়ভাবে একমত', 5, 'একমত', 4, 'নিরপেক্ষ', 3, 'অসম্মত', 2, 'দৃঢ়ভাবে অসম্মত', 1),
(119, 1, 3, '[\"3\",\"4\",\"5\",\"6\",\"7\",\"8\"]', 3, 4, '<strong>সামাজিক, সাংস্কৃতিক এবং অর্থনৈতিক ক্ষেত্রে গণিতের ব্যবহার সম্পর্কে আমি অবগত আছি। </strong>', NULL, 'null', 2, '2020-02-12 04:14:31', '2019-12-18 05:06:38', 2, 'দৃঢ়ভাবে একমত', 5, 'একমত', 4, 'নিরপেক্ষ', 3, 'অসম্মত', 2, 'দৃঢ়ভাবে অসম্মত', 1),
(120, 1, 3, '[\"3\",\"4\",\"5\",\"6\",\"7\",\"8\"]', 3, 4, '<strong>গণিত আমার কাছে খুব মজাদার বিষয় মনে হয় এবং আমার দৃঢ় বিশ্বাস যে চেষ্টা করলে গণিতের যেকোন সমস্যা সমাধান করা যায়। </strong>', NULL, 'null', 2, '2020-02-17 04:43:23', '2019-12-18 05:34:24', 2, 'দৃঢ়ভাবে একমত', 5, 'একমত', NULL, 'নিরপেক্ষ', 3, 'অসম্মত', 2, 'দৃঢ়ভাবে অসম্মত', 1);

-- --------------------------------------------------------

--
-- Table structure for table `bdedu_remembering_questions`
--

CREATE TABLE `bdedu_remembering_questions` (
  `remembering_question_row_id` int(11) NOT NULL,
  `school_row_id` int(11) DEFAULT NULL,
  `education_type_row_id` int(11) NOT NULL,
  `class_row_id` text CHARACTER SET utf8 COLLATE utf8_unicode_ci,
  `module_row_id` int(11) DEFAULT NULL,
  `memory_exam_category_row_id` int(11) DEFAULT NULL,
  `question_title` varchar(255) CHARACTER SET utf8 COLLATE utf8_unicode_ci DEFAULT NULL,
  `question_title_attachment` varchar(255) CHARACTER SET utf8 COLLATE utf8_unicode_ci DEFAULT NULL,
  `question_level` text CHARACTER SET utf8 COLLATE utf8_unicode_ci COMMENT '1 ~ Foundation, 2 ~ Intermediate, 3 ~ Advance',
  `updated_by` int(11) DEFAULT NULL,
  `updated_at` datetime DEFAULT CURRENT_TIMESTAMP,
  `created_at` datetime DEFAULT CURRENT_TIMESTAMP,
  `created_by` int(11) DEFAULT NULL,
  `answer_1` varchar(255) CHARACTER SET utf8 COLLATE utf8_unicode_ci DEFAULT NULL,
  `marks_1` int(2) DEFAULT NULL,
  `answer_2` varchar(255) CHARACTER SET utf8 COLLATE utf8_unicode_ci DEFAULT NULL,
  `marks_2` int(2) DEFAULT NULL,
  `answer_3` varchar(255) CHARACTER SET utf8 COLLATE utf8_unicode_ci DEFAULT NULL,
  `marks_3` int(2) DEFAULT NULL,
  `answer_4` varchar(255) CHARACTER SET utf8 COLLATE utf8_unicode_ci DEFAULT NULL,
  `marks_4` int(2) DEFAULT NULL,
  `answer_5` varchar(255) CHARACTER SET utf8 COLLATE utf8_unicode_ci DEFAULT NULL,
  `marks_5` int(2) DEFAULT NULL
) ENGINE=InnoDB DEFAULT CHARSET=latin1;

--
-- Dumping data for table `bdedu_remembering_questions`
--

INSERT INTO `bdedu_remembering_questions` (`remembering_question_row_id`, `school_row_id`, `education_type_row_id`, `class_row_id`, `module_row_id`, `memory_exam_category_row_id`, `question_title`, `question_title_attachment`, `question_level`, `updated_by`, `updated_at`, `created_at`, `created_by`, `answer_1`, `marks_1`, `answer_2`, `marks_2`, `answer_3`, `marks_3`, `answer_4`, `marks_4`, `answer_5`, `marks_5`) VALUES
(1, 1, 1, '[\"8\"]', 3, 1, 'Do you have difficulty remembering people&rsquo;s names or phone numbers?', NULL, 'null', 2, '2019-12-15 07:03:53', '2019-08-22 06:17:56', 2, 'Almost always', 1, 'Often', 2, 'Sometimes', 3, 'Rarely', 4, 'Almost never', 5),
(2, 1, 1, '[\"8\"]', 3, 1, 'How often do you find yourself trying to remember the location of everyday items (e. g. your school bags, shoes, books, etc)?', NULL, 'null', NULL, '2019-08-22 12:18:37', '2019-08-22 06:18:37', 2, 'Almost always', 1, 'Often', 2, 'Sometimes', 3, 'Rarely', 4, 'Almost never', 5),
(3, 1, 1, '[\"8\"]', 3, 1, 'How often do you have to replace passwords (numerical or verbal) because you&rsquo;ve forgotten the original one?', NULL, 'null', NULL, '2019-08-22 12:19:47', '2019-08-22 06:19:47', 2, 'Almost always', 1, 'Often', 2, 'Sometimes', 3, 'Rarely', 4, 'Almost never', 5),
(4, 1, 1, '[\"8\"]', 3, 1, 'How often do you find yourself asking questions like, &ldquo;What was I about to do next&rdquo;?', NULL, 'null', NULL, '2019-08-22 12:20:24', '2019-08-22 06:20:24', 2, 'Almost always', 1, 'Often', 2, 'Sometimes', 3, 'Rarely', 4, 'Almost never', 5),
(5, 1, 1, '[\"8\"]', 3, 1, 'How often do you have to ask someone to repeat instructions or a story because you can&rsquo;t remember what was said the first time around?', NULL, 'null', NULL, '2019-08-22 12:22:54', '2019-08-22 06:22:54', 2, 'Almost always', 1, 'Often', 2, 'Sometimes', 3, 'Rarely', 4, 'Almost never', 5),
(6, 1, 1, '[\"8\"]', 3, 1, 'How often do maintain dairy/notes to remember the important dates/times (i. e. exam date, birth date, etc)?', NULL, 'null', NULL, '2019-08-22 12:23:25', '2019-08-22 06:23:25', 2, 'Almost always', 1, 'Often', 2, 'Sometimes', 3, 'Rarely', 4, 'Almost never', 5),
(7, 1, 1, '[\"8\"]', 3, 1, 'How often do you have trouble finding words when you are talking to?', NULL, 'null', NULL, '2019-08-22 12:23:58', '2019-08-22 06:23:58', 2, 'Almost always', 1, 'Often', 2, 'Sometimes', 3, 'Rarely', 4, 'Almost never', 5),
(8, 1, 1, '[\"8\"]', 3, 1, 'How often do you forget the lesson you have just learnt?<br />\r\n&nbsp;', NULL, 'null', NULL, '2019-08-22 12:24:34', '2019-08-22 06:24:34', 2, 'Almost always', 1, 'Often', 2, 'Sometimes', 3, 'Rarely', 4, 'Almost never', 5),
(9, 1, 1, '[\"8\"]', 3, 1, 'How often do your family members or friends complaints about your forgetfulness', NULL, 'null', NULL, '2019-08-22 12:24:53', '2019-08-22 06:24:53', 2, 'Almost always', 1, 'Often', 2, 'Sometimes', 3, 'Rarely', 4, 'Almost never', 5),
(10, 1, 1, '[\"8\"]', 3, 1, 'How often you get lost in the neighborhood when you visit a new place?', NULL, 'null', NULL, '2019-08-22 12:27:15', '2019-08-22 06:27:15', 2, 'Almost always', 1, 'Often', 2, 'Sometimes', 3, 'Rarely', 4, 'Almost never', 5),
(11, 1, 1, '[\"8\"]', 3, 1, 'How often do you understand what the people say?', NULL, 'null', NULL, '2019-08-22 12:27:42', '2019-08-22 06:27:42', 2, 'Almost always', 1, 'Often', 2, 'Sometimes', 3, 'Rarely', 4, 'Almost never', 5),
(12, 1, 1, '[\"8\"]', 3, 1, 'How often can you reconcile with your past memories?', NULL, 'null', NULL, '2019-08-22 12:28:24', '2019-08-22 06:28:24', 2, 'Almost always', 1, 'Often', 2, 'Sometimes', 3, 'Rarely', 4, 'Almost never', 5),
(13, 1, 1, '[\"8\"]', 3, 1, 'How often do you feel that you are tired / exhausted?', NULL, 'null', NULL, '2019-08-22 12:28:56', '2019-08-22 06:28:56', 2, 'Almost always', 1, 'Often', 2, 'Sometimes', 3, 'Rarely', 4, 'Almost never', 5),
(14, 1, 1, '[\"8\"]', 3, 1, 'How often do you remember your friends&rsquo; name when you suddenly meet him after a long time ?', NULL, 'null', NULL, '2019-08-22 12:29:28', '2019-08-22 06:29:28', 2, 'Almost always', 1, 'Often', 2, 'Sometimes', 3, 'Rarely', 4, 'Almost never', 5),
(15, 1, 1, '[\"8\"]', 3, 1, 'How often do you remain busy with electronic devices?', NULL, 'null', NULL, '2019-08-22 12:30:11', '2019-08-22 06:30:11', 2, 'Almost always', 1, 'Often', 2, 'Sometimes', 3, 'Rarely', 4, 'Almost never', 5),
(16, 1, 2, '[\"3\",\"4\",\"5\",\"6\",\"7\",\"8\"]', 3, 1, '<strong>Do you have difficulties in remembering people&rsquo;s names or phone numbers?</strong>', NULL, 'null', NULL, '2020-02-04 10:11:46', '2020-02-04 04:11:46', 2, 'Almost always', 1, 'Often', 2, 'Sometimes', 3, 'Rarely', 4, 'Almost never', 5),
(17, 1, 2, '[\"3\",\"4\",\"5\",\"6\",\"7\",\"8\"]', 3, 1, '<strong>How often do you find yourself trying to remember the location of everyday items (<em>e.g.</em> your school bags, shoes, books, etc)?</strong>', NULL, 'null', NULL, '2020-02-04 10:14:17', '2020-02-04 04:14:17', 2, 'Almost always', 1, 'Often', 2, 'Sometimes', 3, 'Rarely', 4, 'Almost never', 5),
(18, 1, 2, '[\"3\",\"4\",\"5\",\"6\",\"7\",\"8\"]', 3, 1, '<strong>How often do you find yourself asking questions like, &ldquo;What was I about to do next&rdquo;?</strong>', NULL, 'null', NULL, '2020-02-04 10:14:56', '2020-02-04 04:14:56', 2, 'Almost always', 1, 'Often', 2, 'Sometimes', 3, 'Rarely', 4, 'Almost never', 5),
(19, 1, 2, '[\"3\",\"4\",\"5\",\"6\",\"7\",\"8\"]', 3, 1, '<strong>How often do you have to ask someone to repeat instructions or a story because you can&rsquo;t remember what was said the first time around?</strong>', NULL, 'null', NULL, '2020-02-04 10:16:06', '2020-02-04 04:16:06', 2, 'Almost always', 1, 'Often', 2, 'Sometimes', 3, 'Rarely', 4, 'Almost never', 5),
(20, 1, 2, '[\"3\",\"4\",\"5\",\"6\",\"7\",\"8\"]', 3, 1, '<strong>How often do maintain dairy/notes to remember the important dates/times (<em>ie.</em> exam date, birth date, etc)?</strong>', NULL, 'null', NULL, '2020-02-04 10:16:37', '2020-02-04 04:16:37', 2, 'Almost always', 1, 'Often', 2, 'Sometimes', 3, 'Rarely', 4, 'Almost never', 5),
(21, 1, 2, '[\"3\",\"4\",\"5\",\"6\",\"7\",\"8\"]', 3, 1, '<strong>How often do you have trouble finding words when you are talking to?</strong>', NULL, 'null', NULL, '2020-02-04 10:17:04', '2020-02-04 04:17:04', 2, 'Almost always', 1, 'Often', 2, 'Sometimes', 3, 'Rarely', 4, 'Almost never', 5),
(22, 1, 2, '[\"3\",\"4\",\"5\",\"6\",\"7\",\"8\"]', 3, 1, '<strong>How often do you forget the lesson you have just learnt?</strong>', NULL, 'null', 2, '2020-02-04 04:18:10', '2020-02-04 04:17:34', 2, 'Almost always', 1, 'Often', 2, 'Sometimes', 3, 'Rarely', 4, 'Almost never', 5),
(23, 1, 2, '[\"3\",\"4\",\"5\",\"6\",\"7\",\"8\"]', 3, 1, '<strong>How often do your family members or friends complaints about your forgetfulness.</strong>', NULL, 'null', NULL, '2020-02-04 10:18:39', '2020-02-04 04:18:39', 2, 'Almost always', 1, 'Often', 2, 'Sometimes', 3, 'Rarely', 4, 'Almost never', 5),
(24, 1, 2, '[\"3\",\"4\",\"5\",\"6\",\"7\",\"8\"]', 3, 1, '<strong>How often don&rsquo;t you understand what the people say?</strong>', NULL, 'null', 2, '2020-02-04 04:19:25', '2020-02-04 04:19:12', 2, 'Almost always', 1, 'Often', 2, 'Sometimes', 3, 'Rarely', 4, 'Almost never', 5),
(25, 1, 2, '[\"3\",\"4\",\"5\",\"6\",\"7\",\"8\"]', 3, 1, '<strong>How often you can&rsquo;t reconcile with your past memories?</strong>', NULL, 'null', NULL, '2020-02-04 10:20:02', '2020-02-04 04:20:02', 2, 'Almost always', 1, 'Often', 2, 'Sometimes', 3, 'Rarely', 4, 'Almost never', 5),
(26, 1, 2, '[\"3\",\"4\",\"5\",\"6\",\"7\",\"8\"]', 3, 1, '<strong>How often do you feel that you are tired / exhausted?</strong>', NULL, 'null', NULL, '2020-02-04 10:20:29', '2020-02-04 04:20:29', 2, 'Almost always', 1, 'Often', 2, 'Sometimes', 3, 'Rarely', 4, 'Almost never', 5),
(27, 1, 2, '[\"3\",\"4\",\"5\",\"6\",\"7\",\"8\"]', 3, 1, '<strong>How often do you think you have hearing impairment/problem?</strong>', NULL, 'null', NULL, '2020-02-04 10:20:56', '2020-02-04 04:20:56', 2, 'Almost always', 1, 'Often', 2, 'Sometimes', 3, 'Rarely', 4, 'Almost never', 5),
(28, 1, 2, '[\"3\",\"4\",\"5\",\"6\",\"7\",\"8\"]', 3, 1, '<strong>How often do you remain busy with electronic devices?</strong>', NULL, 'null', NULL, '2020-02-04 10:21:22', '2020-02-04 04:21:22', 2, 'Almost always', 1, 'Often', 2, 'Sometimes', 3, 'Rarely', 4, 'Almost never', 5),
(29, 1, 2, '[\"3\",\"4\",\"5\",\"6\",\"7\",\"8\"]', 3, 1, '<strong>Do you have any problem in sound sleeping?</strong>', NULL, 'null', NULL, '2020-02-04 10:21:58', '2020-02-04 04:21:58', 2, 'Almost always', 1, 'Often', 2, 'Sometimes', 3, 'Rarely', 4, 'Almost never', 5),
(30, 1, 2, '[\"3\",\"4\",\"5\",\"6\",\"7\",\"8\"]', 3, 1, '<strong>Are you irregular in participating sports &amp; games/ physical exercise?&nbsp; </strong>', NULL, 'null', NULL, '2020-02-04 10:22:38', '2020-02-04 04:22:38', 2, 'Almost always', 1, 'Often', 2, 'Sometimes', 3, 'Rarely', 4, 'Almost never', 5),
(31, 1, 3, '[\"3\",\"4\",\"5\",\"6\",\"7\",\"8\"]', 3, 1, '<strong>মানুষের নাম অথবা মোবাইল নাম্বার মনে রাখতে তুমি কি অসুবিধার সম্মুখীন হও?</strong>', NULL, 'null', NULL, '2020-02-04 11:19:48', '2020-02-04 05:19:48', 2, 'প্রায় সবসময়', 1, 'প্রায়ই', 2, 'মাঝে মাঝে', 3, 'কদাচিৎ', 4, 'কখনো না', 5),
(32, 1, 3, '[\"3\",\"4\",\"5\",\"6\",\"7\",\"8\"]', 3, 1, '<strong>প্রতিদিনের প্রয়োজনীয় জিনিসপত্র (যেমন, স্কুল ব্যাগ, জোতা, বই ইত্যাদি) কোথায় আছে তা স্মরণ করতে তুমি কি সমস্যার সম্মুখীন হও? </strong>', NULL, 'null', NULL, '2020-02-04 11:24:02', '2020-02-04 05:24:02', 2, 'প্রায় সবসময়', 1, 'প্রায়ই', 2, 'মাঝে মাঝে', 3, 'কদাচিৎ', 4, 'কখনো না', 5),
(33, 1, 3, '[\"3\",\"4\",\"5\",\"6\",\"7\",\"8\"]', 3, 1, '<strong>&ldquo;আমার পরবর্তী কাজ কী&rdquo; নিজেকে এমন প্রশ্ন প্রতিদিন কর? </strong>', NULL, 'null', NULL, '2020-02-04 11:25:16', '2020-02-04 05:25:16', 2, 'প্রায় সবসময়', 1, 'প্রায়ই', 2, 'মাঝে মাঝে', 3, 'কদাচিৎ', 4, 'কখনো না', 5),
(34, 1, 3, '[\"3\",\"4\",\"5\",\"6\",\"7\",\"8\"]', 3, 1, '<strong>কোনো নির্দেশনা বা গল্পের প্রথমে কী বলা হয়েছিল তা মনে করতে না পারায় পুণরায় জানতে চেয়ে প্রশ্ন কর?</strong>', NULL, 'null', NULL, '2020-02-04 11:26:08', '2020-02-04 05:26:08', 2, 'প্রায় সবসময়', 1, 'প্রায়ই', 2, 'মাঝে মাঝে', 3, 'কদাচিৎ', 4, 'কখনো না', 5),
(35, 1, 3, '[\"3\",\"4\",\"5\",\"6\",\"7\",\"8\"]', 3, 1, '<strong>গুরুত্বপূর্ণ দিন বা সময় (যেমন, পরীক্ষার তারিখ, জন্মদিন ইত্যাদি) মনে রাখতে তোমার কি ডায়েরী/ খাতায় লিখে রাখতে হয়?</strong>', NULL, 'null', NULL, '2020-02-04 11:29:09', '2020-02-04 05:29:09', 2, 'প্রায় সবসময়', 1, 'প্রায়ই', 2, 'মাঝে মাঝে', 3, 'কদাচিৎ', 4, 'কখনো না', 5),
(36, 1, 3, '[\"3\",\"4\",\"5\",\"6\",\"7\",\"8\"]', 3, 1, '<strong>কারো সাথে কথা বলার সময় প্রয়োজনীয় শব্দ মনে করতে তুমি কি সমস্যার সম্মুখীন হও?</strong>', NULL, 'null', NULL, '2020-02-04 11:29:46', '2020-02-04 05:29:46', 2, 'প্রায় সবসময়', 1, 'প্রায়ই', 2, 'মাঝে মাঝে', 3, 'কদাচিৎ', 4, 'কখনো না', 5),
(37, 1, 3, '[\"3\",\"4\",\"5\",\"6\",\"7\",\"8\"]', 3, 1, '<strong>কোনো কিছু শিখার পরপরই ভুলে গিয়েছ, তুমি কি এমন সমস্যার সম্মুখীন হও?</strong>', NULL, 'null', NULL, '2020-02-04 11:30:09', '2020-02-04 05:30:09', 2, 'প্রায় সবসময়', 1, 'প্রায়ই', 2, 'মাঝে মাঝে', 3, 'কদাচিৎ', 4, 'কখনো না', 5),
(38, 1, 3, '[\"3\",\"4\",\"5\",\"6\",\"7\",\"8\"]', 3, 1, '<strong>তোমার ভুলে যাওয়ার অভ্যাস নিয়ে তোমার পরিবারের সদস্য বা বন্ধু-বান্ধবরা কি অভিযোগ করে?</strong>', NULL, 'null', NULL, '2020-02-04 11:30:38', '2020-02-04 05:30:38', 2, 'প্রায় সবসময়', 1, 'প্রায়ই', 2, 'মাঝে মাঝে', 3, 'কদাচিৎ', 4, 'কখনো না', 5),
(39, 1, 3, '[\"3\",\"4\",\"5\",\"6\",\"7\",\"8\"]', 3, 1, '<strong>লোকজনের কথা বুঝতে তুমি কি সমস্যার সম্মুখীন হয়েছ?&nbsp;&nbsp;&nbsp; &nbsp;</strong>', NULL, 'null', NULL, '2020-02-04 11:31:05', '2020-02-04 05:31:05', 2, 'প্রায় সবসময়', 1, 'প্রায়ই', 2, 'মাঝে মাঝে', 3, 'কদাচিৎ', 4, 'কখনো না', 5),
(40, 1, 3, '[\"3\",\"4\",\"5\",\"6\",\"7\",\"8\"]', 3, 1, '<strong>অতীত স্মৃতি মনে করতে তুমি কি সমস্যার সম্মুখীন হও?</strong>', NULL, 'null', NULL, '2020-02-04 11:31:29', '2020-02-04 05:31:29', 2, 'প্রায় সবসময়', 1, 'প্রায়ই', 2, 'মাঝে মাঝে', 3, 'কদাচিৎ', 4, 'কখনো না', 5),
(41, 1, 3, '[\"3\",\"4\",\"5\",\"6\",\"7\",\"8\"]', 3, 1, '<strong>তোমার কি নিজেকে খুব ক্লান্ত/অবসন্ন অনুভব হয়?</strong>', NULL, 'null', NULL, '2020-02-04 11:39:15', '2020-02-04 05:39:15', 2, 'প্রায় সবসময়', 1, 'প্রায়ই', 2, 'মাঝে মাঝে', 3, 'কদাচিৎ', 4, 'কখনো না', 5),
(42, 1, 3, '[\"3\",\"4\",\"5\",\"6\",\"7\",\"8\"]', 3, 1, '<strong>তোমার কি এমন মনে হয়েছে যে, তোমার শ্রবণ সমস্যা আছে ?&nbsp; &nbsp;&nbsp;&nbsp;&nbsp;</strong>&nbsp;&nbsp;', NULL, 'null', NULL, '2020-02-04 11:39:38', '2020-02-04 05:39:38', 2, 'প্রায় সবসময়', 1, 'প্রায়ই', 2, 'মাঝে মাঝে', 3, 'কদাচিৎ', 4, 'কখনো না', 5),
(43, 1, 3, '[\"3\",\"4\",\"5\",\"6\",\"7\",\"8\"]', 3, 1, '<strong>ইলেক্ট্রনিক ডিভাইস নিয়ে তুমি কি খুব ব্যস্ত থাক?</strong>', NULL, 'null', 2, '2020-02-04 05:41:38', '2020-02-04 05:41:10', 2, 'প্রায় সবসময়', 1, 'প্রায়ই', 2, 'মাঝে মাঝে', 3, 'কদাচিৎ', 4, 'কখনো না', 5),
(44, 1, 3, '[\"3\",\"4\",\"5\",\"6\",\"7\",\"8\"]', 3, 1, '<strong>তোমার কি ঘুম ভাল না হওয়ার সমস্যা আছে?</strong>', NULL, 'null', NULL, '2020-02-04 11:41:58', '2020-02-04 05:41:58', 2, 'প্রায় সবসময়', 1, 'প্রায়ই', 2, 'মাঝে মাঝে', 3, 'কদাচিৎ', 4, 'কখনো না', 5),
(45, 1, 3, '[\"3\",\"4\",\"5\",\"6\",\"7\",\"8\"]', 3, 1, '<strong>তুমি কি খেলাধুলা বা শারীরিক ব্যায়াম চর্চায় অনিয়মিত?</strong>', NULL, 'null', NULL, '2020-02-04 11:42:39', '2020-02-04 05:42:39', 2, 'প্রায় সবসময়', 1, 'প্রায়ই', 2, 'মাঝে মাঝে', 3, 'কদাচিৎ', 4, 'কখনো না', 5);

-- --------------------------------------------------------

--
-- Table structure for table `bdedu_schools`
--

CREATE TABLE `bdedu_schools` (
  `school_row_id` int(11) NOT NULL,
  `school_encrypted_row_id` varchar(255) NOT NULL,
  `school_id` int(3) NOT NULL,
  `academic_session_row_id` int(1) NOT NULL,
  `school_name` varchar(255) NOT NULL,
  `school_name_bn` varchar(255) CHARACTER SET utf8 DEFAULT NULL,
  `school_classes` varchar(255) NOT NULL,
  `school_eiin_id` varchar(100) NOT NULL,
  `school_mobile_no` varchar(255) NOT NULL,
  `school_phone_no` varchar(255) NOT NULL,
  `school_logo` text CHARACTER SET utf8 NOT NULL,
  `school_slogan` text CHARACTER SET utf8 NOT NULL,
  `school_slogan_bangla` text CHARACTER SET utf8 NOT NULL,
  `school_address` text NOT NULL,
  `division_id` tinyint(1) DEFAULT NULL,
  `district_id` int(3) DEFAULT NULL,
  `upazila_id` int(5) DEFAULT NULL,
  `post_code` int(5) NOT NULL,
  `school_establishment_date` varchar(255) NOT NULL,
  `is_active` tinyint(1) NOT NULL DEFAULT '1',
  `created_by` int(11) NOT NULL,
  `updated_by` int(11) NOT NULL,
  `created_at` datetime NOT NULL,
  `updated_at` datetime NOT NULL
) ENGINE=InnoDB DEFAULT CHARSET=latin1;

--
-- Dumping data for table `bdedu_schools`
--

INSERT INTO `bdedu_schools` (`school_row_id`, `school_encrypted_row_id`, `school_id`, `academic_session_row_id`, `school_name`, `school_name_bn`, `school_classes`, `school_eiin_id`, `school_mobile_no`, `school_phone_no`, `school_logo`, `school_slogan`, `school_slogan_bangla`, `school_address`, `division_id`, `district_id`, `upazila_id`, `post_code`, `school_establishment_date`, `is_active`, `created_by`, `updated_by`, `created_at`, `updated_at`) VALUES
(1, 'c4ca4238a0b923820dcc509a6f75849b', 1001, 1, 'ASIYA BARI IDEAL SCHOOL', '', '[\"3\",\"4\",\"5\",\"6\",\"7\",\"8\",\"9\",\"10\",\"11\",\"12\"]', '11111', '', '', 'Asiya-Bari-Logo.png', '', '', 'Mothkhola', 1, 18, 40, 2326, '', 1, 1, 2, '0000-00-00 00:00:00', '2019-12-17 03:29:22');

-- --------------------------------------------------------

--
-- Table structure for table `bdedu_school_class_shifts`
--

CREATE TABLE `bdedu_school_class_shifts` (
  `class_shift_row_id` int(11) NOT NULL,
  `school_row_id` int(11) NOT NULL,
  `class_row_id` int(11) NOT NULL,
  `shift_row_id` int(11) NOT NULL,
  `academic_session` int(5) NOT NULL,
  `is_active` tinyint(1) NOT NULL DEFAULT '1',
  `created_by` int(11) NOT NULL,
  `updated_by` int(111) DEFAULT NULL,
  `created_at` datetime NOT NULL DEFAULT CURRENT_TIMESTAMP,
  `updated_at` datetime DEFAULT CURRENT_TIMESTAMP
) ENGINE=InnoDB DEFAULT CHARSET=latin1;

--
-- Dumping data for table `bdedu_school_class_shifts`
--

INSERT INTO `bdedu_school_class_shifts` (`class_shift_row_id`, `school_row_id`, `class_row_id`, `shift_row_id`, `academic_session`, `is_active`, `created_by`, `updated_by`, `created_at`, `updated_at`) VALUES
(1, 1, 13, 1, 1, 0, 2, 2, '2019-04-28 07:21:10', '2019-06-19 08:22:44'),
(2, 1, 14, 1, 1, 0, 2, 2, '2019-04-28 07:21:10', '2019-06-19 08:22:44'),
(3, 1, 1, 1, 1, 0, 2, 2, '2019-04-28 07:21:10', '2019-06-19 08:22:44'),
(4, 1, 2, 1, 1, 0, 2, 2, '2019-04-28 07:21:10', '2019-06-19 08:22:44'),
(5, 1, 3, 1, 1, 0, 2, 2, '2019-04-28 07:21:10', '2019-06-19 08:22:44'),
(6, 1, 4, 1, 1, 0, 2, 2, '2019-04-28 07:21:10', '2019-06-19 08:22:44'),
(7, 1, 5, 1, 1, 0, 2, 2, '2019-04-28 07:21:10', '2019-06-19 08:22:44'),
(8, 1, 6, 1, 1, 0, 2, 2, '2019-04-28 07:21:10', '2019-06-19 08:22:44'),
(9, 1, 7, 1, 1, 0, 2, 2, '2019-04-28 07:21:10', '2019-06-19 08:22:44'),
(10, 1, 8, 1, 1, 1, 2, 2, '2019-04-28 07:21:10', '2019-06-19 08:22:44'),
(11, 1, 9, 1, 1, 1, 2, 2, '2019-04-28 07:21:10', '2019-06-19 08:22:44'),
(12, 1, 10, 1, 1, 1, 2, 2, '2019-04-28 07:21:10', '2019-06-19 08:22:44'),
(13, 1, 11, 1, 1, 1, 2, 2, '2019-05-15 06:38:11', '2019-06-19 08:22:44'),
(14, 1, 12, 1, 1, 1, 2, 2, '2019-05-15 06:38:11', '2019-06-19 08:22:44'),
(15, 1, 8, 2, 1, 1, 2, 2, '2019-06-19 08:05:20', '2019-06-19 08:22:44'),
(16, 1, 9, 2, 1, 1, 2, 2, '2019-06-19 08:05:20', '2019-06-19 08:22:44'),
(17, 1, 10, 2, 1, 1, 2, 2, '2019-06-19 08:05:20', '2019-06-19 08:22:44'),
(18, 1, 11, 2, 1, 0, 2, 2, '2019-06-19 08:05:20', '2019-06-19 08:22:44'),
(19, 1, 12, 2, 1, 0, 2, 2, '2019-06-19 08:05:20', '2019-06-19 08:22:44');

-- --------------------------------------------------------

--
-- Table structure for table `bdedu_school_sections`
--

CREATE TABLE `bdedu_school_sections` (
  `section_row_id` int(11) NOT NULL,
  `class_row_id` int(3) NOT NULL,
  `section_name` varchar(100) NOT NULL,
  `school_row_id` int(11) NOT NULL,
  `academic_session` int(5) NOT NULL,
  `is_active` tinyint(1) NOT NULL DEFAULT '1',
  `created_by` int(11) DEFAULT NULL,
  `updated_by` int(11) DEFAULT NULL,
  `created_at` datetime NOT NULL DEFAULT CURRENT_TIMESTAMP,
  `updated_at` datetime NOT NULL DEFAULT CURRENT_TIMESTAMP
) ENGINE=InnoDB DEFAULT CHARSET=latin1;

--
-- Dumping data for table `bdedu_school_sections`
--

INSERT INTO `bdedu_school_sections` (`section_row_id`, `class_row_id`, `section_name`, `school_row_id`, `academic_session`, `is_active`, `created_by`, `updated_by`, `created_at`, `updated_at`) VALUES
(1, 8, 'General', 1, 1, 1, 2, NULL, '2019-06-13 06:34:30', '2019-06-13 12:34:30');

-- --------------------------------------------------------

--
-- Table structure for table `bdedu_school_shifts`
--

CREATE TABLE `bdedu_school_shifts` (
  `shift_row_id` int(11) NOT NULL,
  `school_row_id` int(11) NOT NULL,
  `shift_title` varchar(255) CHARACTER SET utf8 NOT NULL,
  `shift_start_from` time NOT NULL,
  `shift_end_to` time NOT NULL,
  `is_active` tinyint(1) NOT NULL DEFAULT '1',
  `academic_session` int(5) NOT NULL,
  `created_by` int(11) NOT NULL,
  `updated_by` int(11) NOT NULL,
  `created_at` datetime NOT NULL DEFAULT CURRENT_TIMESTAMP,
  `updated_at` datetime NOT NULL DEFAULT CURRENT_TIMESTAMP
) ENGINE=InnoDB DEFAULT CHARSET=latin1;

--
-- Dumping data for table `bdedu_school_shifts`
--

INSERT INTO `bdedu_school_shifts` (`shift_row_id`, `school_row_id`, `shift_title`, `shift_start_from`, `shift_end_to`, `is_active`, `academic_session`, `created_by`, `updated_by`, `created_at`, `updated_at`) VALUES
(1, 1, 'Batch-1(2019)', '19:00:00', '21:00:00', 1, 1, 2, 2, '2019-04-28 07:11:39', '2019-06-19 08:04:16'),
(2, 1, 'Batch-2(2019)', '19:30:00', '21:30:00', 1, 1, 2, 2, '2019-06-19 08:05:20', '2019-06-19 08:05:20');

-- --------------------------------------------------------

--
-- Table structure for table `bdedu_sessions`
--

CREATE TABLE `bdedu_sessions` (
  `id` varchar(255) NOT NULL,
  `user_id` int(11) DEFAULT NULL,
  `ip_address` varchar(45) DEFAULT NULL,
  `user_agent` text,
  `payload` text NOT NULL,
  `last_activity` int(11) NOT NULL
) ENGINE=InnoDB DEFAULT CHARSET=latin1;

--
-- Dumping data for table `bdedu_sessions`
--

INSERT INTO `bdedu_sessions` (`id`, `user_id`, `ip_address`, `user_agent`, `payload`, `last_activity`) VALUES
('Lv0TUn9mWCAid0rn09mIhtDLa4tQ6q4OGzJHHZYf', NULL, '::1', 'Mozilla/5.0 (Windows NT 10.0; WOW64; rv:65.0) Gecko/20100101 Firefox/65.0', 'YTo2OntzOjY6Il90b2tlbiI7czo0MDoiUXJxTFlqT3RaWWh6QjVqYnRmMGJLRnQ2eWt5UHBEN3loR0MzWDdtZSI7czo5OiJfcHJldmlvdXMiO2E6MTp7czozOiJ1cmwiO3M6NDA6Imh0dHA6Ly9sb2NhbGhvc3QvYmRlZHVjYXRpb24vc2Nob29sQWRtaW4iO31zOjY6Il9mbGFzaCI7YToyOntzOjM6Im9sZCI7YTowOnt9czozOiJuZXciO2E6MDp7fX1zOjExOiJzY2hvb2xfbG9nbyI7czoxOToiQXNpeWEtQmFyaS1Mb2dvLnBuZyI7czoxMToic2Nob29sX25hbWUiO3M6MjM6IkFTSVlBIEJBUkkgSURFQUwgU0NIT09MIjtzOjIzOiJhY2FkZW1pY19zZXNzaW9uX3Jvd19pZCI7aToyO30=', 1551958475),
('yNFkLP5vYaZHwTKRZerpLbj1rBzb8gYUqvkHCZva', NULL, '::1', 'Mozilla/5.0 (Windows NT 10.0; WOW64; rv:65.0) Gecko/20100101 Firefox/65.0', 'YTo4OntzOjY6Il90b2tlbiI7czo0MDoiWVFHYVNQd29lSzNGYXF3SnVUZmU3UkZrSERQdjl2dEVOZDFQRm1TUyI7czo5OiJfcHJldmlvdXMiO2E6MTp7czozOiJ1cmwiO3M6Njk6Imh0dHA6Ly9sb2NhbGhvc3QvYmRlZHVjYXRpb24vc2Nob29sQWRtaW4vc2Nob2xhcnNoaXAvbWFzcy9lbnRpdGxlbWVudCI7fXM6NjoiX2ZsYXNoIjthOjI6e3M6Mzoib2xkIjthOjA6e31zOjM6Im5ldyI7YTowOnt9fXM6NTk6ImxvZ2luX3NjaG9vbEFkbWluc181OWJhMzZhZGRjMmIyZjk0MDE1ODBmMDE0YzdmNThlYTRlMzA5ODlkIjtpOjI7czoxMzoic2Nob29sX3Jvd19pZCI7aToxO3M6MTE6InNjaG9vbF9sb2dvIjtzOjE5OiJBc2l5YS1CYXJpLUxvZ28ucG5nIjtzOjExOiJzY2hvb2xfbmFtZSI7czoyMzoiQVNJWUEgQkFSSSBJREVBTCBTQ0hPT0wiO3M6MjM6ImFjYWRlbWljX3Nlc3Npb25fcm93X2lkIjtpOjI7fQ==', 1552394380),
('bUt502K50OQdOwEwHP3M4ka03Ki7yqJhgQDVp8zD', NULL, '::1', 'Mozilla/5.0 (Windows NT 10.0; WOW64; rv:65.0) Gecko/20100101 Firefox/65.0', 'YTo2OntzOjY6Il90b2tlbiI7czo0MDoiRkV0SldwekFEQmRGZ3QwQXJxRXFvd1VsOEszM0I5Qzl1MGZ3MWZpVCI7czo5OiJfcHJldmlvdXMiO2E6MTp7czozOiJ1cmwiO3M6NDA6Imh0dHA6Ly9sb2NhbGhvc3QvYmRlZHVjYXRpb24vc2Nob29sQWRtaW4iO31zOjY6Il9mbGFzaCI7YToyOntzOjM6Im9sZCI7YTowOnt9czozOiJuZXciO2E6MDp7fX1zOjExOiJzY2hvb2xfbG9nbyI7czoxOToiQXNpeWEtQmFyaS1Mb2dvLnBuZyI7czoxMToic2Nob29sX25hbWUiO3M6MjM6IkFTSVlBIEJBUkkgSURFQUwgU0NIT09MIjtzOjIzOiJhY2FkZW1pY19zZXNzaW9uX3Jvd19pZCI7aToyO30=', 1552453210),
('UBYbNT6LZnoKMcX98LzKmweW5yEfhchIzlYKERke', NULL, '::1', 'Mozilla/5.0 (Windows NT 10.0; WOW64; rv:66.0) Gecko/20100101 Firefox/66.0', 'YTo4OntzOjY6Il90b2tlbiI7czo0MDoiTUlXZkVmb3A5R3ZEVGRmTkRWbUZMUXA3WW5wdnRoRmd1cTY0eGhWQiI7czo5OiJfcHJldmlvdXMiO2E6MTp7czozOiJ1cmwiO3M6NzY6Imh0dHA6Ly9sb2NhbGhvc3QvYmRlZHVjYXRpb24vc2Nob29sQWRtaW4vc2Nob29sU2V0dGluZy9tYW5hZ2VBY2FkZW1pY1Nlc3Npb24iO31zOjY6Il9mbGFzaCI7YToyOntzOjM6Im9sZCI7YTowOnt9czozOiJuZXciO2E6MDp7fX1zOjU5OiJsb2dpbl9zY2hvb2xBZG1pbnNfNTliYTM2YWRkYzJiMmY5NDAxNTgwZjAxNGM3ZjU4ZWE0ZTMwOTg5ZCI7aToyO3M6MTM6InNjaG9vbF9yb3dfaWQiO2k6MTtzOjExOiJzY2hvb2xfbG9nbyI7czoxOToiQXNpeWEtQmFyaS1Mb2dvLnBuZyI7czoxMToic2Nob29sX25hbWUiO3M6MjM6IkFTSVlBIEJBUkkgSURFQUwgU0NIT09MIjtzOjIzOiJhY2FkZW1pY19zZXNzaW9uX3Jvd19pZCI7aToyO30=', 1555475577),
('75ksTueIlVHF2A9XiqFPZgYpcb7NuejuniPkofwQ', NULL, '::1', 'Mozilla/5.0 (Windows NT 10.0; Win64; x64) AppleWebKit/537.36 (KHTML, like Gecko) Chrome/73.0.3683.103 Safari/537.36', 'YTo4OntzOjY6Il90b2tlbiI7czo0MDoiWmkwclFzZlVmdHdjTkxCR3U2M0lFRlJoT2RiS0d5bXVxTHNPS01pNiI7czo5OiJfcHJldmlvdXMiO2E6MTp7czozOiJ1cmwiO3M6NzY6Imh0dHA6Ly9sb2NhbGhvc3QvYmRlZHVjYXRpb24vc2Nob29sQWRtaW4vc2Nob29sU2V0dGluZy9tYW5hZ2VBY2FkZW1pY1Nlc3Npb24iO31zOjY6Il9mbGFzaCI7YToyOntzOjM6Im9sZCI7YTowOnt9czozOiJuZXciO2E6MDp7fX1zOjU5OiJsb2dpbl9zY2hvb2xBZG1pbnNfNTliYTM2YWRkYzJiMmY5NDAxNTgwZjAxNGM3ZjU4ZWE0ZTMwOTg5ZCI7aToyO3M6MTM6InNjaG9vbF9yb3dfaWQiO2k6MTtzOjExOiJzY2hvb2xfbG9nbyI7czoxOToiQXNpeWEtQmFyaS1Mb2dvLnBuZyI7czoxMToic2Nob29sX25hbWUiO3M6MjM6IkFTSVlBIEJBUkkgSURFQUwgU0NIT09MIjtzOjIzOiJhY2FkZW1pY19zZXNzaW9uX3Jvd19pZCI7aToyO30=', 1555998056);

-- --------------------------------------------------------

--
-- Table structure for table `bdedu_students`
--

CREATE TABLE `bdedu_students` (
  `student_row_id` int(11) UNSIGNED NOT NULL,
  `student_id` bigint(20) DEFAULT NULL,
  `student_name` varchar(255) COLLATE utf8_unicode_ci NOT NULL,
  `student_name_bangla` varchar(255) COLLATE utf8_unicode_ci NOT NULL,
  `email` varchar(255) COLLATE utf8_unicode_ci DEFAULT NULL,
  `institute_name` varchar(250) COLLATE utf8_unicode_ci DEFAULT NULL,
  `status` tinyint(1) NOT NULL DEFAULT '1',
  `password` varchar(255) COLLATE utf8_unicode_ci NOT NULL,
  `student_password_text` varchar(255) COLLATE utf8_unicode_ci NOT NULL,
  `school_row_id` int(11) NOT NULL,
  `current_session` int(3) DEFAULT NULL,
  `version_row_id` tinyint(1) NOT NULL DEFAULT '2',
  `current_class` tinyint(1) NOT NULL,
  `current_shift` tinyint(1) NOT NULL DEFAULT '1',
  `current_department` tinyint(1) NOT NULL DEFAULT '1' COMMENT '1=General, 2= Science, 3=Arts, 4=commerce, 5=other',
  `current_section` int(11) DEFAULT NULL,
  `current_rollnumber` int(11) DEFAULT NULL,
  `contact` varchar(255) COLLATE utf8_unicode_ci DEFAULT NULL,
  `student_photo` varchar(255) COLLATE utf8_unicode_ci DEFAULT NULL,
  `student_phone` varchar(255) COLLATE utf8_unicode_ci NOT NULL,
  `student_gender` tinyint(1) NOT NULL,
  `student_blood_group` varchar(255) COLLATE utf8_unicode_ci DEFAULT NULL,
  `student_religion` varchar(255) COLLATE utf8_unicode_ci DEFAULT NULL,
  `nationality` varchar(255) COLLATE utf8_unicode_ci DEFAULT NULL,
  `father_name` varchar(255) COLLATE utf8_unicode_ci DEFAULT NULL,
  `mother_name` varchar(255) COLLATE utf8_unicode_ci DEFAULT NULL,
  `student_dob` date DEFAULT NULL,
  `admission_date` date DEFAULT NULL,
  `guardian_row_id` int(11) DEFAULT NULL,
  `guardian_login_row_id` int(11) DEFAULT NULL,
  `remember_token` varchar(100) COLLATE utf8_unicode_ci DEFAULT NULL,
  `active_status` tinyint(1) NOT NULL DEFAULT '1' COMMENT '0 = inactive, 1 = active',
  `created_by` int(11) NOT NULL,
  `updated_by` int(11) DEFAULT NULL,
  `created_at` timestamp NULL DEFAULT NULL,
  `updated_at` timestamp NULL DEFAULT NULL
) ENGINE=InnoDB DEFAULT CHARSET=utf8 COLLATE=utf8_unicode_ci;

--
-- Dumping data for table `bdedu_students`
--

INSERT INTO `bdedu_students` (`student_row_id`, `student_id`, `student_name`, `student_name_bangla`, `email`, `institute_name`, `status`, `password`, `student_password_text`, `school_row_id`, `current_session`, `version_row_id`, `current_class`, `current_shift`, `current_department`, `current_section`, `current_rollnumber`, `contact`, `student_photo`, `student_phone`, `student_gender`, `student_blood_group`, `student_religion`, `nationality`, `father_name`, `mother_name`, `student_dob`, `admission_date`, `guardian_row_id`, `guardian_login_row_id`, `remember_token`, `active_status`, `created_by`, `updated_by`, `created_at`, `updated_at`) VALUES
(1, 80047, 'Amina Billah', 'আমিনা বিল্লাহ', 'aminabillah@gmail.com', 'Scholastica', 1, '$2y$10$t9rw5cqi5B8HI.68IuxQAu.nm8n11IlT0XITAFGntcIwEw7S9ARDi', '123456', 1, NULL, 1, 8, 1, 1, 1, NULL, NULL, '1561445204_Amina Billah.png', '01787062659', 2, '0', '1', 'Bangladeshi', 'Arif Billah', 'Zakia Khan', NULL, '2019-04-10', NULL, NULL, 'DYy3bIHdy18nm7YNUvJwkCig3gejQomQhZEP8eATAYkpxXjXYl0m5l0RKWpe', 1, 2, NULL, '2019-06-25 04:57:53', NULL),
(2, 80047, 'Mehereen Noor', 'মেহেরীন নুর', 'mehereennoor@gmail.com', 'Scholastica', 1, '$2y$10$ulWnSuzFyRYgDQA71nnq.uCUZQl5/kixlFK2e3GMyXjFyv35pOqAC', '123456', 1, NULL, 1, 8, 1, 1, 1, NULL, NULL, '1561445303_Mehereen Noor.png', '01715992691', 2, '0', '1', 'Bangladeshi', 'Kazi Ahsanul Houqe', 'Shamim Ara Nipa', NULL, '2019-04-10', NULL, NULL, 'RmZPJtsINPR2Y71WvUgp9fhcXDO0RDg5cnNLz6Ulg2epZXtWrHJxUGfGkEd8', 1, 2, NULL, '2019-06-25 00:48:23', NULL),
(3, 80003, 'Zareef Yeasin Zaman', 'জারীফ ইয়াসিন জামান', 'zareefyeasinzaman@gmail.com', 'Scholastica', 1, '$2y$10$96HkZy5BrAPMWA2QDoKkRObcbmLEVB/F9p9M1ZgB1FolIV6QKAo8y', '123456', 1, NULL, 2, 3, 1, 1, 1, NULL, NULL, '1560935829_Zareef Yeasin Zaman.png', '01711439925', 1, '0', '0', 'Bangladeshi', 'M. Musleh Uz Zaman', 'Mallika Nabi', NULL, '2019-04-27', NULL, NULL, '25TYvy92GF0pI17U4Yebv532mYTeTZObjtKVVONFPs7zyYsI50siyjIURvDW', 1, 2, NULL, '2019-06-19 03:17:09', NULL),
(4, 80004, 'Ahnaf Ahmed Joarder', 'আহনাফ আহমেদ জোয়ারদার', 'ahnafahmedjoarder@gmail.com', 'Scholastica', 1, '$2y$10$0PU6BA/SXvMz.c5gc6bHtOTi7ddhI8fx5OL22eyGOZF74S.Ddrlte', '123456', 1, NULL, 1, 8, 1, 1, 1, NULL, NULL, '1560936075_Ahnaf Ahmed Joarder.png', '01711861551', 1, '0', '1', 'Bangladeshi', 'Qamar Alam', 'Farhana Haque', NULL, '2019-04-09', NULL, NULL, 'Z8X0EZs8wH0Z87Co9tOGT9xeJ1IiO6RAjHTjF7Msn7XAlnRefqFK2xwsB0wy', 1, 2, NULL, '2019-06-19 03:21:15', NULL),
(5, 80047, 'Md. Yeasin Mahmud Piash', 'মোঃ ইয়াসিন মাহমুদ পিয়াস', 'mdyeasinmahmudpiash@gmail.com', 'Scholastica', 1, '$2y$10$ZVeHm6Uy8dBYsk8qpr0M..dDj/0ey7Zjg.zVNRHK39P/wLHFe0K2m', '123456', 1, NULL, 2, 4, 1, 1, 1, NULL, NULL, '1561445342_Md. Yeasin.png', '01629467128', 1, '0', '1', 'Bangladeshi', 'Md. Moffiz Uddin', 'Yasmin Akter', NULL, '2019-04-09', NULL, NULL, 'awKUir5PczqgTnsD2QMDM0Cpui1NYLMbOZOJz2rxqqC0YFf6IhL6Bc987v29', 1, 2, NULL, '2019-06-25 00:49:02', NULL),
(6, 80006, 'Azmine Saeed', 'আজমায়িন সাইদ', 'azminesaeed@gmail.com', 'Scholastica', 1, '$2y$10$SoDZ6piMyzzdLr9QXImvJuSAozBSG1Nj3Ld1jeB5TWDaO3kIVaiiy', '123456', 1, NULL, 2, 8, 1, 1, 1, NULL, NULL, '', '01746603799', 1, '0', '1', 'Bangladeshi', 'Sayeed Rahman', 'Sabina Saeed', NULL, '2019-06-07', NULL, NULL, NULL, 1, 2, NULL, '2019-06-22 23:14:55', NULL),
(7, 80007, 'Ahmed Ithmam Jabari', 'আহমেদ ইতমাম জাবারি', 'ahmedithmamjabari@gmail.com', 'Scholastica', 1, '$2y$10$bbNTP4Djh193jlWjTNsZAu7fSvhfkqWBRWljxrwVm4HNwv./.j9Xm', '123456', 1, NULL, 2, 3, 1, 1, 1, NULL, NULL, '1561267131_Jabari.png', '018200683557', 1, '0', '1', 'Bangladeshi', 'Mohammad Khasru Meah', 'Sayeda Chowdhury', NULL, '2019-06-06', NULL, NULL, 'dmXjLREmf8Xv7odE2INNCGLRARlpZuDM3bUCRuLw2861PpMf4E6OMbyx2Rqx', 1, 2, NULL, '2019-06-22 23:18:51', NULL),
(8, 80008, 'Jobaida Rafique Raida', 'জোবাইদা রফিক রাইদা', 'jobaudarafiqueraida@gmail.com', 'Scholastica', 1, '$2y$10$80NQ3sg8E87PsF7LUKsxouGCsVb9rCDJFYUqGhUu0O0VrqtRa7YYG', '123456', 1, NULL, 2, 8, 1, 1, 1, NULL, NULL, '1561267336_Jubaida Rafique Raida.png', '01819239497', 2, '0', '1', 'Bangladeshi', 'Md. Rafique Islam Khan', 'Zakia Rafique', NULL, '2019-06-07', NULL, NULL, 'bjUWSmqokPeBsR9EKxeKXLzxtEef1yQAPh6MN7A7GMk79mycHHBQjqMiyWWK', 1, 2, NULL, '2019-06-22 23:22:16', NULL),
(9, 80009, 'Ana Maria Hasan', 'এনা মারিয়া হাসান', 'anamariahasan@gmail.com', 'Scholastica', 1, '$2y$10$ZhBNP/4q3070F04fkZx5sOhqpcGB2Wrn3ynyuLDsoX/KQRvUYUqXi', '123456', 1, NULL, 2, 4, 1, 1, 1, NULL, NULL, '1561267491_Ana Maria Hasan.png', '01730373366', 2, '0', '0', 'Bangladeshi', 'Z. Hasan Tipu', 'Sajida Ahmed', NULL, '2019-06-07', NULL, NULL, NULL, 1, 2, NULL, '2019-06-22 23:24:51', NULL),
(10, 80010, 'Fatiha Mahdiyat', 'ফাতিহা মাহদিয়াত', 'fateehamahdiyat@gmail.com', 'Scholastica', 1, '$2y$10$c9xLGLKt5tNHdbEh/5MoJ.9Bmcp8qfdaY37GjCAu0cfOeFcGog/2e', '123456', 1, NULL, 2, 7, 1, 1, 1, NULL, NULL, '1561267667_Fateeha Mahhdiyat.png', '01712270728', 2, '0', '1', 'Bangladeshi', 'Adnan Fahee', 'Tasnia Ahmed', NULL, '2019-06-07', NULL, NULL, 'akdKyI0tktHOINykmw4gscpq2oNGHeVyJ18R9VBWy1gjWLj6CGyk1MAvQaP1', 1, 2, NULL, '2019-06-22 23:27:47', NULL),
(11, 80047, 'Dia Kabir', 'দিয়া কাবির', 'diakabir@gmail.com', 'Scholastica', 1, '$2y$10$NxHiFbnmnRIQv8.7.JHXuu5NchUFpMBhRWYRkH0zxMMrDF2fkldYW', '123456', 1, NULL, 3, 7, 1, 1, 1, NULL, NULL, '1561455983_1561267823_Dia Kabir.png', '01718550790', 2, '0', '1', 'Bangladeshi', 'Hemayetul Kabir', 'Farhana Kabir', NULL, '2019-06-07', NULL, NULL, 'FNJ9xw1isTdLWLzpkxeevLo4KEAdvjcpYT9fGAYfbzUvjWisiJUYszKfIAiI', 1, 2, NULL, '2019-06-25 03:46:23', NULL),
(12, 80012, 'Kenneth Shifa', 'কেনেথ শিফা', 'kennethshifa@gmail.com', 'Scholastica', 1, '$2y$10$abZxdC4bCrbyv.Ptu7fOgeCL65cGRet7f0BPr908Z89FbWsEFmBhC', '123456', 1, NULL, 2, 5, 1, 1, 1, NULL, NULL, '1561267962_Keneth Shifa.png', '01713201863', 2, '0', '1', 'Bangladeshi', 'Md. Abul Kashem', 'Habiba Begum', NULL, '2019-06-07', NULL, NULL, NULL, 1, 2, NULL, '2019-06-22 23:32:54', NULL),
(13, 80013, 'Lamisa Zaheen', 'লামিসা জাহিন', 'lamisazaheen@gmail.com', 'Scholastica', 1, '$2y$10$rqPGYQK.fugq4wjBGYia2.Fnbxo36uWFHLpyOLC9/lfdxS8f6JDMW', '123456', 1, NULL, 2, 8, 1, 1, 1, NULL, NULL, '1561268141_Lamisa Zaheen.png', '01712108592', 2, '0', '1', 'Bangladeshi', 'syed Obaidul Bari', 'Suraiya Hossain', NULL, '2019-06-07', NULL, NULL, 'uNYXxSdYTgT1IaADttb4b2gsxp1fpJNcvCj4TxofZNRfaPmN0vVfk1PqDTs0', 1, 2, NULL, '2019-06-22 23:35:41', NULL),
(14, 80047, 'Farha Mehjabin Tahia', 'ফারহা মেহজাবিন তাহিয়া', 'farhamehjabintahia@gmail.com', 'Scholastica', 1, '$2y$10$Pezv2UMD2iJOFbeYrwjLwemPlAR2ZyCHj9eZspl55xrcKDm4trqG.', '123456', 1, NULL, 3, 8, 1, 1, 1, NULL, NULL, '1561463462_1561268796_Fariha Mehjabin Tahia.png', '01715750428', 2, '0', '1', 'Bangladeshi', 'Mohammad Humayon kabir', 'Sayeda Mahabuba Shaheen', NULL, '2019-06-07', NULL, NULL, '4otLPu8ZJBzQNro3pKyosODq7KxcJ7ahS6TbEjxNnb3RTAcdj5xYjqwV4tk7', 1, 2, NULL, '2019-06-25 05:51:39', NULL),
(15, 80015, 'Md. Ragib Hasan', 'রাগিব হাসান', 'mdragibhasan@gmail.com', 'Scholastica', 1, '$2y$10$G2LDhCyW0R.K1Bx4NWTKAuRmvMfJyMlyvhSdQ38x3bcNOq06M3RC2', '123456', 1, NULL, 2, 8, 1, 1, 1, NULL, NULL, '1561268957_Md Ragib Hasan.png', '01732485060', 1, '0', '1', 'Bangladeshi', 'Md. Shahidul Islam', 'Mst. Rubina Khatun', NULL, '2019-06-07', NULL, NULL, NULL, 1, 2, NULL, '2019-06-22 23:49:17', NULL),
(16, 80016, 'Ramisa Sujana Khan', 'রামিসা সুজানা খান', 'ramisasujanakhan@gmail.com', 'Scholastica', 1, '$2y$10$GqrFyBFLZlqN1uElUAxtsOHWJZ4ag99jMnS5FReBSkDJkISIhIpqq', '123456', 1, NULL, 2, 5, 1, 1, 1, NULL, NULL, '1561269153_Ramisa Sujan Khan.png', '01714138618', 2, '0', '1', 'Bangladeshi', 'Md. Nazmul Haque Khan', 'Noor Nahar Afroza', NULL, '2019-06-07', NULL, NULL, 'veqrbjZrwoOyLqHo9PQDYrubSGpp8cE2auWelzZP4k6o38kAY7rr6CNhFhLX', 1, 2, NULL, '2019-06-22 23:52:33', NULL),
(17, 80017, 'Sumaiya Binte Shasid', 'সুমাইয়া বিনতে শাসিদ', 'sumaiyabinteshasid@gmail.com', 'Scholastica', 1, '$2y$10$CPo13SZldc/AcYRCoelk0uhqmtx/J7eQ/Q8yBQlIz/BSwPwHyZ2PK', '123456', 1, NULL, 2, 8, 1, 1, 1, NULL, NULL, '1561269372_Sumaiya Binte Shahid.png', '01720216996', 2, '0', '0', 'Bangladeshi', 'Md. Shasid Hossain', 'Taslima Akter', NULL, '2019-06-07', NULL, NULL, NULL, 1, 2, NULL, '2019-06-22 23:56:12', NULL),
(18, 80018, 'Ishmam Yaseen Taha', 'ইশমাম ইয়াসিন তাহা', 'ishmamyaseentaha@gmail.com', 'Scholastica', 1, '$2y$10$u982mDp42sPvCwP8abB10.6LcsD9Pps01nw3CkQkhZ8c8VeJXvg/6', '123456', 1, NULL, 3, 3, 1, 1, 1, NULL, NULL, '1561269587_Ishmam Yaseen Taha.png', '01912974789', 1, '0', '1', 'Bangladeshi', 'Mofiz Uddin Ahmed', 'Andelip Sazia', NULL, '2019-06-07', NULL, NULL, 'kHv0iOXmV7h35i8Ot6JYFR1vvmyhhVRmRhkVFSFMSQwaXBqipX3P0kNnWOow', 1, 2, NULL, '2019-06-25 03:46:42', NULL),
(19, 80019, 'Rafin Almas Ahon', 'রাফিন আলমাস আহন', 'rafinalmasahon@gmail.com', 'Scholastica', 1, '$2y$10$dzyqLtFEBIGqtX8qEhDup.TFPGtkjphi/rDvHxXvEA2QK7zs8IgmW', '123456', 1, NULL, 2, 8, 1, 1, 1, NULL, NULL, '1561269776_Rafin Almas Ahon.png', '01718735518', 1, '0', '1', 'Bangladeshi', 'Dr. Md. Durul Hoda', 'Mst. Masuma Sultana', NULL, '2019-06-07', NULL, NULL, NULL, 1, 2, NULL, '2019-06-23 00:02:56', NULL),
(20, 80020, 'Syeda Rifa Sanjida', 'সায়েদা রিফা সানজিদা', 'syedarifasanjida@gmail.com', 'Scholastica', 1, '$2y$10$Xd9oHz..NZqnhBMZ3GcrWuCvkIWr2fCQ9C.bz7JWMCEVt4ZKiYzIe', '123456', 1, NULL, 3, 4, 1, 1, 1, NULL, NULL, '1561270009_Syeda Rifa Khan.png', '01711168762', 2, '0', '1', 'Bangladeshi', 'Syed Ahsan Ghoni', 'Noor - e Farzana huq', NULL, '2019-06-07', NULL, NULL, 'YUMSm8K2VwMbAxKsO681OeemaMCYZeMaM8UwPrPZIS7cv0RcNMqlGZZIXUU5', 1, 2, NULL, '2019-06-23 00:06:49', NULL),
(21, 80021, 'Nazwa Nasheeta Rahman', 'নাজওয়া নাজহিতা রহমান', 'najwanaheetarahman@gmail.com', 'Scholastica', 1, '$2y$10$q.akkq7iqi9SVNCPlYYEAelReFhtzX3s79qHX7wjNAH50vglH6xGi', '123456', 1, NULL, 3, 5, 1, 1, 1, NULL, NULL, '', '01552309038', 2, '0', '1', 'Bangladeshi', 'Md. Golam Sarwer', 'Dr. Nahid Farhana Amin', NULL, '2019-06-07', NULL, NULL, NULL, 1, 2, NULL, '2019-06-23 00:11:10', NULL),
(22, 80022, 'Hasinur Rahman Sahil', 'হাসিনুর রহমান সাহিল', 'nasinurrahmansahil@gmail.com', 'Scholastica', 1, '$2y$10$yzof7fWxgHKuoRS1tk1TWudV9/XPt9emX725BsMzX8WFBhVZRjDU6', '123456', 1, NULL, 2, 8, 1, 1, 1, NULL, NULL, '', '01552309038', 1, '0', '0', 'Bangladeshi', 'Md. Golam Sarwer', 'Dr. Nahid Farhana Amin', NULL, '2019-06-07', NULL, NULL, NULL, 1, 2, NULL, '2019-06-23 00:36:57', NULL),
(23, 80024, 'Munshatia Islam Merry', 'মুনতাশিয়া ইসলাম মেরি', 'munshatiaislammerry@gmail.com', 'Scholastica', 1, '$2y$10$xNdndTWymYVR1xQqABJ2UeFugxx4oC/QLyme0mU6renCO0BA2r11.', '123456', 1, NULL, 3, 5, 1, 1, 1, NULL, NULL, '', '01749279990', 2, '0', '1', 'Bangladeshi', '', '', NULL, '2019-06-07', NULL, NULL, 'DQByLQ5o0cXAm8wEhXot9Rl5vVgXVULJjRIgSR3bRKyh0CmZsyixcRww2z4P', 1, 2, NULL, '2019-06-23 00:42:43', NULL),
(24, 80024, 'Amrin Rafa', 'আমরিন রাফা', 'amrinrafa@gmail.com', 'Scholastica', 1, '$2y$10$qpYgEredtXdhWzTwpCL3Uu3udzwHFtPRyOZM//XT6JWE8nqX6ASne', '123456', 1, NULL, 3, 6, 1, 1, 1, NULL, NULL, '', '01948889428', 2, '0', '1', 'Bangladeshi', '', '', NULL, '2019-06-07', NULL, NULL, 'xHVf5eDN5P0g7SEg7TE955AH3DBtLLWBYEMrxh6mdKF5ezut3CXaCpf9VZUN', 1, 2, NULL, '2019-06-23 00:41:44', NULL),
(25, 80025, 'Syeda Aysha Bushra', 'সৈয়দা আয়শা বুশরা', 'syedaayshabushra@gmail.com', 'Scholastica', 1, '$2y$10$W3AwxDCc1eDoMS86IwLL2u4YK/AiE2CnjlDDoFxxNEauEd1dGKCIe', '123456', 1, NULL, 2, 6, 1, 1, 1, NULL, NULL, '1561272371_Syeda Aysha Bushra.png', '01614504902', 2, '0', '1', 'Bangladeshi', 'Syed Khaled Hossain', 'Syeda Arifa', NULL, '2019-06-07', NULL, NULL, 'uJlkYRhXPVJ1eoukqPqhDCjhU2IVAUdPnxYXfDdkmUoNEiySi77betyNF4n8', 1, 2, NULL, '2019-06-23 00:46:11', NULL),
(26, 80026, 'Progga Parmita Rupkotha', 'প্রজ্ঞা পরমিতা রূপকথা', 'proggaparmitarupkothatest@gmail.com', 'Scholastica', 1, '$2y$10$vV6b1q.y/JtzI2QjtVwX9ucA9t3xpuXt24GUuvyO31YoZriUFNT8i', '123456', 1, NULL, 2, 8, 1, 1, 1, NULL, NULL, '', '01726396214', 2, '0', '1', 'Bangladeshi', 'Mahbub Aziz', 'Alpona Akter', NULL, '2019-06-27', NULL, NULL, NULL, 1, 2, NULL, '2019-06-24 21:59:34', NULL),
(27, 80028, 'Mohammad Akif Hasan', 'মোঃ আকিফ হাসান', 'mohammadakifhasan@gmail.com', 'Scholastica', 1, '$2y$10$hiL85JEdGtd1bqFk01LufO77Nfa/GVPt5j4g2WbRar.pz.n0lTnmu', '123456', 1, NULL, 2, 8, 1, 1, 1, NULL, NULL, '1561435769_Akif Hasan.png', '01819176836', 1, '0', '1', 'Bangladeshi', 'Hasan Mahammad Tareque', 'Zakia Rahman', NULL, '2019-04-08', NULL, NULL, NULL, 1, 2, NULL, '2019-06-24 22:09:29', NULL),
(28, 80028, 'Walisa Wahid Tarin', 'ওয়ালিসা ওয়াহিদ তারিন', 'walisawahidtarin@gmail.com', 'Scholastica', 1, '$2y$10$IyUrlajgf9R.Q80beT.eoegWmSvs0AG1rmp50hYSjG.yVJrUUL/t6', '123456', 1, NULL, 2, 8, 1, 1, 1, NULL, NULL, '1561435701_Walisa Wahid Tarin.png', '01790492688', 2, '0', '1', 'Bangladeshi', 'Wahidur Rahman', 'Shaheen Sarwar', NULL, '2019-04-07', NULL, NULL, NULL, 1, 2, NULL, '2019-06-24 22:08:21', NULL),
(29, 80029, 'S. M Hassin Arman Araf', 'এস এম হাসিন আরমান আরাফ', 'smhassinarmanaraf@gmail.com', 'Scholastica', 1, '$2y$10$N7MisskoPYazIrsgSLJs..n/Up6Ub6iIPjT.5wXQ7tpmFu07Amnua', '123456', 1, NULL, 2, 8, 1, 1, 1, NULL, NULL, '', '01717769416', 1, '0', '1', 'Bangladeshi', 'S. M Shahidul Islam', 'Dewan Khodejatul Zannat', NULL, '2019-04-08', NULL, NULL, NULL, 1, 2, NULL, '2019-06-24 22:13:05', NULL),
(30, 80030, 'Sian Ahbab Khan', 'সিয়ান আহবাব খান', 'sianahbabkhan@gmail.com', 'Scholastica', 1, '$2y$10$AcoUUB4GWtZRl5J.WyfKue7J2iXcXU3zSSFxvbhGFAA5WRMij.C4e', '123456', 1, NULL, 2, 8, 1, 1, 1, NULL, NULL, '1561436299_Sian Ahbab Khan.png', '01713009502', 1, '0', '1', 'Bangladeshi', 'M Habibur Rahman Khan', 'Sharmin Mastafi Koni', NULL, '2019-04-08', NULL, NULL, NULL, 1, 2, NULL, '2019-06-24 22:18:19', NULL),
(31, 80031, 'Md. Kaif Faisal Al Gafur', 'মোঃ কাইফ ফয়সাল আল গফুর', 'mdkaiffaisalalgafur@gmail.com', 'Scholastica', 1, '$2y$10$gQoGX3SyG0ckfnrjvwgJ6.OCR1.OhUSkrI.ejSjfxgO8tyHJURg16', '123456', 1, NULL, 2, 8, 1, 1, 1, NULL, NULL, '1561436520_Kaif Faisal.png', '01779099681', 1, '0', '1', 'Bangladeshi', 'Mohammad Faisal Al Gafur', 'Kamrun Nahar', NULL, '2019-04-17', NULL, NULL, NULL, 1, 2, NULL, '2019-06-24 22:22:00', NULL),
(32, 80032, 'Tanisha Kabir', 'টানিশা কবির', 'tanishakabir@gmail.com', 'Scholastica', 1, '$2y$10$9aDjPYfMyk.RvYFaPW6gGeGQYfbIkp.5rPktDWUZ1.6HFd6td2kyu', '123456', 1, NULL, 2, 8, 1, 1, 1, NULL, NULL, '1561436662_Tanisha Kabir.png', '01676610907', 2, '0', '1', 'Bangladeshi', 'Ekramul Kabir', 'Rokeya Sultana', NULL, '2019-04-27', NULL, NULL, NULL, 1, 2, NULL, '2019-06-24 22:24:22', NULL),
(33, 80033, 'Md. Yusha Rumman', 'মোঃ ইউশা রুম্মান', 'mdyusharumman@gmail.com', 'Scholastica', 1, '$2y$10$7krTZoK5SRcidqnCSLXE.OUc4Xeo6yBtu2TD5tMl/g9RDxvUmEEXO', '123456', 1, NULL, 2, 8, 1, 1, 1, NULL, NULL, '', '01819245371', 2, '0', '1', 'Bangladeshi', 'Hanif Md. Kawser', 'Afrin Kawser', NULL, '2019-04-11', NULL, NULL, NULL, 1, 2, NULL, '2019-06-24 22:28:16', NULL),
(34, 80034, 'Mahadir Haque', 'মোঃ মাহাদির হক', 'mahadirhaque@gmail.com', 'Scholastica', 1, '$2y$10$D/f7.9LdibminSsbJp1SfeJSKe1JbHS4kvAQy2hiEryGecCFzcyJC', '123456', 1, NULL, 2, 8, 1, 1, 1, NULL, NULL, '', '01964797340', 1, '0', '0', 'Bangladeshi', 'Mozammel Haque', 'Dilara Haque', NULL, '2019-04-10', NULL, NULL, NULL, 1, 2, NULL, '2019-06-24 22:39:14', NULL),
(35, 80035, 'Farhana Tasnim', 'ফারহানা তাসনিম', 'farhanatasnim@gmail.com', 'Scholastica', 1, '$2y$10$43aF2PC0QXK3590fZVh.1OrGF5RZMu1JMFVaaUrjutUFwNMNZ//dm', '123456', 1, NULL, 2, 8, 1, 1, 1, NULL, NULL, '1561437730_Farhana Tasnim.png', '01817631114', 2, '0', '1', 'Bangladeshi', 'AKM Abu Sayeed', 'Selina Akhter', NULL, '2019-04-08', NULL, NULL, NULL, 1, 2, NULL, '2019-06-24 22:42:10', NULL),
(36, 80037, 'Binuli Minayani Weerasekara', 'বিনুলি মিরাইয়া ওয়েসেকারা', 'binuliminayaniweerasekara@gmail.com', 'International Hope School Bangladesh', 1, '$2y$10$fkwmODmuv44Am7K9O4myau6xEZHl/VbgyGnoio0EjFLBXChsyFWT6', '123456', 1, NULL, 2, 8, 1, 1, 1, NULL, NULL, '1561438266_Binuli.png', '01771666820', 2, '0', '3', 'Bangladeshi', 'Jayantha Weerasekara', 'Poornima Weerasekara', NULL, '2019-04-10', NULL, NULL, NULL, 1, 2, NULL, '2019-06-25 03:48:12', NULL),
(37, 80037, 'Yenuli Minayani Weerasekara', 'ইয়ানলি মিরাইয়া ওয়েসেকারা', 'yenuliminayaniweerasekara@gmail.com', 'International Hope School Bangladesh', 1, '$2y$10$yj2VVSw/yBut51uvrLuGO.BqikeGId1alJyqIvdSFEdpFQa/dxSvS', '123456', 1, NULL, 2, 8, 1, 1, 1, NULL, NULL, '1561438204_Yenuli.png', '01771666820', 2, '0', '3', 'Bangladeshi', 'Jayantha Weerasekara', 'Poornima Weerasekara', NULL, '2019-04-10', NULL, NULL, NULL, 1, 2, NULL, '2019-06-24 22:50:04', NULL),
(38, 80038, 'Azmayeen Ameen', 'আজমাইন আমিন', 'azmayeenameen@gmail.com', 'Scholastica', 1, '$2y$10$kPe3uZenozofAlgqmNJL6.hTFpvVMRYv6m3ObzOB7eq3kd.aEIzPi', '123456', 1, NULL, 2, 8, 1, 1, 1, NULL, NULL, '1561438442_Azmayeen Ameen.png', '01818210583', 1, '0', '1', 'Bangladeshi', 'Md. Shahidul Ameen', 'Farzana Mahjabeen Khan', NULL, '2019-04-10', NULL, NULL, NULL, 1, 2, NULL, '2019-06-25 03:47:15', NULL),
(39, 80040, 'Lisara Fernando', 'লিসারা ফারনান্দু', 'lisarafernando@gmail.com', 'DPS STS Dhaka', 1, '$2y$10$.StkoNwAnJwdAzMGwLifI.ATXS/LCguXfwnRnc/55SkVO5i.cDsmi', '123456', 1, NULL, 2, 8, 1, 1, 1, NULL, NULL, '', '01836952670', 2, '0', '3', 'Bangladeshi', 'Hilary Fernando', 'Nirosha Fernando', NULL, '2019-04-10', NULL, NULL, NULL, 1, 2, NULL, '2019-06-24 23:04:21', NULL),
(40, 80040, 'Indueara Jayasekara', 'ইন্দুয়ারি জয়াসেকারা', 'induearajayasekara@gmail.com', 'DPS STS Dhaka', 1, '$2y$10$yP8FRYWsXSgYpHbo/uQhOu25XTzshdOIOK3cxb0739XHj3k2hjX9O', '123456', 1, NULL, 2, 8, 1, 1, 1, NULL, NULL, '', '01629369531', 2, '0', '3', 'Bangladeshi', 'Indika Jayasekara', 'Kalani Jayasekara', NULL, '2019-04-10', NULL, NULL, NULL, 1, 2, NULL, '2019-06-24 23:04:06', NULL),
(41, 80041, 'Ramisha Nishad Anam', 'রামিশা নিশাত আনাম', 'ramishanishadanam@gmail.com', 'Scholastica', 1, '$2y$10$mHkNUraxYs0ZKWQTtpc3QuUC2VRzyT5traAkTgbeDSCTfoF6vx8ky', '123456', 1, NULL, 2, 8, 1, 1, 1, NULL, NULL, '', '01711856507', 2, '0', '1', 'Bangladeshi', 'Md. Zakir Anam', 'Rubaiya Nisat', NULL, '2019-04-10', NULL, NULL, NULL, 1, 2, NULL, '2019-06-24 23:10:49', NULL),
(42, 80042, 'Tasnim Anower', 'তাসনিম আনোয়ার', 'tasnimanower@gmail.com', 'Scholastica', 1, '$2y$10$ncstfRbEEGQyhqUgZOS.Ze7WqO1q7v9D0HaGwtM4MKYTXnTnIqrnS', '123456', 1, NULL, 2, 8, 1, 1, 1, NULL, NULL, '1561439628_Tasnim Anower.png', '01710981313', 2, '0', '1', 'Bangladeshi', 'Gazi Majharul Anower', 'Jubaida Yeasmin', NULL, '2019-04-09', NULL, NULL, NULL, 1, 2, NULL, '2019-06-24 23:13:48', NULL),
(43, 80043, 'Nafi Ali Quaderi', 'নাফি আলী কাদেরী', 'nafialiquaderi@gmail.com', 'Scholastica', 1, '$2y$10$MZjVSV8OfUxayYQGx6E5OuoPqn90s4At.fIr9uQKkuuj3ppOZDHV2', '123456', 1, NULL, 2, 8, 1, 1, 1, NULL, NULL, '1561439850_Nafi Ali Quaderi.png', '01711359198', 1, '0', '1', 'Bangladeshi', 'Mahtuz Ali Quaderi', 'Nazmin Islam', NULL, '2019-04-09', NULL, NULL, NULL, 1, 2, NULL, '2019-06-24 23:17:30', NULL),
(44, 80047, 'Sheikh Araf Anwar', 'শেখ আরাফ আনোয়ার', 'sheikharafanwar@gmail.com', 'Scholastica', 1, '$2y$10$Q95cfmI10TRXJjfrkRmbteLFhKFFTlEhkz6SJrHbpjNT.5Tk.tjGy', '123456', 1, NULL, 2, 8, 1, 1, 1, NULL, NULL, '1561447779_1561440040_Sheikh Araf Anwar.png', '01711945842', 1, '0', '1', 'Bangladeshi', 'Sheikh Anwar Ali', 'Lutfun Nahar', NULL, '2019-04-07', NULL, NULL, NULL, 1, 2, NULL, '2019-06-25 01:29:46', NULL),
(45, 80045, 'Amasha Nethemi', 'আমাশা নেথেমি', 'amashanethemi@gmail.com', 'Scholastica', 1, '$2y$10$2PLtHrOg6dgAT8KeIojsx.YPeuAULf7JV3SiebEYVBMgFLt/12OeK', '123456', 1, NULL, 2, 8, 1, 1, 1, NULL, NULL, '', '01842331381', 2, '0', '3', 'Bangladeshi', 'Dhammika Hetharachchi', 'M. A Parashara', NULL, '2019-04-09', NULL, NULL, NULL, 1, 2, NULL, '2019-06-24 23:24:00', NULL),
(46, 80047, 'Sanam Marjan', 'সানাম মারজান', 'sanammarjan@gmail.com', 'Scholastica', 1, '$2y$10$o1Gcvb1z33xZ.ymqumDd3epgUIQGjbEfIb2GGrQe1F9So9HTUeBQi', '123456', 1, NULL, 2, 8, 1, 1, 1, NULL, NULL, '1561463545_1561440429_Sanam Marjan.png', '01843745731', 2, '0', '1', 'Bangladeshi', 'Dr. Hossain Md. Shadid', 'Nadia Patuary Mitu', NULL, '2019-04-08', NULL, NULL, NULL, 1, 2, NULL, '2019-06-25 05:52:40', NULL),
(47, 80047, 'Ashfia Islam', 'আশফিয়া ইসলাম', 'ashfiaislam@gmail.com', 'Scholastica', 1, '$2y$10$Cxc1fmFAZt3PAri9DO88NepgkDC9txQjLFUrWtLSQ/ReQd6x8OSIC', '123456', 1, NULL, 2, 8, 1, 1, 1, NULL, NULL, '1561441147_Ashfia Islam.png', '01714026087', 2, '0', '1', 'Bangladeshi', 'Md. Ruhul Islam', 'Keisarun Nahar', NULL, '2019-04-10', NULL, NULL, NULL, 1, 2, NULL, '2019-06-25 03:47:34', NULL);

-- --------------------------------------------------------

--
-- Table structure for table `bdedu_students_academic_details`
--

CREATE TABLE `bdedu_students_academic_details` (
  `student_academic_details_row_id` int(11) NOT NULL,
  `student_row_id` int(11) NOT NULL,
  `date_of_admission` date NOT NULL,
  `academic_session` int(3) NOT NULL,
  `academic_class` tinyint(1) NOT NULL,
  `academic_shift` tinyint(1) NOT NULL,
  `academic_department` tinyint(1) NOT NULL,
  `academic_section` int(11) NOT NULL,
  `academic_rollnumber` int(11) NOT NULL,
  `created_at` datetime NOT NULL DEFAULT CURRENT_TIMESTAMP,
  `updated_at` datetime NOT NULL DEFAULT CURRENT_TIMESTAMP
) ENGINE=InnoDB DEFAULT CHARSET=latin1;

-- --------------------------------------------------------

--
-- Table structure for table `bdedu_students_assesments`
--

CREATE TABLE `bdedu_students_assesments` (
  `assessment_row_id` int(11) NOT NULL,
  `student_id` bigint(20) NOT NULL,
  `exam_year` int(3) DEFAULT '1',
  `attempt_no` int(3) DEFAULT '1',
  `comment` text COLLATE utf8_unicode_ci NOT NULL,
  `status` tinyint(1) NOT NULL DEFAULT '1',
  `has_math_anxiety` tinyint(2) NOT NULL DEFAULT '0',
  `anxiety_level` int(3) NOT NULL DEFAULT '0',
  `created_by` int(11) NOT NULL,
  `updated_by` int(11) DEFAULT NULL,
  `created_at` datetime NOT NULL DEFAULT CURRENT_TIMESTAMP,
  `updated_at` datetime DEFAULT CURRENT_TIMESTAMP
) ENGINE=InnoDB DEFAULT CHARSET=utf8 COLLATE=utf8_unicode_ci;

--
-- Dumping data for table `bdedu_students_assesments`
--

INSERT INTO `bdedu_students_assesments` (`assessment_row_id`, `student_id`, `exam_year`, `attempt_no`, `comment`, `status`, `has_math_anxiety`, `anxiety_level`, `created_by`, `updated_by`, `created_at`, `updated_at`) VALUES
(1, 10118020017, 2020, 1, 'Poor Performance', 1, 1, 3, 2, NULL, '2020-02-23 09:16:49', '2020-02-23 10:36:47'),
(2, 302203050400, 2020, 1, 'Very Poor Performance', 1, 1, 4, 2, NULL, '2020-02-23 10:09:06', '2020-02-23 15:20:07');

-- --------------------------------------------------------

--
-- Table structure for table `bdedu_students_details`
--

CREATE TABLE `bdedu_students_details` (
  `student_details_row_id` int(11) UNSIGNED NOT NULL,
  `student_row_id` int(11) NOT NULL,
  `student_blood_group` int(3) NOT NULL,
  `student_dob` date NOT NULL,
  `student_birth_place` text COLLATE utf8_unicode_ci NOT NULL,
  `student_religion` tinyint(1) NOT NULL,
  `is_physically_disabled` tinyint(1) NOT NULL DEFAULT '1',
  `student_medical_problem` text COLLATE utf8_unicode_ci NOT NULL,
  `student_present_address` text COLLATE utf8_unicode_ci NOT NULL,
  `student_present_address_bangla` text COLLATE utf8_unicode_ci NOT NULL,
  `student_division_present` tinyint(4) DEFAULT NULL,
  `student_district_present` tinyint(4) DEFAULT NULL,
  `student_upazila_present` int(11) DEFAULT NULL,
  `student_postcode_present` int(11) DEFAULT NULL,
  `permanentaspresent` tinyint(1) NOT NULL,
  `student_permanent_address` text COLLATE utf8_unicode_ci NOT NULL,
  `student_permanent_address_bangla` varchar(255) COLLATE utf8_unicode_ci NOT NULL,
  `student_division_permanent` tinyint(4) DEFAULT NULL,
  `student_district_permanent` tinyint(4) DEFAULT NULL,
  `student_upazila_permanent` int(11) DEFAULT NULL,
  `student_postcode_permanent` int(11) DEFAULT NULL,
  `student_telephone` varchar(255) COLLATE utf8_unicode_ci NOT NULL,
  `student_photo` varchar(255) COLLATE utf8_unicode_ci NOT NULL,
  `student_signature` varchar(255) COLLATE utf8_unicode_ci NOT NULL,
  `student_nationality` varchar(255) COLLATE utf8_unicode_ci NOT NULL,
  `student_birthcertificateno` varchar(100) COLLATE utf8_unicode_ci NOT NULL,
  `student_birthcertificatephoto` varchar(255) COLLATE utf8_unicode_ci NOT NULL,
  `father_name` varchar(255) COLLATE utf8_unicode_ci NOT NULL,
  `father_name_bangla` varchar(255) CHARACTER SET utf8 NOT NULL,
  `father_email` varchar(100) COLLATE utf8_unicode_ci NOT NULL,
  `father_occupation` varchar(255) COLLATE utf8_unicode_ci NOT NULL,
  `father_office_address` text COLLATE utf8_unicode_ci NOT NULL,
  `father_nid` varchar(255) COLLATE utf8_unicode_ci NOT NULL,
  `father_mobile` varchar(100) COLLATE utf8_unicode_ci NOT NULL,
  `father_income_annual` float(8,2) NOT NULL,
  `father_phone_office` varchar(100) COLLATE utf8_unicode_ci NOT NULL,
  `father_photo` varchar(255) COLLATE utf8_unicode_ci NOT NULL,
  `father_signature` varchar(255) COLLATE utf8_unicode_ci NOT NULL,
  `mother_name` varchar(100) COLLATE utf8_unicode_ci NOT NULL,
  `mother_name_bangla` varchar(255) CHARACTER SET utf8 NOT NULL,
  `mother_email` varchar(100) COLLATE utf8_unicode_ci NOT NULL,
  `mother_occupation` varchar(255) COLLATE utf8_unicode_ci NOT NULL,
  `mother_office_address` text COLLATE utf8_unicode_ci NOT NULL,
  `mother_nid` varchar(255) COLLATE utf8_unicode_ci NOT NULL,
  `mother_mobile` varchar(100) COLLATE utf8_unicode_ci NOT NULL,
  `mother_income_annual` float(8,2) NOT NULL,
  `mother_phone_office` varchar(100) COLLATE utf8_unicode_ci NOT NULL,
  `mother_photo` varchar(255) COLLATE utf8_unicode_ci NOT NULL,
  `mother_signature` varchar(255) COLLATE utf8_unicode_ci NOT NULL,
  `visitor_info` text COLLATE utf8_unicode_ci NOT NULL,
  `emergency_contact_name` varchar(100) COLLATE utf8_unicode_ci NOT NULL,
  `emergency_contact_name_bangla` varchar(255) CHARACTER SET utf8 NOT NULL,
  `emergency_contact_number` varchar(100) COLLATE utf8_unicode_ci NOT NULL,
  `previous_institute_name` varchar(255) COLLATE utf8_unicode_ci NOT NULL,
  `previous_institute_class` varchar(50) COLLATE utf8_unicode_ci NOT NULL,
  `previous_institute_board` varchar(50) COLLATE utf8_unicode_ci NOT NULL,
  `previous_institute_year` varchar(50) COLLATE utf8_unicode_ci NOT NULL,
  `previous_institute_grade` varchar(50) COLLATE utf8_unicode_ci NOT NULL,
  `previous_institute_cgpa` varchar(50) COLLATE utf8_unicode_ci NOT NULL,
  `student_siblings_id` text COLLATE utf8_unicode_ci NOT NULL,
  `who_is_gurdian` tinyint(1) NOT NULL COMMENT '1=father, 2=mother, 3= others',
  `guardian_row_id` int(11) NOT NULL,
  `created_at` timestamp NULL DEFAULT CURRENT_TIMESTAMP,
  `updated_at` timestamp NULL DEFAULT CURRENT_TIMESTAMP
) ENGINE=InnoDB DEFAULT CHARSET=utf8 COLLATE=utf8_unicode_ci;

-- --------------------------------------------------------

--
-- Table structure for table `bdedu_upazila`
--

CREATE TABLE `bdedu_upazila` (
  `id` int(11) NOT NULL,
  `full_name` varchar(255) COLLATE utf8_unicode_ci NOT NULL,
  `short_name` varchar(20) COLLATE utf8_unicode_ci NOT NULL,
  `code` int(11) NOT NULL,
  `district_id` int(11) NOT NULL,
  `createdAt` datetime NOT NULL,
  `updatedAt` datetime NOT NULL
) ENGINE=InnoDB DEFAULT CHARSET=utf8 COLLATE=utf8_unicode_ci;

--
-- Dumping data for table `bdedu_upazila`
--

INSERT INTO `bdedu_upazila` (`id`, `full_name`, `short_name`, `code`, `district_id`, `createdAt`, `updatedAt`) VALUES
(1, 'DCC North', '01', 200, 1, '2014-09-14 19:33:23', '2014-09-14 19:33:23'),
(2, 'DCC South', '02', 200, 1, '2014-09-14 19:33:23', '2014-09-14 19:33:23'),
(3, 'Dhamrai', '03', 200, 1, '2014-09-14 19:33:23', '2014-09-14 19:33:23'),
(4, 'Dohar', '04', 200, 1, '2014-09-14 19:33:23', '2014-09-14 19:33:23'),
(5, 'Keraniganj', '05', 200, 1, '2014-09-14 19:33:23', '2014-09-14 19:33:23'),
(6, 'Nawabganj', '06', 200, 1, '2014-09-14 19:33:23', '2014-09-14 19:33:23'),
(7, 'Savar', '07', 200, 1, '2014-10-17 04:15:47', '2014-10-17 04:15:47'),
(8, 'Gazipur Sadar', '01', 18, 9, '2014-10-17 06:00:43', '2014-10-17 06:00:43'),
(12, 'Kaliakair', '02', 200, 9, '2014-10-27 21:48:37', '2014-10-27 21:48:37'),
(13, 'Kaliganj', '03', 200, 9, '2014-10-27 21:49:39', '2014-10-27 21:49:39'),
(14, 'Kapasia', '04', 200, 9, '2014-10-27 21:50:06', '2014-10-27 21:50:06'),
(15, 'Sreepur', '05', 200, 9, '2014-10-27 21:50:48', '2014-10-27 21:50:48'),
(16, 'Tangail Sadar', '06', 200, 12, '2014-10-27 21:52:01', '2014-10-27 21:52:01'),
(17, 'Gopalpur', '07', 200, 12, '2014-10-27 21:52:30', '2014-10-27 21:52:30'),
(18, 'Basail', '08', 200, 12, '2014-10-27 21:53:02', '2014-10-27 21:53:02'),
(19, 'Basail', '09', 200, 9, '0000-00-00 00:00:00', '0000-00-00 00:00:00'),
(20, 'Bhuapur', '10', 200, 9, '0000-00-00 00:00:00', '0000-00-00 00:00:00'),
(21, 'Delduar', '11', 200, 9, '0000-00-00 00:00:00', '0000-00-00 00:00:00'),
(22, 'Ghatail', '12', 200, 9, '0000-00-00 00:00:00', '0000-00-00 00:00:00'),
(23, 'Kalihati', '13', 200, 9, '0000-00-00 00:00:00', '0000-00-00 00:00:00'),
(24, 'Madhupur', '14', 200, 9, '0000-00-00 00:00:00', '0000-00-00 00:00:00'),
(25, 'Mirzapur', '15', 200, 9, '0000-00-00 00:00:00', '0000-00-00 00:00:00'),
(26, 'Nagarpur', '16', 200, 9, '0000-00-00 00:00:00', '0000-00-00 00:00:00'),
(27, 'Sakhipur', '17', 200, 9, '0000-00-00 00:00:00', '0000-00-00 00:00:00'),
(28, 'Dhanbari', '18', 200, 9, '0000-00-00 00:00:00', '0000-00-00 00:00:00'),
(29, 'Astagram', '25', 200, 18, '0000-00-00 00:00:00', '0000-00-00 00:00:00'),
(30, 'Bajitpur', '26', 200, 18, '0000-00-00 00:00:00', '0000-00-00 00:00:00'),
(31, 'Bhairab', '27', 200, 18, '0000-00-00 00:00:00', '0000-00-00 00:00:00'),
(32, 'Hossainpur', '28', 200, 18, '0000-00-00 00:00:00', '0000-00-00 00:00:00'),
(33, 'Itna', '29', 200, 18, '0000-00-00 00:00:00', '0000-00-00 00:00:00'),
(34, 'Karimganj', '30', 200, 18, '0000-00-00 00:00:00', '0000-00-00 00:00:00'),
(35, 'Katiadi', '31', 200, 18, '0000-00-00 00:00:00', '0000-00-00 00:00:00'),
(36, 'Kishoreganj Sadar', '33', 200, 18, '0000-00-00 00:00:00', '0000-00-00 00:00:00'),
(37, 'Kuliarchar', '34', 200, 18, '0000-00-00 00:00:00', '0000-00-00 00:00:00'),
(38, 'Mithamain', '35', 200, 18, '0000-00-00 00:00:00', '0000-00-00 00:00:00'),
(39, 'Nikli', '36', 200, 18, '0000-00-00 00:00:00', '0000-00-00 00:00:00'),
(40, 'Pakundia', '37', 200, 18, '0000-00-00 00:00:00', '0000-00-00 00:00:00'),
(41, 'Tarail', '38', 200, 18, '0000-00-00 00:00:00', '0000-00-00 00:00:00'),
(42, 'Araihazar', '01', 200, 11, '0000-00-00 00:00:00', '0000-00-00 00:00:00'),
(43, 'Bandar', '02', 200, 11, '0000-00-00 00:00:00', '0000-00-00 00:00:00'),
(44, 'Narayanganj Sadar', '03', 200, 11, '0000-00-00 00:00:00', '0000-00-00 00:00:00'),
(45, 'Rupganj', '04', 200, 11, '0000-00-00 00:00:00', '0000-00-00 00:00:00'),
(46, 'Sonargaon', '05', 200, 11, '0000-00-00 00:00:00', '0000-00-00 00:00:00'),
(47, 'Fatullah', '06', 200, 11, '0000-00-00 00:00:00', '0000-00-00 00:00:00'),
(48, 'Siddhirganj', '07', 200, 11, '0000-00-00 00:00:00', '0000-00-00 00:00:00'),
(49, 'Daulatpur', '14', 200, 8, '0000-00-00 00:00:00', '0000-00-00 00:00:00'),
(50, 'Ghior', '09', 200, 8, '0000-00-00 00:00:00', '0000-00-00 00:00:00'),
(51, 'Harirampur', '10', 200, 8, '0000-00-00 00:00:00', '0000-00-00 00:00:00'),
(52, 'Manikgonj Sadar', '11', 200, 8, '0000-00-00 00:00:00', '0000-00-00 00:00:00'),
(53, 'Saturia', '12', 200, 8, '0000-00-00 00:00:00', '0000-00-00 00:00:00'),
(54, 'Shivalaya', '13', 200, 8, '0000-00-00 00:00:00', '0000-00-00 00:00:00'),
(55, 'Singair', '08', 200, 8, '0000-00-00 00:00:00', '0000-00-00 00:00:00'),
(56, 'Narsingdi Sadar', '15', 200, 19, '0000-00-00 00:00:00', '0000-00-00 00:00:00'),
(57, 'Belabo', '16', 200, 19, '0000-00-00 00:00:00', '0000-00-00 00:00:00'),
(58, 'Monohardi', '17', 200, 19, '0000-00-00 00:00:00', '0000-00-00 00:00:00'),
(59, 'Palash', '18', 200, 19, '0000-00-00 00:00:00', '0000-00-00 00:00:00'),
(60, 'Raipura', '19', 200, 19, '0000-00-00 00:00:00', '0000-00-00 00:00:00'),
(61, 'Shibpur', '20', 200, 19, '0000-00-00 00:00:00', '0000-00-00 00:00:00'),
(62, 'Gazaria', '21', 200, 15, '0000-00-00 00:00:00', '0000-00-00 00:00:00'),
(63, 'Lohajang', '22', 200, 15, '0000-00-00 00:00:00', '0000-00-00 00:00:00'),
(64, 'Munshiganj Sadar', '23', 200, 15, '0000-00-00 00:00:00', '0000-00-00 00:00:00'),
(65, 'Sirajdikhan', '24', 200, 15, '0000-00-00 00:00:00', '0000-00-00 00:00:00'),
(66, 'Sreenagar', '25', 200, 15, '0000-00-00 00:00:00', '0000-00-00 00:00:00'),
(67, 'Tongibari', '26', 200, 15, '0000-00-00 00:00:00', '0000-00-00 00:00:00'),
(68, 'Ajmiriganj', '01', 1, 56, '2014-10-28 15:21:56', '2014-10-28 15:21:56'),
(69, 'Bahubal', '02', 200, 56, '2014-10-28 15:24:32', '2014-10-28 15:24:32'),
(70, 'Baniyachong', '03', 200, 56, '2014-10-28 15:25:21', '2014-10-28 15:25:21'),
(71, 'Chunarughat', '04', 200, 56, '2014-10-28 15:25:58', '2014-10-28 15:25:58'),
(72, 'Habiganj Sadar', '05', 200, 56, '2014-10-28 15:26:31', '2014-10-28 15:26:31'),
(73, 'Lakhai', '06', 200, 56, '2014-10-28 15:27:07', '2014-10-28 15:27:07'),
(74, 'Madhabpur', '07', 200, 56, '2014-10-28 15:27:40', '2014-10-28 15:27:40'),
(75, 'Nabiganj', '08', 200, 56, '2014-10-28 15:28:23', '2014-10-28 15:28:23'),
(76, 'Barlekha', '09', 200, 55, '2014-10-28 15:29:09', '2014-10-28 15:29:09'),
(77, 'Kamalganj', '10', 200, 55, '2014-10-28 15:29:59', '2014-10-28 15:29:59'),
(78, 'Kulaura', '11', 200, 55, '2014-10-28 15:30:30', '2014-10-28 15:30:30'),
(79, 'Moulvibazar Sadar', '12', 200, 55, '2014-10-28 15:31:01', '2014-10-28 15:31:01'),
(80, 'Rajnagar', '13', 200, 55, '2014-10-28 15:31:40', '2014-10-28 15:31:40'),
(81, 'Sreemangal', '14', 200, 55, '2014-10-28 15:35:51', '2014-10-28 15:35:51'),
(82, 'Juri', '15', 200, 55, '2014-10-28 15:36:21', '2014-10-28 15:36:21'),
(83, 'Bishwamvarpur', '16', 200, 57, '2014-10-28 15:38:01', '2014-10-28 15:38:01'),
(84, 'Chhatak', '17', 200, 57, '2014-10-28 15:38:42', '2014-10-28 15:38:42'),
(85, 'Derai', '18', 200, 57, '2014-10-28 15:39:17', '2014-10-28 15:39:17'),
(86, 'Dharampasha', '19', 200, 57, '2014-10-28 15:39:52', '2014-10-28 15:39:52'),
(87, 'Dowarabazar', '20', 200, 57, '2014-10-28 15:40:25', '2014-10-28 15:40:25'),
(88, 'Jagannathpur', '21', 200, 57, '2014-10-28 15:41:07', '2014-10-28 15:41:07'),
(89, 'Jamalganj', '22', 200, 57, '2014-10-28 15:43:05', '2014-10-28 15:43:05'),
(90, 'Sullah', '23', 200, 57, '2014-10-28 15:44:07', '2014-10-28 15:44:07'),
(91, 'Sunamganj	Sadar', '24', 200, 57, '2014-10-28 15:45:59', '2014-10-28 15:45:59'),
(92, 'Tahirpur', '25', 200, 57, '2014-10-28 15:46:38', '2014-10-28 15:46:38'),
(93, 'South Sunamganj', '26', 200, 57, '2014-10-28 15:47:28', '2014-10-28 15:47:28'),
(94, 'Balaganj', '27', 200, 6, '2014-10-28 15:48:54', '2014-10-28 15:48:54'),
(95, 'Beanibazar', '28', 200, 6, '2014-10-28 15:49:42', '2014-10-28 15:49:42'),
(96, 'Bishwanath', '29', 200, 6, '2014-10-28 15:50:10', '2014-10-28 15:50:10'),
(97, 'Companigonj', '30', 200, 6, '2014-10-28 15:50:46', '2014-10-28 15:50:46'),
(98, 'Fenchuganj', '31', 200, 6, '2014-10-28 15:51:11', '2014-10-28 15:51:11'),
(99, 'Golapganj', '32', 200, 6, '2014-10-28 15:51:51', '2014-10-28 15:51:51'),
(100, 'Gowainghat', '33', 200, 6, '2014-10-28 15:52:55', '2014-10-28 15:52:55'),
(101, 'Jaintiapur', '34', 200, 6, '2014-10-28 15:53:31', '2014-10-28 15:53:31'),
(102, 'Kanaighat', '35', 200, 6, '2014-10-28 15:54:04', '2014-10-28 15:54:04'),
(103, 'Sylhet Sadar', '36', 200, 6, '2014-10-28 15:54:48', '2014-10-28 15:54:48'),
(104, 'Zakiganj', '37', 200, 6, '2014-10-28 15:55:15', '2014-10-28 15:55:15'),
(105, 'South Shurma', '38', 200, 6, '2014-10-28 15:55:45', '2014-10-28 15:55:45'),
(106, 'Birampur', '01', 9, 58, '2014-10-28 16:05:32', '2014-10-28 16:05:32'),
(107, 'Birganj', '02', 9, 58, '2014-10-28 16:06:19', '2014-10-28 16:06:19'),
(108, 'Biral', '03', 9, 58, '2014-10-28 16:06:50', '2014-10-28 16:06:50'),
(109, 'Bochaganj', '04', 9, 58, '2014-10-28 16:07:26', '2014-10-28 16:07:26'),
(110, 'Chirirbandar', '05', 9, 58, '2014-10-28 16:08:44', '2014-10-28 16:08:44'),
(111, 'Phulbari', '06', 9, 58, '2014-10-28 16:12:01', '2014-10-28 16:12:01'),
(112, 'Ghoraghat', '07', 9, 58, '2014-10-28 16:12:39', '2014-10-28 16:12:39'),
(113, 'Hakimpur', '08', 900, 58, '2014-10-28 16:13:34', '2014-10-28 16:13:34'),
(114, 'Kaharole', '09', 900, 58, '2014-10-28 16:14:08', '2014-10-28 16:14:08'),
(115, 'Khansama', '10', 900, 58, '2014-10-28 16:14:38', '2014-10-28 16:14:38'),
(116, 'Dinajpur Sadar', '11', 900, 58, '2014-10-28 16:15:11', '2014-10-28 16:15:11'),
(117, 'Nawabganj', '12', 900, 58, '2014-10-28 16:15:43', '2014-10-28 16:15:43'),
(118, 'Parbatipur', '13', 900, 58, '2014-10-28 16:16:10', '2014-10-28 16:16:10'),
(119, 'Phulchhari', '14', 900, 59, '2014-10-28 16:16:53', '2014-10-28 16:16:53'),
(120, 'Gaibandha Sadar', '15', 900, 59, '2014-10-28 16:17:38', '2014-10-28 16:17:38'),
(121, 'Gobindaganj', '16', 900, 59, '2014-10-28 16:18:23', '2014-10-28 16:18:23'),
(122, 'Palashbari', '17', 900, 59, '2014-10-28 16:19:04', '2014-10-28 16:19:04'),
(123, 'Sadullapur', '18', 900, 59, '2014-10-28 16:19:31', '2014-10-28 16:19:31'),
(124, 'Sughatta', '19', 900, 59, '2014-10-28 16:20:03', '2014-10-28 16:20:03'),
(125, 'Sundarganj', '20', 900, 59, '2014-10-28 16:20:43', '2014-10-28 16:20:43'),
(126, 'Badarganj', '21', 900, 7, '2014-10-28 16:21:27', '2014-10-28 16:21:27'),
(127, 'Gangachhara', '22', 900, 7, '2014-10-28 16:21:56', '2014-10-28 16:21:56'),
(128, 'Kaunia', '23', 900, 7, '2014-10-28 16:22:35', '2014-10-28 16:22:35'),
(129, 'Rangpur Sadar', '24', 900, 7, '2014-10-28 16:23:05', '2014-10-28 16:23:05'),
(130, 'Mithapukur', '25', 900, 7, '2014-10-28 16:23:31', '2014-10-28 16:23:31'),
(131, 'Pirgachha', '26', 900, 7, '2014-10-28 16:23:59', '2014-10-28 16:23:59'),
(132, 'Pirganj', '27', 900, 7, '2014-10-28 16:24:27', '2014-10-28 16:24:27'),
(133, 'Taraganj', '28', 900, 7, '2014-10-28 16:24:53', '2014-10-28 16:24:53'),
(134, 'Baliadangi', '29', 900, 64, '2014-10-28 16:25:31', '2014-10-28 16:25:31'),
(135, 'Haripur', '30', 900, 64, '2014-10-28 16:26:00', '2014-10-28 16:26:00'),
(136, 'Pirganj', '31', 900, 64, '2014-10-28 16:26:29', '2014-10-28 16:26:29'),
(137, 'Ranisankail', '32', 900, 64, '2014-10-28 16:27:04', '2014-10-28 16:27:04'),
(138, 'Thakurgaon Sadar', '33', 900, 64, '2014-10-28 16:27:39', '2014-10-28 16:27:39'),
(139, 'Bhurungamari', '01', 100, 60, '2014-10-28 16:40:52', '2014-10-28 16:40:52'),
(140, 'Char	 Rajibpur', '02', 100, 60, '2014-10-28 16:41:57', '2014-10-28 16:41:57'),
(141, 'Chilmari', '03', 100, 60, '2014-10-28 16:42:33', '2014-10-28 16:42:33'),
(142, 'Phulbari', '04', 100, 60, '2014-10-28 16:43:18', '2014-10-28 16:43:18'),
(143, 'Kurigram	Sadar', '05', 100, 60, '2014-10-28 16:44:02', '2014-10-28 16:44:02'),
(144, 'Nageshwari', '06', 100, 60, '2014-10-28 16:44:37', '2014-10-28 16:44:37'),
(145, 'Rajarhat', '07', 100, 60, '2014-10-28 16:45:20', '2014-10-28 16:45:20'),
(146, 'Raomari', '08', 100, 60, '2014-10-28 16:45:51', '2014-10-28 16:45:51'),
(147, 'Ulipur', '09', 100, 60, '2014-10-28 16:46:25', '2014-10-28 16:46:25'),
(148, 'Aditmari', '10', 100, 61, '2014-10-28 16:47:02', '2014-10-28 16:47:02'),
(149, 'Hatibandha', '11', 100, 61, '2014-10-28 16:47:35', '2014-10-28 16:47:35'),
(150, 'Kaliganj', '12', 100, 61, '2014-10-28 16:48:20', '2014-10-28 16:48:20'),
(151, 'Lalmonirhat Sadar', '13', 100, 61, '2014-10-28 16:48:55', '2014-10-28 16:48:55'),
(152, 'Patgram', '14', 100, 61, '2014-10-28 16:49:26', '2014-10-28 16:49:26'),
(153, 'Dimla', '15', 100, 62, '2014-10-28 16:50:37', '2014-10-28 16:50:37'),
(154, 'Domar', '16', 100, 62, '2014-10-28 16:51:13', '2014-10-28 16:51:13'),
(155, 'Jaldhaka', '17', 100, 62, '2014-10-28 16:51:46', '2014-10-28 16:51:46'),
(156, 'Kishoreganj', '18', 100, 62, '2014-10-28 16:52:31', '2014-10-28 16:52:31'),
(157, 'Nilphamari Sadar', '19', 100, 62, '2014-10-28 16:53:07', '2014-10-28 16:53:07'),
(158, 'Saidpur', '20', 100, 62, '2014-10-28 16:53:36', '2014-10-28 16:53:36'),
(159, 'Atwari', '21', 100, 63, '2014-10-28 16:54:21', '2014-10-28 16:54:21'),
(160, 'Boda', '22', 100, 63, '2014-10-28 16:54:47', '2014-10-28 16:54:47'),
(161, 'Debiganj', '23', 100, 63, '2014-10-28 16:55:28', '2014-10-28 16:55:28'),
(162, 'Panchagarh Sadar', '24', 100, 63, '2014-10-28 16:56:12', '2014-10-28 16:56:12'),
(163, 'Tetulia', '25', 100, 63, '2014-10-28 16:56:40', '2014-10-28 16:56:40'),
(164, 'Bagha', '01', 700, 2, '2014-10-28 17:26:42', '2014-10-28 17:26:42'),
(165, 'Bagmara', '02', 700, 2, '2014-10-28 17:27:18', '2014-10-28 17:27:18'),
(166, 'Charghat', '03', 700, 2, '2014-10-28 17:28:01', '2014-10-28 17:28:01'),
(167, 'Durgapur', '04', 700, 2, '2014-10-28 17:28:31', '2014-10-28 17:28:31'),
(168, 'Godagari', '05', 700, 2, '2014-10-28 17:28:57', '2014-10-28 17:28:57'),
(169, 'Mohanpur', '06', 700, 2, '2014-10-28 17:29:23', '2014-10-28 17:29:23'),
(170, 'Paba', '07', 700, 2, '2014-10-28 17:29:52', '2014-10-28 17:29:52'),
(171, 'Puthia', '08', 700, 2, '2014-10-28 17:30:23', '2014-10-28 17:30:23'),
(172, 'Tanore', '09', 700, 2, '2014-10-28 17:30:50', '2014-10-28 17:30:50'),
(173, 'Boalia', '10', 700, 2, '2014-10-28 17:33:10', '2014-10-28 17:33:10'),
(174, 'Matihar', '11', 700, 2, '2014-10-28 17:33:34', '2014-10-28 17:33:34'),
(175, 'Rajpara', '12', 700, 2, '2014-10-28 17:34:05', '2014-10-28 17:34:05'),
(176, 'Shah Mokdum', '13', 700, 2, '2014-10-28 17:35:00', '2014-10-28 17:35:00'),
(177, 'Akkelpur', '14', 700, 25, '2014-10-28 17:35:41', '2014-10-28 17:35:41'),
(178, 'Joypurhat	Sadar', '15', 700, 25, '2014-10-28 17:36:49', '2014-10-28 17:36:49'),
(179, 'Kalai', '16', 700, 25, '2014-10-28 17:37:43', '2014-10-28 17:37:43'),
(180, 'Khetlal', '17', 200, 25, '2014-10-28 17:38:23', '2014-10-28 17:38:23'),
(181, 'Baksiganj', '01', 200, 14, '2014-10-28 17:38:37', '2014-10-28 17:38:37'),
(182, 'Panchbibi', '18', 700, 25, '2014-10-28 17:39:01', '2014-10-28 17:39:01'),
(183, 'Dewanganj', '02', 200, 14, '2014-10-28 17:39:08', '2014-10-28 17:39:08'),
(184, 'Islampur', '03', 200, 14, '2014-10-28 17:39:50', '2014-10-28 17:39:50'),
(185, 'Atrai', '19', 700, 26, '2014-10-28 17:40:26', '2014-10-28 17:40:26'),
(186, 'Badalgachhi', '20', 700, 26, '2014-10-28 17:41:00', '2014-10-28 17:41:00'),
(187, 'Manda', '21', 700, 26, '2014-10-28 17:41:30', '2014-10-28 17:41:30'),
(188, 'Dhamoirhat', '22', 700, 26, '2014-10-28 17:42:04', '2014-10-28 17:42:04'),
(189, 'Mohadevpur', '23', 700, 26, '2014-10-28 17:42:34', '2014-10-28 17:42:34'),
(190, 'Naogaon	Sadar', '24', 700, 26, '2014-10-28 17:43:04', '2014-10-28 17:43:04'),
(191, 'Niamatpur', '25', 700, 26, '2014-10-28 17:43:37', '2014-10-28 17:43:37'),
(192, 'Patnitala', '26', 700, 26, '2014-10-28 17:44:19', '2014-10-28 17:44:19'),
(193, 'Jamalpur Sadar', '05', 200, 14, '2014-10-28 17:44:27', '2014-10-28 17:44:27'),
(194, 'Porsha', '27', 700, 26, '2014-10-28 17:44:59', '2014-10-28 17:44:59'),
(195, 'Madarganj', '04', 200, 14, '2014-10-28 17:45:17', '2014-10-28 17:45:17'),
(196, 'Raninagar', '28', 700, 26, '2014-10-28 17:45:55', '2014-10-28 17:45:55'),
(197, 'Melandaha', '06', 200, 14, '2014-10-28 17:47:09', '2014-10-28 17:47:09'),
(198, 'Sapahar', '29', 700, 26, '2014-10-28 17:47:17', '2014-10-28 17:47:17'),
(199, 'Sarishabari', '07', 200, 14, '2014-10-28 17:47:36', '2014-10-28 17:47:36'),
(200, 'Bholahat', '30', 700, 28, '2014-10-28 17:48:46', '2014-10-28 17:48:46'),
(201, 'Gomastapur', '31', 700, 28, '2014-10-28 17:49:15', '2014-10-28 17:49:15'),
(202, 'Nachole', '32', 700, 28, '2014-10-28 17:49:43', '2014-10-28 17:49:43'),
(203, 'Nawabganj', '33', 700, 28, '2014-10-28 17:50:10', '2014-10-28 17:50:10'),
(204, 'Shibganj', '34', 700, 28, '2014-10-28 17:50:43', '2014-10-28 17:50:43'),
(205, 'Bhaluka', '08', 200, 10, '2014-10-28 17:50:47', '2014-10-28 17:50:47'),
(206, 'Dhobaura', '09', 200, 10, '2014-10-28 17:51:43', '2014-10-28 17:51:43'),
(207, 'Fulbaria', '10', 200, 10, '2014-10-28 17:52:12', '2014-10-28 17:52:12'),
(208, 'Gaffargaon', '11', 200, 10, '2014-10-28 17:53:14', '2014-10-28 17:53:14'),
(209, 'Gauripur', '12', 200, 10, '2014-10-28 17:54:53', '2014-10-28 17:54:53'),
(210, 'Haluaghat', '13', 200, 10, '2014-10-28 17:55:37', '2014-10-28 17:55:37'),
(211, 'Ishwarganj', '14', 200, 10, '2014-10-28 17:55:59', '2014-10-28 17:55:59'),
(212, 'Mymensingh Sadar', '15', 200, 10, '2014-10-28 17:56:34', '2014-10-28 17:56:34'),
(213, 'Muktagachha', '16', 200, 10, '2014-10-28 17:56:53', '2014-10-28 17:56:53'),
(214, 'Nandail', '17', 200, 10, '2014-10-28 17:57:13', '2014-10-28 17:57:13'),
(215, 'Adamdighi', '01', 800, 24, '2014-10-28 17:58:52', '2014-10-28 17:58:52'),
(216, 'Bogra Sadar', '02', 800, 24, '2014-10-28 17:59:37', '2014-10-28 17:59:37'),
(217, 'Dhunat', '03', 800, 24, '2014-10-28 18:00:06', '2014-10-28 18:00:06'),
(218, 'Phulpur', '18', 200, 10, '2014-10-28 18:00:11', '2014-10-28 18:00:11'),
(219, 'Dhupchanchia', '04', 800, 24, '2014-10-28 18:00:41', '2014-10-28 18:00:41'),
(220, 'Gabtali', '05', 800, 24, '2014-10-28 18:01:10', '2014-10-28 18:01:10'),
(221, 'Trishal', '19', 200, 10, '2014-10-28 18:01:31', '2014-10-28 18:01:31'),
(222, 'Kahaloo', '06', 800, 24, '2014-10-28 18:01:38', '2014-10-28 18:01:38'),
(223, 'Nandigram', '07', 800, 24, '2014-10-28 18:02:04', '2014-10-28 18:02:04'),
(224, 'Tara Khanda', '20', 200, 10, '2014-10-28 18:02:11', '2014-10-28 18:02:11'),
(225, 'Sariakandi', '08', 800, 24, '2014-10-28 18:02:32', '2014-10-28 18:02:32'),
(226, 'Shajahanpur', '09', 800, 24, '2014-10-28 18:03:13', '2014-10-28 18:03:13'),
(227, 'Sherpur', '10', 800, 24, '2014-10-28 18:03:44', '2014-10-28 18:03:44'),
(228, 'Shibganj', '11', 800, 24, '2014-10-28 18:04:19', '2014-10-28 18:04:19'),
(229, 'Sonatola', '12', 800, 24, '2014-10-28 18:04:47', '2014-10-28 18:04:47'),
(230, 'Bagatipara', '13', 800, 27, '2014-10-28 18:05:31', '2014-10-28 18:05:31'),
(231, 'Baraigram', '14', 800, 27, '2014-10-28 18:06:01', '2014-10-28 18:06:01'),
(232, 'Gurudaspur', '15', 800, 27, '2014-10-28 18:06:32', '2014-10-28 18:06:32'),
(233, 'Lalpur', '16', 800, 27, '2014-10-28 18:06:56', '2014-10-28 18:06:56'),
(234, 'Natore Sadar', '17', 800, 27, '2014-10-28 18:07:32', '2014-10-28 18:07:32'),
(235, 'Atpara', '21', 200, 21, '2014-10-28 18:07:40', '2014-10-28 18:07:40'),
(236, 'Singra', '18', 800, 27, '2014-10-28 18:08:04', '2014-10-28 18:08:04'),
(237, 'Naldanga', '19', 800, 27, '2014-10-28 18:08:28', '2014-10-28 18:08:28'),
(238, 'Ataikula', '20', 800, 29, '2014-10-28 18:09:40', '2014-10-28 18:09:40'),
(239, 'Atgharia', '21', 800, 29, '2014-10-28 18:10:06', '2014-10-28 18:10:06'),
(240, 'Bera', '22', 800, 29, '2014-10-28 18:10:36', '2014-10-28 18:10:36'),
(241, 'Bhangura', '23', 800, 29, '2014-10-28 18:11:02', '2014-10-28 18:11:02'),
(242, 'Barhatta', '22', 200, 21, '2014-10-28 18:11:06', '2014-10-28 18:11:06'),
(243, 'Chatmohar', '24', 800, 29, '2014-10-28 18:11:25', '2014-10-28 18:11:25'),
(244, 'Faridpur', '25', 700, 29, '2014-10-28 18:11:51', '2014-10-28 18:11:51'),
(245, 'Ishwardi', '26', 800, 29, '2014-10-28 18:13:00', '2014-10-28 18:13:00'),
(246, 'Pabna Sadar', '27', 800, 29, '2014-10-28 18:13:38', '2014-10-28 18:13:38'),
(247, 'Santhia', '28', 800, 29, '2014-10-28 18:14:07', '2014-10-28 18:14:07'),
(248, 'Sujanagar', '29', 800, 29, '2014-10-28 18:14:34', '2014-10-28 18:14:34'),
(249, 'Durgapur', '23', 200, 21, '2014-10-28 18:14:50', '2014-10-28 18:14:50'),
(250, 'Khaliajuri', '24', 200, 21, '2014-10-28 18:15:28', '2014-10-28 18:15:28'),
(251, 'Belkuchi', '30', 800, 30, '2014-10-28 18:15:45', '2014-10-28 18:15:45'),
(252, 'Kalmakanda', '25', 200, 21, '2014-10-28 18:15:59', '2014-10-28 18:15:59'),
(253, 'Chauhali', '31', 800, 30, '2014-10-28 18:16:24', '2014-10-28 18:16:24'),
(254, 'Kendua', '26', 200, 21, '2014-10-28 18:16:56', '2014-10-28 18:16:56'),
(255, 'Kamarkhanda', '32', 800, 30, '2014-10-28 18:17:08', '2014-10-28 18:17:08'),
(256, 'Madan', '27', 200, 21, '2014-10-28 18:17:34', '2014-10-28 18:17:34'),
(257, 'Kazipur', '33', 800, 30, '2014-10-28 18:17:39', '2014-10-28 18:17:39'),
(258, 'Raiganj', '34', 800, 30, '2014-10-28 18:18:09', '2014-10-28 18:18:09'),
(259, 'Mohanganj', '28', 200, 21, '2014-10-28 18:18:20', '2014-10-28 18:18:20'),
(260, 'Netrokona Sadar', '29', 200, 21, '2014-10-28 18:18:40', '2014-10-28 18:18:40'),
(261, 'Shahjadpur', '35', 800, 30, '2014-10-28 18:18:44', '2014-10-28 18:18:44'),
(262, 'Sirajganj	Sadar', '36', 800, 30, '2014-10-28 18:19:17', '2014-10-28 18:19:17'),
(263, 'Tarash', '37', 800, 30, '2014-10-28 18:20:04', '2014-10-28 18:20:04'),
(264, 'Ullahpara', '38', 800, 30, '2014-10-28 18:20:42', '2014-10-28 18:20:42'),
(265, 'Purbadhala', '30', 200, 21, '2014-10-28 18:21:13', '2014-10-28 18:21:13'),
(266, 'Bagerhat	Sadar', '01', 110, 32, '2014-10-28 18:25:27', '2014-10-28 18:25:27'),
(267, 'Chitalmari', '02', 110, 32, '2014-10-28 18:26:07', '2014-10-28 18:26:07'),
(268, 'Fakirhat', '03', 110, 32, '2014-10-28 18:26:59', '2014-10-28 18:26:59'),
(269, 'Kachua', '04', 110, 32, '2014-10-28 18:27:28', '2014-10-28 18:27:28'),
(270, 'Mollahat', '05', 110, 32, '2014-10-28 18:28:04', '2014-10-28 18:28:04'),
(271, 'Mongla', '06', 110, 32, '2014-10-28 18:28:31', '2014-10-28 18:28:31'),
(272, 'Morrelganj', '07', 110, 32, '2014-10-28 18:29:00', '2014-10-28 18:29:00'),
(273, 'Rampal', '08', 110, 32, '2014-10-28 18:29:34', '2014-10-28 18:29:34'),
(274, 'Sarankhola', '09', 110, 32, '2014-10-28 18:29:57', '2014-10-28 18:29:57'),
(275, 'Batiaghata', '10', 110, 3, '2014-10-28 18:30:33', '2014-10-28 18:30:33'),
(276, 'Dacope', '11', 110, 3, '2014-10-28 18:31:05', '2014-10-28 18:31:05'),
(277, 'Dumuria', '12', 110, 3, '2014-10-28 18:31:49', '2014-10-28 18:31:49'),
(278, 'Dighalia', '13', 110, 3, '2014-10-28 18:32:17', '2014-10-28 18:32:17'),
(279, 'Koyra', '14', 110, 3, '2014-10-28 18:32:42', '2014-10-28 18:32:42'),
(280, 'Paikgachha', '15', 110, 3, '2014-10-28 18:33:06', '2014-10-28 18:33:06'),
(281, 'Phultala', '16', 110, 3, '2014-10-28 18:33:43', '2014-10-28 18:33:43'),
(282, 'Rupsha', '17', 110, 3, '2014-10-28 18:34:07', '2014-10-28 18:34:07'),
(283, 'Terokhada', '18', 110, 3, '2014-10-28 18:34:31', '2014-10-28 18:34:31'),
(284, 'Daulatpur', '19', 110, 3, '2014-10-28 18:34:58', '2014-10-28 18:34:58'),
(285, 'Khalishpur', '20', 110, 3, '2014-10-28 18:35:21', '2014-10-28 18:35:21'),
(286, 'Khan Jahan Ali', '21', 110, 3, '2014-10-28 18:36:00', '2014-10-28 18:36:00'),
(287, 'Kotwali', '22', 110, 3, '2014-10-28 18:36:16', '2014-10-28 18:36:16'),
(288, 'Sonadanga', '23', 110, 3, '2014-10-28 18:36:38', '2014-10-28 18:36:38'),
(289, 'Harintana', '24', 110, 6, '2014-10-28 18:37:05', '2014-10-28 18:37:05'),
(290, 'Assasuni', '25', 110, 31, '2014-10-28 18:38:07', '2014-10-28 18:38:07'),
(291, 'Kalaroa', '27', 110, 3, '2014-10-28 18:38:30', '2014-10-28 18:38:30'),
(292, 'Kaliganj', '28', 110, 31, '2014-10-28 18:39:11', '2014-10-28 18:39:11'),
(293, 'Satkhira sadar', '29', 110, 31, '2014-10-28 18:39:49', '2014-10-28 18:39:49'),
(294, 'Shyamnagar', '30', 110, 31, '2014-10-28 18:41:03', '2014-10-28 18:41:03'),
(295, 'Tala', '31', 110, 31, '2014-10-28 18:41:38', '2014-10-28 18:41:38'),
(296, 'Kalia', '01', 120, 34, '2014-10-28 18:42:41', '2014-10-28 18:42:41'),
(297, 'Lohagara', '02', 120, 34, '2014-10-28 18:43:36', '2014-10-28 18:43:36'),
(298, 'Narail	Sadar', '03', 120, 34, '2014-10-28 18:44:23', '2014-10-28 18:44:23'),
(299, 'Naragati', '04', 120, 34, '2014-10-28 18:45:01', '2014-10-28 18:45:01'),
(300, 'Abhaynagar', '05', 120, 33, '2014-10-28 18:45:46', '2014-10-28 18:45:46'),
(301, 'Bagherpara', '06', 120, 33, '2014-10-28 18:46:51', '2014-10-28 18:46:51'),
(302, 'Chaugachha', '07', 120, 33, '2014-10-28 18:47:25', '2014-10-28 18:47:25'),
(303, 'Jhikargachha', '08', 120, 33, '2014-10-28 18:47:55', '2014-10-28 18:47:55'),
(304, 'Keshabpur', '09', 120, 33, '2014-10-28 18:48:29', '2014-10-28 18:48:29'),
(305, 'Jessore	Sadar', '10', 120, 33, '2014-10-28 18:49:15', '2014-10-28 18:49:15'),
(306, 'Manirampur', '11', 120, 33, '2014-10-28 18:50:23', '2014-10-28 18:50:23'),
(307, 'Sharsha', '12', 120, 33, '2014-10-28 18:51:04', '2014-10-28 18:51:04'),
(308, 'Magura Sadar', '13', 21, 35, '2014-10-28 18:51:52', '2014-10-28 18:51:52'),
(309, 'Mohammadpur', '14', 120, 35, '2014-10-28 18:53:24', '2014-10-28 18:53:24'),
(310, 'Shalikha', '15', 120, 35, '2014-10-28 18:53:48', '2014-10-28 18:53:48'),
(311, 'Sreepur', '16', 120, 35, '2014-10-28 18:54:27', '2014-10-28 18:54:27'),
(312, 'Alamdanga', '01', 130, 37, '2014-10-28 18:55:17', '2014-10-28 18:55:17'),
(313, 'Chuadanga Sadar', '02', 120, 37, '2014-10-28 18:55:59', '2014-10-28 18:55:59'),
(314, 'Damurhuda', '03', 120, 37, '2014-10-28 18:56:53', '2014-10-28 18:56:53'),
(315, 'Jibannagar', '04', 120, 37, '2014-10-28 18:57:20', '2014-10-28 18:57:20'),
(316, 'Harinakunda', '05', 120, 36, '2014-10-28 18:57:58', '2014-10-28 18:57:58'),
(317, 'Jhenaidah Sadar', '06', 120, 36, '2014-10-28 18:58:55', '2014-10-28 18:58:55'),
(318, 'Kaliganj', '07', 120, 36, '2014-10-28 19:00:11', '2014-10-28 19:00:11'),
(319, 'Kotchandpur', '08', 120, 36, '2014-10-28 19:00:55', '2014-10-28 19:00:55'),
(320, 'Maheshpur', '09', 120, 36, '2014-10-28 19:01:21', '2014-10-28 19:01:21'),
(321, 'Shailkupa', '10', 120, 36, '2014-10-28 19:01:49', '2014-10-28 19:01:49'),
(322, 'Bheramara', '11', 130, 38, '2014-10-28 19:03:45', '2014-10-28 19:03:45'),
(323, 'Daulatpur', '12', 130, 38, '2014-10-28 19:04:20', '2014-10-28 19:04:20'),
(324, 'Khoksa', '13', 130, 38, '2014-10-28 19:04:45', '2014-10-28 19:04:45'),
(325, 'Kumarkhali', '14', 130, 38, '2014-10-28 19:05:08', '2014-10-28 19:05:08'),
(326, 'Kushtia Sadar', '15', 130, 38, '2014-10-28 19:05:50', '2014-10-28 19:05:50'),
(327, 'Mirpur', '16', 130, 38, '2014-10-28 19:06:19', '2014-10-28 19:06:19'),
(328, 'Shekhpara', '17', 130, 38, '2014-10-28 19:07:08', '2014-10-28 19:07:08'),
(329, 'Gangni', '18', 130, 39, '2014-10-28 19:08:13', '2014-10-28 19:08:13'),
(330, 'Meherpur Sadar', '19', 130, 39, '2014-10-28 19:09:14', '2014-10-28 19:09:14'),
(331, 'Mujibnagar', '20', 130, 39, '2014-10-28 19:09:41', '2014-10-28 19:09:41'),
(332, 'Ali Kadam', '01', 140, 40, '2014-10-28 19:23:22', '2014-10-28 19:23:22'),
(333, 'Bandarban Sadar', '02', 140, 40, '2014-10-28 19:24:28', '2014-10-28 19:24:28'),
(334, 'Lama', '03', 140, 40, '2014-10-28 19:26:00', '2014-10-28 19:26:00'),
(335, 'Naikhongchhari', '04', 140, 40, '2014-10-28 19:26:30', '2014-10-28 19:26:30'),
(336, 'Rowangchhari', '05', 140, 40, '2014-10-28 19:27:10', '2014-10-28 19:27:10'),
(337, 'Ruma', '06', 140, 40, '2014-10-28 19:27:52', '2014-10-28 19:27:52'),
(338, 'Thanchi', '07', 140, 40, '2014-10-28 19:28:27', '2014-10-28 19:28:27'),
(339, 'Chakaria', '08', 140, 43, '2014-10-28 19:38:47', '2014-10-28 19:38:47'),
(340, 'Cox\'s Bazar Sadar', '09', 140, 43, '2014-10-28 19:39:28', '2014-10-28 19:39:28'),
(341, 'Kutubdia', '10', 140, 43, '2014-10-28 19:39:56', '2014-10-28 19:39:56'),
(342, 'Maheshkhali', '11', 140, 43, '2014-10-28 19:40:26', '2014-10-28 19:40:26'),
(343, 'Ramu', '12', 140, 43, '2014-10-28 19:40:59', '2014-10-28 19:40:59'),
(344, 'Teknaf', '13', 140, 43, '2014-10-28 19:41:27', '2014-10-28 19:41:27'),
(345, 'Ukhia', '14', 140, 43, '2014-10-28 19:41:53', '2014-10-28 19:41:53'),
(346, 'Pekua', '15', 140, 43, '2014-10-28 19:42:16', '2014-10-28 19:42:16'),
(347, 'Chhagalnaiya', '16', 140, 44, '2014-10-28 19:42:43', '2014-10-28 19:42:43'),
(348, 'Daganbhuiyan', '17', 140, 44, '2014-10-28 19:43:08', '2014-10-28 19:43:08'),
(349, 'Feni	Sadar', '18', 140, 44, '2014-10-28 19:43:39', '2014-10-28 19:43:39'),
(350, 'Parshuram', '19', 140, 44, '2014-10-28 19:44:02', '2014-10-28 19:44:02'),
(351, 'Sonagazi', '20', 140, 44, '2014-10-28 19:44:25', '2014-10-28 19:44:25'),
(352, 'Fulgazi', '21', 140, 44, '2014-10-28 19:44:47', '2014-10-28 19:44:47'),
(353, 'Anwara', '22', 140, 4, '2014-10-28 19:45:15', '2014-10-28 19:45:15'),
(354, 'Banshkhali', '23', 140, 4, '2014-10-28 19:45:46', '2014-10-28 19:45:46'),
(355, 'Boalkhali', '24', 140, 4, '2014-10-28 19:46:10', '2014-10-28 19:46:10'),
(356, 'Chandanaish', '25', 140, 4, '2014-10-28 19:46:46', '2014-10-28 19:46:46'),
(357, 'Fatikchhari', '26', 140, 4, '2014-10-28 19:47:12', '2014-10-28 19:47:12'),
(358, 'Hathazari', '27', 140, 4, '2014-10-28 19:47:36', '2014-10-28 19:47:36'),
(359, 'Lohagara', '28', 140, 4, '2014-10-28 19:48:07', '2014-10-28 19:48:07'),
(360, 'Mirsharai', '29', 140, 4, '2014-10-28 19:48:30', '2014-10-28 19:48:30'),
(361, 'Jhenaigati', '31', 200, 17, '2014-10-28 19:48:45', '2014-10-28 19:48:45'),
(362, 'Patiya', '30', 140, 4, '2014-10-28 19:48:59', '2014-10-28 19:48:59'),
(363, 'Nakla', '32', 200, 17, '2014-10-28 19:49:15', '2014-10-28 19:49:15'),
(364, 'Rangunia', '31', 140, 4, '2014-10-28 19:49:24', '2014-10-28 19:49:24'),
(365, 'Raozan', '32', 140, 4, '2014-10-28 19:49:46', '2014-10-28 19:49:46'),
(366, 'Sandwip', '33', 140, 4, '2014-10-28 19:50:08', '2014-10-28 19:50:08'),
(367, 'Nalitabari', '33', 200, 17, '2014-10-28 19:50:24', '2014-10-28 19:50:24'),
(368, 'Satkania', '34', 140, 4, '2014-10-28 19:50:42', '2014-10-28 19:50:42'),
(369, 'Sitakunda', '35', 140, 4, '2014-10-28 19:51:03', '2014-10-28 19:51:03'),
(370, 'Sherpur Sadar', '34', 200, 17, '2014-10-28 19:51:03', '2014-10-28 19:51:03'),
(371, 'Bandor-Chittagong	Port', '36', 140, 4, '2014-10-28 19:51:59', '2014-10-28 19:51:59'),
(372, 'Chandgaon', '37', 140, 4, '2014-10-28 19:52:28', '2014-10-28 19:52:28'),
(373, 'Sreebardi', '35', 200, 17, '2014-10-28 19:52:29', '2014-10-28 19:52:29'),
(374, 'Double	Mooring', '38', 140, 4, '2014-10-28 19:52:57', '2014-10-28 19:52:57'),
(375, 'Kotwali', '39', 140, 4, '2014-10-28 19:53:26', '2014-10-28 19:53:26'),
(376, 'Pahartali', '40', 140, 4, '2014-10-28 19:53:50', '2014-10-28 19:53:50'),
(377, 'Panchlaish', '41', 140, 4, '2014-10-28 19:54:16', '2014-10-28 19:54:16'),
(378, 'Dighinala', '42', 140, 42, '2014-10-28 19:54:54', '2014-10-28 19:54:54'),
(379, 'Alfadanga', '01', 200, 23, '2014-10-28 19:55:09', '2014-10-28 19:55:09'),
(380, 'Khagrachhari sadar', '43', 140, 42, '2014-10-28 19:56:37', '2014-10-28 19:56:37'),
(381, 'Bhanga', '02', 200, 23, '2014-10-28 19:56:59', '2014-10-28 19:56:59'),
(382, 'Lakshmichhari', '44', 140, 42, '2014-10-28 19:57:04', '2014-10-28 19:57:04'),
(383, 'Mahalchhari', '45', 140, 42, '2014-10-28 19:57:31', '2014-10-28 19:57:31'),
(384, 'Manikchhari', '46', 140, 42, '2014-10-28 19:58:00', '2014-10-28 19:58:00'),
(385, 'Matiranga', '47', 140, 42, '2014-10-28 19:58:45', '2014-10-28 19:58:45'),
(386, 'Panchhari', '48', 140, 42, '2014-10-28 20:01:12', '2014-10-28 20:01:12'),
(387, 'Ramgarh', '49', 140, 42, '2014-10-28 20:01:39', '2014-10-28 20:01:39'),
(388, 'Bagaichhari', '50', 140, 41, '2014-10-28 20:02:18', '2014-10-28 20:02:18'),
(389, 'Barkal', '51', 140, 41, '2014-10-28 20:02:58', '2014-10-28 20:02:58'),
(390, 'Kawkhali-Betbunia', '52', 140, 41, '2014-10-28 20:04:02', '2014-10-28 20:04:02'),
(391, 'Belaichhari', '53', 140, 41, '2014-10-28 20:04:32', '2014-10-28 20:04:32'),
(392, 'Kaptai', '54', 140, 41, '2014-10-28 20:04:59', '2014-10-28 20:04:59'),
(393, 'Juraichhari', '55', 140, 41, '2014-10-28 20:05:27', '2014-10-28 20:05:27'),
(394, 'Langadu', '56', 140, 41, '2014-10-28 20:05:53', '2014-10-28 20:05:53'),
(395, 'Naniyachar', '57', 140, 41, '2014-10-28 20:06:20', '2014-10-28 20:06:20'),
(396, 'Rajasthali', '58', 140, 41, '2014-10-28 20:06:46', '2014-10-28 20:06:46'),
(397, 'Rangamati', '59', 140, 41, '2014-10-28 20:07:09', '2014-10-28 20:07:09'),
(398, 'Amtali', '01', 160, 50, '2014-10-28 20:13:24', '2014-10-28 20:13:24'),
(399, 'Bamna', '02', 160, 50, '2014-10-28 20:13:54', '2014-10-28 20:13:54'),
(400, 'Barguna Sadar', '03', 160, 50, '2014-10-28 20:14:27', '2014-10-28 20:14:27'),
(401, 'Betagi', '04', 160, 50, '2014-10-28 20:14:52', '2014-10-28 20:14:52'),
(402, 'Patharghata', '05', 160, 50, '2014-10-28 20:15:22', '2014-10-28 20:15:22'),
(403, 'Taltoli', '06', 160, 50, '2014-10-28 20:15:57', '2014-10-28 20:15:57'),
(404, 'Agailjhara', '07', 160, 5, '2014-10-28 20:16:34', '2014-10-28 20:16:34'),
(405, 'Babuganj', '08', 160, 5, '2014-10-28 20:16:59', '2014-10-28 20:16:59'),
(406, 'Bakerganj', '09', 160, 5, '2014-10-28 20:17:26', '2014-10-28 20:17:26'),
(407, 'Boalmari', '03', 200, 23, '2014-10-28 20:17:30', '2014-10-28 20:17:30'),
(408, 'Banaripara', '10', 160, 5, '2014-10-28 20:17:50', '2014-10-28 20:17:50'),
(409, 'Charbhadrasan', '04', 200, 23, '2014-10-28 20:18:04', '2014-10-28 20:18:04'),
(410, 'Gaurnadi', '11', 160, 5, '2014-10-28 20:18:24', '2014-10-28 20:18:24'),
(411, 'Hizla', '12', 160, 5, '2014-10-28 20:18:44', '2014-10-28 20:18:44'),
(412, 'Faridpur Sadar', '05', 200, 23, '2014-10-28 20:19:12', '2014-10-28 20:19:12'),
(413, 'Barisal Sadar', '13', 160, 5, '2014-10-28 20:19:17', '2014-10-28 20:19:17'),
(414, 'Madhukhali', '06', 200, 23, '2014-10-28 20:19:42', '2014-10-28 20:19:42'),
(415, 'Mehendiganj', '14', 160, 5, '2014-10-28 20:19:52', '2014-10-28 20:19:52'),
(416, 'Nagarkanda', '07', 200, 23, '2014-10-28 20:20:08', '2014-10-28 20:20:08'),
(417, 'Muladi', '15', 160, 5, '2014-10-28 20:20:18', '2014-10-28 20:20:18'),
(418, 'Wazirpur', '16', 160, 5, '2014-10-28 20:20:41', '2014-10-28 20:20:41'),
(419, 'Sadarpur', '08', 200, 23, '2014-10-28 20:20:48', '2014-10-28 20:20:48'),
(420, 'Bhola Sadar', '17', 160, 51, '2014-10-28 20:21:13', '2014-10-28 20:21:13'),
(421, 'Burhanuddin', '18', 160, 51, '2014-10-28 20:21:50', '2014-10-28 20:21:50'),
(422, 'Char	Fasson', '19', 160, 51, '2014-10-28 20:22:27', '2014-10-28 20:22:27'),
(423, 'Gopalganj Sadar', '09', 200, 16, '2014-10-28 20:22:54', '2014-10-28 20:22:54'),
(424, 'Daulatkhan', '20', 160, 51, '2014-10-28 20:23:10', '2014-10-28 20:23:10'),
(425, 'Lalmohan', '21', 160, 51, '2014-10-28 20:23:43', '2014-10-28 20:23:43'),
(426, 'Manpura', '22', 160, 51, '2014-10-28 20:24:07', '2014-10-28 20:24:07'),
(427, 'Kashiani', '10', 200, 16, '2014-10-28 20:24:09', '2014-10-28 20:24:09'),
(428, 'Tazumuddin', '23', 160, 51, '2014-10-28 20:24:51', '2014-10-28 20:24:51'),
(429, 'Jhalokati	Sadar', '24', 160, 52, '2014-10-28 20:25:42', '2014-10-28 20:25:42'),
(430, 'Kathalia', '25', 160, 52, '2014-10-28 20:26:17', '2014-10-28 20:26:17'),
(431, 'Kotalipara', '11', 200, 16, '2014-10-28 20:26:21', '2014-10-28 20:26:21'),
(432, 'Nalchity', '26', 160, 52, '2014-10-28 20:26:46', '2014-10-28 20:26:46'),
(433, 'Muksudpur', '12', 200, 16, '2014-10-28 20:26:57', '2014-10-28 20:26:57'),
(434, 'Rajapur', '27', 160, 52, '2014-10-28 20:27:16', '2014-10-28 20:27:16'),
(435, 'Bauphal', '28', 160, 53, '2014-10-28 20:27:55', '2014-10-28 20:27:55'),
(436, 'Dashmina', '29', 160, 53, '2014-10-28 20:28:29', '2014-10-28 20:28:29'),
(437, 'Galachipa', '30', 160, 53, '2014-10-28 20:28:53', '2014-10-28 20:28:53'),
(438, 'Kalapara', '31', 160, 53, '2014-10-28 20:29:18', '2014-10-28 20:29:18'),
(439, 'Mirzaganj', '32', 160, 53, '2014-10-28 20:29:47', '2014-10-28 20:29:47'),
(440, 'Patuakhali Sadar', '33', 160, 53, '2014-10-28 20:30:23', '2014-10-28 20:30:23'),
(441, 'Rangabali', '34', 140, 53, '2014-10-28 20:30:55', '2014-10-28 20:30:55'),
(442, 'Dumki', '35', 160, 53, '2014-10-28 20:31:32', '2014-10-28 20:31:32'),
(443, 'Bhandaria', '36', 160, 54, '2014-10-28 20:32:09', '2014-10-28 20:32:09'),
(444, 'Kawkhali', '37', 160, 54, '2014-10-28 20:32:39', '2014-10-28 20:32:39'),
(445, 'Mathbaria', '38', 160, 54, '2014-10-28 20:33:06', '2014-10-28 20:33:06'),
(446, 'Nazirpur', '39', 160, 54, '2014-10-28 20:33:33', '2014-10-28 20:33:33'),
(447, 'Pirojpur Sadar', '40', 160, 54, '2014-10-28 20:34:14', '2014-10-28 20:34:14'),
(448, 'Tungipara', '13', 200, 16, '2014-10-28 20:34:14', '2014-10-28 20:34:14'),
(449, 'Nesarabad-Swarupkati', '41', 160, 54, '2014-10-28 20:35:16', '2014-10-28 20:35:16'),
(450, 'Zianagor', '42', 160, 54, '2014-10-28 20:35:43', '2014-10-28 20:35:43'),
(451, 'Rajoir', '14', 200, 8, '2014-10-28 20:36:02', '2014-10-28 20:36:02'),
(452, 'Akhaura', '01', 170, 48, '2014-10-28 20:41:40', '2014-10-28 20:41:40'),
(453, 'Bancharampur', '02', 170, 48, '2014-10-28 20:42:29', '2014-10-28 20:42:29'),
(454, 'Madaripur Sadar', '15', 200, 13, '2014-10-28 20:45:46', '2014-10-28 20:45:46'),
(455, 'Kalkini', '16', 200, 13, '2014-10-28 20:46:40', '2014-10-28 20:46:40'),
(456, 'Brahmanbaria sadar', '03', 170, 48, '2014-10-28 20:46:53', '2014-10-28 20:46:53'),
(457, 'Kasba', '04', 170, 48, '2014-10-28 20:47:34', '2014-10-28 20:47:34'),
(458, 'Shibchar', '17', 200, 13, '2014-10-28 20:47:47', '2014-10-28 20:47:47'),
(459, 'Nabinagar', '05', 170, 48, '2014-10-28 20:48:08', '2014-10-28 20:48:08'),
(460, 'Nasirnagar', '06', 170, 48, '2014-10-28 20:48:32', '2014-10-28 20:48:32'),
(461, 'Sarail', '07', 170, 48, '2014-10-28 20:49:01', '2014-10-28 20:49:01'),
(462, 'Ashuganj', '08', 170, 48, '2014-10-28 20:49:29', '2014-10-28 20:49:29'),
(463, 'Bijoynagar', '09', 170, 48, '2014-10-28 20:49:57', '2014-10-28 20:49:57'),
(464, 'Chandpur sadar', '10', 170, 49, '2014-10-28 20:51:04', '2014-10-28 20:51:04'),
(465, 'Faridganj', '11', 170, 49, '2014-10-28 20:51:33', '2014-10-28 20:51:33'),
(466, 'Haimchar', '12', 170, 49, '2014-10-28 20:52:07', '2014-10-28 20:52:07'),
(467, 'Haziganj', '13', 170, 49, '2014-10-28 20:52:44', '2014-10-28 20:52:44'),
(468, 'Kachua', '14', 170, 49, '2014-10-28 20:53:10', '2014-10-28 20:53:10'),
(469, 'Matlab Dakshin', '15', 170, 49, '2014-10-28 20:53:50', '2014-10-28 20:53:50'),
(470, 'Matlab Uttar', '16', 170, 49, '2014-10-28 20:54:25', '2014-10-28 20:54:25'),
(471, 'Shahrasti', '17', 170, 49, '2014-10-28 20:54:56', '2014-10-28 20:54:56'),
(472, 'Barura', '18', 170, 47, '2014-10-28 20:55:55', '2014-10-28 20:55:55'),
(473, 'Brahmanpara', '19', 170, 47, '2014-10-28 20:56:20', '2014-10-28 20:56:20'),
(474, 'Burichang', '20', 170, 47, '2014-10-28 20:56:52', '2014-10-28 20:56:52'),
(475, 'Chandina', '21', 170, 47, '2014-10-28 20:57:17', '2014-10-28 20:57:17'),
(476, 'Chauddagram', '22', 170, 47, '2014-10-28 20:57:40', '2014-10-28 20:57:40'),
(477, 'Daudkandi', '23', 170, 47, '2014-10-28 20:58:15', '2014-10-28 20:58:15'),
(478, 'Debidwar', '24', 170, 47, '2014-10-28 20:58:39', '2014-10-28 20:58:39'),
(479, 'Homna', '25', 170, 47, '2014-10-28 20:59:04', '2014-10-28 20:59:04'),
(480, 'Laksam', '26', 170, 47, '2014-10-28 20:59:31', '2014-10-28 20:59:31'),
(481, 'Muradnagar', '27', 170, 47, '2014-10-28 20:59:56', '2014-10-28 20:59:56'),
(482, 'Nangalkot', '28', 170, 47, '2014-10-28 21:00:20', '2014-10-28 21:00:20'),
(483, 'Comilla Sadar', '29', 170, 47, '2014-10-28 21:00:51', '2014-10-28 21:00:51'),
(484, 'Meghna', '30', 170, 47, '2014-10-28 21:01:17', '2014-10-28 21:01:17'),
(485, 'Titas', '31', 170, 47, '2014-10-28 21:01:48', '2014-10-28 21:01:48'),
(486, 'Monohargonj', '32', 170, 47, '2014-10-28 21:02:11', '2014-10-28 21:02:11'),
(487, 'Sadar South Upazila', '33', 170, 47, '2014-10-28 21:03:08', '2014-10-28 21:03:08'),
(488, 'Lakshmipur Sadar', '34', 170, 46, '2014-10-28 21:03:38', '2014-10-28 21:03:38'),
(489, 'Raipur', '35', 170, 46, '2014-10-28 21:04:02', '2014-10-28 21:04:02'),
(490, 'Ramganj', '36', 170, 46, '2014-10-28 21:04:25', '2014-10-28 21:04:25'),
(491, 'Ramgati', '37', 170, 46, '2014-10-28 21:04:49', '2014-10-28 21:04:49'),
(492, 'Komolnagar', '38', 170, 46, '2014-10-28 21:05:15', '2014-10-28 21:05:15'),
(493, 'Begumganj', '39', 170, 45, '2014-10-28 21:05:53', '2014-10-28 21:05:53'),
(494, 'Noakhali	Sadar', '40', 170, 45, '2014-10-28 21:06:35', '2014-10-28 21:06:35'),
(495, 'Chatkhil', '41', 170, 45, '2014-10-28 21:07:10', '2014-10-28 21:07:10'),
(496, 'Companiganj', '42', 170, 45, '2014-10-28 21:07:43', '2014-10-28 21:07:43'),
(497, 'Hatiya', '43', 170, 45, '2014-10-28 21:08:13', '2014-10-28 21:08:13'),
(498, 'Senbagh', '44', 170, 45, '2014-10-28 21:08:47', '2014-10-28 21:08:47'),
(499, 'Sonaimuri', '45', 170, 45, '2014-10-28 21:09:17', '2014-10-28 21:09:17'),
(500, 'Subarnachar', '46', 170, 45, '2014-10-28 21:09:43', '2014-10-28 21:09:43'),
(501, 'Kabirhat', '47', 170, 45, '2014-10-28 21:10:11', '2014-10-28 21:10:11'),
(502, 'Baliakandi', '18', 600, 22, '2014-10-28 21:11:05', '2014-10-28 21:11:05'),
(503, 'Goalandaghat', '19', 170, 22, '2014-10-28 21:11:31', '2014-10-28 21:11:31'),
(504, 'Pangsha', '20', 170, 22, '2014-10-28 21:11:58', '2014-10-28 21:11:58'),
(505, 'Rajbari Sadar', '21', 600, 22, '2014-10-28 21:12:47', '2014-10-28 21:12:47'),
(506, 'Kalukhali', '22', 170, 22, '2014-10-28 21:13:12', '2014-10-28 21:13:12'),
(507, 'Bhedarganj', '23', 600, 20, '2014-10-28 21:13:47', '2014-10-28 21:13:47'),
(508, 'Damudya', '24', 600, 20, '2014-10-28 21:14:20', '2014-10-28 21:14:20'),
(509, 'Gosairhat', '25', 170, 20, '2014-10-28 21:14:45', '2014-10-28 21:14:45'),
(510, 'Naria', '26', 170, 20, '2014-10-28 21:15:20', '2014-10-28 21:15:20'),
(511, 'Shariatpur Sadar', '27', 600, 20, '2014-10-28 21:16:01', '2014-10-28 21:16:01'),
(512, 'Zanjira', '28', 170, 20, '2014-10-28 21:16:31', '2014-10-28 21:16:31'),
(513, 'Shakhipur', '29', 600, 20, '2014-10-28 21:17:07', '2014-10-28 21:17:07');

-- --------------------------------------------------------

--
-- Table structure for table `migrations`
--

CREATE TABLE `migrations` (
  `id` int(10) UNSIGNED NOT NULL,
  `migration` varchar(255) COLLATE utf8mb4_unicode_ci NOT NULL,
  `batch` int(11) NOT NULL
) ENGINE=InnoDB DEFAULT CHARSET=utf8mb4 COLLATE=utf8mb4_unicode_ci;

-- --------------------------------------------------------

--
-- Table structure for table `users`
--

CREATE TABLE `users` (
  `id` bigint(20) UNSIGNED NOT NULL,
  `name` varchar(255) COLLATE utf8mb4_unicode_ci NOT NULL,
  `email` varchar(255) COLLATE utf8mb4_unicode_ci NOT NULL,
  `email_verified_at` timestamp NULL DEFAULT NULL,
  `password` varchar(255) COLLATE utf8mb4_unicode_ci NOT NULL,
  `remember_token` varchar(100) COLLATE utf8mb4_unicode_ci DEFAULT NULL,
  `created_at` timestamp NULL DEFAULT NULL,
  `updated_at` timestamp NULL DEFAULT NULL
) ENGINE=InnoDB DEFAULT CHARSET=utf8mb4 COLLATE=utf8mb4_unicode_ci;

--
-- Dumping data for table `users`
--

INSERT INTO `users` (`id`, `name`, `email`, `email_verified_at`, `password`, `remember_token`, `created_at`, `updated_at`) VALUES
(1, 'Md.Sakoat Hossen', 'sakoatcse@gmail.com', NULL, '$2y$10$6.qpj1ic5ewIC61VbklEeO9Rb1NxeP3DMf1Ee0v3lYPU.uO5NJtRm', NULL, '2019-04-03 23:13:41', '2019-04-03 23:13:41');

--
-- Indexes for dumped tables
--

--
-- Indexes for table `bdedu_academic_session`
--
ALTER TABLE `bdedu_academic_session`
  ADD PRIMARY KEY (`academic_session_row_id`);

--
-- Indexes for table `bdedu_admins`
--
ALTER TABLE `bdedu_admins`
  ADD PRIMARY KEY (`admin_row_id`);

--
-- Indexes for table `bdedu_admin_details`
--
ALTER TABLE `bdedu_admin_details`
  ADD PRIMARY KEY (`admin_details_row_id`);

--
-- Indexes for table `bdedu_descriptive_exam_results`
--
ALTER TABLE `bdedu_descriptive_exam_results`
  ADD PRIMARY KEY (`descriptive_answer_row_id`);

--
-- Indexes for table `bdedu_districts`
--
ALTER TABLE `bdedu_districts`
  ADD PRIMARY KEY (`id`);

--
-- Indexes for table `bdedu_education_types`
--
ALTER TABLE `bdedu_education_types`
  ADD PRIMARY KEY (`education_type_row_id`);

--
-- Indexes for table `bdedu_exams`
--
ALTER TABLE `bdedu_exams`
  ADD PRIMARY KEY (`exam_row_id`);

--
-- Indexes for table `bdedu_exam_categories`
--
ALTER TABLE `bdedu_exam_categories`
  ADD PRIMARY KEY (`exam_category_row_id`);

--
-- Indexes for table `bdedu_exam_questions`
--
ALTER TABLE `bdedu_exam_questions`
  ADD PRIMARY KEY (`exam_question_row_id`);

--
-- Indexes for table `bdedu_exam_results`
--
ALTER TABLE `bdedu_exam_results`
  ADD PRIMARY KEY (`exam_result_row_id`);

--
-- Indexes for table `bdedu_institute_info`
--
ALTER TABLE `bdedu_institute_info`
  ADD PRIMARY KEY (`school_id`);

--
-- Indexes for table `bdedu_iq_standard_marks`
--
ALTER TABLE `bdedu_iq_standard_marks`
  ADD PRIMARY KEY (`mark_row_id`);

--
-- Indexes for table `bdedu_master_classes`
--
ALTER TABLE `bdedu_master_classes`
  ADD PRIMARY KEY (`class_row_id`);

--
-- Indexes for table `bdedu_memory_exam_categories`
--
ALTER TABLE `bdedu_memory_exam_categories`
  ADD PRIMARY KEY (`memory_exam_category_row_id`);

--
-- Indexes for table `bdedu_memory_exam_questions`
--
ALTER TABLE `bdedu_memory_exam_questions`
  ADD PRIMARY KEY (`memory_question_row_id`);

--
-- Indexes for table `bdedu_modules`
--
ALTER TABLE `bdedu_modules`
  ADD PRIMARY KEY (`module_row_id`);

--
-- Indexes for table `bdedu_psychology_categories`
--
ALTER TABLE `bdedu_psychology_categories`
  ADD PRIMARY KEY (`psychology_exam_category_row_id`);

--
-- Indexes for table `bdedu_psychology_questions`
--
ALTER TABLE `bdedu_psychology_questions`
  ADD PRIMARY KEY (`psychology_question_row_id`);

--
-- Indexes for table `bdedu_remembering_questions`
--
ALTER TABLE `bdedu_remembering_questions`
  ADD PRIMARY KEY (`remembering_question_row_id`);

--
-- Indexes for table `bdedu_schools`
--
ALTER TABLE `bdedu_schools`
  ADD PRIMARY KEY (`school_row_id`);

--
-- Indexes for table `bdedu_school_class_shifts`
--
ALTER TABLE `bdedu_school_class_shifts`
  ADD PRIMARY KEY (`class_shift_row_id`);

--
-- Indexes for table `bdedu_school_sections`
--
ALTER TABLE `bdedu_school_sections`
  ADD PRIMARY KEY (`section_row_id`);

--
-- Indexes for table `bdedu_school_shifts`
--
ALTER TABLE `bdedu_school_shifts`
  ADD PRIMARY KEY (`shift_row_id`);

--
-- Indexes for table `bdedu_students`
--
ALTER TABLE `bdedu_students`
  ADD PRIMARY KEY (`student_row_id`);

--
-- Indexes for table `bdedu_students_academic_details`
--
ALTER TABLE `bdedu_students_academic_details`
  ADD PRIMARY KEY (`student_academic_details_row_id`);

--
-- Indexes for table `bdedu_students_assesments`
--
ALTER TABLE `bdedu_students_assesments`
  ADD PRIMARY KEY (`assessment_row_id`);

--
-- Indexes for table `bdedu_students_details`
--
ALTER TABLE `bdedu_students_details`
  ADD PRIMARY KEY (`student_details_row_id`);

--
-- Indexes for table `migrations`
--
ALTER TABLE `migrations`
  ADD PRIMARY KEY (`id`);

--
-- Indexes for table `users`
--
ALTER TABLE `users`
  ADD PRIMARY KEY (`id`);

--
-- AUTO_INCREMENT for dumped tables
--

--
-- AUTO_INCREMENT for table `bdedu_academic_session`
--
ALTER TABLE `bdedu_academic_session`
  MODIFY `academic_session_row_id` int(3) NOT NULL AUTO_INCREMENT, AUTO_INCREMENT=2;

--
-- AUTO_INCREMENT for table `bdedu_admins`
--
ALTER TABLE `bdedu_admins`
  MODIFY `admin_row_id` int(10) UNSIGNED NOT NULL AUTO_INCREMENT, AUTO_INCREMENT=22;

--
-- AUTO_INCREMENT for table `bdedu_admin_details`
--
ALTER TABLE `bdedu_admin_details`
  MODIFY `admin_details_row_id` int(11) NOT NULL AUTO_INCREMENT, AUTO_INCREMENT=40;

--
-- AUTO_INCREMENT for table `bdedu_descriptive_exam_results`
--
ALTER TABLE `bdedu_descriptive_exam_results`
  MODIFY `descriptive_answer_row_id` int(11) NOT NULL AUTO_INCREMENT;

--
-- AUTO_INCREMENT for table `bdedu_education_types`
--
ALTER TABLE `bdedu_education_types`
  MODIFY `education_type_row_id` int(11) NOT NULL AUTO_INCREMENT, AUTO_INCREMENT=4;

--
-- AUTO_INCREMENT for table `bdedu_exams`
--
ALTER TABLE `bdedu_exams`
  MODIFY `exam_row_id` int(11) NOT NULL AUTO_INCREMENT, AUTO_INCREMENT=95;

--
-- AUTO_INCREMENT for table `bdedu_exam_categories`
--
ALTER TABLE `bdedu_exam_categories`
  MODIFY `exam_category_row_id` int(11) NOT NULL AUTO_INCREMENT, AUTO_INCREMENT=9;

--
-- AUTO_INCREMENT for table `bdedu_exam_questions`
--
ALTER TABLE `bdedu_exam_questions`
  MODIFY `exam_question_row_id` int(11) NOT NULL AUTO_INCREMENT, AUTO_INCREMENT=1609;

--
-- AUTO_INCREMENT for table `bdedu_exam_results`
--
ALTER TABLE `bdedu_exam_results`
  MODIFY `exam_result_row_id` int(11) NOT NULL AUTO_INCREMENT, AUTO_INCREMENT=139;

--
-- AUTO_INCREMENT for table `bdedu_iq_standard_marks`
--
ALTER TABLE `bdedu_iq_standard_marks`
  MODIFY `mark_row_id` int(11) NOT NULL AUTO_INCREMENT, AUTO_INCREMENT=4;

--
-- AUTO_INCREMENT for table `bdedu_master_classes`
--
ALTER TABLE `bdedu_master_classes`
  MODIFY `class_row_id` int(3) NOT NULL AUTO_INCREMENT, AUTO_INCREMENT=18;

--
-- AUTO_INCREMENT for table `bdedu_memory_exam_categories`
--
ALTER TABLE `bdedu_memory_exam_categories`
  MODIFY `memory_exam_category_row_id` int(11) NOT NULL AUTO_INCREMENT, AUTO_INCREMENT=3;

--
-- AUTO_INCREMENT for table `bdedu_memory_exam_questions`
--
ALTER TABLE `bdedu_memory_exam_questions`
  MODIFY `memory_question_row_id` int(11) NOT NULL AUTO_INCREMENT, AUTO_INCREMENT=101;

--
-- AUTO_INCREMENT for table `bdedu_modules`
--
ALTER TABLE `bdedu_modules`
  MODIFY `module_row_id` int(11) NOT NULL AUTO_INCREMENT, AUTO_INCREMENT=7;

--
-- AUTO_INCREMENT for table `bdedu_psychology_categories`
--
ALTER TABLE `bdedu_psychology_categories`
  MODIFY `psychology_exam_category_row_id` int(11) NOT NULL AUTO_INCREMENT, AUTO_INCREMENT=5;

--
-- AUTO_INCREMENT for table `bdedu_psychology_questions`
--
ALTER TABLE `bdedu_psychology_questions`
  MODIFY `psychology_question_row_id` int(11) NOT NULL AUTO_INCREMENT, AUTO_INCREMENT=121;

--
-- AUTO_INCREMENT for table `bdedu_remembering_questions`
--
ALTER TABLE `bdedu_remembering_questions`
  MODIFY `remembering_question_row_id` int(11) NOT NULL AUTO_INCREMENT, AUTO_INCREMENT=46;

--
-- AUTO_INCREMENT for table `bdedu_schools`
--
ALTER TABLE `bdedu_schools`
  MODIFY `school_row_id` int(11) NOT NULL AUTO_INCREMENT, AUTO_INCREMENT=2;

--
-- AUTO_INCREMENT for table `bdedu_school_class_shifts`
--
ALTER TABLE `bdedu_school_class_shifts`
  MODIFY `class_shift_row_id` int(11) NOT NULL AUTO_INCREMENT, AUTO_INCREMENT=20;

--
-- AUTO_INCREMENT for table `bdedu_school_sections`
--
ALTER TABLE `bdedu_school_sections`
  MODIFY `section_row_id` int(11) NOT NULL AUTO_INCREMENT, AUTO_INCREMENT=2;

--
-- AUTO_INCREMENT for table `bdedu_school_shifts`
--
ALTER TABLE `bdedu_school_shifts`
  MODIFY `shift_row_id` int(11) NOT NULL AUTO_INCREMENT, AUTO_INCREMENT=3;

--
-- AUTO_INCREMENT for table `bdedu_students`
--
ALTER TABLE `bdedu_students`
  MODIFY `student_row_id` int(11) UNSIGNED NOT NULL AUTO_INCREMENT, AUTO_INCREMENT=48;

--
-- AUTO_INCREMENT for table `bdedu_students_academic_details`
--
ALTER TABLE `bdedu_students_academic_details`
  MODIFY `student_academic_details_row_id` int(11) NOT NULL AUTO_INCREMENT;

--
-- AUTO_INCREMENT for table `bdedu_students_assesments`
--
ALTER TABLE `bdedu_students_assesments`
  MODIFY `assessment_row_id` int(11) NOT NULL AUTO_INCREMENT, AUTO_INCREMENT=3;

--
-- AUTO_INCREMENT for table `bdedu_students_details`
--
ALTER TABLE `bdedu_students_details`
  MODIFY `student_details_row_id` int(11) UNSIGNED NOT NULL AUTO_INCREMENT;

--
-- AUTO_INCREMENT for table `migrations`
--
ALTER TABLE `migrations`
  MODIFY `id` int(10) UNSIGNED NOT NULL AUTO_INCREMENT;

--
-- AUTO_INCREMENT for table `users`
--
ALTER TABLE `users`
  MODIFY `id` bigint(20) UNSIGNED NOT NULL AUTO_INCREMENT, AUTO_INCREMENT=2;
COMMIT;

