-- https://www.phpmyadmin.net/
--

START TRANSACTION;



--
-- Database: `special_services_exams`
--

-- --------------------------------------------------------

--
-- Table structure for table `bdedu_academic_session`
--

CREATE TABLE `bdedu_academic_session` (
  `academic_session_row_id` int(3) NOT NULL,
  `academic_session_title` varchar(50) CHARACTER SET utf8 COLLATE utf8_unicode_ci NOT NULL,
  `academic_session_year` int(5) NOT NULL,
  `school_row_id` int(11) NOT NULL,
  `is_active` tinyint(1) NOT NULL DEFAULT '0',
  `created_by` int(3) NOT NULL,
  `updated_by` int(3) NOT NULL,
  `created_at` datetime NOT NULL DEFAULT CURRENT_TIMESTAMP,
  `updated_at` datetime NOT NULL DEFAULT CURRENT_TIMESTAMP
) ENGINE=InnoDB DEFAULT CHARSET=latin1;

--
-- Dumping data for table `bdedu_academic_session`
--

INSERT INTO `bdedu_academic_session` (`academic_session_row_id`, `academic_session_title`, `academic_session_year`, `school_row_id`, `is_active`, `created_by`, `updated_by`, `created_at`, `updated_at`) VALUES
(1, '2019', 2019, 1, 1, 2, 2, '2019-04-28 07:10:46', '2019-05-21 05:44:26');

-- --------------------------------------------------------

--
-- Table structure for table `bdedu_admins`
--

CREATE TABLE `bdedu_admins` (
  `admin_row_id` int(10) UNSIGNED NOT NULL,
  `admin_name` varchar(255) COLLATE utf8_unicode_ci NOT NULL,
  `admin_id` int(11) DEFAULT NULL,
  `employee_id` varchar(100) COLLATE utf8_unicode_ci DEFAULT NULL,
  `school_row_id` int(5) NOT NULL,
  `admin_name_bangla` varchar(255) COLLATE utf8_unicode_ci DEFAULT NULL,
  `admin_email` varchar(255) COLLATE utf8_unicode_ci DEFAULT NULL,
  `password` varchar(255) COLLATE utf8_unicode_ci DEFAULT NULL,
  `sort_order` int(11) DEFAULT NULL,
  `photo_name` varchar(255) COLLATE utf8_unicode_ci DEFAULT NULL,
  `signature_image_name` varchar(255) COLLATE utf8_unicode_ci DEFAULT NULL,
  `active_status` tinyint(1) NOT NULL DEFAULT '1',
  `admin_type` tinyint(1) NOT NULL COMMENT '1=central_staff, 2=school_staff',
  `is_super_admin` tinyint(1) DEFAULT '0' COMMENT '1=yes, 2=No',
  `access_info` text COLLATE utf8_unicode_ci,
  `designation_category_row_id` int(11) DEFAULT NULL,
  `designation_row_id` int(11) DEFAULT NULL,
  `school_department_row_id` int(11) DEFAULT NULL,
  `default_language` varchar(10) COLLATE utf8_unicode_ci NOT NULL DEFAULT 'en',
  `created_by` int(11) NOT NULL,
  `updated_by` int(11) DEFAULT NULL,
  `plain_password` varchar(100) COLLATE utf8_unicode_ci DEFAULT NULL,
  `remember_token` varchar(100) COLLATE utf8_unicode_ci DEFAULT NULL,
  `created_at` timestamp NULL DEFAULT NULL,
  `updated_at` timestamp NULL DEFAULT NULL
) ENGINE=InnoDB DEFAULT CHARSET=utf8 COLLATE=utf8_unicode_ci;

--
-- Dumping data for table `bdedu_admins`
--

INSERT INTO `bdedu_admins` (`admin_row_id`, `admin_name`, `admin_id`, `employee_id`, `school_row_id`, `admin_name_bangla`, `admin_email`, `password`, `sort_order`, `photo_name`, `signature_image_name`, `active_status`, `admin_type`, `is_super_admin`, `access_info`, `designation_category_row_id`, `designation_row_id`, `school_department_row_id`, `default_language`, `created_by`, `updated_by`, `plain_password`, `remember_token`, `created_at`, `updated_at`) VALUES
(1, 'Super Admin', 1, NULL, 0, NULL, 'admin@bdeducation.org', '$2y$10$HT/ZIhgTP3Zw9F8erNKZ4uGZjDX9RaXHDd7dSGAyTU3OH40aaAZLm', NULL, NULL, NULL, 1, 1, 1, NULL, NULL, NULL, NULL, 'en', 1, 1, '123456', '6sDZgiBn3CSPku0u8MuZmeZYB3p8zzRNI1Jl5gYcpL6TySkkA60Hyh1DMzjh', '2017-02-19 18:00:00', '2017-04-24 21:15:55'),
(2, 'School Super Admin', 2, NULL, 1, NULL, 'info@bdeducation.org', '$2y$10$ScVbeexlpUOiWoU8B1Gl5OYk/Aw5YmmnMx.r3EGjHJV9jxII1b9YO', NULL, NULL, NULL, 1, 2, 1, NULL, NULL, NULL, NULL, 'en', 1, 1, 'ab123..*', 'TYzuLdXk42CGixE0Oh7fhMKw4w4FIIVqR2MZVehH0gUdBjFjvDKetlQo0ydu', '2017-02-19 22:12:13', '2018-08-02 07:12:21'),
(3, 'M Humayun Kabir', 3, NULL, 1, 'এম হুমায়ুন কবির', 'asiyabarischool@gmail.com', '$2y$10$hRPZke5s/WN81jUiYR4Y9uzkSBiyeDbFjRaKVppgGPZu6nhkK/29.', 1, 'MHUMAYUNKABIR_1489919053.png', '', 1, 2, 2, NULL, 3, 2, 1, 'en', 2, 2, '123456', 'xMNSbhO4zceaSPU59Suf3HJ56UI0LeXZOAjL6ezTVo9oGnZ5XhTRgp042mqC', '2017-03-19 15:36:40', '2018-03-27 08:36:49'),
(4, 'Mohammad Jahangir Alam', 4, NULL, 1, 'মোহাম্মদ জাহাঙ্গীর আলম', 'jahangiralam8415@gmail.com', '$2y$10$XqX9floJ4hlDjnDMzvYlpeCvaxyLgsxPtzOBlmHxHRecQ9HSIEgRK', 2, 'MOHAMMADJAHANGIRALAM_1495439324.jpg', '', 1, 2, 2, NULL, 3, 7, 1, 'en', 2, 2, '123456', 'kQkmYg8cRYPpD1yWXVh4eIGaacweCFIrgHQN5Oflcn2wgmvZajRczQ4H4pVK', '2017-03-19 17:36:59', '2018-08-02 09:47:00'),
(5, 'Md. Abdul Hamid (Monsur)', 5, NULL, 1, 'মোঃ আবদুল হামিদ ', 'monsurabdulhamid@gmail.com', '$2y$10$w7RrNJjALgJLRIBLkpM/V.R3Hzu.tbgKJBpUlEbx3jnUqPHuitM4i', 12, 'MD.ABDULHAMID_1489921252.png', 'MD.ABDULHAMID_1493804177.png', 1, 2, 2, NULL, 3, 3, 1, 'en', 2, 2, '123456', 'wQkouTsiW9gBfM1rqdpAqKDwo4k45lqIRltL4d1cm8wOumFV2dmPO8Nv9Loj', '2017-03-19 18:00:53', '2018-08-02 08:16:46'),
(6, 'Al Mamun', 6, NULL, 1, 'আল মামুন', 'mamunrima2018@gmail.com', '$2y$10$CvMgFYDkJLm8xVTMhn8nbu4986ivS444iwt6SHnB2cTvVehyL2Tz6', 8, 'ALMAMUN_1495439440.jpg', '', 1, 2, 2, NULL, 3, 3, 1, 'en', 2, 2, '123456', 'BfemodsrSxmxFYdsDvmXnKK7cCta2hGvevBIwknAXxyYO2JzfX6JkJf8imZu', '2017-03-20 12:37:05', '2018-08-02 06:50:39'),
(17, 'Marium Sultana', 17, NULL, 1, 'মরিয়ম সুলতানা', 'mariumsultana481@gmail.com', '$2y$10$FS.YrWEWn8ZWwll8JFNTgeGJwjl0X3k4fWR1DhUNwy8yieXPZCNh.', 16, 'MARIUMSULTANA_1490000903.png', '', 1, 2, 2, NULL, 3, 3, 1, 'en', 2, 2, '123456', 's3ArkJ90tWWFwu4F6x5EbLGkCHYn3rtmE2OsEKuoYMDObKZ0yoInNOV9Iv4B', '2017-03-20 16:08:23', '2018-08-02 07:16:07'),
(18, 'Md. Azharul Hoq', 18, NULL, 1, 'মোঃ আজহারুল হক', 'ahtarun5087@gmail.com', '$2y$10$/1txVmR72VnjYxX1uDL60Osntfoh40uPCoRy7mnJKMPH3Nl0jfsUK', 17, 'MD.AZHARULHOQ_1518064360.jpg', '', 1, 2, 2, NULL, 3, 3, 1, 'en', 2, 2, '123456', 'fWpdAxsWoPsEhw8nBZ23tkyv2WBTNzFCDJIiypf8LfSAlMTh9kOFs8JEs0FK', '2017-03-20 16:33:24', '2018-04-21 10:12:30'),
(19, 'Md. Usman Gone', 19, NULL, 1, 'মোঃ ওসমান গনি', 'usmangone1986@gmail.com', '$2y$10$l74VfQtqCMO0CC6UJYnYIezeSW3u/h9bf4exJR4hBD0sh0gmz22by', 5, 'MD.USMANGONE_1495439384.jpg', '', 1, 2, 2, NULL, 3, 3, 1, 'en', 2, 2, '123456', 'y8V8CQwwJhwIRTCf7hcRR9ydSD2171IYjjf2oqQXa3uOHD69wEMK1cdqFi2m', '2017-03-20 16:42:05', '2018-08-02 05:01:32'),
(20, 'Md. Mizanur Rahman', 20, NULL, 1, 'মোঃ মিজানুর রহমান', 'mizanurabis@gmail.com', '$2y$10$3DAiE6t2KbYT4nse2WwLX.Xp/8XXlDvj1WhC.CWY64a1ElBMno4V2', 13, 'MD.MIZANURRAHMAN_1495439413.jpg', '', 1, 2, 2, NULL, 4, 9, 1, 'en', 2, 2, '123456', 'MT9mevv5l8ccEMay628FlbM9FmT3wStp8hfPh2Hydg8XIeYQ8Qi9DqpMxUXg', '2017-03-20 16:49:23', '2018-03-22 06:35:53'),
(21, 'Md. Babor Ali', 21, NULL, 1, 'মোঃ বাবোর আলী', '', '$2y$10$BEk7zV48GI6GFv9b3axxLuWZKfpEVE19CRDETPNRrlNP5/j4e.CT.', 25, 'MD.BABORALI_1490003839.png', '', 1, 2, 2, NULL, 5, 5, 1, 'en', 2, 2, '', NULL, '2017-03-20 16:57:19', '2018-03-22 06:36:21');

-- --------------------------------------------------------

--
-- Table structure for table `bdedu_admin_details`
--

CREATE TABLE `bdedu_admin_details` (
  `admin_details_row_id` int(11) NOT NULL,
  `admin_row_id` int(11) NOT NULL,
  `contact_1` varchar(255) CHARACTER SET utf8 COLLATE utf8_unicode_ci DEFAULT NULL,
  `contact_2` varchar(255) CHARACTER SET utf8 COLLATE utf8_unicode_ci DEFAULT NULL,
  `gender` tinyint(1) DEFAULT NULL,
  `blood_group` varchar(255) CHARACTER SET utf8 COLLATE utf8_unicode_ci DEFAULT NULL,
  `nid` varchar(255) CHARACTER SET utf8 COLLATE utf8_unicode_ci DEFAULT NULL,
  `dob` date DEFAULT '2010-10-10',
  `date_of_joining` date DEFAULT NULL,
  `religion` tinyint(1) DEFAULT NULL,
  `next_of_kin` varchar(255) CHARACTER SET utf8 COLLATE utf8_unicode_ci DEFAULT NULL,
  `kin_relationship` int(2) DEFAULT NULL,
  `nationality` varchar(255) CHARACTER SET utf8 COLLATE utf8_unicode_ci DEFAULT NULL,
  `present_address` text CHARACTER SET utf8 COLLATE utf8_unicode_ci,
  `present_address_bangla` text CHARACTER SET utf8 COLLATE utf8_unicode_ci,
  `present_division_id` int(5) DEFAULT NULL,
  `present_district_id` int(5) DEFAULT NULL,
  `present_upazila_id` int(5) DEFAULT NULL,
  `present_post_code` varchar(255) CHARACTER SET utf8 COLLATE utf8_unicode_ci DEFAULT NULL,
  `permanent_address` text CHARACTER SET utf8 COLLATE utf8_unicode_ci,
  `permanent_address_bangla` text CHARACTER SET utf8 COLLATE utf8_unicode_ci NOT NULL,
  `permanent_division_id` int(5) DEFAULT NULL,
  `permanent_district_id` int(5) DEFAULT NULL,
  `permanent_upazila_id` int(5) DEFAULT NULL,
  `permanent_post_code` varchar(100) CHARACTER SET utf8 COLLATE utf8_unicode_ci DEFAULT NULL,
  `ssc_exam_name` varchar(255) CHARACTER SET utf8 COLLATE utf8_unicode_ci DEFAULT NULL,
  `ssc_group` varchar(255) CHARACTER SET utf8 COLLATE utf8_unicode_ci DEFAULT NULL,
  `ssc_result` varchar(255) CHARACTER SET utf8 COLLATE utf8_unicode_ci DEFAULT NULL,
  `ssc_board` varchar(255) CHARACTER SET utf8 COLLATE utf8_unicode_ci DEFAULT NULL,
  `ssc_passing_year` varchar(255) CHARACTER SET utf8 COLLATE utf8_unicode_ci DEFAULT NULL,
  `hsc_exam_name` varchar(255) CHARACTER SET utf8 COLLATE utf8_unicode_ci DEFAULT NULL,
  `hsc_group` varchar(255) CHARACTER SET utf8 COLLATE utf8_unicode_ci DEFAULT NULL,
  `hsc_result` varchar(255) CHARACTER SET utf8 COLLATE utf8_unicode_ci DEFAULT NULL,
  `hsc_board` varchar(255) CHARACTER SET utf8 COLLATE utf8_unicode_ci DEFAULT NULL,
  `hsc_passing_year` varchar(255) CHARACTER SET utf8 COLLATE utf8_unicode_ci DEFAULT NULL,
  `graduation_exam_row_id` int(3) DEFAULT NULL,
  `graduation_subject_row_id` int(3) DEFAULT NULL,
  `graduation_result` varchar(255) CHARACTER SET utf8 COLLATE utf8_unicode_ci DEFAULT NULL,
  `graduation_board` varchar(255) CHARACTER SET utf8 COLLATE utf8_unicode_ci DEFAULT NULL,
  `graduation_passing_year` varchar(255) CHARACTER SET utf8 COLLATE utf8_unicode_ci DEFAULT NULL,
  `post_graduation_exam_row_id` int(3) DEFAULT NULL,
  `post_graduation_subject_row_id` int(3) DEFAULT NULL,
  `post_graduation_result` varchar(255) CHARACTER SET utf8 COLLATE utf8_unicode_ci DEFAULT NULL,
  `post_graduation_board` varchar(255) CHARACTER SET utf8 COLLATE utf8_unicode_ci DEFAULT NULL,
  `post_graduation_passing_year` varchar(255) CHARACTER SET utf8 COLLATE utf8_unicode_ci DEFAULT NULL,
  `b_ed_completed` tinyint(1) DEFAULT NULL,
  `b_ed_result` varchar(255) CHARACTER SET utf8 COLLATE utf8_unicode_ci DEFAULT NULL,
  `b_ed_board` varchar(255) CHARACTER SET utf8 COLLATE utf8_unicode_ci DEFAULT NULL,
  `b_ed_passing_year` varchar(255) CHARACTER SET utf8 COLLATE utf8_unicode_ci DEFAULT NULL,
  `m_ed_completed` tinyint(1) DEFAULT NULL,
  `m_ed_result` varchar(255) CHARACTER SET utf8 COLLATE utf8_unicode_ci DEFAULT NULL,
  `m_ed_board` varchar(255) CHARACTER SET utf8 COLLATE utf8_unicode_ci DEFAULT NULL,
  `m_ed_passing_year` varchar(255) CHARACTER SET utf8 COLLATE utf8_unicode_ci DEFAULT NULL,
  `higher_degree_exam_name` varchar(255) CHARACTER SET utf8 COLLATE utf8_unicode_ci DEFAULT NULL,
  `higher_degree_subject_row_id` int(3) DEFAULT NULL,
  `higher_degree_result` varchar(255) CHARACTER SET utf8 COLLATE utf8_unicode_ci DEFAULT NULL,
  `higher_degree_board` varchar(255) CHARACTER SET utf8 COLLATE utf8_unicode_ci DEFAULT NULL,
  `higher_degree_passing_year` varchar(255) CHARACTER SET utf8 COLLATE utf8_unicode_ci DEFAULT NULL,
  `special_training` text CHARACTER SET utf8 COLLATE utf8_unicode_ci,
  `created_at` datetime DEFAULT NULL,
  `updated_at` datetime DEFAULT NULL
) ENGINE=InnoDB DEFAULT CHARSET=latin1;

--
-- Dumping data for table `bdedu_admin_details`
--

INSERT INTO `bdedu_admin_details` (`admin_details_row_id`, `admin_row_id`, `contact_1`, `contact_2`, `gender`, `blood_group`, `nid`, `dob`, `date_of_joining`, `religion`, `next_of_kin`, `kin_relationship`, `nationality`, `present_address`, `present_address_bangla`, `present_division_id`, `present_district_id`, `present_upazila_id`, `present_post_code`, `permanent_address`, `permanent_address_bangla`, `permanent_division_id`, `permanent_district_id`, `permanent_upazila_id`, `permanent_post_code`, `ssc_exam_name`, `ssc_group`, `ssc_result`, `ssc_board`, `ssc_passing_year`, `hsc_exam_name`, `hsc_group`, `hsc_result`, `hsc_board`, `hsc_passing_year`, `graduation_exam_row_id`, `graduation_subject_row_id`, `graduation_result`, `graduation_board`, `graduation_passing_year`, `post_graduation_exam_row_id`, `post_graduation_subject_row_id`, `post_graduation_result`, `post_graduation_board`, `post_graduation_passing_year`, `b_ed_completed`, `b_ed_result`, `b_ed_board`, `b_ed_passing_year`, `m_ed_completed`, `m_ed_result`, `m_ed_board`, `m_ed_passing_year`, `higher_degree_exam_name`, `higher_degree_subject_row_id`, `higher_degree_result`, `higher_degree_board`, `higher_degree_passing_year`, `special_training`, `created_at`, `updated_at`) VALUES
(1, 3, '01913742323', '01733180722', 1, '5', '', '1973-01-10', NULL, 1, '', 0, 'Bangladeshi', 'Vill: Pakundia, P.O: Pakundia', 'গ্রাম: পাকুন্দিয়া, ডাকঘর: পাকুন্দিয়া', 1, 18, 40, '2326', 'Vill: Pakundia, P.O: Pakundia', 'গ্রাম: পাকুন্দিয়া, ডাকঘর: পাকুন্দিয়া', 1, 18, 40, '2326', 'SSC', 'Science', '1st Division', 'Dhaka', '1988', 'HSC', 'Science', '3rd Division', 'Dhaka', '1991', 2, 14, '2nd Division', 'National University', '1993', 1, 70, '1st Class', 'Uttara University', '2007', 1, '1st Class', '', '2006', 0, '', '', '', '0', 0, '', '', '', 'Training on ICT', '2017-03-19 08:36:40', '2018-02-25 06:10:03'),
(2, 4, '01715248415', '01631077906', 1, '3', '', '1976-12-03', '0000-00-00', 1, '', 0, 'Bangladeshi', 'Vill: Chaliagup, P.O: Lakhia', 'গ্রাম: চালিয়াগোপ, ডাকঘর: লাখিয়া', 1, 18, 40, '2326', 'Vill: Chaliagup, P.O: Lakhia', 'গ্রাম: চালিয়াগোপ, ডাকঘর: লাখিয়া', 1, 18, 40, '2326', 'SSC', 'Commerce', '1st Division', 'Dhaka', '1992', 'HSC', 'Commerce', '2nd Division', '2nd Division', '1994', 8, 0, '3rd Division', 'National University', '1997', 0, 0, '', '', '', 1, '2.96 out of 4', 'Dharul Ihshan University', '2006', 0, '', '', '', '0', 0, '', '', '', '1.   24 days training on CPD\r\n\r\n2.   15 days training on ICT\r\n', '2017-03-19 10:36:59', '2018-04-04 06:23:57'),
(3, 5, '01911048187', '01611048187', 1, '5', '4817957835968', '1981-02-16', NULL, 1, '', 0, 'Bangladeshi', 'Vill: Pakundia, P.O: Pakundia', 'গ্রাম: পাকুন্দিয়া, ডাকঘর: পাকুন্দিয়া', 1, 18, 40, '2326', 'Vill: Charkawna, P.O: Charkawna', 'গ্রাম: চরকাওনা, ডাকঘর: চরকাওনা', 1, 18, 40, '2326', 'Dakhil', 'Humanities', '2nd Division', 'Madrasha Board', '1997', 'HSC', 'Humanities', '2.45', 'Madrasha Board', '2008', 11, 0, '2.73', 'Open University', '2012', 0, 0, '', '', '', 0, '', '', '', 0, '', '', '', '0', 0, '', '', '', '1.   Computer Application Course (6 months)\r\n\r\n2.   ICT & Multimedia Class Management Training (15 days)', '2017-03-19 11:00:53', '2018-02-07 04:04:08'),
(4, 6, '01705308989', '', 1, '3', '19914817928000088', '1991-07-01', NULL, 1, '', 0, 'Bangladeshi', 'Vill: Kahatdadul, P.O: Ponkchoir', 'গ্রাম: কাহেৎধান্দুল, ডাকঘর: পংকচইর', 1, 0, 0, '2326', 'Vill: Kahatdadul, P.O: Ponkchoir', 'গ্রাম: কাহেৎধান্দুল, ডাকঘর: পংকচইর', 1, 0, 0, '2326', 'Dakhil', 'Humanities', '4.08', 'Madrasha Board', '2006', 'Alim', 'Humanities', '4.75', '4.75', '2008', 3, 42, '2nd Division', 'National University', '2012', 1, 42, '2nd Class', 'National University', '2013', 0, '', '', '', 0, '', '', '', '0', 0, '', '', '', 'Training on ICT', '2017-03-20 05:37:05', '2018-02-25 06:13:38'),
(5, 7, '01715969181', '', 1, '3', '4817938880461', '1953-01-29', NULL, 1, '', 0, 'Bangladeshi', 'Vill: Charkhama, P.O: Charkhama', 'গ্রাম: চরখামা, ডাকঘর: চরখামা', 1, 18, 40, '2326', 'Vill: Charkhama, P.O: Charkhama', 'গ্রাম: চরখামা, ডাকঘর: চরখামা', 1, 18, 40, '2326', 'SSC', 'Humanities', '2nd Division', 'Dhaka', '1967', 'HSC', 'Science', '3rd Division', 'Dhaka', '1970', 9, 0, '2nd Division', 'Dhaka University', '1972', 5, 81, '2nd Class', 'Dhaka University', '1974', 0, '', '', '', 0, '', '', '', '0', 0, '', '', '', '', '2017-03-20 05:52:36', '2018-02-07 04:09:13'),
(6, 8, '01727436854', '01920385632', 1, '0', '4817938878990', '1985-02-01', NULL, 1, '', 0, 'Bangladeshi', 'Vill: Taldoshi, P.O: Motkhula', 'গ্রাম: তালদশী, ডাকঘর: মঠখোলা', 1, 18, 40, '2326', 'Vill: Taldoshi, P.O: Motkhula', 'গ্রাম: তালদশী, ডাকঘর: মঠখোলা', 1, 18, 40, '2326', 'Dakhil', 'Humanities', '4.50', 'Madrasha Board', '2002', 'Alim', 'Humanities', '3.67', 'Madrasha Board', '2004', 3, 22, '2nd Division', 'National University', '2008', 1, 22, '2nd Class', 'National University', '2009', 1, '1st Class', 'National University', '2013', 0, '', '', '', '0', 0, '', '', '', '15 days ICT Training', '2017-03-20 06:32:14', '2018-02-07 04:10:49'),
(7, 9, '01728009495', '01611752125', 1, '7', '48179728863385', '1988-01-05', NULL, 1, '', 0, 'Bangladeshi', 'Vill: Mirzapur, P.O: Ponkochoir', 'গ্রাম: মির্জাপুর, ডাকঘর: পংকচইর', 1, 18, 40, '2326', 'Vill: Mirzapur, P.O: Ponkochoir', 'গ্রাম: মির্জাপুর, ডাকঘর: পংকচইর', 1, 18, 40, '2326', 'Dakhil', 'Humanities', '3.50', 'Madrasha Board', '2003', 'HSC', 'Humanities', '4.00', 'Dhaka', '2006', 3, 115, '2nd Class', 'National University', '2010', 8, 115, '2nd Class', 'National University', '2012', 0, '', '', '', 0, '', '', '', '0', 0, '', '', '', '1.   15 days ICT Training\r\n\r\n2.   6 months ICT Training\r\n\r\n3. NTRCA registered teacher on Computer', '2017-03-20 06:41:57', '2018-01-25 03:12:51'),
(8, 10, '01728791575', '', 2, '5', '4817976843426', '1981-02-23', NULL, 1, '', 0, 'Bangladeshi', 'Vill: Bir Pakundia, P.O: Pakundia', 'গ্রাম: বীর পাকুন্দিয়া, ডাকঘর: পাকুন্দিয়া', 1, 0, 0, '2326', 'Vill: Bir Pakundia, P.O: Pakundia', 'গ্রাম: বীর পাকুন্দিয়া, ডাকঘর:পাকুন্দিয়া', 1, 0, 0, '2326', 'SSC', 'Science', '1st Division', 'Dhaka', '1997', 'HSC', 'Humanities', '2nd Division', 'Dhaka', '1999', 2, 0, '2nd Division', 'National University', '2001', 8, 0, '2nd Class', 'National University', '2011', 0, '', '', '', 0, '', '', '', '0', 0, '', '', '', 'UITRCE BANBEIS. BASE-17', '2017-03-20 06:53:43', '2018-02-25 06:17:29'),
(9, 11, '01714355317', '01916572224', 1, '5', '6112237945241', '1965-04-10', NULL, 1, '', 0, 'Bangladeshi', 'Vill: Satarbari, P.O: Satarbari', 'গ্রাম: সতরবাড়ী, ডাকঘর: সতরবাড়ী', 8, 10, 208, '', 'Vill: Satarbari, P.O: Satarbari', 'গ্রাম: সতরবাড়ী, ডাকঘর: সতরবাড়ী', 8, 10, 208, '', 'SSC', 'Science', '2nd Division', 'Dhaka', '1980', 'HSC', 'Science', '2nd Division', '2nd Division', '1982', 3, 81, '2nd Class', 'Dhaka University', '1985', 5, 81, '1st Class', 'Dhaka University', '1986', 1, '2nd Class', 'National University', '1998', 0, '', '', '', '0', 0, '', '', '', '', '2017-03-20 07:07:45', '2018-02-07 04:32:26'),
(10, 12, '01924310210', '01790084664', 2, '3', '4824908345489', '1983-12-01', NULL, 1, '', 0, 'Bangladeshi', 'Vill: Nagua, P.O: ', 'গ্রাম: নগুয়া, ডাকঘর:', 1, 18, 36, '2300', 'Vill: Nagua, P.O: ', 'গ্রাম: নগুয়া, ডাকঘর:', 1, 18, 36, '2300', 'SSC', 'Humanities', '1st Division', 'Dhaka', '1999', 'HSC', 'Humanities', '2nd Division', 'Dhaka', '1999', 3, 115, '2.96', 'Shahjalal Biggan O Projukti Biswabiddalay', '2006', 1, 115, '2.89', 'Shahjalal Biggan O Projukti Biswabiddalay', '2007', 0, '', '', '', 0, '', '', '', '0', 0, '', '', '', '', '2017-03-20 07:21:27', '2017-03-20 07:21:27'),
(11, 13, '01778132631', '', 1, '5', '4817928861456', '1978-12-01', NULL, 1, '', 0, 'Bangladeshi', 'Vill: Kahate Dandul, P.O: Pankachair', 'গ্রাম: কাহেৎ ধান্দুল, ডাকঘর: পংকচইর', 1, 18, 40, '2326', 'Vill: Kahate Dandul, P.O: Pankachair', 'গ্রাম: কাহেৎধান্দুল, ডাকঘর: পংকচইর', 1, 18, 40, '2326', 'SSC', 'Science', '1st Division', 'Dhaka', '1994', 'HSC', 'Science', '2nd Division', 'Dhaka', '1997', 9, 81, '2nd Division', 'National University', '2000', 5, 54, '2nd Division', 'National University', '2005', 0, '', '', '', 0, '', '', '', '0', 0, '', '', '', '1. 14 days CPD Training\r\n2. 15 days ICT Training\r\n3. 3 days C.Q. Training\r\n4. 4 days science Training ', '2017-03-20 07:30:09', '2018-01-25 03:06:59'),
(12, 14, '01913821626', '01684155847', 1, '3', '4817938881063', '1977-01-01', '0000-00-00', 1, '', 0, 'Bangladeshi', 'Vill: Chardaokandi, P.O: Motkhula', 'গ্রাম: চরদেওকান্দি, ডাকঘর: মঠখোলা', 1, 18, 40, '2326', 'Vill: Chardaokandi, P.O: Motkhula', 'গ্রাম: চরদেওকান্দি, ডাকঘর: মঠখোলা', 1, 18, 40, '2326', 'SSC', 'Science', '1st Division', 'Dhaka', '1992', 'HSC', 'Commerce', '1st Division', 'Dhaka', '1994', 8, 0, '3rd Division', 'National University', '1996', 8, 38, '1st Class', 'Asian University', '2008', 1, '2nd Class', 'National University', '2010', 0, '', '', '', '0', 0, '', '', '', 'Training on I CT', '2017-03-20 08:43:27', '2018-04-09 05:25:21'),
(13, 15, '01718067703', '', 1, '5', '4817915899960', '1974-10-07', NULL, 1, '', 0, 'Bangladeshi', 'Vill: Burundia, P.O: Pakundia', 'গ্রাম: বুরুন্দিয়া, ডাকঘর: পাকুন্দিয়া', 1, 0, 0, '2326', 'Vill: Burundia, P.O: Pakundia', 'গ্রাম: বুরুন্দিয়া, ডাকঘর: পাকুন্দিয়া', 1, 18, 40, '2326', 'SSC', 'Humanities', '2nd Division', 'Dhaka', '1989', 'HSC', 'Humanities', '3rd Division', '3rd Division', '1991', 11, 0, '3.05', 'Open University', '1996', 0, 0, '', '', '', 1, '2.88', 'Uttara University', '2009', 0, '', '', '', '0', 0, '', '', '', '1. 15 days ICT Training', '2017-03-20 08:52:19', '2018-02-07 04:45:19'),
(14, 16, '01716304373', '', 2, '3', '4817938880225', '1974-06-01', NULL, 2, '', 0, 'Bangladeshi', 'Vill: Matkhula, P.O: Pakundia', 'গ্রাম: মঠখোলা, ডাকঘর: পাকুন্দিয়া', 1, 0, 0, '2326', 'Vill: Matkhula, P.O: Pakundia', 'গ্রাম: মঠখোলা, ডাকঘর: পাকুন্দিয়া', 1, 0, 0, '2326', 'SSC', 'Humanities', '2nd Division', 'Dhaka', '1990', 'HSC', 'Humanities', '2nd Division', 'Dhaka', '1994', 11, 0, '3rd Division', 'National University', '1996', 0, 0, '', '', '', 1, '3.19', 'Uttara University', '2009', 0, '', '', '', '0', 0, '', '', '', '', '2017-03-20 08:59:55', '2018-03-05 05:01:02'),
(15, 17, '01919418004', '', 2, '3', '4817957828959', '1983-01-04', NULL, 1, '', 0, 'Bangladeshi', 'Vill: Chartaki, P.O: Tarakandi', 'গ্রাম: চরটেকি, ডাকঘর: তারাকান্দি', 1, 18, 40, '2326', 'Vill: Chartaki, P.O: Tarakandi', 'গ্রাম: চরটেকি, ডাকঘর: তারাকান্দি', 1, 18, 40, '2320', 'SSC', 'Humanities', '1st Division', 'Dhaka', '1999', 'HSC', 'Humanities', '2nd Division', 'Dhaka', '2001', 11, 0, '2nd Division', 'National University', '2005', 8, 0, '2nd Class', 'National University', '2006', 0, '', '', '', 0, '', '', '', '0', 0, '', '', '', 'Training on ICT', '2017-03-20 09:08:23', '2018-02-07 04:49:21'),
(16, 18, '01926275087', '01627737496', 1, '4', '19904817947000031', '1990-12-26', NULL, 1, '', 0, 'Bangladeshi', 'Vill: Uttarpara, P.O: Pakundia', 'গ্রাম: উত্তরপাড়া, ডাকঘর: পাকুন্দিয়া', 1, 18, 40, '2326', 'Vill: Uttarpara, P.O: Pakundia', 'গ্রাম: উত্তরপাড়া, ডাকঘর: পাকুন্দিয়া', 1, 18, 40, '2326', 'SSC', 'Science', '3.31', 'Dhaka', '2006', 'HSC', 'Science', '3.00', 'Dhaka', '2008', 9, 26, '2nd Division', 'National University', '2011', 5, 26, '2nd Class', 'National University', '2013', 0, '', '', '', 0, '', '', '', '0', 0, '', '', '', '1. CPD-1 (Biology) 14 days\r\n\r\n2. Computer Training (6 months)', '2017-03-20 09:33:24', '2018-02-08 04:31:05'),
(17, 19, '01782110229', '01923536581', 1, '0', '4817938885625', '1986-01-01', NULL, 1, '', 0, 'Bangladeshi', 'Vill: Dakkhin Khama, P.O: Mothkhola', 'গ্রাম: দক্ষিণ খামা, ডাকঘর: ', 1, 18, 40, '2326', 'Vill: Dakkhin Khama, P.O: Mothkhola', 'গ্রাম: দক্ষিণ খামা, ডাকঘর: ', 1, 18, 40, '2326', 'Dakhil', 'Humanities', '1st Division', 'Madrasha Board', '2000', 'Alim', 'Humanities', '2nd Division', 'Madrasha Board', '2003', 6, 70, '1st Class', 'Kushtia Islamic University', '2008', 9, 116, '3.95', 'Kushtia Islamic University', '2010', 0, '', '', '', 0, '', '', '', '0', 0, '', '', '', '1. ICT Training Course - 2016\r\n\r\n2. Imam Training - 2009', '2017-03-20 09:42:05', '2018-02-07 04:52:24'),
(18, 20, '01724063197', '', 1, '5', '4817976850120', '1971-11-06', NULL, 1, '', 0, 'Bangladeshi', 'Vill: Bahadia, P.O: Bahadia', 'গ্রাম: বাহাদিয়া, ডাকঘর: বাহাদিয়া', 1, 18, 40, '2326', 'Vill: Borathia, P.O: Lokhia ', 'গ্রাম: বাহাদিয়া, ডাকঘর: বাহাদিয়া', 1, 18, 40, '2326', 'SSC', 'Arts', '2nd Division', 'Dhaka', '1987', 'HSC', 'Arts', '3rd Division', '3rd Division', '1989', 2, 0, '3rd Division', 'Dhaka University', '1993', 0, 0, '', '', '', 0, '', '', '', 0, '', '', '', '0', 0, '', '', '', '', '2017-03-20 09:49:23', '2018-01-28 04:23:16'),
(19, 21, '01796256799', '', 1, '0', '4817938877697', '1977-03-02', NULL, 1, '', 0, 'Bangladeshi', 'Vill: Jamalpur, P.O: Jamalpur', 'গ্রাম: জামালপুর, ডাকঘর: জামালপুর', 1, 18, 40, '2326', 'Vill: Jamalpur, P.O: Jamalpur', 'গ্রাম: জামালপুর, ডাকঘর: জামালপুর', 1, 18, 40, '2326', '', '', '', '', '', '', '', '', '', '', 0, 0, '', '', '', 0, 0, '', '', '', 0, '', '', '', 0, '', '', '', '0', 0, '', '', '', '', '2017-03-20 09:57:19', '2017-03-20 10:21:56'),
(20, 22, '01748029073', '', 1, '5', '4817938882643', '1989-05-03', NULL, 1, '', 0, 'Bangladeshi', 'Vill: Chardaokandi, P.O: Motkhula', 'গ্রাম: চরদেওকান্দি, ডাকঘর: মঠখোলা', 1, 18, 40, '2326', 'Vill: Chardaokandi, P.O: Motkhula', 'গ্রাম: চরদেওকান্দি, ডাকঘর: মঠখোলা', 1, 18, 40, '2326', '', '', '', '', '', '', '', '', '', '', 0, 0, '', '', '', 0, 0, '', '', '', 0, '', '', '', 0, '', '', '', '0', 0, '', '', '', '', '2017-03-20 10:25:56', '2017-03-20 10:25:56'),
(21, 23, '01799523408', '', 2, '0', '4817938876666', '0000-00-00', NULL, 1, '', 0, 'Bangladeshi', 'Vill:                                     P.O: ', 'গ্রাম:                            ডাকঘর:', 1, 18, 40, '2326', 'Vill:                                     P.O: ', 'গ্রাম:                            ডাকঘর:', 1, 18, 40, '2326', '', '', '', '', '', '', '', '', '', '', 0, 0, '', '', '', 0, 0, '', '', '', 0, '', '', '', 0, '', '', '', '0', 0, '', '', '', '', '2017-03-20 10:30:02', '2017-03-20 10:30:02'),
(22, 24, '01985014866', '', 2, '0', '', '1990-07-12', NULL, 1, '', 0, 'Bangladeshi', 'motkhola', '', 1, 18, 40, '2326', 'Gosherkandi', '', 1, 9, 14, '1743', 'SSC', 'Science', '3.75', 'Dhaka', '2002', 'HSC', 'Science', '2.4', 'Dhaka', '2005', 2, 103, '2nd Division', 'National University', '2010', 0, 0, '', '', '', NULL, NULL, NULL, NULL, NULL, NULL, NULL, NULL, '0', 0, '', '', '', '', '2017-05-03 08:55:55', '2018-02-07 06:44:48'),
(25, 27, '01851682901', '', 2, '0', '', '0000-00-00', '0000-00-00', 0, '', 0, 'Bangladeshi', '', '', 0, 0, 0, '', '', '', 0, 0, 0, '', '', '', '', '', '', '', '', '', '', '', 0, 0, '', '', '', 0, 0, '', '', '', NULL, NULL, NULL, NULL, NULL, NULL, NULL, NULL, '0', 0, '', '', '', '', '2017-05-20 07:00:23', '2018-04-16 03:42:16'),
(26, 28, '', '', 2, '0', '', '0000-00-00', NULL, 0, '', 0, 'Bangladeshi', '', '', 0, 0, 0, '', '', '', 0, 0, 0, '', '', '', '', '', '', '', '', '', '', '', 0, 0, '', '', '', 0, 0, '', '', '', NULL, NULL, NULL, NULL, NULL, NULL, NULL, NULL, '0', 0, '', '', '', '', '2017-05-20 07:02:21', '2018-03-22 06:36:43'),
(28, 30, '01777995275', '', 1, '3', '', '1994-01-05', NULL, 2, '', 0, 'Bangladeshi', 'Puran Bazar', '', 5, 53, 440, '8600', 'Puran Bazar', '', 5, 53, 440, '8600', 'SSC', 'Science', '5.00', 'Barisal', '2009', 'HSC', 'Science', '4.40', 'Barisal', '2011', 9, 81, '3.00', 'National University', '2017', 0, 0, '', '', '', NULL, NULL, NULL, NULL, NULL, NULL, NULL, NULL, '0', 0, '', '', '', '5 days Science Fair Training', '2018-01-25 06:46:31', '2018-01-25 06:46:31'),
(29, 31, '01725960776', '', 1, '5', '', '1993-09-24', NULL, 0, '', 0, 'Bangladeshi', 'Mothkhola', '', 1, 0, 0, '2326', 'Town Bahal Gachia', '', 5, 0, 0, '8600', 'SSC', 'Science', '4.44', 'Barisal', '2009', 'HSC', 'Science', '3.70', 'Barisal', '2012', 9, 30, '3.06', 'National University', '2016', 0, 0, '', '', '', NULL, NULL, NULL, NULL, NULL, NULL, NULL, NULL, '0', 0, '', '', '', '', '2018-01-28 09:05:23', '2018-03-04 05:02:47'),
(30, 32, '01620469320', '', 1, '3', '', '0000-00-00', NULL, 1, '', 0, 'Bangladeshi', '', '', 0, 0, 0, '', '', '', 0, 0, 0, '', 'SSC', 'Science', '5.00', 'Dhaka', '2007', 'HSC', 'Science', '5.00', 'Dinajpur', '2009', 9, 26, '3.56', 'Dhaka University', '2014', 5, 26, '3.90', 'Dhaka University', '2015', NULL, NULL, NULL, NULL, NULL, NULL, NULL, NULL, '0', 0, '', '', '', '', '2018-02-11 02:56:54', '2018-03-04 02:51:58'),
(31, 33, '01972614094', '01712614094', 1, '5', '', '0000-00-00', '0000-00-00', 1, '', 0, 'Bangladeshi', '', '', 0, 0, 0, '', '', '', 0, 0, 0, '', 'SSC', 'Arts', '1st Division', 'Dhaka', '1999', 'HSC', 'Commerce', '1st Division', 'Dhaka', '2001', 8, 1, '2nd Class', 'National University', '2006', 2, 1, '2nd Class', 'National University', '2007', NULL, NULL, NULL, NULL, NULL, NULL, NULL, NULL, 'Others', 71, '3.00', 'Northern University', '2012', 'icma fl+L1 complete', '2018-02-15 05:17:36', '2018-04-09 06:53:14'),
(32, 34, '01868525693', '', 1, '5', '', '1994-01-01', NULL, 1, '', 0, 'Bangladeshi', 'vill: Mothkhola PO: Mothkhola', '', 1, 18, 40, '2326', 'Vill: Sadekpur', '', 2, 45, 498, '3821', 'SSC', 'Science', '4.88', 'Comilla ', '2010', 'HSC', 'Arts', '4.70', 'Comilla ', '2012', 2, 42, '3.06', 'Dhaka University', '2016', 1, 42, '3.25', 'Dhaka University', '2017', NULL, NULL, NULL, NULL, NULL, NULL, NULL, NULL, '0', 0, '', '', '', '', '2018-02-18 03:11:21', '2018-02-18 03:11:21'),
(33, 35, '01946110876', '', 1, '0', '', '2018-12-10', NULL, 0, '', 0, 'Bangladeshi', 'vill: motkhola post: motkhola,pakundia,kishorjong', '', 1, 0, 0, '2326', 'vill: jhagrarchar post: jhagrarchar', '', 8, 0, 0, '2326', '', '', '', '', '', '', '', '', '', '', 0, 0, '', '', '', 0, 0, '', '', '', NULL, NULL, NULL, NULL, NULL, NULL, NULL, NULL, '0', 0, '', '', '', '', '2018-02-18 04:56:58', '2018-02-27 07:06:34'),
(34, 36, '', '', 2, '0', '', '0000-00-00', '0000-00-00', 0, '', 0, 'Bangladeshi', '', '', 0, 0, 0, '', '', '', 0, 0, 0, '', '', '', '', '', '', '', '', '', '', '', 0, 0, '', '', '', 0, 0, '', '', '', NULL, NULL, NULL, NULL, NULL, NULL, NULL, NULL, '0', 0, '', '', '', '', '2018-02-18 07:28:38', '2018-04-16 09:17:23'),
(35, 37, '01712481327', '', 1, '1', '', '0000-00-00', NULL, 1, '', 0, 'Bangladeshi', 'Mothkhola', '', 1, 18, 40, '2326', '', '', 0, 0, 0, '', 'SSC', 'Science', '5.00', 'Rajshahi', '2008', 'HSC', 'Science', '5.00', 'Rajshahi', '2010', 9, 36, '3.82', 'UIU', '2016', 0, 0, '', '', '', NULL, NULL, NULL, NULL, NULL, NULL, NULL, NULL, '0', 0, '', '', '', '', '2018-02-27 02:57:27', '2018-03-04 02:54:06'),
(37, 39, '', '', 1, '5', '', '0000-00-00', NULL, 1, '', 0, 'Bangladeshi', '', '', 0, NULL, NULL, '', '', '', 0, NULL, NULL, '', '', '', '', '', '', '', '', '', '', '', 0, 0, '', '', '', 0, 0, '', '', '', NULL, NULL, NULL, NULL, NULL, NULL, NULL, NULL, '0', 0, '', '', '', '', '2018-03-07 12:16:20', '2018-03-07 12:16:20'),
(38, 40, '', '', 2, '0', '', '0000-00-00', '0000-00-00', 0, '', 0, 'Bangladeshi', '', '', 0, 0, NULL, '', '', '', 0, 0, NULL, '', '', '', '', '', '', '', '', '', '', '', 0, 0, '', '', '', 0, 0, '', '', '', NULL, NULL, NULL, NULL, NULL, NULL, NULL, NULL, '0', 0, '', '', '', '', '2018-04-10 06:10:39', '2018-04-10 06:33:30'),
(39, 41, '01741325693', '01910517314', 1, '1', NULL, '1989-11-10', '2018-04-01', 1, NULL, 0, 'Bangladeshi', NULL, NULL, 0, 0, 0, NULL, NULL, '', 0, 0, 0, NULL, NULL, NULL, NULL, NULL, NULL, NULL, NULL, NULL, NULL, NULL, 0, 0, NULL, NULL, NULL, 0, 0, NULL, NULL, NULL, NULL, NULL, NULL, NULL, NULL, NULL, NULL, NULL, '0', 0, NULL, NULL, NULL, NULL, '2018-04-28 06:36:10', '2018-10-15 04:32:56');

-- --------------------------------------------------------

--
-- Table structure for table `bdedu_descriptive_exam_results`
--

CREATE TABLE `bdedu_descriptive_exam_results` (
  `descriptive_answer_row_id` int(11) NOT NULL,
  `student_row_id` int(11) NOT NULL,
  `class_row_id` int(11) DEFAULT NULL,
  `exam_category_row_id` int(11) NOT NULL,
  `exam_row_id` int(3) DEFAULT NULL,
  `total_time` int(11) DEFAULT NULL COMMENT 'time taken in minute format',
  `total_questions` int(11) NOT NULL,
  `question_row_id` int(11) DEFAULT NULL,
  `question_answer` text,
  `total_obtained_mark` float(3,2) DEFAULT NULL,
  `total_marks` float(3,2) DEFAULT NULL,
  `percentage_obtained` float(3,2) DEFAULT NULL,
  `comment` text,
  `assessor_comment` text,
  `created_by` int(11) DEFAULT NULL,
  `updated_by` int(11) DEFAULT NULL,
  `created_at` datetime DEFAULT CURRENT_TIMESTAMP,
  `updated_at` datetime DEFAULT CURRENT_TIMESTAMP
) ENGINE=InnoDB DEFAULT CHARSET=latin1;

-- --------------------------------------------------------

--
-- Table structure for table `bdedu_districts`
--

CREATE TABLE `bdedu_districts` (
  `id` int(11) NOT NULL,
  `full_name` varchar(255) NOT NULL,
  `short_name` varchar(255) NOT NULL,
  `division_id` int(3) NOT NULL,
  `created_at` datetime NOT NULL,
  `updated_at` datetime NOT NULL
) ENGINE=InnoDB DEFAULT CHARSET=latin1;

--
-- Dumping data for table `bdedu_districts`
--

INSERT INTO `bdedu_districts` (`id`, `full_name`, `short_name`, `division_id`, `created_at`, `updated_at`) VALUES
(1, 'Dhaka', '01', 1, '2014-10-29 00:00:00', '2014-10-29 00:00:00'),
(2, 'Rajshahi', '02', 3, '2014-10-29 00:00:00', '2014-10-29 00:00:00'),
(3, 'Khulna', '03', 4, '2014-10-29 00:00:00', '2014-10-29 00:00:00'),
(4, 'Chittagong', '04', 2, '2014-10-29 00:00:00', '2014-10-29 00:00:00'),
(5, 'Barisal', '05', 5, '2014-10-29 00:00:00', '2014-10-29 00:00:00'),
(6, 'Sylhet', '06', 6, '2014-10-29 00:00:00', '2014-10-29 00:00:00'),
(7, 'Rangpur', '07', 7, '2014-10-29 00:00:00', '2014-10-29 00:00:00'),
(8, 'Manikgonj', '08', 1, '2014-10-29 00:00:00', '2014-10-29 00:00:00'),
(9, 'Gazipur', '09', 1, '2014-10-29 00:00:00', '2014-10-29 00:00:00'),
(10, 'Mymensingh', '10', 8, '2014-10-29 00:00:00', '2014-10-29 00:00:00'),
(11, 'Narayanganj', '11', 1, '2014-10-29 00:00:00', '2014-10-29 00:00:00'),
(12, 'Tangail', '12', 1, '2014-10-29 00:00:00', '2014-10-29 00:00:00'),
(13, 'Madaripur', '13', 1, '2014-10-29 00:00:00', '2014-10-29 00:00:00'),
(14, 'Jamalpur', '14', 8, '2014-10-29 00:00:00', '2014-10-29 00:00:00'),
(15, 'Munshiganj', '15', 1, '2014-10-29 00:00:00', '2014-10-29 00:00:00'),
(16, 'Gopalganj', '16', 1, '2014-10-29 00:00:00', '2014-10-29 00:00:00'),
(17, 'Sherpur', '17', 8, '2014-10-29 00:00:00', '2014-10-29 00:00:00'),
(18, 'Kishoreganj', '18', 1, '2014-10-29 00:00:00', '2014-10-29 00:00:00'),
(19, 'Narsingdi', '19', 1, '2014-10-29 00:00:00', '2014-10-29 00:00:00'),
(20, 'Shariatpur', '20', 1, '2014-10-29 00:00:00', '2014-10-29 00:00:00'),
(21, 'Netrokona', '21', 8, '2014-10-29 00:00:00', '2014-10-29 00:00:00'),
(22, 'Rajbari', '22', 1, '2014-10-29 00:00:00', '2014-10-29 00:00:00'),
(23, 'Faridpur', '23', 1, '2014-10-29 00:00:00', '2014-10-29 00:00:00'),
(24, 'Bogra', '24', 3, '2014-10-29 00:00:00', '2014-10-29 00:00:00'),
(25, 'Joypurhat', '25', 3, '2014-10-29 00:00:00', '2014-10-29 00:00:00'),
(26, 'Naogaon', '26', 3, '2014-10-29 00:00:00', '2014-10-29 00:00:00'),
(27, 'Natore', '27', 3, '2014-10-29 00:00:00', '2014-10-29 00:00:00'),
(28, 'Chapai Nawabganj', '28', 3, '2014-10-29 00:00:00', '2014-10-29 00:00:00'),
(29, 'Pabna', '29', 3, '2014-10-29 00:00:00', '2014-10-29 00:00:00'),
(30, 'Sirajganj', '30', 3, '2014-10-29 00:00:00', '2014-10-29 00:00:00'),
(31, 'Shatkhira', '31', 4, '2014-10-29 00:00:00', '2014-10-29 00:00:00'),
(32, 'Bagerhat', '32', 4, '2014-10-29 00:00:00', '2014-10-29 00:00:00'),
(33, 'Jessore', '33', 4, '2014-10-29 00:00:00', '2014-10-29 00:00:00'),
(34, 'Narail', '34', 4, '2014-10-29 00:00:00', '2014-10-29 00:00:00'),
(35, 'Magura', '35', 4, '2014-10-29 00:00:00', '2014-10-29 00:00:00'),
(36, 'Jhenaidah', '36', 4, '2014-10-29 00:00:00', '2014-10-29 00:00:00'),
(37, 'Chuadanga', '37', 4, '2014-10-29 00:00:00', '2014-10-29 00:00:00'),
(38, 'Kushtia', '38', 4, '2014-10-29 00:00:00', '2014-10-29 00:00:00'),
(39, 'Meherpur', '39', 4, '2014-10-29 00:00:00', '2014-10-29 00:00:00'),
(40, 'Bandarban', '40', 2, '2014-10-29 00:00:00', '2014-10-29 00:00:00'),
(41, 'Rangamati', '41', 2, '2014-10-29 00:00:00', '2014-10-29 00:00:00'),
(42, 'Khagrachari', '42', 2, '2014-10-29 00:00:00', '2014-10-29 00:00:00'),
(43, 'Cox\'s Bazar', '43', 2, '2014-10-29 00:00:00', '2014-10-29 00:00:00'),
(44, 'Feni', '44', 2, '2014-10-29 00:00:00', '2014-10-29 00:00:00'),
(45, 'Noakhali', '45', 2, '2014-10-29 00:00:00', '2014-10-29 00:00:00'),
(46, 'Lakshmipur', '46', 2, '2014-10-29 00:00:00', '2014-10-29 00:00:00'),
(47, 'Comilla', '47', 2, '2014-10-29 00:00:00', '2014-10-29 00:00:00'),
(48, 'Brahmanbaria', '48', 2, '2014-10-29 00:00:00', '2014-10-29 00:00:00'),
(49, 'Chandpur', '49', 2, '2014-10-29 00:00:00', '2014-10-29 00:00:00'),
(50, 'Barguna', '50', 5, '2014-10-29 00:00:00', '2014-10-29 00:00:00'),
(51, 'Bhola', '51', 5, '2014-10-29 00:00:00', '2014-10-29 00:00:00'),
(52, 'Jhalokati', '52', 5, '2014-10-29 00:00:00', '2014-10-29 00:00:00'),
(53, 'Patuakhali', '53', 5, '2014-10-29 00:00:00', '2014-10-29 00:00:00'),
(54, 'Pirojpur', '54', 5, '2014-10-29 00:00:00', '2014-10-29 00:00:00'),
(55, 'Maulvi Bazar', '55', 6, '2014-10-29 00:00:00', '2014-10-29 00:00:00'),
(56, 'Habiganj', '56', 6, '2014-10-29 00:00:00', '2014-10-29 00:00:00'),
(57, 'Sunamgonj', '57', 6, '2014-10-29 00:00:00', '2014-10-29 00:00:00'),
(58, 'Dinajpur', '58', 7, '2014-10-29 00:00:00', '2014-10-29 00:00:00'),
(59, 'Gaibandha', '59', 7, '2014-10-29 00:00:00', '2014-10-29 00:00:00'),
(60, 'Kurigram', '60', 7, '2014-10-29 00:00:00', '2014-10-29 00:00:00'),
(61, 'Lalmonirhat', '61', 7, '2014-10-29 00:00:00', '2014-10-29 00:00:00'),
(62, 'Nilphamari', '62', 7, '2014-10-29 00:00:00', '2014-10-29 00:00:00'),
(63, 'Panchagarh', '63', 7, '2014-10-29 00:00:00', '2014-10-29 00:00:00'),
(64, 'Thakurgaon', '64', 7, '2014-10-29 00:00:00', '2014-10-29 00:00:00');

-- --------------------------------------------------------

--
-- Table structure for table `bdedu_education_types`
--

CREATE TABLE `bdedu_education_types` (
  `education_type_row_id` int(11) NOT NULL,
  `school_row_id` int(3) DEFAULT NULL,
  `education_name` varchar(255) NOT NULL,
  `sort_order` int(3) NOT NULL DEFAULT '1',
  `status` tinyint(1) NOT NULL DEFAULT '1',
  `created_by` int(11) NOT NULL,
  `updated_by` int(11) NOT NULL,
  `created_at` datetime NOT NULL,
  `updated_at` datetime NOT NULL
) ENGINE=InnoDB DEFAULT CHARSET=latin1;

--
-- Dumping data for table `bdedu_education_types`
--

INSERT INTO `bdedu_education_types` (`education_type_row_id`, `school_row_id`, `education_name`, `sort_order`, `status`, `created_by`, `updated_by`, `created_at`, `updated_at`) VALUES
(1, 1, 'English Medium', 1, 1, 1, 1, '2019-04-21 00:00:00', '2019-04-21 00:00:00'),
(2, 1, 'English Version', 1, 1, 1, 1, '2019-04-21 00:00:00', '2019-04-21 00:00:00'),
(3, 1, 'Bangla Medium', 1, 1, 1, 1, '2019-04-21 00:00:00', '2019-04-21 00:00:00');

-- --------------------------------------------------------

--
-- Table structure for table `bdedu_exams`
--

CREATE TABLE `bdedu_exams` (
  `exam_row_id` int(11) NOT NULL,
  `education_type_row_id` int(11) NOT NULL,
  `class_row_id` int(11) DEFAULT NULL,
  `module_row_id` int(11) NOT NULL,
  `school_row_id` int(3) DEFAULT NULL,
  `exam_name` varchar(255) CHARACTER SET utf8 COLLATE utf8_unicode_ci DEFAULT NULL,
  `question_level` int(11) DEFAULT NULL COMMENT '1 ~ Foundation, 2 ~ Intermediate, 3 ~ Advance',
  `cat_exam_question` text CHARACTER SET utf8 COLLATE utf8_unicode_ci COMMENT 'JSON Format category and questions',
  `is_mix` varchar(250) CHARACTER SET utf8 COLLATE utf8_unicode_ci DEFAULT '0' COMMENT '0 means single category exam, 1 means mix category exam',
  `descriptive_exam_format` tinyint(1) NOT NULL DEFAULT '0' COMMENT '0 ~ automatic, 1 ~ manual',
  `created_by` int(11) DEFAULT NULL,
  `updated_by` int(11) DEFAULT NULL,
  `created_at` datetime DEFAULT CURRENT_TIMESTAMP,
  `updated_at` datetime DEFAULT CURRENT_TIMESTAMP
) ENGINE=InnoDB DEFAULT CHARSET=latin1;

-- --------------------------------------------------------

--
-- Table structure for table `bdedu_exam_categories`
--

CREATE TABLE `bdedu_exam_categories` (
  `exam_category_row_id` int(11) NOT NULL,
  `module_row_id` int(11) NOT NULL,
  `school_row_id` int(3) DEFAULT NULL,
  `exam_category_name` varchar(255) NOT NULL,
  `exam_category_slug` varchar(255) NOT NULL,
  `icon_name` varchar(255) DEFAULT NULL,
  `parent_id` int(11) DEFAULT NULL,
  `has_child` int(11) DEFAULT NULL,
  `is_difficulty_level` tinyint(1) DEFAULT '1' COMMENT '1 ~ means has difficulty level, 0 ~ means have no difficulty level',
  `sort_order` int(3) NOT NULL DEFAULT '1',
  `status` tinyint(1) DEFAULT '1',
  `created_by` int(11) NOT NULL,
  `updated_by` int(11) DEFAULT NULL,
  `created_at` datetime NOT NULL,
  `updated_at` datetime DEFAULT CURRENT_TIMESTAMP
) ENGINE=InnoDB DEFAULT CHARSET=latin1;

--
-- Dumping data for table `bdedu_exam_categories`
--

INSERT INTO `bdedu_exam_categories` (`exam_category_row_id`, `module_row_id`, `school_row_id`, `exam_category_name`, `exam_category_slug`, `icon_name`, `parent_id`, `has_child`, `is_difficulty_level`, `sort_order`, `status`, `created_by`, `updated_by`, `created_at`, `updated_at`) VALUES
(1, 3, 1, 'Diagnostic test', 'diagnostic-test', '', NULL, NULL, 1, 1, 1, 2, 2, '2019-05-15 06:46:45', '2019-05-21 05:46:54'),
(2, 3, 1, 'Data Analysis and Probability', 'data-analysis-probability-test', '', NULL, NULL, 1, 2, 1, 2, NULL, '2019-05-15 06:48:53', NULL),
(3, 3, 1, 'IQ test', 'iq-test', '', NULL, NULL, 0, 3, 1, 2, NULL, '2019-05-15 06:49:36', NULL),
(4, 3, 1, 'Arithmetic', 'arithmetic', '', NULL, NULL, 1, 4, 1, 2, NULL, '2019-05-15 06:50:11', NULL),
(5, 3, 1, 'Geometry', 'geometry', '', NULL, NULL, 1, 5, 1, 2, NULL, '2019-05-15 06:51:05', NULL),
(6, 3, 1, 'Algebra', 'algebra', '', NULL, NULL, 1, 6, 1, 2, NULL, '2019-05-15 06:51:48', NULL),
(7, 3, 1, 'Numerical skill test', 'numerical-skill-test', '', NULL, NULL, 1, 7, 1, 2, NULL, '2019-05-15 06:52:45', NULL);

-- --------------------------------------------------------

--
-- Table structure for table `bdedu_exam_questions`
--

CREATE TABLE `bdedu_exam_questions` (
  `exam_question_row_id` int(11) NOT NULL,
  `education_type_row_id` int(11) NOT NULL,
  `class_row_id` text CHARACTER SET utf8 COLLATE utf8_unicode_ci COMMENT 'JSON Format Class',
  `module_row_id` int(11) NOT NULL,
  `school_row_id` int(3) DEFAULT NULL,
  `exam_category_row_id` int(11) NOT NULL,
  `question_type` int(11) NOT NULL COMMENT '1 ~ Multiple Choice, 2 ~ Short Descriptive, 3 ~ Broad Descriptive',
  `question_title` varchar(255) CHARACTER SET utf8 COLLATE utf8_unicode_ci DEFAULT NULL,
  `question_title_attachment` varchar(255) DEFAULT NULL COMMENT 'Image,Audio,Video',
  `question_level` text COMMENT '1 ~ Foundation, 2 ~ Intermediate, 3 ~ Advance',
  `question_mimetype` int(3) DEFAULT NULL COMMENT '1 ~ Text Question, 2 ~ Image Question, 3 ~ Audio(MP3) Question, 4 ~ Video(MP4) Question',
  `answer_type` int(3) DEFAULT NULL COMMENT '1 ~ Text Answer, 2 ~ Image Answer',
  `mark_weight` int(3) NOT NULL DEFAULT '1',
  `answer_1` varchar(250) CHARACTER SET utf8 COLLATE utf8_unicode_ci DEFAULT NULL,
  `answer_2` varchar(250) CHARACTER SET utf8 COLLATE utf8_unicode_ci DEFAULT NULL,
  `answer_3` varchar(250) CHARACTER SET utf8 COLLATE utf8_unicode_ci DEFAULT NULL,
  `answer_4` varchar(250) CHARACTER SET utf8 COLLATE utf8_unicode_ci DEFAULT NULL,
  `is_correct_answer` int(3) DEFAULT NULL,
  `created_by` int(11) DEFAULT NULL,
  `updated_by` int(11) DEFAULT NULL,
  `created_at` datetime DEFAULT CURRENT_TIMESTAMP,
  `updated_at` datetime DEFAULT CURRENT_TIMESTAMP
) ENGINE=InnoDB DEFAULT CHARSET=latin1;

-- --------------------------------------------------------

--
-- Table structure for table `bdedu_exam_results`
--

CREATE TABLE `bdedu_exam_results` (
  `exam_result_row_id` int(11) NOT NULL,
  `student_row_id` int(11) NOT NULL,
  `class_row_id` int(11) DEFAULT NULL,
  `exam_category_row_id` int(11) NOT NULL,
  `exam_row_id` int(3) DEFAULT NULL,
  `total_time` int(11) DEFAULT NULL COMMENT 'time taken in minute format',
  `total_questions` int(11) NOT NULL,
  `total_correct_answer` int(11) DEFAULT NULL,
  `total_wrong_answer` int(11) DEFAULT NULL,
  `all_question_row_id` text CHARACTER SET utf8 COLLATE utf8_unicode_ci COMMENT 'all exam question row id in json format',
  `total_marks` float(3,2) DEFAULT NULL,
  `percentage_obtained` float(3,2) DEFAULT NULL,
  `comment` text,
  `assessor_comment` text,
  `created_by` int(11) DEFAULT NULL,
  `updated_by` int(11) DEFAULT NULL,
  `created_at` datetime DEFAULT CURRENT_TIMESTAMP,
  `updated_at` datetime DEFAULT CURRENT_TIMESTAMP
) ENGINE=InnoDB DEFAULT CHARSET=latin1;

-- --------------------------------------------------------

--
-- Table structure for table `bdedu_master_classes`
--

CREATE TABLE `bdedu_master_classes` (
  `class_row_id` int(3) NOT NULL,
  `class_name` varchar(100) NOT NULL,
  `class_name_roman` varchar(100) NOT NULL,
  `sort_order` int(3) NOT NULL,
  `school_group` tinyint(1) NOT NULL,
  `created_by` int(11) NOT NULL,
  `updated_by` int(11) NOT NULL,
  `created_at` datetime DEFAULT NULL,
  `updated_at` datetime DEFAULT NULL
) ENGINE=InnoDB DEFAULT CHARSET=latin1;

--
-- Dumping data for table `bdedu_master_classes`
--

INSERT INTO `bdedu_master_classes` (`class_row_id`, `class_name`, `class_name_roman`, `sort_order`, `school_group`, `created_by`, `updated_by`, `created_at`, `updated_at`) VALUES
(1, 'One', 'I', 6, 2, 1, 1, '2016-09-06 11:00:00', '2016-09-06 11:00:00'),
(2, 'Two', 'II', 7, 2, 1, 1, '2016-09-06 11:00:00', '2016-09-06 11:00:00'),
(3, 'Three', 'III', 8, 2, 1, 1, '2016-09-06 11:00:00', '2016-09-06 11:00:00'),
(4, 'Four', 'IV', 9, 2, 1, 1, '2016-09-06 11:00:00', '2016-09-06 11:00:00'),
(5, 'Five', 'V', 10, 2, 1, 1, '2016-09-06 11:00:00', '2016-09-06 11:00:00'),
(6, 'Six', 'VI', 11, 3, 1, 1, '2016-09-06 11:00:00', '2016-09-06 11:00:00'),
(7, 'Seven', 'VII', 12, 3, 1, 1, '2016-09-06 11:00:00', '2016-09-06 11:00:00'),
(8, 'Eight', 'VIII', 13, 3, 1, 1, '2016-09-06 11:00:00', '2016-09-06 11:00:00'),
(9, 'Nine', 'IX', 14, 3, 1, 1, '2016-09-06 11:00:00', '2016-09-06 11:00:00'),
(10, 'Ten', 'X', 15, 3, 1, 1, '2016-09-06 11:00:00', '2016-09-06 11:00:00'),
(11, 'Eleven', 'XI', 16, 4, 1, 1, '2016-09-06 11:00:00', '2016-09-06 11:00:00'),
(12, 'Twelve', 'XII', 17, 4, 1, 1, '2016-09-06 11:00:00', '2016-09-06 11:00:00'),
(13, 'Pre Primary', 'Pre Primary', 1, 1, 1, 0, '2016-09-06 11:00:00', '2016-09-06 11:00:00'),
(14, 'Nursery', 'Nursery', 2, 1, 1, 0, '2016-09-06 11:00:00', '2016-09-06 11:00:00'),
(15, 'KG', 'KG', 3, 1, 1, 0, '2016-09-06 11:00:00', '2016-09-06 11:00:00'),
(16, 'KG-1', 'KG-1', 4, 1, 0, 0, '2016-09-06 11:00:00', '2016-09-06 11:00:00'),
(17, 'KG-2', 'KG-2', 5, 1, 0, 0, '2016-09-06 11:00:00', '2016-09-06 11:00:00');

-- --------------------------------------------------------

--
-- Table structure for table `bdedu_modules`
--

CREATE TABLE `bdedu_modules` (
  `module_row_id` int(11) NOT NULL,
  `school_row_id` int(3) DEFAULT NULL,
  `module_name` varchar(255) NOT NULL,
  `module_slug` varchar(255) NOT NULL,
  `sort_order` int(3) NOT NULL DEFAULT '1',
  `status` tinyint(1) NOT NULL DEFAULT '1',
  `created_by` int(11) NOT NULL,
  `updated_by` int(11) NOT NULL,
  `created_at` datetime NOT NULL,
  `updated_at` datetime NOT NULL
) ENGINE=InnoDB DEFAULT CHARSET=latin1;

--
-- Dumping data for table `bdedu_modules`
--

INSERT INTO `bdedu_modules` (`module_row_id`, `school_row_id`, `module_name`, `module_slug`, `sort_order`, `status`, `created_by`, `updated_by`, `created_at`, `updated_at`) VALUES
(1, 1, 'IIDP', 'iidp', 1, 1, 2, 2, '2019-04-17 00:00:00', '2019-04-17 00:00:00'),
(2, 1, 'ECDP', 'ecdp', 2, 1, 2, 2, '2019-04-17 00:00:00', '2019-04-17 00:00:00'),
(3, 1, 'MSDP', 'msdp', 3, 1, 2, 2, '2019-04-17 09:42:00', '2019-04-17 00:00:00'),
(4, 1, 'BCDP', 'bcdp', 4, 1, 2, 2, '2019-04-17 09:42:00', '2019-04-17 00:00:00'),
(5, 1, 'SSDP', 'ssdp', 5, 1, 2, 2, '2019-04-17 09:42:00', '2019-04-17 09:44:07'),
(6, 1, 'HMMS', 'hmms', 6, 1, 2, 2, '2019-04-17 09:42:00', '2019-04-17 09:44:07');

-- --------------------------------------------------------

--
-- Table structure for table `bdedu_psychology_categories`
--

CREATE TABLE `bdedu_psychology_categories` (
  `psychology_exam_category_row_id` int(11) NOT NULL,
  `module_row_id` int(11) NOT NULL,
  `school_row_id` int(3) DEFAULT NULL,
  `exam_category_name` varchar(255) NOT NULL,
  `exam_category_slug` varchar(255) NOT NULL,
  `icon_name` varchar(255) DEFAULT NULL,
  `parent_id` int(11) DEFAULT NULL,
  `has_child` int(11) DEFAULT NULL,
  `level` int(11) DEFAULT NULL,
  `sort_order` int(3) NOT NULL DEFAULT '1',
  `status` tinyint(1) DEFAULT '1',
  `created_by` int(11) NOT NULL,
  `updated_by` int(11) DEFAULT NULL,
  `created_at` datetime DEFAULT CURRENT_TIMESTAMP,
  `updated_at` datetime DEFAULT CURRENT_TIMESTAMP
) ENGINE=InnoDB DEFAULT CHARSET=latin1;

--
-- Dumping data for table `bdedu_psychology_categories`
--

INSERT INTO `bdedu_psychology_categories` (`psychology_exam_category_row_id`, `module_row_id`, `school_row_id`, `exam_category_name`, `exam_category_slug`, `icon_name`, `parent_id`, `has_child`, `level`, `sort_order`, `status`, `created_by`, `updated_by`, `created_at`, `updated_at`) VALUES
(1, 3, 1, 'Physical and Emotional Factors', 'physical-emotional-factors', NULL, NULL, NULL, NULL, 1, 1, 2, 2, '2019-05-12 11:14:24', '2019-05-12 11:14:24'),
(2, 3, 1, 'Social and Emotional Factors', 'social-emotional-factors', NULL, NULL, NULL, NULL, 2, 1, 2, 2, '2019-05-12 11:14:24', '2019-05-12 11:14:24'),
(3, 3, 1, 'Personal Experience and Perception about Mathematics', 'personal-experience-perception', NULL, NULL, NULL, NULL, 3, 1, 2, 2, '2019-05-12 11:14:33', '2019-05-12 11:14:31'),
(4, 3, 1, 'Cross Examination / Factor Analysis', 'cross-examination-factor-analysis', NULL, NULL, NULL, NULL, 4, 1, 2, 2, '2019-05-12 12:18:17', '0000-00-00 00:00:00');

-- --------------------------------------------------------

--
-- Table structure for table `bdedu_psychology_questions`
--

CREATE TABLE `bdedu_psychology_questions` (
  `psychology_question_row_id` int(11) NOT NULL,
  `school_row_id` int(11) DEFAULT NULL,
  `education_type_row_id` int(11) NOT NULL,
  `class_row_id` text CHARACTER SET utf8 COLLATE utf8_unicode_ci,
  `module_row_id` int(11) DEFAULT NULL,
  `psychology_exam_category_row_id` int(11) DEFAULT NULL,
  `question_title` varchar(255) CHARACTER SET utf8 COLLATE utf8_unicode_ci DEFAULT NULL,
  `question_title_attachment` varchar(255) CHARACTER SET utf8 COLLATE utf8_unicode_ci DEFAULT NULL,
  `question_level` text CHARACTER SET utf8 COLLATE utf8_unicode_ci COMMENT '1 ~ Foundation, 2 ~ Intermediate, 3 ~ Advance',
  `updated_by` int(11) DEFAULT NULL,
  `updated_at` datetime DEFAULT CURRENT_TIMESTAMP,
  `created_at` datetime DEFAULT CURRENT_TIMESTAMP,
  `created_by` int(11) DEFAULT NULL,
  `answer_1` varchar(255) CHARACTER SET utf8 COLLATE utf8_unicode_ci DEFAULT NULL,
  `marks_1` int(2) DEFAULT NULL,
  `answer_2` varchar(255) CHARACTER SET utf8 COLLATE utf8_unicode_ci DEFAULT NULL,
  `marks_2` int(2) DEFAULT NULL,
  `answer_3` varchar(255) CHARACTER SET utf8 COLLATE utf8_unicode_ci DEFAULT NULL,
  `marks_3` int(2) DEFAULT NULL,
  `answer_4` varchar(255) CHARACTER SET utf8 COLLATE utf8_unicode_ci DEFAULT NULL,
  `marks_4` int(2) DEFAULT NULL,
  `answer_5` varchar(255) CHARACTER SET utf8 COLLATE utf8_unicode_ci DEFAULT NULL,
  `marks_5` int(2) DEFAULT NULL
) ENGINE=InnoDB DEFAULT CHARSET=latin1;

-- --------------------------------------------------------

--
-- Table structure for table `bdedu_schools`
--

CREATE TABLE `bdedu_schools` (
  `school_row_id` int(11) NOT NULL,
  `school_encrypted_row_id` varchar(255) NOT NULL,
  `school_id` int(3) NOT NULL,
  `academic_session_row_id` int(1) NOT NULL,
  `school_name` varchar(255) NOT NULL,
  `school_name_bn` varchar(255) CHARACTER SET utf8 DEFAULT NULL,
  `school_classes` varchar(255) NOT NULL,
  `school_eiin_id` varchar(100) NOT NULL,
  `school_mobile_no` varchar(255) NOT NULL,
  `school_phone_no` varchar(255) NOT NULL,
  `school_logo` text CHARACTER SET utf8 NOT NULL,
  `school_slogan` text CHARACTER SET utf8 NOT NULL,
  `school_slogan_bangla` text CHARACTER SET utf8 NOT NULL,
  `school_address` text NOT NULL,
  `division_id` tinyint(1) DEFAULT NULL,
  `district_id` int(3) DEFAULT NULL,
  `upazila_id` int(5) DEFAULT NULL,
  `post_code` int(5) NOT NULL,
  `school_establishment_date` varchar(255) NOT NULL,
  `is_active` tinyint(1) NOT NULL DEFAULT '1',
  `created_by` int(11) NOT NULL,
  `updated_by` int(11) NOT NULL,
  `created_at` datetime NOT NULL,
  `updated_at` datetime NOT NULL
) ENGINE=InnoDB DEFAULT CHARSET=latin1;

--
-- Dumping data for table `bdedu_schools`
--

INSERT INTO `bdedu_schools` (`school_row_id`, `school_encrypted_row_id`, `school_id`, `academic_session_row_id`, `school_name`, `school_name_bn`, `school_classes`, `school_eiin_id`, `school_mobile_no`, `school_phone_no`, `school_logo`, `school_slogan`, `school_slogan_bangla`, `school_address`, `division_id`, `district_id`, `upazila_id`, `post_code`, `school_establishment_date`, `is_active`, `created_by`, `updated_by`, `created_at`, `updated_at`) VALUES
(1, 'c4ca4238a0b923820dcc509a6f75849b', 1001, 1, 'ASIYA BARI IDEAL SCHOOL', '', '[\"13\",\"14\",\"1\",\"2\",\"3\",\"4\",\"5\",\"6\",\"7\",\"8\",\"9\",\"10\"]', '11111', '', '', 'Asiya-Bari-Logo.png', '', '', 'Mothkhola', 1, 18, 40, 2326, '', 1, 1, 2, '0000-00-00 00:00:00', '2019-05-21 05:44:47');

-- --------------------------------------------------------

--
-- Table structure for table `bdedu_school_class_shifts`
--

CREATE TABLE `bdedu_school_class_shifts` (
  `class_shift_row_id` int(11) NOT NULL,
  `school_row_id` int(11) NOT NULL,
  `class_row_id` int(11) NOT NULL,
  `shift_row_id` int(11) NOT NULL,
  `academic_session` int(5) NOT NULL,
  `is_active` tinyint(1) NOT NULL DEFAULT '1',
  `created_by` int(11) NOT NULL,
  `updated_by` int(111) DEFAULT NULL,
  `created_at` datetime NOT NULL DEFAULT CURRENT_TIMESTAMP,
  `updated_at` datetime DEFAULT CURRENT_TIMESTAMP
) ENGINE=InnoDB DEFAULT CHARSET=latin1;

--
-- Dumping data for table `bdedu_school_class_shifts`
--

INSERT INTO `bdedu_school_class_shifts` (`class_shift_row_id`, `school_row_id`, `class_row_id`, `shift_row_id`, `academic_session`, `is_active`, `created_by`, `updated_by`, `created_at`, `updated_at`) VALUES
(1, 1, 13, 1, 1, 1, 2, 2, '2019-04-28 07:21:10', '2019-04-28 07:23:09'),
(2, 1, 14, 1, 1, 1, 2, 2, '2019-04-28 07:21:10', '2019-04-28 07:23:09'),
(3, 1, 1, 1, 1, 1, 2, 2, '2019-04-28 07:21:10', '2019-04-28 07:23:09'),
(4, 1, 2, 1, 1, 1, 2, 2, '2019-04-28 07:21:10', '2019-04-28 07:23:09'),
(5, 1, 3, 1, 1, 1, 2, 2, '2019-04-28 07:21:10', '2019-04-28 07:23:09'),
(6, 1, 4, 1, 1, 1, 2, 2, '2019-04-28 07:21:10', '2019-04-28 07:23:09'),
(7, 1, 5, 1, 1, 1, 2, 2, '2019-04-28 07:21:10', '2019-04-28 07:23:09'),
(8, 1, 6, 1, 1, 1, 2, 2, '2019-04-28 07:21:10', '2019-04-28 07:23:09'),
(9, 1, 7, 1, 1, 1, 2, 2, '2019-04-28 07:21:10', '2019-04-28 07:23:09'),
(10, 1, 8, 1, 1, 1, 2, 2, '2019-04-28 07:21:10', '2019-04-28 07:23:09'),
(11, 1, 9, 1, 1, 1, 2, 2, '2019-04-28 07:21:10', '2019-04-28 07:23:09'),
(12, 1, 10, 1, 1, 1, 2, 2, '2019-04-28 07:21:10', '2019-04-28 07:23:09'),
(13, 1, 11, 1, 1, 1, 2, NULL, '2019-05-15 06:38:11', '2019-05-15 12:38:11'),
(14, 1, 12, 1, 1, 1, 2, NULL, '2019-05-15 06:38:11', '2019-05-15 12:38:11');

-- --------------------------------------------------------

--
-- Table structure for table `bdedu_school_sections`
--

CREATE TABLE `bdedu_school_sections` (
  `section_row_id` int(11) NOT NULL,
  `class_row_id` int(3) NOT NULL,
  `section_name` varchar(100) NOT NULL,
  `school_row_id` int(11) NOT NULL,
  `academic_session` int(5) NOT NULL,
  `is_active` tinyint(1) NOT NULL DEFAULT '1',
  `created_by` int(11) NOT NULL,
  `updated_by` int(11) DEFAULT NULL,
  `created_at` datetime NOT NULL,
  `updated_at` datetime DEFAULT CURRENT_TIMESTAMP
) ENGINE=InnoDB DEFAULT CHARSET=latin1;

--
-- Dumping data for table `bdedu_school_sections`
--

INSERT INTO `bdedu_school_sections` (`section_row_id`, `class_row_id`, `section_name`, `school_row_id`, `academic_session`, `is_active`, `created_by`, `updated_by`, `created_at`, `updated_at`) VALUES
(1, 2, 'Level 2', 1, 1, 1, 2, NULL, '2019-05-21 05:46:45', '2019-05-21 11:46:45');

-- --------------------------------------------------------

--
-- Table structure for table `bdedu_school_shifts`
--

CREATE TABLE `bdedu_school_shifts` (
  `shift_row_id` int(11) NOT NULL,
  `school_row_id` int(11) NOT NULL,
  `shift_title` varchar(255) CHARACTER SET utf8 NOT NULL,
  `shift_start_from` time NOT NULL,
  `shift_end_to` time NOT NULL,
  `is_active` tinyint(1) NOT NULL DEFAULT '1',
  `academic_session` int(5) NOT NULL,
  `created_by` int(11) NOT NULL,
  `updated_by` int(11) NOT NULL,
  `created_at` datetime NOT NULL DEFAULT CURRENT_TIMESTAMP,
  `updated_at` datetime NOT NULL DEFAULT CURRENT_TIMESTAMP
) ENGINE=InnoDB DEFAULT CHARSET=latin1;

--
-- Dumping data for table `bdedu_school_shifts`
--

INSERT INTO `bdedu_school_shifts` (`shift_row_id`, `school_row_id`, `shift_title`, `shift_start_from`, `shift_end_to`, `is_active`, `academic_session`, `created_by`, `updated_by`, `created_at`, `updated_at`) VALUES
(1, 1, 'Regular', '09:00:00', '16:00:00', 1, 1, 2, 2, '2019-04-28 07:11:39', '2019-05-21 05:45:21');

-- --------------------------------------------------------

--
-- Table structure for table `bdedu_sessions`
--

CREATE TABLE `bdedu_sessions` (
  `id` varchar(255) NOT NULL,
  `user_id` int(11) DEFAULT NULL,
  `ip_address` varchar(45) DEFAULT NULL,
  `user_agent` text,
  `payload` text NOT NULL,
  `last_activity` int(11) NOT NULL
) ENGINE=InnoDB DEFAULT CHARSET=latin1;

--
-- Dumping data for table `bdedu_sessions`
--

INSERT INTO `bdedu_sessions` (`id`, `user_id`, `ip_address`, `user_agent`, `payload`, `last_activity`) VALUES
('Lv0TUn9mWCAid0rn09mIhtDLa4tQ6q4OGzJHHZYf', NULL, '::1', 'Mozilla/5.0 (Windows NT 10.0; WOW64; rv:65.0) Gecko/20100101 Firefox/65.0', 'YTo2OntzOjY6Il90b2tlbiI7czo0MDoiUXJxTFlqT3RaWWh6QjVqYnRmMGJLRnQ2eWt5UHBEN3loR0MzWDdtZSI7czo5OiJfcHJldmlvdXMiO2E6MTp7czozOiJ1cmwiO3M6NDA6Imh0dHA6Ly9sb2NhbGhvc3QvYmRlZHVjYXRpb24vc2Nob29sQWRtaW4iO31zOjY6Il9mbGFzaCI7YToyOntzOjM6Im9sZCI7YTowOnt9czozOiJuZXciO2E6MDp7fX1zOjExOiJzY2hvb2xfbG9nbyI7czoxOToiQXNpeWEtQmFyaS1Mb2dvLnBuZyI7czoxMToic2Nob29sX25hbWUiO3M6MjM6IkFTSVlBIEJBUkkgSURFQUwgU0NIT09MIjtzOjIzOiJhY2FkZW1pY19zZXNzaW9uX3Jvd19pZCI7aToyO30=', 1551958475),
('yNFkLP5vYaZHwTKRZerpLbj1rBzb8gYUqvkHCZva', NULL, '::1', 'Mozilla/5.0 (Windows NT 10.0; WOW64; rv:65.0) Gecko/20100101 Firefox/65.0', 'YTo4OntzOjY6Il90b2tlbiI7czo0MDoiWVFHYVNQd29lSzNGYXF3SnVUZmU3UkZrSERQdjl2dEVOZDFQRm1TUyI7czo5OiJfcHJldmlvdXMiO2E6MTp7czozOiJ1cmwiO3M6Njk6Imh0dHA6Ly9sb2NhbGhvc3QvYmRlZHVjYXRpb24vc2Nob29sQWRtaW4vc2Nob2xhcnNoaXAvbWFzcy9lbnRpdGxlbWVudCI7fXM6NjoiX2ZsYXNoIjthOjI6e3M6Mzoib2xkIjthOjA6e31zOjM6Im5ldyI7YTowOnt9fXM6NTk6ImxvZ2luX3NjaG9vbEFkbWluc181OWJhMzZhZGRjMmIyZjk0MDE1ODBmMDE0YzdmNThlYTRlMzA5ODlkIjtpOjI7czoxMzoic2Nob29sX3Jvd19pZCI7aToxO3M6MTE6InNjaG9vbF9sb2dvIjtzOjE5OiJBc2l5YS1CYXJpLUxvZ28ucG5nIjtzOjExOiJzY2hvb2xfbmFtZSI7czoyMzoiQVNJWUEgQkFSSSBJREVBTCBTQ0hPT0wiO3M6MjM6ImFjYWRlbWljX3Nlc3Npb25fcm93X2lkIjtpOjI7fQ==', 1552394380),
('bUt502K50OQdOwEwHP3M4ka03Ki7yqJhgQDVp8zD', NULL, '::1', 'Mozilla/5.0 (Windows NT 10.0; WOW64; rv:65.0) Gecko/20100101 Firefox/65.0', 'YTo2OntzOjY6Il90b2tlbiI7czo0MDoiRkV0SldwekFEQmRGZ3QwQXJxRXFvd1VsOEszM0I5Qzl1MGZ3MWZpVCI7czo5OiJfcHJldmlvdXMiO2E6MTp7czozOiJ1cmwiO3M6NDA6Imh0dHA6Ly9sb2NhbGhvc3QvYmRlZHVjYXRpb24vc2Nob29sQWRtaW4iO31zOjY6Il9mbGFzaCI7YToyOntzOjM6Im9sZCI7YTowOnt9czozOiJuZXciO2E6MDp7fX1zOjExOiJzY2hvb2xfbG9nbyI7czoxOToiQXNpeWEtQmFyaS1Mb2dvLnBuZyI7czoxMToic2Nob29sX25hbWUiO3M6MjM6IkFTSVlBIEJBUkkgSURFQUwgU0NIT09MIjtzOjIzOiJhY2FkZW1pY19zZXNzaW9uX3Jvd19pZCI7aToyO30=', 1552453210),
('UBYbNT6LZnoKMcX98LzKmweW5yEfhchIzlYKERke', NULL, '::1', 'Mozilla/5.0 (Windows NT 10.0; WOW64; rv:66.0) Gecko/20100101 Firefox/66.0', 'YTo4OntzOjY6Il90b2tlbiI7czo0MDoiTUlXZkVmb3A5R3ZEVGRmTkRWbUZMUXA3WW5wdnRoRmd1cTY0eGhWQiI7czo5OiJfcHJldmlvdXMiO2E6MTp7czozOiJ1cmwiO3M6NzY6Imh0dHA6Ly9sb2NhbGhvc3QvYmRlZHVjYXRpb24vc2Nob29sQWRtaW4vc2Nob29sU2V0dGluZy9tYW5hZ2VBY2FkZW1pY1Nlc3Npb24iO31zOjY6Il9mbGFzaCI7YToyOntzOjM6Im9sZCI7YTowOnt9czozOiJuZXciO2E6MDp7fX1zOjU5OiJsb2dpbl9zY2hvb2xBZG1pbnNfNTliYTM2YWRkYzJiMmY5NDAxNTgwZjAxNGM3ZjU4ZWE0ZTMwOTg5ZCI7aToyO3M6MTM6InNjaG9vbF9yb3dfaWQiO2k6MTtzOjExOiJzY2hvb2xfbG9nbyI7czoxOToiQXNpeWEtQmFyaS1Mb2dvLnBuZyI7czoxMToic2Nob29sX25hbWUiO3M6MjM6IkFTSVlBIEJBUkkgSURFQUwgU0NIT09MIjtzOjIzOiJhY2FkZW1pY19zZXNzaW9uX3Jvd19pZCI7aToyO30=', 1555475577),
('75ksTueIlVHF2A9XiqFPZgYpcb7NuejuniPkofwQ', NULL, '::1', 'Mozilla/5.0 (Windows NT 10.0; Win64; x64) AppleWebKit/537.36 (KHTML, like Gecko) Chrome/73.0.3683.103 Safari/537.36', 'YTo4OntzOjY6Il90b2tlbiI7czo0MDoiWmkwclFzZlVmdHdjTkxCR3U2M0lFRlJoT2RiS0d5bXVxTHNPS01pNiI7czo5OiJfcHJldmlvdXMiO2E6MTp7czozOiJ1cmwiO3M6NzY6Imh0dHA6Ly9sb2NhbGhvc3QvYmRlZHVjYXRpb24vc2Nob29sQWRtaW4vc2Nob29sU2V0dGluZy9tYW5hZ2VBY2FkZW1pY1Nlc3Npb24iO31zOjY6Il9mbGFzaCI7YToyOntzOjM6Im9sZCI7YTowOnt9czozOiJuZXciO2E6MDp7fX1zOjU5OiJsb2dpbl9zY2hvb2xBZG1pbnNfNTliYTM2YWRkYzJiMmY5NDAxNTgwZjAxNGM3ZjU4ZWE0ZTMwOTg5ZCI7aToyO3M6MTM6InNjaG9vbF9yb3dfaWQiO2k6MTtzOjExOiJzY2hvb2xfbG9nbyI7czoxOToiQXNpeWEtQmFyaS1Mb2dvLnBuZyI7czoxMToic2Nob29sX25hbWUiO3M6MjM6IkFTSVlBIEJBUkkgSURFQUwgU0NIT09MIjtzOjIzOiJhY2FkZW1pY19zZXNzaW9uX3Jvd19pZCI7aToyO30=', 1555998056);

-- --------------------------------------------------------

--
-- Table structure for table `bdedu_students`
--

CREATE TABLE `bdedu_students` (
  `student_row_id` int(11) UNSIGNED NOT NULL,
  `student_id` bigint(20) DEFAULT NULL,
  `student_id_bak` int(11) NOT NULL,
  `student_name` varchar(255) COLLATE utf8_unicode_ci NOT NULL,
  `student_name_bangla` varchar(255) COLLATE utf8_unicode_ci NOT NULL,
  `email` varchar(255) COLLATE utf8_unicode_ci DEFAULT NULL,
  `status` tinyint(1) NOT NULL DEFAULT '1',
  `password` varchar(255) COLLATE utf8_unicode_ci NOT NULL,
  `student_password_text` varchar(255) COLLATE utf8_unicode_ci NOT NULL,
  `school_row_id` int(11) NOT NULL,
  `current_session` int(3) NOT NULL,
  `current_class` tinyint(1) NOT NULL,
  `current_shift` tinyint(1) NOT NULL DEFAULT '1',
  `current_department` tinyint(1) NOT NULL DEFAULT '1' COMMENT '1=General, 2= Science, 3=Arts, 4=commerce, 5=other',
  `current_section` int(11) NOT NULL,
  `current_rollnumber` int(11) NOT NULL,
  `contact` varchar(255) COLLATE utf8_unicode_ci DEFAULT NULL,
  `student_phone` varchar(255) COLLATE utf8_unicode_ci NOT NULL,
  `student_gender` tinyint(1) NOT NULL,
  `guardian_row_id` int(11) NOT NULL,
  `guardian_login_row_id` int(11) NOT NULL,
  `remember_token` varchar(100) COLLATE utf8_unicode_ci DEFAULT NULL,
  `active_status` tinyint(1) NOT NULL DEFAULT '1' COMMENT '0 = inactive, 1 = active',
  `created_by` int(11) NOT NULL,
  `updated_by` int(11) NOT NULL,
  `created_at` timestamp NULL DEFAULT NULL,
  `updated_at` timestamp NULL DEFAULT NULL
) ENGINE=InnoDB DEFAULT CHARSET=utf8 COLLATE=utf8_unicode_ci;

--
-- Dumping data for table `bdedu_students`
--

INSERT INTO `bdedu_students` (`student_row_id`, `student_id`, `student_id_bak`, `student_name`, `student_name_bangla`, `email`, `status`, `password`, `student_password_text`, `school_row_id`, `current_session`, `current_class`, `current_shift`, `current_department`, `current_section`, `current_rollnumber`, `contact`, `student_phone`, `student_gender`, `guardian_row_id`, `guardian_login_row_id`, `remember_token`, `active_status`, `created_by`, `updated_by`, `created_at`, `updated_at`) VALUES
(1, 10117060001, 17060001, 'Sunandita Saha Chowdhury (Peu)', 'সুনন্দিতা সাহা চৌধুরী (পিউ)', '10117060001@bdeducation.org.bd', 1, '$2y$10$gdetjxV1Unb1RW/0Q.PmZOIG0yIT1WpqryLhod6qjzB9161frzWCe', '123456', 1, 2, 7, 1, 1, 2, 1, NULL, '', 2, 0, 1, 'nXyNF5WLUgWwkrqpqAniLcolrKPMM2PEy4I0hfFne2irEDvY7d4WTVhr1cSX', 1, 2, 2, '2017-03-12 13:42:37', '2018-05-04 17:43:01'),
(2, 10117060002, 17060002, 'Fahima Tasnim Mita', 'ফাহিমা তাসনিম মিতা', '10117060002@bdeducation.org.bd', 1, '$2y$10$62mOQRdQSMTLAPy0/uIInO9wQp6KaqrnIzpdPuB7JFY./56qKhCCa', '123456', 1, 2, 7, 1, 1, 2, 2, NULL, '', 2, 0, 1, NULL, 1, 2, 2, '2017-03-12 16:16:10', '2018-05-08 06:11:36'),
(3, 10117060003, 17060003, 'Abdullah All Akib', 'আবদুল্লাহ আল আকিব', '10117060003@bdeducation.org.bd', 1, '$2y$10$a9yXJ19MEBlbbktDlXcoe.DSWXMLz6kuzoAZvyIhhI90NHBb3Sz4O', '123456', 1, 2, 7, 1, 1, 2, 10, NULL, '', 1, 0, 1, NULL, 1, 2, 2, '2017-03-12 16:39:42', '2018-03-08 05:20:48'),
(4, 10117060004, 17060004, 'Sadia Sultana Monny', 'সাদিয়া সুলতানা মুন্নি', '10117060004@bdeducation.org.bd', 1, '$2y$10$0sT1b/XqDBPFecTwLlCTSe1G/6vcLkLgLNvH/mLLkLPFQkZmweepO', '123456', 1, 2, 7, 1, 1, 2, 3, NULL, '', 2, 0, 1, NULL, 1, 2, 2, '2017-03-12 16:49:31', '2018-03-08 04:18:42'),
(5, 10117060005, 17060005, 'Sakib Hossin', 'শাকিব হোসেন', '10117060005@bdeducation.org.bd', 1, '$2y$10$9nKy5yNaovhH5OkFeTvhRO1ugn72/qOu05Z6jUe15L4VKKpHzLUEC', '123456', 1, 2, 7, 1, 1, 2, 17, NULL, '', 1, 0, 1, NULL, 1, 2, 2, '2017-03-12 16:57:20', '2018-05-07 06:15:52'),
(6, 10117060006, 17060006, 'Abue Naiyeem', 'আবু নাঈম', '10117060006@bdeducation.org.bd', 1, '$2y$10$m.fkeJSZgHT1AlGoZXoMbO9F3wXuQvF9Pjx1eC8rAurY23NkjrMbq', '123456', 1, 2, 7, 1, 1, 2, 13, NULL, '', 1, 0, 1, NULL, 1, 2, 2, '2017-03-12 17:11:43', '2018-05-07 10:05:26'),
(7, 10117060007, 17060007, 'Sudipta Das', 'সুদীপ্ত দাস', '10117060007@bdeducation.org.bd', 1, '$2y$10$l3v.MJ.Zb2eeZoe0ZZg0k.y9V3Cy.LlwE8HD2y2VmVnizWSobegQ2', '123456', 1, 2, 7, 1, 1, 2, 11, NULL, '', 1, 0, 1, NULL, 1, 2, 2, '2017-03-12 17:21:55', '2018-03-08 05:21:36'),
(8, 10117060008, 17060008, 'Mis. Sungida Islam', 'মিস. সানজিদা ইসলাম', '10117060008@bdeducation.org.bd', 1, '$2y$10$v8rWCEs7Dg5zJVNtAt19Te480GCH2qkBhoqaGXd8/uhcy1lf.5hXS', '123456', 1, 2, 7, 1, 1, 2, 5, NULL, '', 2, 0, 1, NULL, 1, 2, 2, '2017-03-12 17:51:19', '2018-03-08 04:58:35'),
(9, 10117060009, 17060009, 'Atiqur Rahman', 'আতিকুর রহমান', '10117060009@bdeducation.org.bd', 1, '$2y$10$S4w.SprMas/xO8Q3kYDNseAgLnbYueBhXl9TzZnxcSXaCraBjj/Em', '123456', 1, 2, 7, 1, 1, 2, 14, NULL, '', 1, 0, 1, NULL, 1, 2, 2, '2017-03-12 17:59:53', '2018-03-04 03:46:56'),
(10, 10117060010, 17060010, 'Sadia Akther Mim', 'সাদিয়া আক্তার মীম', '10117060010@bdeducation.org.bd', 1, '$2y$10$TU.Th1isD6THmoMyviCg3uT7fUkY3En1dELucENNCPEwqrkZ6ZVy.', '123456', 1, 2, 7, 1, 1, 2, 22, NULL, '', 2, 0, 1, NULL, 1, 2, 2, '2017-03-12 18:33:53', '2018-03-12 03:01:55'),
(11, 10117060011, 17060011, 'Nusrat Jahan Laboni', 'নুসরাত জাহান লাবনী', '10117060011@bdeducation.org.bd', 1, '$2y$10$3lrilJZVC/qKW8Tkhf3VcOScSkaugI0.iWVboVJ8NRMSDOX8Vio0.', '123456', 1, 2, 7, 1, 1, 2, 7, NULL, '', 2, 0, 1, NULL, 1, 2, 2, '2017-03-13 10:18:17', '2018-03-08 05:08:26'),
(12, 10117060012, 17060012, 'Tanjimul Sarkar Punom', 'তানজিমুল সরকার পুনম', '10117060012@bdeducation.org.bd', 1, '$2y$10$iNvRMre9aOAU69LU.GjIS.7zCugAgz7HNBlAoiDwwMc45ZgxyjSD2', '123456', 1, 2, 7, 1, 1, 2, 19, NULL, '', 1, 0, 1, NULL, 1, 2, 2, '2017-03-13 10:39:55', '2018-03-04 03:50:24'),
(13, 10117060013, 17060013, 'Shahadat Hossain ', 'শাহাদাত হোসেন', '10117060013@bdeducation.org.bd', 1, '$2y$10$iIYYLXdr296bZyLBhONfz.4pfGB3dRDpKmQM2rWf77.I9pVt7g4iy', '123456', 1, 2, 7, 1, 1, 2, 16, NULL, '01721063650', 1, 0, 1, NULL, 1, 2, 2, '2017-03-13 11:02:01', '2018-03-11 04:50:58'),
(14, 10117060014, 17060014, 'Thamina Tyaba', 'তাহমিনা তায়েবা', '10117060014@bdeducation.org.bd', 1, '$2y$10$QeVjBTJ.okeomwhy9Oc08.IESZaS5SRP36spszo.TX6NzkPNrqB4K', '123456', 1, 2, 7, 1, 1, 2, 8, NULL, '', 2, 0, 1, NULL, 1, 2, 2, '2017-03-13 11:21:41', '2018-03-08 05:08:57'),
(15, 10117060015, 17060015, 'Kamrunnahar konika', 'কামরুন্নাহার কনিকা', '10117060015@bdeducation.org.bd', 1, '$2y$10$hnTEPMMQMjtFConu0ZeczuWDABQSmmZUwaEYSQ1kC1GvC4WmvQnYe', '123456', 1, 2, 7, 1, 1, 2, 42, NULL, '', 2, 0, 1, 'K3c1QljEd68WUrsW3bz3X2pBgZOwe77ZfNmciuAbLQ29uXwswSkUYVrx3Y9Q', 1, 2, 2, '2017-03-13 11:39:21', '2018-03-04 04:08:09'),
(17, 10117060017, 17060017, 'Sajid Hassan Samin', 'সাজিদ হাসান ছামিন', '10117060017@bdeducation.org.bd', 1, '$2y$10$bsASziCSPKKxPGX311C/ruhYpzVW6Tak/0ALbMtU9qBnVDy/fcQri', '123456', 1, 2, 7, 1, 1, 2, 30, NULL, '', 1, 0, 1, NULL, 1, 2, 2, '2017-03-13 12:28:36', '2018-05-07 05:04:47'),
(18, 10117060018, 17060018, 'Sadia Akther Emo', 'সাদিয়া আক্তার ইমু', '10117060018@bdeducation.org.bd', 1, '$2y$10$rv7SB6tISRMYWGqlzGhXFe0FKIIzCtTeE0vmCUU3Q9MNfgfF0ipra', '123456', 1, 2, 7, 1, 1, 2, 35, NULL, '', 2, 0, 1, NULL, 1, 2, 2, '2017-03-13 12:31:57', '2018-05-07 05:31:23'),
(19, 10117060019, 17060019, 'Farhana Akter Mily', 'ফারহানা আক্তার মিলি', '10117060019@bdeducation.org.bd', 1, '$2y$10$3XBd4HS2GlN.GDqBr9P7je2gyBivXc38xbi6eXQ.5APPZhdkZ9elm', '123456', 1, 2, 7, 1, 1, 2, 44, NULL, '', 2, 0, 1, NULL, 1, 2, 2, '2017-03-13 12:34:55', '2018-05-07 06:04:02'),
(20, 10117060020, 17060020, 'Mehrain Akter Onu', 'মেহরিন আক্তার অনু', '10117060020@bdeducation.org.bd', 1, '$2y$10$aA0deDJEdn4hSl.pWGkepeosxIxmwE.mT/K9X07g4sbI8IxHgAW6O', '123456', 1, 2, 7, 1, 1, 2, 31, NULL, '', 2, 0, 1, NULL, 1, 2, 2, '2017-03-13 12:38:17', '2018-05-07 05:07:17'),
(21, 10117060021, 17060021, 'Siyam Hossain', 'সিয়াম হোসেন', '10117060021@bdeducation.org.bd', 1, '$2y$10$mPH2y7iNUL01zxYuLkv4buLUSlZtlNkl7.CpP0WVTBaNarbQFSMfG', '123456', 1, 2, 7, 1, 1, 2, 39, NULL, '', 1, 0, 1, NULL, 1, 2, 2, '2017-03-13 12:41:32', '2018-05-07 05:41:51'),
(22, 10117060022, 17060022, 'Abdullah All Siyam', 'আব্দুল্লাহ্ আল সিয়াম', '10117060022@bdeducation.org.bd', 1, '$2y$10$m3mR5zBkDqBGjFl8.FEAf.SIX2Objb7r6Y0Alu5cRblMt23pV9cr6', '123456', 1, 2, 7, 1, 1, 2, 45, NULL, '', 1, 0, 1, NULL, 1, 2, 2, '2017-03-13 12:44:03', '2018-05-07 06:07:20'),
(24, 10117060024, 17060024, 'Habibur Rahman', 'হাবিবুর রহমান', '10117060024@bdeducation.org.bd', 1, '$2y$10$F0y5NlURh/Mn55MX49zH3OKVIl6F5uNkZqhCT86rfKiIzPmBBrP8u', '123456', 1, 2, 7, 1, 1, 2, 33, NULL, '', 1, 0, 1, NULL, 1, 2, 2, '2017-03-13 12:54:30', '2018-05-07 05:24:50'),
(28, 10117060028, 17060028, 'Anirudra Showmick Sarkar', 'সৌমিক সরকার', '10117060028@bdeducation.org.bd', 1, '$2y$10$.f/TN9FuQ2zKI1O88EvN5e9joVgvvTR4YR78eGtDXI1XEJd2jy/Na', '123456', 1, 2, 7, 1, 1, 2, 25, NULL, '', 1, 0, 1, NULL, 1, 2, 2, '2017-03-13 13:55:02', '2018-03-12 03:06:45'),
(29, 10117060029, 17060029, 'Kamrunnahar Prete', 'কামরুন্নাহার প্রীতি', '10117060029@bdeducation.org.bd', 1, '$2y$10$1OIBl6ogm2M222hBmd.7xuVBpdg3/tYvkHcVMfnS/fjs2IsDOFYVS', '123456', 1, 2, 7, 1, 1, 2, 29, NULL, '01713802308', 2, 0, 1, NULL, 1, 2, 2, '2017-03-13 13:57:34', '2018-03-13 05:54:10'),
(31, 10117060031, 17060031, 'Eiasin Arafat', 'ইয়াসিন আরাফাত', '10117060031@bdeducation.org.bd', 1, '$2y$10$PO/An8vRicR7AfKJZ0dTaemSnEUNwiaqMUch8Em3ow4TCREo2kv4O', '123456', 1, 2, 7, 1, 1, 2, 4, NULL, '', 1, 0, 1, NULL, 1, 2, 2, '2017-03-13 14:07:38', '2018-03-08 04:29:13'),
(32, 10117060032, 17060032, 'Abdullah-Al-Mortuza', 'আবদুল্লাহ আল মর্তুজা', '10117060032@bdeducation.org.bd', 1, '$2y$10$M3V5GPWuSLZSDp/TS8mu9uT0N0d2xxdiwh6aoMDKtQaBEBgt.iQti', '123456', 1, 2, 7, 1, 1, 2, 20, NULL, '', 1, 0, 1, NULL, 1, 2, 2, '2017-03-13 14:10:34', '2018-03-12 02:58:35'),
(34, 10117060034, 17060034, 'Md. Sohel Rana', 'মোঃ সোহেল রানা', '10117060034@bdeducation.org.bd', 1, '$2y$10$KxUVOjvkZXg6KdXj3wYZyOapa2DQJvzwUuAu0sKEYrF2IEKELF/hO', '123456', 1, 2, 7, 1, 1, 2, 18, NULL, '', 1, 0, 1, NULL, 1, 2, 2, '2017-03-13 14:14:21', '2018-05-07 05:13:38'),
(35, 10117060035, 17060035, 'Sadia Islam', 'সাদিয়া ইসলাম', '10117060035@bdeducation.org.bd', 1, '$2y$10$mr.I753avjD7tw.w8I0USeDAApCDI.Rr7u/FKNeT/TFqASw41Kidq', '123456', 1, 2, 7, 1, 1, 2, 15, NULL, '', 2, 0, 1, NULL, 1, 2, 2, '2017-03-13 14:16:45', '2018-03-11 04:47:54'),
(36, 10117060036, 17060036, 'Sumayua Kabir Riya', 'সুমাইয়া কবীর রিয়া', '10117060036@bdeducation.org.bd', 1, '$2y$10$bdKN2.Z9ca6Mb7lrOgqkRObBMhyTiT.Dp.7Fre368lgzHTFL9G0k.', '123456', 1, 2, 7, 1, 1, 2, 32, NULL, '01714324899', 2, 0, 1, NULL, 1, 2, 2, '2017-03-13 14:19:56', '2018-05-07 05:22:16'),
(37, 10117060037, 17060037, 'Bayazid Hosen', 'বায়েজীদ হোসেন', '10117060037@bdeducation.org.bd', 1, '$2y$10$zOuYC2KP2GKxosKyKI.65OlhBgNCHdI5PjGmZ1E7dxnSnmLyRA5EK', '123456', 1, 2, 7, 1, 1, 2, 28, NULL, '', 1, 0, 1, NULL, 1, 2, 2, '2017-03-13 14:20:58', '2018-03-13 05:50:51'),
(38, 10117060038, 17060038, 'Abdullah', 'আবদুল্লাহ', '10117060038@bdeducation.org.bd', 1, '$2y$10$yDPOgKYW.LVKIdmpTF6Az.5VXgX7uWPi6WpciBdPQnCgUi5I3wftO', '123456', 1, 2, 7, 1, 1, 2, 23, NULL, '', 1, 0, 1, NULL, 1, 2, 2, '2017-03-13 14:27:46', '2018-05-07 05:18:48'),
(39, 10117060039, 17060039, 'Eishka Rane Day', 'ঈশিকা রানী দে', '10117060039@bdeducation.org.bd', 1, '$2y$10$CfzVuyVBbrfqzx7BEXlEcesr5nROmB0VQdKrg3bL.pY2Il0DXzebq', '123456', 1, 2, 7, 1, 1, 2, 37, NULL, '', 2, 0, 1, NULL, 1, 2, 2, '2017-03-13 14:30:42', '2018-05-07 05:36:39'),
(40, 10117060040, 17060040, 'Fatama Akther', 'ফাতেমা আক্তার', '10117060040@bdeducation.org.bd', 1, '$2y$10$LSRvKtowKRRppzhJqJvXues14hWAlSNjfGIfe68W0iAESBEWKywka', '123456', 1, 2, 7, 1, 1, 2, 6, NULL, '', 2, 0, 1, NULL, 1, 2, 2, '2017-03-13 14:33:09', '2018-03-08 05:07:51'),
(41, 10117060041, 17060041, 'Faugia Akther Jannat', 'ফাউজিয়া আক্তার জান্নাত', '10117060041@bdeducation.org.bd', 1, '$2y$10$SmE05oyQ2I9Te0O6lKlxQeMTmKhKmSaRFfSWf9UMfYrWTNIQV9aCm', '123456', 1, 2, 7, 1, 1, 2, 12, NULL, '', 2, 0, 1, NULL, 1, 2, 2, '2017-03-13 14:36:29', '2018-03-08 05:27:19'),
(42, 10117060042, 17060042, 'Mis. Afrin Akter Eaty', 'মোছাঃ আফরিন আক্তার ইতি', '10117060042@bdeducation.org.bd', 1, '$2y$10$Di0tXn1PkIqtfSQ5dvHouub5tfmgppnUoEj5Pt.su5N.9On8exR3C', '123456', 1, 2, 7, 1, 1, 2, 36, NULL, '', 2, 0, 1, NULL, 1, 2, 2, '2017-03-13 14:37:51', '2018-05-07 05:34:11'),
(43, 10117060043, 17060043, 'Shathi Akther', 'সাথী আক্তার', '10117060043@bdeducation.org.bd', 1, '$2y$10$7CJVdqvYLc1j3850ME1/T.TBgF3rsU0V/nztMCMa1yhxAXWubiQWO', '123456', 1, 2, 7, 1, 1, 2, 38, NULL, '', 2, 0, 1, NULL, 1, 2, 2, '2017-03-13 15:25:57', '2018-05-07 05:38:19'),
(46, 10117060046, 17060046, 'Md. Arif Mia', 'মোঃ আরিফ মিয়া', '10117060046@bdeducation.org.bd', 1, '$2y$10$66tcLqWKTRGhar7JFMdyP.6IWffHCVpTb1vot3HeLDHcKZjEEy2pe', '123456', 1, 2, 7, 1, 1, 2, 47, NULL, '', 1, 0, 1, NULL, 1, 2, 2, '2017-03-13 15:35:46', '2018-05-07 06:12:34'),
(47, 10117060047, 17060047, 'Md. Rasel', 'মোঃ রাসেল', '10117060047@bdeducation.org.bd', 1, '$2y$10$A5T8esGsWDELE/9rFNpfkePgHM8NRnF29CJ3a0WJYuHpu8z3T59Wy', '123456', 1, 2, 7, 1, 1, 2, 41, NULL, '', 1, 0, 1, NULL, 1, 2, 2, '2017-03-13 15:38:54', '2018-05-07 05:46:57'),
(48, 10117060048, 17060048, 'Ruksana Akther', 'রোকসানা আক্তার', '10117060048@bdeducation.org.bd', 1, '$2y$10$bk/apfnro05ZYgCNJYM9l.aAJFbc0YApynApdy6TpQIDVEe02x1eW', '123456', 1, 2, 7, 1, 1, 2, 26, NULL, '', 2, 0, 1, NULL, 1, 2, 2, '2017-03-13 15:43:03', '2018-03-12 03:09:34'),
(49, 10117060049, 17060049, 'Masum', 'মাসুম', '10117060049@bdeducation.org.bd', 1, '$2y$10$jOJEq40W7o7CA3WWWsFFjewYQd48V9jEljooacK9WLJTJ7NsDBln.', '123456', 1, 2, 7, 1, 1, 2, 34, NULL, '', 1, 0, 1, NULL, 1, 2, 2, '2017-03-13 15:45:13', '2018-05-07 05:28:04'),
(50, 10117060050, 17060050, 'Minhaj Uddin (Lingkon)', 'মিনহাজ উদ্দিন  (লিংকন)', '10117060050@bdeducation.org.bd', 1, '$2y$10$CKIc1Qky1QG/qfEmarTiuuSNVPkBds5d1XXbSuGH6Ki/KiNxUtypq', '123456', 1, 2, 7, 1, 1, 2, 48, NULL, '', 1, 0, 1, NULL, 1, 2, 2, '2017-03-13 15:48:50', '2018-05-07 06:14:29'),
(53, 10117060053, 17060053, 'Hadaith Ullah', 'হেদায়েত উল্লাহ', '10117060053@bdeducation.org.bd', 1, '$2y$10$dyzvkLKYY6AAfA/BD9S8u..9llonep6Lpyyba/IN/6JMbdjXKKcba', '123456', 1, 2, 7, 1, 1, 2, 50, NULL, '', 1, 0, 1, NULL, 1, 2, 2, '2017-03-13 15:54:52', '2018-03-05 04:31:06'),
(57, 10117060057, 17060057, 'Sumaya Akther Sony', 'সুমাইয়া আক্তার সনি', '10117060057@bdeducation.org.bd', 1, '$2y$10$GwpRm0aBRr5kU04wq3Rt6uHPPj2SK5FW3fjKyMILJ6ljiYuwXMGZO', '123456', 1, 2, 7, 1, 1, 2, 24, NULL, '01865345205', 2, 0, 1, NULL, 1, 2, 2, '2017-03-13 16:08:24', '2018-03-12 03:04:19'),
(58, 10117060058, 17060058, 'Arina Rahman', 'আরিনা রহমান', '10117060058@bdeducation.org.bd', 1, '$2y$10$Oo1eCNLPL12DTjck/2jzzey8Qla6nRKMe1Qvk1L9MD/YdAk5ManVK', '123456', 1, 2, 7, 1, 1, 2, 21, NULL, '01637482876', 2, 0, 1, NULL, 1, 2, 2, '2017-03-13 16:11:29', '2018-03-12 03:00:57'),
(59, 10117060059, 17060059, 'Sojib', 'সজিব', '10117060059@bdeducation.org.bd', 1, '$2y$10$3pGor1UQGbC/UkwW8VwTQuIyFSCsAjz6w0IafvufHlxy0WyFuIB7S', '123456', 1, 2, 7, 1, 1, 2, 43, NULL, '', 1, 0, 1, NULL, 1, 2, 2, '2017-03-13 16:13:35', '2018-05-07 06:00:25'),
(60, 10117060060, 17060060, 'Aklima Akter', 'আকলিমা আক্তার', '10117060060@bdeducation.org.bd', 1, '$2y$10$E/HdnOhglERV78awnRMrvePPln9kOafxwfLevy8jm9Sf9WXYy.oM2', '123456', 1, 2, 7, 1, 1, 2, 9, NULL, '', 2, 0, 1, NULL, 1, 2, 2, '2017-03-13 16:16:12', '2018-03-08 05:19:05'),
(61, 10117060061, 17060061, 'Ms. Sayma Akther', 'মোছাঃ সাইমা আক্তার', '10117060061@bdeducation.org.bd', 1, '$2y$10$JEgqIRj/Q28grhhDRVFX7.xBhMZcHy/39VNSt.FVjJI8rl68xwamG', '123456', 1, 2, 7, 1, 1, 2, 27, NULL, '', 2, 0, 1, NULL, 1, 2, 2, '2017-03-13 16:19:23', '2018-03-12 03:11:53'),
(62, 10117060062, 17060062, 'Md. Razon Mia', 'মোঃ রাজন মিয়া', '10117060062@bdeducation.org.bd', 1, '$2y$10$l/1MjIgpsuvU4sRPO4BR9ev5Wh/mJD3zS.pi2knXwDnXqoCOeqqka', '123456', 1, 2, 7, 1, 1, 2, 40, NULL, '', 1, 0, 1, NULL, 1, 2, 2, '2017-03-13 16:21:32', '2018-05-07 05:44:52'),
(65, 10117070001, 17070001, 'Mahbuba Sulthana Koli', 'মাহবুবা সুলতানা কলি', '10117070001@bdeducation.org.bd', 1, '$2y$10$DUTVgSYFDT1QJMJfd80jguKu.AMHNnI8p.1CDbE7.kvkrLejYj3QC', '123456', 1, 2, 8, 1, 1, 3, 1, NULL, '', 2, 0, 1, NULL, 1, 2, 2, '2017-03-14 14:23:51', '2018-05-04 17:44:53'),
(66, 10117070002, 17070002, 'Md. Tarikul Islam Moeen', 'মোঃ তরিকুল ইসলাম মঈন', '10117070002@bdeducation.org.bd', 1, '$2y$10$jhXc39eHKTeElHwIjnziAuikbQhc6uCwKU4GidWuxdE3tPztBiRuS', '123456', 1, 2, 8, 1, 1, 3, 2, NULL, '', 1, 0, 1, NULL, 1, 2, 2, '2017-03-14 14:26:48', '2018-01-28 02:47:20'),
(67, 10117070003, 17070003, 'Sumaiya Akter Bithe', 'সোমাইয়া আক্তার বিথী', '10117070003@bdeducation.org.bd', 1, '$2y$10$f2xVL3JrzNdj5OvKGNNuIuUSm3Idz0LOuC/1RSl5DSVCDWTXXoJWe', '123456', 1, 2, 8, 1, 1, 3, 3, NULL, '', 2, 0, 1, NULL, 1, 2, 2, '2017-03-14 14:35:51', '2018-01-30 21:53:39'),
(68, 10117070004, 17070004, 'Afifa Usman', 'আফিফা ওসমান', '10117070004@bdeducation.org.bd', 1, '$2y$10$g1A7NkKErLKG0/yEefgYdupdy6G2YWBAuscb/pkzdsSeKtc86oMtG', '123456', 1, 2, 8, 1, 1, 3, 4, NULL, '', 2, 0, 1, NULL, 1, 2, 2, '2017-03-14 14:38:36', '2018-01-30 21:57:08'),
(69, 10117070005, 17070005, 'Arian Shuvo', 'আরিয়ান শুভ', '10117070005@bdeducation.org.bd', 1, '$2y$10$W4Acn26YuTXkxKv0x5j4geEOid6zya1QuIOf2782F8gsztVgzBAES', '123456', 1, 2, 8, 1, 1, 3, 5, NULL, '', 1, 0, 1, NULL, 1, 2, 2, '2017-03-14 14:42:58', '2018-05-12 05:56:50'),
(70, 10117070006, 17070006, 'Sweety Akther', 'সুইটি আক্তার', '10117070006@bdeducation.org.bd', 1, '$2y$10$OhqyxfqcwVswW48Ud2k8fu9ttg9Jy2voQ1a5uv0UsoPWNW/xB.C/q', '123456', 1, 2, 8, 1, 1, 3, 6, NULL, '', 2, 0, 1, NULL, 1, 2, 2, '2017-03-14 15:49:29', '2018-01-30 22:18:04'),
(71, 10117070007, 17070007, 'Omar Ahanaf Adon', 'ওমর আহনাফ আদন', '10117070007@bdeducation.org.bd', 1, '$2y$10$2zcBr/ZNmJfGbswnwsRvG.cBlZ6ZVVfkEUUrAyjfNgbF2XRLnumae', '123456', 1, 2, 8, 1, 1, 3, 8, NULL, '', 1, 0, 1, NULL, 1, 2, 2, '2017-03-14 15:52:31', '2018-01-30 22:35:41'),
(72, 10117070008, 17070008, 'Mahana Sulthana (Priya)', 'মেহেনা সুরতানা (প্রিয়া)', '10117070008@bdeducation.org.bd', 1, '$2y$10$I/HNYFK8KlsxGoWuh92Nc.7LSisZ9Qr5I2uyCy/aikXKzCaDlTSYG', '123456', 1, 2, 8, 1, 1, 3, 9, NULL, '', 2, 0, 1, NULL, 1, 2, 2, '2017-03-14 16:36:42', '2018-01-31 00:42:34'),
(73, 10117070009, 17070009, 'Homyra Islam Nourin', 'হোমায়রা ইসলাম নওরিন', '10117070009@bdeducation.org.bd', 1, '$2y$10$4Qc.i.yzQX1WkoALLh.qCOlAvIMhLiLc3WqGJA01oNgSY.M2nCzui', '123456', 1, 2, 8, 1, 1, 3, 7, NULL, '', 2, 0, 1, NULL, 1, 2, 2, '2017-03-14 16:39:03', '2018-01-30 22:34:09'),
(74, 10117070010, 17070010, 'Ekrajahan (Urme)', 'ইকরাজাহান (উর্মি)', '10117070010@bdeducation.org.bd', 1, '$2y$10$qJzn4Qw3gM07aUDMeEzlSu1y4dVnzhQjHn7P2nYS3v2.pps2mRsKq', '123456', 1, 2, 8, 1, 1, 3, 11, NULL, '', 2, 0, 1, NULL, 1, 2, 2, '2017-03-14 16:44:16', '2018-01-31 22:21:59'),
(75, 10117070011, 17070011, 'Mammudul Hoque Tanvir', 'মাহমুদুল হক তানভীর', '10117070011@bdeducation.org.bd', 1, '$2y$10$JyJgIZGe9w2/N/OT/sd6YO/LNAIV.dphHwAnuCqCEPymZtw0dVBma', '123456', 1, 2, 8, 1, 1, 3, 10, NULL, '01799523255', 1, 0, 1, NULL, 1, 2, 2, '2017-03-14 16:47:48', '2018-01-31 22:26:00'),
(76, 10117070012, 17070012, 'Israt Jahan Chamok', 'ইসরাত জাহান চমক', '10117070012@bdeducation.org.bd', 1, '$2y$10$ATXFijfBYfoFR296ZR3/seamFJXQgHajjy3bkTMF/vmrevEHTYe0C', '123456', 1, 2, 8, 1, 1, 3, 14, NULL, '01718753846', 2, 0, 1, NULL, 1, 2, 2, '2017-03-14 16:49:54', '2018-02-05 21:31:00'),
(77, 10117070013, 17070013, 'Madha Chakraborty', 'মেদা চক্রবর্তী', '10117070013@bdeducation.org.bd', 1, '$2y$10$ReAdbGzhWXRzRJxMyCwguOxAgQm.AN2Bhx/Hf.NH9Pa7rX797joQq', '123456', 1, 2, 8, 1, 1, 3, 15, NULL, '', 2, 0, 1, NULL, 1, 2, 2, '2017-03-14 16:53:14', '2018-02-05 21:40:40'),
(78, 10117070014, 17070014, 'Samia Rahman', 'সামিয়া রহমান', '10117070014@bdeducation.org.bd', 1, '$2y$10$vc2Xt9TYyOmL9xIIrUSauOk2mPHrmbFf0gkp.Z0JNG/db5On5O802', '123456', 1, 2, 8, 1, 1, 3, 18, NULL, '', 2, 0, 1, NULL, 1, 2, 2, '2017-03-14 10:53:14', '2018-02-05 21:45:43'),
(79, 10117070015, 17070015, 'Tanjina', 'তানজিনা', '10117070015@bdeducation.org.bd', 1, '$2y$10$d9FoRUTGWFrw3uks3U7z/uxC/MehXqtA0f7TRkCcH2pR5Qo77ShGy', '123456', 1, 2, 8, 1, 1, 3, 43, NULL, '', 2, 0, 1, NULL, 1, 2, 2, '2017-03-14 16:59:01', '2018-03-10 03:55:13'),
(80, 10117070016, 17070016, 'Mahabuba Jahan Mim', 'মাহবুবা জাহান মীম', '10117070016@bdeducation.org.bd', 1, '$2y$10$REDAxtOOn/to4Jga1PZiJeUeVebhEaGaMnDJx.R4TgqmhQdoXBNnm', '123456', 1, 2, 8, 1, 1, 3, 25, NULL, '', 2, 0, 1, NULL, 1, 2, 2, '2017-03-14 17:01:35', '2018-01-31 23:09:46'),
(81, 10117070017, 17070017, 'Md. Siam Akanda', 'সিয়াম আকন্দ', '10117070017@bdeducation.org.bd', 1, '$2y$10$F8hsCJp2YAoZW/.HllO61erP57o3Z81EEnPo9h7KOyiEEWp/8F4ay', '123456', 1, 2, 8, 1, 1, 3, 17, NULL, '', 1, 0, 1, NULL, 1, 2, 2, '2017-03-14 17:04:03', '2018-02-05 21:43:46'),
(82, 10117070018, 17070018, 'Dina Islam', 'দিনা ইসলাম', '10117070018@bdeducation.org.bd', 1, '$2y$10$DNgx.EFJbdC4gmG.3Ysq7.uZsevXyn6DlPmn4SL31cSA3luBjgPte', '123456', 1, 2, 8, 1, 1, 3, 12, NULL, '', 2, 0, 1, NULL, 1, 2, 2, '2017-03-15 10:46:51', '2018-02-05 21:26:28'),
(83, 10117070019, 17070019, 'Md. Tawhidul Islam', 'মোঃ তাওহিদুল ইসলাম', '10117070019@bdeducation.org.bd', 1, '$2y$10$Uf9fmvxYbLfMiWIpLuLA4uW1BJK4GlPoh6hZVVf3N3fMAG7.1m3HS', '123456', 1, 2, 8, 1, 1, 3, 16, NULL, '', 1, 0, 1, NULL, 1, 2, 2, '2017-03-15 10:49:02', '2018-02-05 21:42:41'),
(84, 10117070020, 17070020, 'Bristi Akther', 'বৃষ্টি আক্তার', '10117070020@bdeducation.org.bd', 1, '$2y$10$XVLUI.wnSi7PfS7NHTTsruW0p3wqLqIStbaATQLLYTPnXksHv3uX2', '123456', 1, 2, 8, 1, 1, 3, 22, NULL, '', 2, 0, 1, NULL, 1, 2, 2, '2017-03-15 10:51:46', '2018-02-05 22:24:06'),
(85, 10117070021, 17070021, 'Saifa Islam Prima', 'সাইফা ইসলাম প্রিমা', '10117070021@bdeducation.org.bd', 1, '$2y$10$dg8nyvNBa3WDurhaEnINCuIn7Q5x0m0vYA7u1SjITvCTBUWb0RweG', '123456', 1, 2, 8, 1, 1, 3, 27, NULL, '', 2, 0, 1, NULL, 1, 2, 2, '2017-03-15 10:54:08', '2018-02-05 22:42:20'),
(86, 10117070022, 17070022, 'Sumiya Akter Riya', 'সুমাইয়া আক্তার রিয়া', '10117070022@bdeducation.org.bd', 1, '$2y$10$blbXKvm0xDe4/JTYKuEWyOw7HewTO8wJzteYDzz6yfRMiSG5O.9sW', '123456', 1, 2, 8, 1, 1, 3, 13, NULL, '', 2, 0, 1, NULL, 1, 2, 2, '2017-03-15 10:56:03', '2018-02-05 21:29:08'),
(87, 10117070023, 17070023, 'Sumaiya Jannat Proma', 'সুমাইয়া জান্নাত প্রমা', '10117070023@bdeducation.org.bd', 1, '$2y$10$ZqH7j7HTyxrSg/I2y9lXmufJWRGeXwDwQ1kYlcY6q/0mJ9spr6kZO', '123456', 1, 2, 8, 1, 1, 3, 20, NULL, '', 2, 0, 1, NULL, 1, 2, 2, '2017-03-15 10:58:10', '2018-02-05 22:17:01'),
(89, 10117070025, 17070025, 'Ummy Habiba Sumiya', 'উম্মে হাবীবা সোমাইয়া', '10117070025@bdeducation.org.bd', 1, '$2y$10$j3ju.HXHn4z2EfqYwzV8Ju7VHIAmz0IYubewqg3ZRSlS0/Xz1kUxq', '123456', 1, 2, 8, 1, 1, 3, 44, NULL, '', 2, 0, 1, NULL, 1, 2, 2, '2017-03-15 11:35:28', '2018-03-10 03:57:42'),
(90, 10117070026, 17070026, 'Mahbubur Rahman Sami', 'মাহবুবুর রহমান সামি', '10117070026@bdeducation.org.bd', 1, '$2y$10$v8rqzQ.cl.xCs2iQDGWjsejV0GIjUs9WdI7vJGIUdWUkZK4BMSw2S', '123456', 1, 2, 8, 1, 1, 3, 39, NULL, '', 2, 0, 1, NULL, 1, 2, 2, '2017-03-15 11:40:47', '2018-02-06 01:02:02'),
(91, 10117070027, 17070027, 'Md. Nazmul Haque', 'মোঃ নাজমুল হক', '10117070027@bdeducation.org.bd', 1, '$2y$10$/3FYUrmwcfybLV8rsSZqO.t91b2nnGukjWjd40MWad8GWMPxkGIAu', '123456', 1, 2, 8, 1, 1, 3, 23, NULL, '', 1, 0, 1, NULL, 1, 2, 2, '2017-03-15 11:44:05', '2018-02-05 22:28:37'),
(92, 10117070028, 17070028, 'Samiul Tanvir (Rabbi)', 'সামিউল তানভীর (রাব্বি)', '10117070028@bdeducation.org.bd', 1, '$2y$10$EkD/GBHRnHkiRb.Aav9TD.1JZchbvEj.AMbWS95PVY/ZyXoKgT2Pq', '123456', 1, 2, 8, 1, 1, 3, 19, NULL, '', 1, 0, 1, NULL, 1, 2, 2, '2017-03-15 12:02:20', '2018-02-05 22:12:24'),
(95, 10117070031, 17070031, 'Mohona Sharker Mim', 'মোহনা সরকার মীম', '10117070031@bdeducation.org.bd', 1, '$2y$10$FJkuL0pcC0bRxV/9081pT.1INKbDWnAdD/mHaObblnJ8Tm9mZsYI2', '123456', 1, 2, 8, 1, 1, 3, 24, NULL, '', 2, 0, 1, NULL, 1, 2, 2, '2017-03-15 12:57:27', '2018-02-05 22:32:04'),
(96, 10117070032, 17070032, 'Md. Yeasin Arafat', 'মোঃ ইয়াছিন আরাফাত', '10117070032@bdeducation.org.bd', 1, '$2y$10$KUIBNWwnpgGtv4hbHq.B9uguE4BXwfdMICnxqcm3X/.tzExW7bF/S', '123456', 1, 2, 8, 1, 1, 3, 33, NULL, '01731681543', 1, 0, 1, NULL, 1, 2, 2, '2017-03-15 13:04:15', '2018-02-05 23:18:36'),
(97, 10117070033, 17070033, 'Jonayed Hossain', 'জোনায়েদ হোসেন', '10117070033@bdeducation.org.bd', 1, '$2y$10$0MZjZBfZMNJKnKtiy9QKrOX5NIXXZqVuB6IDJWYeed7DPPwCIqqyG', '123456', 1, 2, 8, 1, 1, 3, 31, NULL, '', 1, 0, 1, NULL, 1, 2, 2, '2017-03-15 13:10:57', '2018-02-05 23:03:10'),
(98, 10117070034, 17070034, 'Jannatul Nisha', 'জান্নাতুল নিসা', '10117070034@bdeducation.org.bd', 1, '$2y$10$qK5oDXEyoyWs/wWyE67Nm.5uIUFCNQ8PIbfOU8wpr1wGDGyfxXBnK', '123456', 1, 2, 8, 1, 1, 3, 46, NULL, '', 2, 0, 1, NULL, 1, 2, 2, '2017-03-15 13:14:57', '2018-03-10 03:59:48'),
(100, 10117070036, 17070036, ' Shahin Ahmed', 'শাহিন আহমেদ', '10117070036@bdeducation.org.bd', 1, '$2y$10$OxataLMhiMhC9DNCHkpjH.hFJWLjuqV55WmODn3.r1TQoov7yPI4W', '123456', 1, 2, 8, 1, 1, 3, 30, NULL, '01735071790', 1, 0, 1, NULL, 1, 2, 2, '2017-03-15 13:23:43', '2018-02-05 22:59:50'),
(101, 10117070037, 17070037, 'Rabia Sultana (Kona)', 'রাবিয়া সুলতানা (কনা)', '10117070037@bdeducation.org.bd', 1, '$2y$10$55IsNIU1eWGlfnlrSuXV6.Vsf2DHbkRLKHmIzSkBS.hl/L5u82UPK', '123456', 1, 2, 8, 1, 1, 3, 35, NULL, '', 2, 0, 1, NULL, 1, 2, 2, '2017-03-15 13:28:42', '2018-02-05 23:28:51'),
(102, 10117070038, 17070038, 'Tanvir Hasan Tanha', 'তানভীর হাসান (তানহা)', '10117070038@bdeducation.org.bd', 1, '$2y$10$w8ZDj82AWhIdB9QbypdVi.EOz1dqRczthuqRQ8Q4otnf4/2S3QJxG', '123456', 1, 2, 8, 1, 1, 3, 34, NULL, '', 1, 0, 1, NULL, 1, 2, 2, '2017-03-15 13:31:38', '2018-02-05 23:23:34'),
(104, 10117070040, 17070040, 'Mahabub Rahman', 'মাহাবুব রহমান', '10117070040@bdeducation.org.bd', 1, '$2y$10$IVEOfEG9miFTaQtyIY3RUexzc9g2JNfXfcY1g6QV8ha5.cNdD5RRa', '123456', 1, 2, 8, 1, 1, 3, 29, NULL, '01623288913', 1, 0, 1, NULL, 1, 2, 2, '2017-03-15 13:45:47', '2018-02-05 22:49:37'),
(105, 10117070041, 17070041, 'Md. Naimur Nasim (Fabi)', 'মোঃ নায়মুর নাছিম (ফাবি)', '10117070041@bdeducation.org.bd', 1, '$2y$10$lJ8HxA/LFA12FuqaMglxZeWdXWTA1jF9hp2V8nAG1mkF/2rtSGso6', '123456', 1, 2, 8, 1, 1, 3, 47, NULL, '01726341705', 1, 0, 1, NULL, 1, 2, 2, '2017-03-15 13:55:29', '2018-03-10 04:02:30'),
(106, 10117070042, 17070042, 'Sabbir Hossen Shanto', 'সাব্বির হোসেন শান্ত', '10117070042@bdeducation.org.bd', 1, '$2y$10$.N7QG8xwQcTqF2jaM3437.2lkZSu7Q8v9thABz3WBNXG0MCHGuvXK', '123456', 1, 2, 8, 1, 1, 3, 37, NULL, '01705291150', 1, 0, 1, NULL, 1, 2, 2, '2017-03-15 13:58:28', '2018-03-10 04:06:22'),
(108, 10117070044, 17070044, 'Md. Monemuzzaman', 'মোঃ মুনিমুজ্জামান', '10117070044@bdeducation.org.bd', 1, '$2y$10$ttH0Ea7zOGAaFPR4cq7dr.mjZnn0.Z5UF8f5YylsGLmGvr4BVPbWq', '123456', 1, 2, 8, 1, 1, 3, 41, NULL, '01719891648', 1, 0, 1, NULL, 1, 2, 2, '2017-03-15 14:23:07', '2018-02-06 01:09:11'),
(109, 10117070045, 17070045, 'Mostakim', 'মোস্তাকিম', '10117070045@bdeducation.org.bd', 1, '$2y$10$bLGiM2B6YLhgG90gkzvaQu/AGhuvvewRYz.YhY3b.85z/gpUvPPim', '123456', 1, 2, 8, 1, 1, 3, 36, NULL, '01764928523', 1, 0, 1, NULL, 1, 2, 2, '2017-03-15 15:40:57', '2018-02-05 23:31:18'),
(111, 10117070047, 17070047, 'Ahad Hasan', 'আহাদ হাসান', '10117070047@bdeducation.org.bd', 1, '$2y$10$3UHq9h39lHADFGjf3IUCHuSArdvJKYv..lKI.Q7uyCYu2H3mF6YMi', '123456', 1, 2, 8, 1, 1, 3, 42, NULL, '01715758389', 1, 0, 1, NULL, 1, 2, 2, '2017-03-15 15:45:30', '2018-02-06 01:12:07'),
(112, 10117070048, 17070048, 'Sabber Ahmad', 'সাব্বির আহম্মেদ', '10117070048@bdeducation.org.bd', 1, '$2y$10$SWuj4LBKilr9qUGXRU8UrO9SleuKmxw0uSGLoPdyAw385avCQjEq2', '123456', 1, 2, 8, 1, 1, 3, 40, NULL, '01705292083', 1, 0, 1, NULL, 1, 2, 2, '2017-03-15 15:47:45', '2018-02-06 01:06:30'),
(113, 10117070049, 17070049, 'Emzamamul Huq Partho', 'ইমজামামুল হক পার্থ', '10117070049@bdeducation.org.bd', 1, '$2y$10$lcFISHZY3YJxvwH3NZK0vuR2w8P/f5PskGUz3Ea68tq9DDQ1/ejV2', '123456', 1, 2, 8, 1, 1, 3, 32, NULL, '', 1, 0, 1, NULL, 1, 2, 2, '2017-03-15 15:51:21', '2018-02-05 23:14:01'),
(116, 10117070052, 17070052, 'Sadia Asraphy Sornaly', 'শাদিয়া আশরাফী স্বর্ণালী', '10117070052@bdeducation.org.bd', 1, '$2y$10$nTGEFbAU9Rvx8PKbEJ0ETO12Ax6cmrBEgz9uSm2gsAgNbsnaxczxC', '123456', 1, 2, 8, 1, 1, 3, 48, NULL, '', 2, 0, 1, NULL, 1, 2, 2, '2017-03-15 15:59:06', '2018-03-10 04:08:50'),
(120, 10117070056, 17070056, 'Md. Kamran', 'মোঃ কামরান', '10117070056@bdeducation.org.bd', 1, '$2y$10$rYQcfUf7B5R84eieOmYeuus34QAsJ8P8Ma9X/UqMP3p6Y./czO3X2', '123456', 1, 2, 8, 1, 1, 3, 49, NULL, '01726182528', 1, 0, 1, NULL, 1, 2, 2, '2017-03-15 16:11:45', '2018-03-10 04:10:43'),
(122, 10117070058, 17070058, 'Habib Rohoman', 'হাবিবুর রহমান', '10117070058@bdeducation.org.bd', 1, '$2y$10$POvLl8REqrVz0a.vBAWgxuktKAZYzFCar4xCYZOhu52NK57xlHngO', '123456', 1, 2, 8, 1, 1, 3, 50, NULL, '01733913288', 1, 0, 1, NULL, 1, 2, 2, '2017-03-15 16:16:18', '2018-03-10 04:13:19'),
(123, 10117070059, 17070059, 'Abdullah All Noman', 'আব্দুল্লাহ আল নোমান', '10117070059@bdeducation.org.bd', 1, '$2y$10$Lz1AgNOjvU6.x/bNgxPp8uTRfAPmtqZhepfWrgkrjg01Ojbc4MbfO', '123456', 1, 2, 8, 1, 1, 3, 38, NULL, '', 1, 0, 1, NULL, 1, 2, 2, '2017-03-15 16:19:05', '2018-02-06 01:03:01'),
(125, 10117070061, 17070061, 'Saidur Rahman Eamim', 'সাইদুর রহমান ইয়ামিম', '10117070061@bdeducation.org.bd', 1, '$2y$10$Fo8H35W24rf6UXSAEqlE0eljq3Z74IzKvDOGw0qUSFq5YyrBJBWA.', '123456', 1, 2, 8, 1, 1, 3, 21, NULL, '', 1, 0, 1, NULL, 1, 2, 2, '2017-03-15 16:22:45', '2018-02-05 22:20:40'),
(126, 10117080001, 17080001, 'Dipta Das Dipu', 'দিপ্ত দাস দিপু', '10117080001@bdeducation.org.bd', 1, '$2y$10$LMiIEdyJIp4LMQJftSQ6D..8dqiMe7QMh7p5nJB1rs.RyTrwLzIQm', '123456', 1, 2, 9, 1, 2, 4, 1, NULL, '', 1, 0, 1, NULL, 1, 2, 2, '2017-03-15 18:06:29', '2018-09-10 04:47:27'),
(127, 10117080002, 17080002, 'Protick Saha Chowdhury', 'প্রতীক সাহা চৌধুরী', '10117080002@bdeducation.org.bd', 1, '$2y$10$cvLGU/74.UOiUzYirnaOYO0W5JfyY9I7n./2W0wUKNotic8bTks4e', '123456', 1, 2, 9, 1, 2, 4, 6, NULL, '', 1, 0, 1, 'T5RA9na24uOAaF9IUOslVmGFm5vrKMl1XIggJqzsPhRtnhYY0sxRvmktBTtk', 1, 2, 2, '2017-03-15 18:09:41', '2018-03-10 04:23:04'),
(128, 10117080003, 17080003, 'Raushon Jahan Liya', 'রওশন জাহান লিয়া', '10117080003@bdeducation.org.bd', 1, '$2y$10$qD8o/aWf4IVxopnAu8.O.eRbZQIZUzxdLf5P2F.z96eFaqhcBwlo2', '123456', 1, 2, 9, 1, 2, 4, 2, NULL, '', 2, 0, 1, NULL, 1, 2, 2, '2017-03-15 18:12:00', '2018-02-06 21:52:36'),
(129, 10117080004, 17080004, 'Ashanul Hoq', 'এহসানুল হক জিসান', '10117080004@bdeducation.org.bd', 1, '$2y$10$I5.eJE274llWfSOfrv7NmuDT8ZiiY9/16a8h9CHk0GbqV8gSZUxtW', '123456', 1, 2, 9, 1, 2, 4, 9, NULL, '', 1, 0, 1, NULL, 1, 2, 2, '2017-03-15 18:15:26', '2018-02-07 00:24:14'),
(130, 10117080005, 17080005, 'Ashrafull Alam Rifat', 'আশরাফুল আলম রিফাত', '10117080005@bdeducation.org.bd', 1, '$2y$10$.P6.oBh7FbSVjB/sf.ZwiuuT45mpFmEgCBj9gyf2SdRMGZpSBOHG6', '123456', 1, 2, 9, 1, 2, 4, 7, NULL, '', 1, 0, 1, NULL, 1, 2, 2, '2017-03-15 18:18:23', '2018-03-10 04:28:56'),
(131, 10117080006, 17080006, 'Ikrat Jahan (Mily)', 'ইকরাত জাহান মিলি', '10117080006@bdeducation.org.bd', 1, '$2y$10$/au5TZmELprTdcMpF8.VXuPeCHEnw9D2FUfT2RToyjXrFRkXscVTm', '123456', 1, 2, 9, 1, 2, 4, 5, NULL, '', 2, 0, 1, NULL, 1, 2, 2, '2017-03-15 18:20:26', '2018-03-10 04:26:46'),
(132, 10117080007, 17080007, 'Samia Afrin Promi', 'সামিয়া আরিন প্রমি', '10117080007@bdeducation.org.bd', 1, '$2y$10$7t7EdGiwv.3YXQmqI5j9pepqrhjsnoYJCUkrb4ovMr5PECx.pcLfq', '123456', 1, 2, 9, 1, 2, 4, 3, NULL, '', 2, 0, 1, NULL, 1, 2, 2, '2017-03-15 12:20:26', '2018-02-06 22:02:31'),
(134, 10117080009, 17080009, 'Sumaiya Akther Tisha', 'সুমাইয়া আক্তার তৃষা', '10117080009@bdeducation.org.bd', 1, '$2y$10$Jq1BhjxSxL55J64kXNRAHOLeCR4vDBtMPy8IxrVSardCc1HFALwHS', '123456', 1, 2, 9, 1, 2, 4, 4, NULL, '', 2, 0, 1, NULL, 1, 2, 2, '2017-03-15 18:25:37', '2018-03-10 04:31:48'),
(135, 10117080010, 17080010, 'Sabbir Hassen Sakib', 'সাব্বির হোসেন সাকিব', '10117080010@bdeducation.org.bd', 1, '$2y$10$rS9rdFRFmFkUXdqjmxL6T.ZGW2G16QLtPm9OpZY9U.oxWahgH2I.C', '123456', 1, 2, 9, 1, 2, 4, 22, NULL, '', 1, 0, 1, NULL, 1, 2, 2, '2017-03-15 18:27:36', '2018-02-08 01:00:46'),
(136, 10117080011, 17080011, 'Mizanur Rahman', 'মিজানুর রহমান', '10117080011@bdeducation.org.bd', 1, '$2y$10$MqoWhvApTSCbOiu/C4srd.9744y35omrLV3.jJeRvf2buh8KkgSTO', '123456', 1, 2, 9, 1, 2, 4, 10, NULL, '', 1, 0, 1, NULL, 1, 2, 2, '2017-03-15 18:30:19', '2018-02-07 00:26:54'),
(137, 10117080012, 17080012, 'Md. Arman Hossain', 'মোঃ আরমান', '10117080012@bdeducation.org.bd', 1, '$2y$10$aH0DRq9nYgg8SZ9THIm62egAzu9AoOSyfLE42kmVqq8A1axN72TZG', '123456', 1, 2, 9, 1, 2, 4, 15, NULL, '', 2, 0, 1, NULL, 1, 2, 2, '2017-03-15 18:31:52', '2018-02-07 00:54:46'),
(138, 10117080013, 17080013, 'Sabbir Hosean Raihan', 'সাব্বির হোসেন রায়হান', '10117080013@bdeducation.org.bd', 1, '$2y$10$7EiXCPA6lKWiYv7JdqvTh.TO3UtbwpyS0zPPsmzXtq/Imp9Oej0R.', '123456', 1, 2, 9, 1, 2, 4, 12, NULL, '', 1, 0, 1, NULL, 1, 2, 2, '2017-03-15 18:34:01', '2018-02-07 00:42:14'),
(139, 10117080014, 17080014, 'Mohibur Rahman', 'মোহিবুর রহমান', '10117080014@bdeducation.org.bd', 1, '$2y$10$8MK2ay5lvEh5CdK19u4yC.ImH7vn4VaUhqzewC6OMx5iWvdW/DovS', '123456', 1, 2, 9, 1, 2, 4, 18, NULL, '', 1, 0, 1, NULL, 1, 2, 2, '2017-03-15 18:38:04', '2018-03-10 04:18:37'),
(140, 10117080015, 17080015, 'Joy Robi Das', 'জয় রবি দাস', '10117080015@bdeducation.org.bd', 1, '$2y$10$Rv/YNdEV.y3GpL19lb3lvOp5mYGoyFfAyx5ZSVlsajVDh07DR1yWW', '123456', 1, 2, 9, 1, 2, 4, 11, NULL, '', 2, 0, 1, NULL, 1, 2, 2, '2017-03-15 18:40:29', '2018-02-07 00:37:44'),
(141, 10117080016, 17080016, 'Shapla Akther', 'শাপলা আক্তার', '10117080016@bdeducation.org.bd', 1, '$2y$10$gTy0i3RM0p3ksT3VAZOe0.OL.zDw74IWp8iov0vxKr6NV769cuKq.', '123456', 1, 2, 9, 1, 2, 4, 20, NULL, '', 2, 0, 1, NULL, 1, 2, 2, '2017-03-16 10:02:35', '2018-02-08 00:44:40'),
(142, 10117080017, 17080017, 'Parvej Rahman', 'পারভেজ রহমান', '10117080017@bdeducation.org.bd', 1, '$2y$10$XwAai7HnSSSq1PyrzWcpHu6wc7WYk/p.RAbHSHQE0di3HKEFTu0zu', '123456', 1, 2, 9, 1, 2, 4, 19, NULL, '', 1, 0, 1, NULL, 1, 2, 2, '2017-03-16 10:04:38', '2018-02-07 22:11:38'),
(143, 10117080018, 17080018, 'Hira Moni', 'হিরামনি', '10117080018@bdeducation.org.bd', 1, '$2y$10$kG2xg.iBQMq1RQZFILydmefjpQjlI8f0lINc.OXoM3mRCwlse6qlm', '123456', 1, 2, 9, 1, 2, 4, 25, NULL, '01752685905', 2, 0, 1, NULL, 1, 2, 2, '2017-03-16 10:38:55', '2018-02-08 01:09:09'),
(144, 10117080019, 17080019, 'Tanjina Akther', 'তানজিনা আক্তার', '10117080019@bdeducation.org.bd', 1, '$2y$10$Ckq.UPtNr7c1MMKVNzlqZOtzp/L7uDP.S52toB/UpS3PdHQvIq2Yu', '123456', 1, 2, 9, 1, 2, 4, 17, NULL, '', 2, 0, 1, NULL, 1, 2, 2, '2017-03-16 10:47:37', '2018-02-07 21:58:48'),
(145, 10117080020, 17080020, 'Fabiha Sharker Maysha', 'ফাবিহা সরকার মাইশা', '10117080020@bdeducation.org.bd', 1, '$2y$10$c3iVOp.tLMYRQcMtWsKGTOTx/rzhubHk7tO8ag8S5zgZyNmLeYPX2', '123456', 1, 2, 9, 1, 2, 4, 27, NULL, '', 2, 0, 1, NULL, 1, 2, 2, '2017-03-16 10:50:51', '2018-02-09 22:03:29'),
(146, 10117080021, 17080021, 'Shahanaj Parven', 'শাহনাজ পারভীন', '10117080021@bdeducation.org.bd', 1, '$2y$10$pXdClyyIeluMgvz0LKen5.1uz5FzULcjknG0oGwsqccDoX1rM4Q.6', '123456', 1, 2, 9, 1, 2, 4, 21, NULL, '', 2, 0, 1, NULL, 1, 2, 2, '2017-03-16 10:55:17', '2018-02-08 00:54:46'),
(147, 10117080022, 17080022, 'Saziya Rahaman Satu', 'সাজিয়া রহমান সেতু', '10117080022@bdeducation.org.bd', 1, '$2y$10$N4q8i0b31ACYjx5gC03tQutT3T6R5icsWkIhR4fqlYREID975p66G', '123456', 1, 2, 9, 1, 2, 4, 14, NULL, '', 2, 0, 1, NULL, 1, 2, 2, '2017-03-16 10:57:35', '2018-02-07 00:50:22'),
(148, 10117080023, 17080023, 'Jobiar Hoshen Shifat', 'জুবায়ের হাসান সিফাত', '10117080023@bdeducation.org.bd', 1, '$2y$10$4Y9mi3GtYyUrQYJQMjcmtOpqJzNCXOJ3EGTbHCShR86QhJh9fwBsu', '123456', 1, 2, 9, 1, 2, 4, 23, NULL, '01747445155', 1, 0, 1, NULL, 1, 2, 2, '2017-03-16 10:59:59', '2018-02-08 01:02:47'),
(149, 10117080024, 17080024, 'Jakia Sultana (Munni)', 'জাকিয়া সুলতানা (মুন্নি)', '10117080024@bdeducation.org.bd', 1, '$2y$10$44/6kdzf/kANzTIpZSHzNO5oRWRI2JDMOPkT0nnRVujBJO3gwmFe.', '123456', 1, 2, 9, 1, 2, 4, 13, NULL, '', 2, 0, 1, NULL, 1, 2, 2, '2017-03-16 11:02:10', '2018-02-07 21:06:58'),
(150, 10117080025, 17080025, 'Sumaiya Akter Rubi', 'সুমাইয়া আক্তার রুবি', '10117080025@bdeducation.org.bd', 1, '$2y$10$LTrs1B1U77/ROuvODvi9Seiwo5v7eRbmhvZhJ7SVpew.MZZYcbyGy', '123456', 1, 2, 9, 1, 3, 4, 37, NULL, '01966968887', 2, 0, 1, NULL, 1, 2, 2, '2017-03-16 11:03:49', '2018-04-03 09:08:29'),
(151, 10117080026, 17080026, 'Tariqul Islam', 'তরিকুল ইসলাম', '10117080026@bdeducation.org.bd', 1, '$2y$10$JlhO/mxuuC915vNcYA/d9evK09ZKZpUnBU9bi..v/RIZp6cREneSi', '123456', 1, 2, 9, 1, 2, 4, 33, NULL, '', 1, 0, 1, NULL, 1, 2, 2, '2017-03-16 11:05:39', '2018-04-24 05:13:49'),
(153, 10117080028, 17080028, 'Tajnin Ara Nisho', 'তাজনীন আরা নিশু', '10117080028@bdeducation.org.bd', 1, '$2y$10$9SlqKQI0IgN0nL2J11jZTe0tybBRZKuDEXHW9aniTJyOOuU/xbzOe', '123456', 1, 2, 9, 1, 2, 4, 28, NULL, '', 2, 0, 1, NULL, 1, 2, 2, '2017-03-16 11:10:54', '2018-02-09 22:05:41'),
(154, 10117080029, 17080029, 'Bushra Zaman Momo', 'বুশরা জামান মম', '10117080029@bdeducation.org.bd', 1, '$2y$10$6kX0WK1Ov9BoZl0jpYYCPu3FBd1uVKpWtPIgYAge.GRgEoKyEr7eW', '123456', 1, 2, 9, 1, 2, 4, 31, NULL, '', 2, 0, 1, NULL, 1, 2, 2, '2017-03-16 11:12:38', '2018-03-10 03:46:02'),
(155, 10117080030, 17080030, 'Najmussakib', 'নাজমুচ্ছাকিব', '10117080030@bdeducation.org.bd', 1, '$2y$10$FpzNIGjei8P9a2CipTgY0.sYCzwRTtYUNj1it1/XP.zZs5e7uHBnu', '123456', 1, 2, 9, 1, 2, 4, 24, NULL, '01781507609', 1, 0, 1, NULL, 1, 2, 2, '2017-03-16 11:15:06', '2018-03-10 04:19:49'),
(156, 10117080031, 17080031, 'Azizul Hakim (Mir)', 'আজিজুল হাকিম (মির)', '10117080031@bdeducation.org.bd', 1, '$2y$10$FjDcFgc7e1r2cLAJ7AMOMeyvxV4J2KvJMwgkyUwqy/6u0mtMcEwRq', '123456', 1, 2, 9, 1, 2, 4, 38, NULL, '01760765548', 1, 0, 1, NULL, 1, 2, 2, '2017-03-16 11:17:53', '2018-02-10 21:45:14'),
(157, 10117080032, 17080032, 'Najmonnahar Priya', 'নাজমুন্নাহার প্রিয়া', '10117080032@bdeducation.org.bd', 1, '$2y$10$8zO1Mt7DnyLpckcCjjmzKuIVO2QTTtOTSlh/IZIRuIjqts1CkVk6O', '123456', 1, 2, 9, 1, 3, 4, 34, NULL, '01922224930', 2, 0, 1, NULL, 1, 2, 2, '2017-03-16 11:51:16', '2018-04-03 08:50:18'),
(158, 10117080033, 17080033, 'Anamika Goswami', 'অনামিকা গোস্বামী', '10117080033@bdeducation.org.bd', 1, '$2y$10$lPOoH2iMqa2ocX4ZFpEPL.YULRPzPT.oCphsCsVoAe4gNb3kf6B.K', '123456', 1, 2, 9, 1, 3, 4, 32, NULL, '', 2, 0, 1, NULL, 1, 2, 2, '2017-03-16 11:53:09', '2018-04-03 08:49:29'),
(159, 10117080034, 17080034, 'Famida Alam Usha', 'ফাহমিদা আলম ঊষা', '10117080034@bdeducation.org.bd', 1, '$2y$10$npUSOK9ZBRZUAXIxGgCy7eN0Clf1MfP57EJAJQYMGXMfd9u3/Eo8y', '123456', 1, 2, 9, 1, 3, 4, 35, NULL, '', 2, 0, 1, NULL, 1, 2, 2, '2017-03-16 11:55:54', '2018-04-03 08:52:00'),
(161, 10117080036, 17080036, 'Mia Mohammed Toyobuzzaman', 'মিয়া মোহাম্মাদ ', '10117080036@bdeducation.org.bd', 1, '$2y$10$ttlaEIcEJiMbXtX2kCBHxOt1wO27GVI8epb/hUTmRccT9GBh5bg0q', '123456', 1, 2, 8, 1, 1, 3, 26, NULL, '', 1, 0, 1, NULL, 1, 2, 2, '2017-03-16 11:58:04', '2018-02-18 03:24:50'),
(162, 10117080037, 17080037, 'Fushra Akter Proma', 'ফুসরা আক্তার প্রমা', '10117080037@bdeducation.org.bd', 1, '$2y$10$5NsUbW9s7zYXdppFB7EYWO4X/FiRxZH1uR9r7bAAzXONqFs.sbrte', '123456', 1, 2, 9, 1, 3, 4, 30, NULL, '', 2, 0, 1, NULL, 1, 2, 2, '2017-03-16 12:00:06', '2018-04-03 08:48:21'),
(163, 10117080038, 17080038, 'Najmul Haque Shrabon', 'নাজমুল হক', '10117080038@bdeducation.org.bd', 1, '$2y$10$Ar2eEfwp94kdambJk4Gbp.R3HUFs4/cO.vQXzEFq/YSUzKeQBYF2.', '123456', 1, 2, 8, 1, 1, 3, 28, NULL, '', 1, 0, 1, NULL, 1, 2, 2, '2017-03-16 12:02:11', '2018-02-18 03:28:54'),
(165, 10117080040, 17080040, 'Tristy Das Hea', 'তৃষ্টি দাস হিয়া', '10117080040@bdeducation.org.bd', 1, '$2y$10$hnBfdRp54OlYyWdB2fYTYODkBRUFb8VOqwLUWEZmYtNa5PePgVDfW', '123456', 1, 2, 9, 1, 2, 4, 26, NULL, '', 2, 0, 1, NULL, 1, 2, 2, '2017-03-16 12:06:27', '2018-02-09 21:23:50'),
(168, 10117080043, 17080043, 'Sumaiya Akhter', 'সুমাইয়া আক্তার', '10117080043@bdeducation.org.bd', 1, '$2y$10$/pNuY6CD6moO0hdWbC4dQuqKrrekcAwHCd3iQ0JM7PBHiAtKE6ryy', '123456', 1, 2, 9, 1, 2, 4, 16, NULL, '', 2, 0, 1, NULL, 1, 2, 2, '2017-03-16 12:24:17', '2018-02-07 21:54:25'),
(169, 10117080044, 17080044, 'Md. Shoyaib Ahmad', 'মোঃ শোয়াইব আহমাদ', '10117080044@bdeducation.org.bd', 1, '$2y$10$evZB4XffxZUgQJmO/zXmouwdwkevZbimJeAnCgxIKZax5jwY/usCO', '123456', 1, 2, 9, 1, 2, 4, 29, NULL, '', 1, 0, 1, NULL, 1, 2, 2, '2017-03-16 12:26:18', '2018-04-24 05:13:18'),
(170, 10117080045, 17080045, 'Kuhinor Akther Akhi', 'কুহিনূর আক্তার আঁখি', '10117080045@bdeducation.org.bd', 1, '$2y$10$K/O47DORkwVOKOT7iH2DmOHl2KFQb2hO9N1ZFHf9sd0tW82wupRsO', '123456', 1, 2, 9, 1, 2, 4, 36, NULL, '', 2, 0, 1, NULL, 1, 2, 2, '2017-03-16 12:44:20', '2018-02-10 21:40:38'),
(172, 10117080047, 17080047, 'Thimina Akther Shemo', 'তাহমিনা আক্তার (শিমু)', '10117080047@bdeducation.org.bd', 1, '$2y$10$WY5.GPsYskIxm3T.2S1KtOqsULviUKATJLYcdmXGS1cipRYOJuhzq', '123456', 1, 2, 9, 1, 3, 4, 39, NULL, '', 2, 0, 1, NULL, 1, 2, 2, '2017-03-16 12:47:46', '2018-04-03 09:35:38'),
(173, 10117090001, 0, 'Ifratul Jannat Suborna', 'ইফরাতুল জান্নাত সুবর্ণা', '10117090001@bdeducation.org.bd', 1, '$2y$10$FHBoBrNp9BbEwhkfudywf.qGNx5XpFWGmFtn72MInfZiFPcHp3.TW', '123456', 1, 2, 10, 1, 2, 5, 3, '01720031352', '', 2, 0, 1, 'jHbcqPJ0cc6Ko2yAbMaQX6kknv9opm2sa0Q9kL0s4xlA6DmtCyVJnjmzTyO4', 1, 2, 2, '2017-03-16 07:32:31', '2018-01-30 23:54:38'),
(174, 10117090002, 17090002, 'Meherunnasa Khadija', 'মেহেরুন্নেসা খাদিজা', '10117090002@bdeducation.org.bd', 1, '$2y$10$GQqPDsPZq.1AMkEFySV/nOoCyvwQZZ0CL4k3E7BUXjgHgksewpFqS', '123456', 1, 2, 10, 1, 2, 5, 1, NULL, '', 2, 0, 1, NULL, 1, 2, 2, '2017-03-16 13:34:49', '2018-01-30 23:47:04'),
(175, 10117090003, 17090003, 'Nomaja Akter Munmun', 'নোমাজা আক্তার মুনমুন', '10117090003@bdeducation.org.bd', 1, '$2y$10$zG2JcPI5tXOm/EqwwHyhSOpt5Fb4QHf6QdQy/cMNYNF59rNje5qju', '123456', 1, 2, 10, 1, 2, 5, 4, NULL, '', 2, 0, 1, NULL, 1, 2, 2, '2017-03-16 13:36:25', '2018-01-31 02:32:12'),
(176, 10117090004, 17090004, 'Muzahid Alim Fahim', 'মুজাহিদ আলম ফাহিম', '10117090004@bdeducation.org.bd', 1, '$2y$10$0h9n8GTLr0Oue9.9X5Wm5u93ltWGf5/ViH3.5Uaasx3WH3scFlZOi', '123456', 1, 2, 10, 1, 2, 5, 2, NULL, '01920457258', 1, 0, 1, NULL, 1, 2, 2, '2017-03-16 13:38:19', '2018-01-30 23:49:04'),
(177, 10117090005, 17090005, 'Taskia Sultana', 'তাসকিয়া সুলতানা', '10117090005@bdeducation.org.bd', 1, '$2y$10$byxXYaYiBy135f5BqBqzpOUwSrgb/Djli.R0DG5wH8452bxs4NzCW', '123456', 1, 2, 10, 1, 2, 5, 7, NULL, '', 2, 0, 1, NULL, 1, 2, 2, '2017-03-16 13:39:37', '2018-02-03 00:35:05'),
(178, 10117090006, 17090006, 'Isfeya Hossain Mim', 'ইসফিয়া হোসেন মীম', '10117090006@bdeducation.org.bd', 1, '$2y$10$aJ5QUUdhYfjf1SOp7AwkBu/uCkpD.EeFC1KFD/jlTFrsAgp/Vp712', '123456', 1, 2, 10, 1, 2, 5, 5, NULL, '', 2, 0, 1, NULL, 1, 2, 2, '2017-03-16 13:41:29', '2018-09-09 03:53:01'),
(179, 10117090007, 17090007, 'Shanjida Shoun Omi', 'সানজিদা শাওন', '10117090007@bdeducation.org.bd', 1, '$2y$10$zWWEzrybxeU7GGDTmwUen.YwL4uPg3qO1vvkVuT09AwFsNcBrRRWi', '123456', 1, 2, 10, 1, 2, 5, 6, NULL, '', 2, 0, 1, NULL, 1, 2, 2, '2017-03-16 13:42:59', '2018-02-03 00:30:23'),
(180, 10117090008, 17090008, 'Md. Kobir Hossain', 'মোঃ কবির হোসেন', '10117090008@bdeducation.org.bd', 1, '$2y$10$3JroIpWpED/dkhaUGAyE4.QMqVpcOzs0bePJW9ABA7tz71D/QIY.2', '123456', 1, 2, 10, 1, 2, 5, 28, NULL, '01771528690', 1, 0, 1, NULL, 1, 2, 2, '2017-03-16 13:44:36', '2018-03-05 04:14:39'),
(181, 10117090009, 17090009, 'Mim Akter', 'মিম আক্তার', '10117090009@bdeducation.org.bd', 1, '$2y$10$i1rNV/51Ic0HqbKozuF.dul0diQ/EAsOqyQk3xNLDz9/rjuWegTS6', '123456', 1, 2, 10, 1, 2, 5, 11, NULL, '', 2, 0, 1, NULL, 1, 2, 2, '2017-03-16 13:45:50', '2018-02-11 00:56:55'),
(182, 10117090010, 17090010, 'Sumaiya Yeasmin', 'সুমাইয়া ইয়াসমিন', '10117090010@bdeducation.org.bd', 1, '$2y$10$PmlOgyMxOjk3tci8hsRRZ.6xfZUbQyyiBfmaAlkiwzHV4zTroc..u', '123456', 1, 2, 10, 1, 2, 5, 13, NULL, '', 2, 0, 1, NULL, 1, 2, 2, '2017-03-16 13:47:37', '2018-02-11 01:11:10'),
(183, 10117090011, 17090011, 'Sadrul Amin Anney', 'ছদরুল আমিন এনি', '10117090011@bdeducation.org.bd', 1, '$2y$10$g1.XWgKseGBYAJqOgtHkt.QY4Ga5/xyS944AK7nyHzlFnTWjzLxP6', '123456', 1, 2, 10, 1, 2, 5, 10, NULL, '01775030970', 1, 0, 1, NULL, 1, 2, 2, '2017-03-16 13:49:51', '2018-02-03 23:24:45'),
(184, 10117090012, 17090012, 'Sayemur Rahman', 'সায়েমুর রহমান', '10117090012@bdeducation.org.bd', 1, '$2y$10$HQrIf2pCE64H5YWqeCNngug.3iMH2wDdQhfhv5bEpkYtOHuWffNAC', '123456', 1, 2, 10, 1, 2, 5, 8, NULL, '01724063197', 1, 0, 1, NULL, 1, 2, 2, '2017-03-16 13:52:52', '2018-02-03 23:07:27'),
(185, 10117090013, 17090013, 'Mashrafi Bin Eqra', 'মাসরাফি বিন ইকরা', '10117090013@bdeducation.org.bd', 1, '$2y$10$fG1gEyuoA4jvLd9LV2NV3.VN7LG6sDBOffeVNS7TKmRMlitbS5bgq', '123456', 1, 2, 10, 1, 2, 5, 16, NULL, '', 1, 0, 1, NULL, 1, 2, 2, '2017-03-16 13:54:51', '2018-02-11 01:26:00'),
(186, 10117090014, 17090014, 'Md. Al-Amin', 'মোঃ আল-আমিন', '10117090014@bdeducation.org.bd', 1, '$2y$10$BWRLKR.bS6TzweEIkJK8BOFFhb1pA9djb6XHteKTwCna30EcG2/6C', '123456', 1, 2, 10, 1, 2, 5, 22, NULL, '', 1, 0, 1, NULL, 1, 2, 2, '2017-03-16 13:56:45', '2018-02-14 21:41:41'),
(187, 10117090015, 17090015, 'Emon Hasan', 'ইমন হাসান', '10117090015@bdeducation.org.bd', 1, '$2y$10$yxxBimuxjmwCr2VSm1AFfusaE4L.3bKRrJ4tKyo44GBU9Ehk8DFJm', '123456', 1, 2, 10, 1, 2, 5, 14, NULL, '01728798708', 1, 0, 1, NULL, 1, 2, 2, '2017-03-16 13:58:36', '2018-02-11 01:13:34'),
(188, 10117090016, 17090016, 'Tofazzal Hossain Poran', 'তুফাজ্জল হোসেন পরান', '10117090016@bdeducation.org.bd', 1, '$2y$10$KAhKlwlPBiCtF02uHAKd7e6OveMTwwctkDv51T08ATarzhNXtQk7m', '123456', 1, 2, 10, 1, 2, 5, 12, NULL, '', 1, 0, 1, NULL, 1, 2, 2, '2017-03-16 14:00:39', '2018-02-11 01:03:38'),
(189, 10117090017, 17090017, 'Thamina Sulthana Tonny', 'তাহমিনা সুলতানা তন্নী', '10117090017@bdeducation.org.bd', 1, '$2y$10$Yj0/KrQV34Zj0HSC0FaQ5OOQOtPn9ScKY2fe1ZGXZPY8wS17luf92', '123456', 1, 2, 10, 1, 2, 5, 18, NULL, '', 2, 0, 1, NULL, 1, 2, 2, '2017-03-16 14:02:21', '2018-02-11 01:37:11'),
(190, 10117090018, 17090018, 'Afrat Hossain (Ifty)', 'আফরাদ হোসেন (ইফতি)', '10117090018@bdeducation.org.bd', 1, '$2y$10$qIL6GnLOa2Sz2mVZJlC0gO0VWHtZZIsUxIBrlnKd34E22F0rB.Ir2', '123456', 1, 2, 10, 1, 2, 5, 46, NULL, '', 1, 0, 1, NULL, 1, 2, 2, '2017-03-16 14:04:29', '2018-03-05 02:34:41'),
(191, 10117090019, 17090019, 'Roman Akanda', 'রোমান আকন্দ', '10117090019@bdeducation.org.bd', 1, '$2y$10$6lgJCyZaeo1AIi9wuBNlrudNsMR4kDKMfmIVxQMJIna53VjF0/Z/i', '123456', 1, 2, 10, 1, 2, 5, 15, NULL, '', 1, 0, 1, NULL, 1, 2, 2, '2017-03-16 14:10:07', '2018-02-11 01:18:34'),
(192, 10117090020, 17090020, 'Mehedi Hasan Sunny', 'মেহেদী হাসান সানি', '10117090020@bdeducation.org.bd', 1, '$2y$10$OjLvR6FZrIHffQQ6snSZgOTwM0GhXFO4oaysep5XbHC20e7whD7se', '123456', 1, 2, 10, 1, 2, 5, 9, NULL, '', 1, 0, 1, NULL, 1, 2, 2, '2017-03-16 14:12:02', '2018-02-03 23:20:06'),
(193, 10117090021, 17090021, 'Khaled Masud', 'খালেদ মাসুদ', '10117090021@bdeducation.org.bd', 1, '$2y$10$jmQdW3P5bFhFRlbxNd8AheyZs7XCN2p6SSR5cBCiO9dpHAVUgwM9.', '123456', 1, 2, 10, 1, 2, 5, 21, NULL, '01708600402', 1, 0, 1, NULL, 1, 2, 2, '2017-03-16 14:13:56', '2018-02-14 21:39:03'),
(194, 10117090022, 17090022, 'Tajbiul Hossain Ratul', 'তাজবি উল হোসেন রাতুল', '10117090022@bdeducation.org.bd', 1, '$2y$10$I9geZun6Kymc47on1zc/y.sTDrchtTwP1M0VHBVyZXaFk4mYAmzC2', '123456', 1, 2, 10, 1, 2, 5, 17, NULL, '', 1, 0, 1, NULL, 1, 2, 2, '2017-03-16 14:15:47', '2018-02-11 01:32:21'),
(195, 10117090023, 17090023, 'Shirin Jahan Banna', 'শিরিন জাহান (বন্যা)', '10117090023@bdeducation.org.bd', 1, '$2y$10$jU5Wn97HXGUqzeeXdWtw/eJCv9OTfFGzH8ivD0riOfjIIPrMm5Q02', '123456', 1, 2, 10, 1, 2, 5, 29, NULL, '', 2, 0, 1, NULL, 1, 2, 2, '2017-03-16 14:17:10', '2018-03-05 04:12:23'),
(196, 10117090024, 17090024, 'Sumaya Tabassum Bushra', 'সুমাইয়া তাবাসসুম বুশরা', '10117090024@bdeducation.org.bd', 1, '$2y$10$qrxdA3w0kXddQ3cPPkd8vOHusVFhZABgXZXCvD0mJj42OcrH3NbR.', '123456', 1, 2, 10, 1, 2, 5, 30, NULL, '', 2, 0, 1, NULL, 1, 2, 2, '2017-03-16 14:18:52', '2018-03-05 04:09:05'),
(197, 10117090025, 17090025, 'Mehedi Hasan', 'মেহেদি হাসান', '10117090025@bdeducation.org.bd', 1, '$2y$10$A1s5dkySphATou6DriNcmOWmDw0neDqgsDH3dnWY35j6r0c5l7u7G', '123456', 1, 2, 10, 1, 2, 5, 31, NULL, '01714992017', 1, 0, 1, NULL, 1, 2, 2, '2017-03-16 14:20:33', '2018-03-05 03:40:04'),
(198, 10117090026, 17090026, 'Nasrin Sultana', 'নাসরিন সুলতানা', '10117090026@bdeducation.org.bd', 1, '$2y$10$lN0qyenKlACbwzXenTrBRujFRB0H0OeLb7gwCmJKdpdiRuZuYKRE.', '123456', 1, 2, 10, 1, 2, 5, 32, NULL, '', 2, 0, 1, NULL, 1, 2, 2, '2017-03-16 14:21:59', '2018-03-05 03:28:10'),
(199, 10117090027, 17090027, 'Sinjda Jahan Suchy', 'সানজিদা জাহান সূচি', '10117090027@bdeducation.org.bd', 1, '$2y$10$D2YU9D.D97u0Eh3gmGkehOaLwjZ8OavDjvGl00ewmk5rQdWy0wk6a', '123456', 1, 2, 10, 1, 2, 5, 20, NULL, '', 2, 0, 1, NULL, 1, 2, 2, '2017-03-16 14:23:22', '2018-02-14 21:34:44'),
(200, 10117090028, 17090028, 'Tayaba Tasnim', 'তাইয়্যাবা তাসমিন', '10117090028@bdeducation.org.bd', 1, '$2y$10$YR0e/hRr/hhVFJd7uKdUw.hJISARSPgKBjelEOVUis3kSO3pLQJFe', '123456', 1, 2, 10, 1, 2, 5, 27, NULL, '01720242130', 2, 0, 1, NULL, 1, 2, 2, '2017-03-16 14:24:58', '2018-02-18 03:52:50'),
(201, 10117090029, 17090029, 'Nadim Mahmud', 'নাদিম মাহমুদ', '10117090029@bdeducation.org.bd', 1, '$2y$10$PiXSDXUSYiBgwm9PB/suQOUZyiCP9hsglvlIbIHGPW0Nhyvfg2zA2', '123456', 1, 2, 10, 1, 2, 5, 24, NULL, '', 1, 0, 1, NULL, 1, 2, 2, '2017-03-16 14:26:44', '2018-02-18 03:48:30'),
(202, 10117090030, 17090030, 'Abious Hossan', 'আবিয়াছ হোসেন', '10117090030@bdeducation.org.bd', 1, '$2y$10$XoMRY8Dx19T1Z4WCNRi6eOoJwICl/RNGTBNhPTik.cN9Ln0tQcXMe', '123456', 1, 2, 10, 1, 2, 5, 33, NULL, '', 1, 0, 1, NULL, 1, 2, 2, '2017-03-16 14:28:14', '2018-03-05 03:25:02'),
(203, 10117090031, 17090031, 'Shakiba Sultana', 'শাকিবা সুলতানা', '10117090031@bdeducation.org.bd', 1, '$2y$10$FIOoeD5lcl4dXNiZe/rIwO84kExALMniqdas5MJgkD0on3Zvj2gTS', '123456', 1, 2, 10, 1, 2, 5, 34, NULL, '', 2, 0, 1, NULL, 1, 2, 2, '2017-03-16 14:30:12', '2018-03-05 03:19:26'),
(204, 10117090032, 17090032, 'Md. Nayem Islam', 'মোঃ নাঈম ইসলাম', '10117090032@bdeducation.org.bd', 1, '$2y$10$Q8L9ynKa3UoB1xonM7EBieLAfa/Q4Iy1eUYpyrngUXC40fEhCK/e.', '123456', 1, 2, 10, 1, 2, 5, 35, NULL, '', 1, 0, 1, NULL, 1, 2, 2, '2017-03-16 14:31:35', '2018-03-05 03:14:39'),
(205, 10117090033, 17090033, 'Bayazid', 'বায়েজীদ', '10117090033@bdeducation.org.bd', 1, '$2y$10$evwaHIx4ENfWmVbnt3Z.nOxE1WYn07FLfOzx4kq582ip00RM5.57S', '123456', 1, 2, 10, 1, 2, 5, 36, NULL, '', 1, 0, 1, NULL, 1, 2, 2, '2017-03-16 14:33:26', '2018-03-05 03:10:58'),
(207, 10117090035, 17090035, 'Sumaiya Akter Turky', 'সুমাইয়া আক্তার তুর্কি', '10117090035@bdeducation.org.bd', 1, '$2y$10$h63gT6IWIDwioYoGHrw1pewxNidZHbMXKJO7EdKehVIVyVYMRh2r6', '123456', 1, 2, 10, 1, 2, 5, 37, NULL, '', 2, 0, 1, NULL, 1, 2, 2, '2017-03-16 14:37:13', '2018-05-31 08:23:10'),
(208, 10117090036, 17090036, 'Morium Akter', 'মরিয়ম আক্তার', '10117090036@bdeducation.org.bd', 1, '$2y$10$RbfnIjipKLYdrxFMmFT9G.XkYRy2vLeCzkTfH0uGfM2Z1S/lZZ/5a', '123456', 1, 2, 10, 1, 2, 5, 38, NULL, '', 2, 0, 1, NULL, 1, 2, 2, '2017-03-16 14:38:43', '2018-05-13 08:21:09'),
(209, 10117090037, 17090037, 'Jarin Sultana Roma', 'জেরিন সুলতানা রোমা', '10117090037@bdeducation.org.bd', 1, '$2y$10$nW1FpARXm1VZB3DNnCtFRuyU1XuB4Pedq4trKwCcNnkpYRJq/5gFq', '123456', 1, 2, 10, 1, 2, 5, 39, NULL, '01715104560', 2, 0, 1, NULL, 1, 2, 2, '2017-03-16 14:40:06', '2018-03-05 02:57:53'),
(212, 10117090040, 17090040, 'Adnan Rubai', 'আদনান রুবাই', '10117090040@bdeducation.org.bd', 1, '$2y$10$lCTRDzxKDL/QnMcJFdP19.6C0nzZ81DMpbIwgZ6.JxtVET5FdBP9O', '123456', 1, 2, 10, 1, 2, 5, 40, NULL, '01705013861', 1, 0, 1, NULL, 1, 2, 2, '2017-03-16 15:20:15', '2018-03-05 02:51:14'),
(213, 10117090041, 17090041, 'Mahfuja Sultana Suchana', 'মাহফুজা সুলতানা (সূচনা)', '10117090041@bdeducation.org.bd', 1, '$2y$10$kXLIAO5j0pDb47oO2qOlku7ruh7HH7qeC54mtYSrXwMQv83jVgu1i', '123456', 1, 2, 10, 1, 2, 5, 41, NULL, '', 2, 0, 1, NULL, 1, 2, 2, '2017-03-16 15:22:04', '2018-03-05 02:48:26'),
(214, 10117090042, 17090042, 'Tanzimul Haque', 'তানজিমুল হক', '10117090042@bdeducation.org.bd', 1, '$2y$10$kgTuc/t53FcBHpeA.sXRiuDoQYBwJRgnrB7/2mHbsB8qPWta2HMJK', '123456', 1, 2, 10, 1, 2, 5, 42, NULL, '01726763301', 1, 0, 1, NULL, 1, 2, 2, '2017-03-16 15:26:37', '2018-03-05 02:46:26');
INSERT INTO `bdedu_students` (`student_row_id`, `student_id`, `student_id_bak`, `student_name`, `student_name_bangla`, `email`, `status`, `password`, `student_password_text`, `school_row_id`, `current_session`, `current_class`, `current_shift`, `current_department`, `current_section`, `current_rollnumber`, `contact`, `student_phone`, `student_gender`, `guardian_row_id`, `guardian_login_row_id`, `remember_token`, `active_status`, `created_by`, `updated_by`, `created_at`, `updated_at`) VALUES
(215, 10117090043, 17090043, 'Bayzid Bustami Provat', 'বায়জিদ বোস্তামী প্রভাত', '10117090043@bdeducation.org.bd', 1, '$2y$10$5Ox9d/iXjMKp0RPF7rl.6OtCJmB4kcOPnmtJvCF8ylIv74kkDDGuW', '123456', 1, 2, 10, 1, 2, 5, 23, NULL, '01732708361', 1, 0, 1, NULL, 1, 2, 2, '2017-03-16 15:29:08', '2018-05-13 08:25:47'),
(217, 10117090045, 17090045, 'Md. Shakil Mia', 'মোঃ শাকিল মিয়া', '10117090045@bdeducation.org.bd', 1, '$2y$10$87nIcTRwSa8NQhRKKcus1.RpZQ/M65ByQBuIXmcd7h2IwaYay1SzG', '123456', 1, 2, 10, 1, 2, 5, 43, NULL, '', 1, 0, 1, NULL, 1, 2, 2, '2017-03-16 15:35:20', '2018-03-05 02:43:04'),
(218, 10117090046, 17090046, 'Salman F Rahman Shojib', 'সালমান এফ রহমান সজিব', '10117090046@bdeducation.org.bd', 1, '$2y$10$.5/JF.oA2krBxGtavx/TCegF28obFyLXhogH6Uf7Ihockou6L3n7m', '123456', 1, 2, 10, 1, 2, 5, 26, NULL, '', 1, 0, 1, NULL, 1, 2, 2, '2017-03-16 15:41:35', '2018-02-18 03:50:57'),
(219, 10117090047, 17090047, 'Jahidul Hassan', 'জাহিদুল হাসান', '10117090047@bdeducation.org.bd', 1, '$2y$10$uHi6dmtBawAHlw7xjQE57e/3HnzA8monrXvfIWNKEJFk3DshfLZuy', '123456', 1, 2, 10, 1, 2, 5, 44, NULL, '', 1, 0, 1, NULL, 1, 2, 2, '2017-03-16 15:44:00', '2018-03-05 02:40:58'),
(220, 10117090048, 17090048, 'Md. Naem Hossan', 'মোঃ নাঈম হোসেন', '10117090048@bdeducation.org.bd', 1, '$2y$10$LQ3cOTjtbp/WJoE.Q3ci1ecpAgn.g16oGoyEMXOhON8WcqJHATRhS', '123456', 1, 2, 10, 1, 2, 5, 45, NULL, '01726666649', 1, 0, 1, NULL, 1, 2, 2, '2017-03-16 15:46:33', '2018-03-05 02:38:42'),
(222, 10117100001, 17100001, 'Khadiza Akter Shifa', 'খাদিজা আক্তার শিফা', '10117100001@bdeducation.org.bd', 1, '$2y$10$7dk8DcEzUwrguUzjrbxrPOCa2STeRz9waApx8qXpPP.uQ0KyFjuFK', '123456', 1, 2, 51, 1, 2, 5, 1, NULL, '01959534404', 2, 0, 1, NULL, 1, 2, 2, '2017-03-18 12:18:04', '2017-03-18 12:47:19'),
(223, 10117100002, 17100002, 'Jannatul Mawa Akter Priya', 'জান্নাতুল মাওয়া আক্তার প্রিয়া', '10117100002@bdeducation.org.bd', 1, '$2y$10$D4nK2nILXTMlky1Yu5aD9eLCyucEnYNY50rw2ovS4qitL8UXVqZgG', '123456', 1, 2, 51, 1, 2, 5, 2, NULL, '01724992556', 2, 0, 1, NULL, 1, 2, 2, '2017-03-18 12:21:09', '2017-03-18 12:48:01'),
(224, 10117100003, 17100003, 'Md. Yasin Mia', 'মোঃ ইয়াসিন মিয়া', '10117100003@bdeducation.org.bd', 1, '$2y$10$TY7miYM2tc6lDRZGQnsuVeauBZizV6k3NX.JTw3D6Xbmgr/tba6hS', '123456', 1, 2, 51, 1, 2, 5, 3, NULL, '01757551080', 2, 0, 1, NULL, 1, 2, 2, '2017-03-18 12:23:28', '2017-03-18 12:48:38'),
(225, 10117100004, 17100004, 'Md. Hasan Mia', 'মোঃ হাসান মিয়া', '10117100004@bdeducation.org.bd', 1, '$2y$10$Tq5kMULiSwk75CWvHQr67eBY/IClH9t018QlavlGzDXPf5xNGFGVG', '123456', 1, 2, 51, 1, 2, 5, 4, NULL, '01760206721', 1, 0, 1, NULL, 1, 2, 2, '2017-03-18 12:25:49', '2017-03-18 12:48:58'),
(226, 10117100005, 17100005, 'Sumaiya Akter Seto', 'সুমাইয়া আক্তার সেতু', '10117100005@bdeducation.org.bd', 1, '$2y$10$dsLvebbKlsWvceisMRZehOgH1cwVDTMJO5GeY95AItMXpseL5xmHC', '123456', 1, 2, 51, 1, 2, 5, 5, NULL, '01790775622', 2, 0, 1, NULL, 1, 2, 2, '2017-03-18 12:28:51', '2017-03-18 12:49:23'),
(227, 10117100006, 17100006, 'Sanjida Jahan Ritu', 'সানজিদা জাহান রিতু', '10117100006@bdeducation.org.bd', 1, '$2y$10$5gqlTXRLIC5kmzWQcVmSmutgUaIWn3TxnFlU1ZgU36ezx/8/XfRHO', '123456', 1, 2, 51, 1, 2, 5, 6, NULL, '', 2, 0, 1, NULL, 1, 2, 2, '2017-03-18 12:31:26', '2017-03-18 12:49:48'),
(228, 10117100007, 17100007, 'Shapna Akther', 'স্বপ্না আক্তার', '10117100007@bdeducation.org.bd', 1, '$2y$10$D7IoGxYD0Gz3onYkIKdSE.2uOeanHVPiQGq4OEMNtyuVce8teScEu', '123456', 1, 2, 51, 1, 2, 5, 7, NULL, '', 2, 0, 1, NULL, 1, 2, 2, '2017-03-18 12:33:39', '2017-03-18 12:50:07'),
(229, 10117100008, 17100008, 'Md. Abdul Halim', 'মোঃ আঃ হালিম', '10117100008@bdeducation.org.bd', 1, '$2y$10$8O0X9YfUIHKyB9g9UsfKfO3XlS/F7n9ZPSZ8UjjjemfPzaiIH5T8S', '123456', 1, 2, 51, 1, 2, 5, 8, NULL, '01728435119', 1, 0, 1, NULL, 1, 2, 2, '2017-03-18 12:35:57', '2017-03-18 12:50:32'),
(230, 10117100009, 17100009, 'Abdur Rahman Sakib', 'আব্দুর রহমান সাকিব', '10117100009@bdeducation.org.bd', 1, '$2y$10$Ne5SiS9kuv6ASzAlFz98I.8W9LZbNG5KM2V8CFEoCGGwx1xFsj.GK', '123456', 1, 2, 51, 1, 2, 5, 9, NULL, '', 1, 0, 1, NULL, 1, 2, 2, '2017-03-18 12:37:56', '2017-03-18 12:51:03'),
(231, 10117100010, 17100010, 'Rubayet Hoque', 'রুবায়েত হক', '10117100010@bdeducation.org.bd', 1, '$2y$10$uS1zorTZd1xNyNAKiLSyoO1MuOzbRqCBMmpTRTWv8bh4rUm1hpgBe', '123456', 1, 2, 51, 1, 2, 5, 10, NULL, '01772766563', 1, 0, 1, NULL, 1, 2, 2, '2017-03-18 12:39:59', '2017-03-18 12:51:47'),
(232, 10117100011, 17100011, 'Monir Hossain', 'মনির হোসেন', '10117100011@bdeducation.org.bd', 1, '$2y$10$Emp/D.6VfcR9fLfqjk/eS.TOMopgnesCGTfoJaTnstvi9Tl3IHafO', '123456', 1, 2, 51, 1, 2, 5, 11, NULL, '01757206833', 1, 0, 1, NULL, 1, 2, 2, '2017-03-18 12:41:35', '2017-03-18 12:52:08'),
(233, 10117100012, 17100012, 'Shakila Akter Asha', 'শাকিলা আক্তার আশা', '10117100012@bdeducation.org.bd', 1, '$2y$10$s5FwS4bTtAdQ3MvNJNG3jOof3Z8slUTD6XkI3RNbzwJ91WSqD98uG', '123456', 1, 2, 51, 1, 2, 5, 12, NULL, '', 2, 0, 1, NULL, 1, 2, 2, '2017-03-18 12:46:22', '2017-03-18 12:52:30'),
(234, 10117100013, 17100013, 'Md. Ashraful Alam Ridoy', 'মোঃ আশরাফুল আলম হৃদয়', '10117100013@bdeducation.org.bd', 1, '$2y$10$TQ3.RV5tWtv3D7mGt4U9F.66ph/6cRpPrsnsDgXeSY0MxGa2qSlGe', '123456', 1, 2, 51, 1, 2, 5, 13, NULL, '01744242209', 1, 0, 1, NULL, 1, 2, 2, '2017-03-18 12:54:38', '2017-03-18 12:57:23'),
(235, 10117100014, 17100014, 'Abdullah All Rabby', 'আব্দুল্লাহ আল রাব্বি', '10117100014@bdeducation.org.bd', 1, '$2y$10$ULxtULX.aFo90pj8/es0zOhhzrYHDlHzIE30FAXUqq9f/gaMAJfRm', '123456', 1, 2, 51, 1, 2, 5, 14, NULL, '01721120419', 1, 0, 1, NULL, 1, 2, 0, '2017-03-18 12:57:11', NULL),
(236, 10117100015, 17100015, 'Mahfuja Akter Liza', 'মাহফুজা আক্তার লিজা', '10117100015@bdeducation.org.bd', 1, '$2y$10$kA7aEyh3LniV.Vj4CPMW6ePPwdD0xpctTZHkx1ZpFNBjKtCkse1MS', '123456', 1, 2, 51, 1, 2, 5, 15, NULL, '01962678687', 2, 0, 1, NULL, 1, 2, 0, '2017-03-18 12:59:54', NULL),
(237, 10117100016, 17100016, 'Miss. Farzana Akter', 'মোছাঃ ফারজানা আক্তার', '10117100016@bdeducation.org.bd', 1, '$2y$10$GwasCUCyjvhsY13ga511jOtEjhoQdbyLV6zk88/C.AAutkBy5nhuS', '123456', 1, 2, 51, 1, 4, 5, 16, NULL, '', 2, 0, 1, NULL, 1, 2, 0, '2017-03-18 13:02:10', NULL),
(238, 10117100017, 17100017, 'Zuiena Akther Rona', 'জুয়েনা আক্তার রুনা', '10117100017@bdeducation.org.bd', 1, '$2y$10$BYXEWxHcTMtZxAMq8LRH1ONE5S6Qqk8JKlPytsABzX5mJi7Yr5uRK', '123456', 1, 2, 51, 1, 2, 5, 17, NULL, '01726958090', 2, 0, 1, NULL, 1, 2, 0, '2017-03-18 13:04:21', NULL),
(239, 10117100018, 17100018, 'Zolekha Akter Moni', 'জুলেখা আক্তার (মনি)', '10117100018@bdeducation.org.bd', 1, '$2y$10$cF6FZc0N2ocR.XPC5XvrpuwTAy.MOZeK0/2fRPHUmreBK7E4ZJC8O', '123456', 1, 2, 51, 1, 2, 5, 18, NULL, '01969549673', 2, 0, 1, NULL, 1, 2, 0, '2017-03-18 13:11:43', NULL),
(240, 10117100019, 17100019, 'Arifa Akther', 'আরিফা আক্তার', '10117100019@bdeducation.org.bd', 1, '$2y$10$ABDAuie9V/D3h.jw0EU4zuY9YJEIG3Xsh/E/1PxxgZIyys3P3gUve', '123456', 1, 2, 51, 1, 2, 5, 19, NULL, '', 2, 0, 1, NULL, 1, 2, 0, '2017-03-18 13:13:49', NULL),
(242, 10117100021, 17100021, 'Mokta Mony', 'মুক্তা মনি', '10117100021@bdeducation.org.bd', 1, '$2y$10$fOla3lbfZSP9LgKK8TlZAesxg6zp8WCwxwoQNTVNpMmytNeJuihsK', '123456', 1, 2, 51, 1, 2, 5, 21, NULL, '01715969182', 2, 0, 1, NULL, 1, 2, 0, '2017-03-18 13:16:28', NULL),
(243, 10117100022, 17100022, 'Israt Jahan Ifa', 'ইসরাত জাহান (ইফা)', '10117100022@bdeducation.org.bd', 1, '$2y$10$6RLIA/4bjF73HnJDLekm1e6ZZmaiT29.OdU/cQvgh0bmgdtXiy4ES', '123456', 1, 2, 51, 1, 2, 5, 22, NULL, '', 2, 0, 1, NULL, 1, 2, 0, '2017-03-18 13:18:45', NULL),
(244, 10117100023, 17100023, 'Panna Akter Bithi', 'পান্না আক্তার বিথী', '10117100023@bdeducation.org.bd', 1, '$2y$10$Y9JaWeSNZg5rShT9/AelqeCYnE7CUgc0Wm.5n9ilzc.e2u8Gey1JW', '123456', 1, 2, 51, 1, 2, 5, 23, NULL, '', 2, 0, 1, NULL, 1, 2, 0, '2017-03-18 13:22:51', NULL),
(245, 10117100024, 17100024, 'Asha Mony', 'আশা মনি', '10117100024@bdeducation.org.bd', 1, '$2y$10$teq/Ui.VvAjhDdT5mC8you08ITZDhgFq4ll.jgs3ARiMddibXeqVm', '123456', 1, 2, 51, 1, 3, 5, 24, NULL, '01718532134', 2, 0, 1, NULL, 1, 2, 2, '2017-03-18 13:25:19', '2017-03-18 13:25:59'),
(246, 10117100025, 17100025, 'Jahirul Islam Jony', 'জহিরুল ইসলাম জনি', '10117100025@bdeducation.org.bd', 1, '$2y$10$sd2.88JeOluDsUUhbBvtYOwEwrmaYen8VTOR30X34SErFiYMtsq/m', '123456', 1, 2, 51, 1, 2, 5, 25, NULL, '01714333250', 2, 0, 1, NULL, 1, 2, 0, '2017-03-18 13:28:51', NULL),
(247, 10117100026, 17100026, 'Sadia Akter', 'সাদিয়া আক্তার', '10117100026@bdeducation.org.bd', 1, '$2y$10$TR7zg9HpZsa08/NcHkRdBeFVMMugeIf7SOEWEH5.pEafYnTJXFYpO', '123456', 1, 2, 51, 1, 3, 5, 26, NULL, '', 2, 0, 1, NULL, 1, 2, 2, '2017-03-18 13:31:24', '2017-03-18 13:31:40'),
(248, 10117100027, 17100027, 'Shanta Rani Roy', 'শান্তা রানী রায়', '10117100027@bdeducation.org.bd', 1, '$2y$10$hql3s0xkG/Bd25gjmNM.KuLiYR76bKiqZFQ3t0dsDoYUJ.QxASddi', '123456', 1, 2, 51, 1, 2, 5, 27, NULL, '01714313148', 2, 0, 1, NULL, 1, 2, 0, '2017-03-18 13:34:06', NULL),
(249, 10117100028, 17100028, 'Shamima Akther', 'শামীমা আক্তার', '10117100028@bdeducation.org.bd', 1, '$2y$10$PnF4lhxX7dMxO1DUcL.0Jut.O0n0t3I4KH3yzU3WgeKMhLvWxse0C', '123456', 1, 2, 51, 1, 2, 5, 28, NULL, '', 2, 0, 1, NULL, 1, 2, 0, '2017-03-18 13:36:23', NULL),
(250, 10117100029, 17100029, 'Shochi Akther Riya', 'সূচি আক্তার রিয়া', '10117100029@bdeducation.org.bd', 1, '$2y$10$a4xYJ7iZj0guSRJWGxF2fORQ8SGgYM/IDPV3pmM7qWV5DaXv0511a', '123456', 1, 2, 51, 1, 2, 5, 29, NULL, '01981688229', 2, 0, 1, NULL, 1, 2, 2, '2017-03-18 13:39:15', '2017-03-18 13:39:35'),
(251, 10117100030, 17100030, 'Nawrin Nishat Proma', 'নওরিন নিশাত প্রমা', '10117100030@bdeducation.org.bd', 1, '$2y$10$VwVZyo3ERGWXCW1Mec75b.m/nb4zycO6gcWuB17b9wLMAhVnTqCaG', '123456', 1, 2, 51, 1, 2, 5, 30, NULL, '', 2, 0, 1, NULL, 1, 2, 0, '2017-03-18 13:41:53', NULL),
(252, 10117100031, 17100031, 'Mahinur sultana Shathi', 'মাহিনুর সুলতানা সাথী', '10117100031@bdeducation.org.bd', 1, '$2y$10$qN12oOiYeprBGKwJvg/WiePO7QgHO4a2v7AfuP94JCvvDtFu0.wZy', '123456', 1, 2, 51, 1, 2, 5, 31, NULL, '01715245012', 2, 0, 1, NULL, 1, 2, 0, '2017-03-18 13:43:59', NULL),
(253, 10117100032, 17100032, 'Zubayer Al Hasan', 'জোবায়ের আল হাসান', '10117100032@bdeducation.org.bd', 1, '$2y$10$R2xd8bhHLlQ118JoyPpp8eINOiZdJz3XMD6QBeVTh0wP3rh4gU9Za', '123456', 1, 2, 51, 1, 2, 5, 32, NULL, '01721120427', 1, 0, 1, NULL, 1, 2, 0, '2017-03-18 13:46:34', NULL),
(254, 10117100033, 17100033, 'Mehedi Hassan Ruman', 'মেহেদী হাসান রুমান', '10117100033@bdeducation.org.bd', 1, '$2y$10$2pBQNE/oSXQnVTuJduZz4.xfDBORXp49VeZp6MjWDOvz.zMieO552', '123456', 1, 2, 51, 1, 2, 5, 33, NULL, '0177142288', 1, 0, 1, NULL, 1, 2, 2, '2017-03-18 13:49:56', '2017-03-18 13:50:35'),
(255, 10117100034, 17100034, 'Md. Ifat', 'মোঃ ইফাত', '10117100034@bdeducation.org.bd', 1, '$2y$10$ao3H5LE/avNdY7a8ZP7vo.DblYRq6BTz5F/9peB4GEFdlo1OxPi3G', '123456', 1, 2, 51, 1, 2, 5, 34, NULL, '01722172794', 1, 0, 1, NULL, 1, 2, 0, '2017-03-18 13:52:35', NULL),
(256, 10117100035, 17100035, 'Md. Shuvo', 'মোঃ শুভ', '10117100035@bdeducation.org.bd', 1, '$2y$10$EBs4ugIUQTujZbC8Il0lUeA/RnnmKGlT8FLst7WlmvYof2sN2MymC', '123456', 1, 2, 51, 1, 2, 5, 35, NULL, '01792023754', 1, 0, 1, NULL, 1, 2, 2, '2017-03-18 13:55:16', '2017-03-18 13:55:29'),
(257, 10117100036, 17100036, 'Sadia Akter', 'সাদিয়া আক্তার', '10117100036@bdeducation.org.bd', 1, '$2y$10$usPMCFk/p2N0ZuQdZjM.hut/lUgVu1R4tkv50XwJz2ySVBzkvPpnC', '123456', 1, 2, 51, 1, 2, 5, 36, NULL, '01747617278', 2, 0, 1, NULL, 1, 2, 0, '2017-03-18 13:58:12', NULL),
(258, 10117100037, 17100037, 'Ibrahim Hossain Rana', 'ইব্রাহিম হোসাইন রানা', '10117100037@bdeducation.org.bd', 1, '$2y$10$AvYjciHkxeBk7bLaJks1MeeGsrXa1tUCHX08hLV4QighIz68EmSqe', '123456', 1, 2, 51, 1, 2, 5, 37, NULL, '01732208173', 1, 0, 1, NULL, 1, 2, 2, '2017-03-18 14:00:44', '2017-03-18 14:00:57'),
(259, 10117100038, 17100038, 'Shohana Akther', 'সোহানা আক্তার', '10117100038@bdeducation.org.bd', 1, '$2y$10$/Xm.vL06qEnN9l6XPp/q0ukrymVSykvtgSiRsgAR9zsanyFaD2M8a', '123456', 1, 2, 51, 1, 2, 5, 38, NULL, '', 2, 0, 1, NULL, 1, 2, 0, '2017-03-18 14:04:01', NULL),
(260, 10117100039, 17100039, 'Md. Ariful Hoque Turan', 'মোঃ আরিফুল হক (তুরান)', '10117100039@bdeducation.org.bd', 1, '$2y$10$wYtLNWVvEfGgs6jeHiAnq.2ignSUD95zt/2Cu2wnFD8gb64Kt.Ga2', '123456', 1, 2, 51, 1, 2, 5, 39, NULL, '01731177795', 1, 0, 1, NULL, 1, 2, 2, '2017-03-18 14:06:34', '2017-03-18 14:06:47'),
(261, 10117100040, 17100040, 'Songita Sarker', 'সংগীতা সরকার', '10117100040@bdeducation.org.bd', 1, '$2y$10$m6sdtHRm3.bcdv/x5wydQOYFi0I3mHp2Obuf2y4zF8RAj9nOMeqhG', '123456', 1, 2, 51, 1, 2, 5, 40, NULL, '01721733251', 2, 0, 1, NULL, 1, 2, 0, '2017-03-18 14:09:25', NULL),
(262, 10117100041, 17100041, 'Shirina Akter', 'শিরিনা আক্তার', '10117100041@bdeducation.org.bd', 1, '$2y$10$I0CAVL.jVho8HKCSya4GlOQ8WJDJjRbkiPja5QwT7UmhevH7wV55C', '123456', 1, 2, 51, 1, 2, 5, 41, NULL, '', 2, 0, 1, NULL, 1, 2, 0, '2017-03-18 14:11:32', NULL),
(263, 10117100042, 17100042, 'Tanim', 'তানিম', '10117100042@bdeducation.org.bd', 1, '$2y$10$kFYDds4yDgKv.MBAVwxsZ..Wb/ZpiXMUqu3tXwLUYgrmmXfknk2Yi', '123456', 1, 2, 51, 1, 2, 5, 42, NULL, '01790775626', 1, 0, 1, NULL, 1, 2, 0, '2017-03-18 14:13:48', NULL),
(264, 10117100043, 17100043, 'Shahin Alom Shabbir', 'শাহীন আলম সাব্বির', '10117100043@bdeducation.org.bd', 1, '$2y$10$3vsifcFufQooTUYggkhzBezJvhRHBPewijY3jKJrtq.5appiNm3Ni', '123456', 1, 2, 51, 1, 2, 5, 43, NULL, '01732757141', 1, 0, 1, NULL, 1, 2, 0, '2017-03-18 14:16:09', NULL),
(265, 10117100044, 17100044, 'Sonia Akther', 'সোনিয়া আক্তার', '10117100044@bdeducation.org.bd', 1, '$2y$10$i8z6LOospu/bG0qT9Lxc6OU.NOSHrkDWYJMXBJjPjAiBz1bgqMwWW', '123456', 1, 2, 51, 1, 3, 5, 44, NULL, '01755946584', 2, 0, 1, NULL, 1, 2, 2, '2017-03-18 15:16:13', '2017-03-18 15:19:43'),
(266, 10117100045, 17100045, 'Anika Rahman (Prova)', 'আনিকা রহমান (প্রভা)', '10117100045@bdeducation.org.bd', 1, '$2y$10$Bz1JSdshVQllIVoZwdDCAuqZx7Btj.fvB6KbnUmoOm/t28vLnU5zC', '123456', 1, 2, 51, 1, 4, 5, 45, NULL, '', 2, 0, 1, NULL, 1, 2, 0, '2017-03-18 15:19:20', NULL),
(267, 10117100046, 17100046, 'Rupa Rani Banik', 'রূপা রানী বণিক', '10117100046@bdeducation.org.bd', 1, '$2y$10$iU9ZOdi4hznKD9lv7/mI1eIx0QcFpdtCIqJSEbx.chvlxqd2G74jK', '123456', 1, 2, 51, 1, 4, 5, 46, NULL, '0171242239', 2, 0, 1, NULL, 1, 2, 0, '2017-03-18 15:22:08', NULL),
(268, 10117100047, 17100047, 'Mahmuda akter Nisha', 'মাহমুদা আক্তার নিশা', '10117100047@bdeducation.org.bd', 1, '$2y$10$0Dpz2gjIO3Q1J.vBqqAVxe9B8hqCmqgIjrwvy1ANvgCHUnQaCPSIe', '123456', 1, 2, 51, 1, 4, 5, 47, NULL, '01747617299', 2, 0, 1, NULL, 1, 2, 2, '2017-03-18 15:24:39', '2017-03-18 15:25:00'),
(273, 10118080049, 0, 'Mansia Khatun Eto', 'মান্সিয়া খাতুন ইতু', '10118080049@bdeducation.org.bd', 1, '$2y$10$tK84ieAb3MuITSl9rM1ISuRVoic/iXDYCGOMxVJbvdFUfVDBsh7ZG', '123456', 1, 2, 8, 1, 1, 3, 45, NULL, '', 2, 0, 4, NULL, 1, 2, 0, '2018-02-06 01:26:28', NULL),
(279, 10118080055, 0, 'Alia akter jui', 'আলিয়া আক্তার জুই', '10118080055@bdeducation.org.bd', 1, '$2y$10$hE9xwSiut83NXue0L4y7Xe1voUX1Qeiougxfc4I1DdTC6JynxuPs6', '123456', 1, 2, 8, 1, 1, 3, 51, NULL, '', 2, 0, 4, NULL, 1, 2, 2, '2018-02-06 02:59:53', '2018-03-05 04:20:49'),
(280, 10118090061, 0, 'Ankita shaha', 'আঙ্কিতা সাহা', '10118090061@bdeducation.org.bd', 1, '$2y$10$v2t/Pq5NkZ/fKHYNoikV4.q12nzwHY0MDH73vp2CUX72mck0kvnU2', '123456', 1, 2, 9, 1, 2, 4, 8, NULL, '', 2, 0, 1, NULL, 1, 2, 2, '2018-02-06 22:10:05', '2018-06-06 15:58:42'),
(281, 10118060013, 0, 'Israt jahan', 'ইসরাত জাহান', '10118060013@bdeducation.org.bd', 1, '$2y$10$rEwFCwwdL.goFNTlInuM3eh3GwWf425edWvApNdNik7z6lsk1empG', '123456', 1, 2, 6, 1, 1, 1, 1, NULL, '', 2, 0, 1, NULL, 1, 2, 2, '2018-02-09 22:00:31', '2018-05-08 03:38:31'),
(282, 10118060014, 0, 'Linet Benta Noor Tori', 'লিনেট বিনতে নূর তরী ', '10118060014@bdeducation.org.bd', 1, '$2y$10$uUyF3CyEyq6CvewD4PU08eH/meH3oC0zs89XhsoqlHwR1prvpmqSS', '123456', 1, 2, 6, 1, 1, 1, 2, NULL, '', 2, 0, 1, NULL, 1, 2, 2, '2018-02-09 22:14:34', '2018-07-02 08:16:11'),
(283, 10118060015, 0, 'Nousin jahan suhana', 'নওশিন জাহান সুহানা', '10118060015@bdeducation.org.bd', 1, '$2y$10$iUYVe/jWqfSCuAl8d3pr0.wVXo/LMTkx/WElmKlUBvfMFdkwlxDk.', '123456', 1, 2, 6, 1, 1, 1, 3, NULL, '', 2, 0, 1, NULL, 1, 2, 2, '2018-02-09 22:17:41', '2018-03-04 04:39:32'),
(284, 10118060016, 0, 'K.M ashraful islam ratul', 'আশরাফুল ইসলাম রাতুল', '10118060016@bdeducation.org.bd', 1, '$2y$10$Z3ZSanPfrMhGvplHHrrcl.KAURfRYXh2yq1Usa96ir3pFP/eWuKam', '123456', 1, 2, 6, 1, 1, 1, 4, NULL, '', 1, 0, 1, NULL, 1, 2, 2, '2018-02-09 22:21:16', '2018-03-04 04:43:23'),
(285, 10118060017, 0, 'Jannatul islam', 'জান্নাতুল ইসলাম', '10118060017@bdeducation.org.bd', 1, '$2y$10$23TddvbPK0vvIsy2tJ9MP.wLpop34sxqLHvCF64xQYOPJhcEmTK2i', '123456', 1, 2, 6, 1, 1, 1, 5, NULL, '', 2, 0, 1, NULL, 1, 2, 2, '2018-02-09 22:24:52', '2018-05-08 06:10:42'),
(286, 10118060006, 0, 'Fariya Sultana Mim', 'ফারিয়া সুলতানা মিম', '10118060006@bdeducation.org.bd', 1, '$2y$10$1ZpHFbNYhmmf.0yUOdxK9O7OlvgCtHbHUeJc3WRuqKFIRu5I2DX12', '123456', 1, 2, 6, 1, 1, 1, 6, NULL, '', 2, 0, 1, NULL, 1, 2, 2, '2018-02-09 22:31:14', '2018-07-02 08:17:22'),
(287, 10118060007, 0, 'Fatin islam arnob', 'ফাতিন ইসলাম অর্নব', '10118060007@bdeducation.org.bd', 1, '$2y$10$XryZxeV611EJYUzrWOgC9u7MpN55FOvthJMqxEAF5Trdr32g/y3RG', '123456', 1, 2, 6, 1, 1, 1, 7, NULL, '', 1, 0, 1, NULL, 1, 2, 2, '2018-02-09 22:34:52', '2018-03-04 04:59:08'),
(288, 10118060008, 0, 'Sadia afrin nupur', 'সাদিয়া আফরিন নূপুর ', '10118060008@bdeducation.org.bd', 1, '$2y$10$PX/FPTIZ9aSxgz9WivVm0.1zFHikrtwzXb9G3h0BDY7cKAF3P5A5i', '123456', 1, 2, 6, 1, 1, 1, 8, NULL, '', 2, 0, 1, NULL, 1, 2, 2, '2018-02-09 23:16:39', '2018-03-04 04:59:58'),
(289, 10118060009, 0, 'Somaiya akter', 'সুমাইয়া আক্তার ', '10118060009@bdeducation.org.bd', 1, '$2y$10$tReqbmeUKavwxYmFzc2LpuSeocUBVWM1WYt4LXwSS3uvnKVS36RKK', '123456', 1, 2, 6, 1, 1, 1, 9, NULL, '', 2, 0, 1, NULL, 1, 2, 2, '2018-02-09 23:23:26', '2018-03-04 05:02:00'),
(290, 10118060010, 0, 'Sayma ', 'সাইমা ', '10118060010@bdeducation.org.bd', 1, '$2y$10$hoPM.eIg/oDkaUvi13zsN.hJ/1zvqspQ326Pk6vPShhWlMZFCVmLG', '123456', 1, 2, 6, 1, 1, 1, 10, NULL, '', 2, 0, 1, NULL, 1, 2, 2, '2018-02-09 23:27:57', '2018-07-02 08:17:58'),
(291, 10118060011, 0, 'Mahmudul hasan nayeem', 'মাহমুদুল হাসান নাইম', '10118060011@bdeducation.org.bd', 1, '$2y$10$QV8gqOr/SMQOPX0hZ7VDMe/TBaxmcw0N6KlCcVvfSpqULeX3S.gxe', '123456', 1, 2, 6, 1, 1, 1, 11, NULL, '', 1, 0, 1, NULL, 1, 2, 2, '2018-02-09 23:33:05', '2018-03-07 03:20:51'),
(292, 10118060012, 0, 'Afrin jahan dalia', 'আফরিন জাহান ডালিয়া', '10118060012@bdeducation.org.bd', 1, '$2y$10$/PLzdJQ4FYWh0EP/eP8bMObLLQekx/3fXAeWYF2oZdy35EMCw8wP2', '123456', 1, 2, 6, 1, 1, 1, 12, NULL, '', 2, 0, 1, NULL, 1, 2, 2, '2018-02-09 23:36:33', '2018-03-07 03:21:53'),
(293, 10118060043, 0, 'Md. shajahanur rahman', 'শাহজাহানুর রহমান', '10118060043@bdeducation.org.bd', 1, '$2y$10$MKx9SyvcyIcTVHetVlDUj.P3mHtdEvkeZnQIvTqaI8KMgJOt.n1Fq', '123456', 1, 2, 6, 1, 1, 1, 13, NULL, '', 1, 0, 1, NULL, 1, 2, 2, '2018-02-09 23:42:36', '2018-03-07 03:22:21'),
(294, 10118060044, 0, 'Ashamoni', 'আশামনি', '10118060044@bdeducation.org.bd', 1, '$2y$10$Ya/vXYmsEi8ek6BOX8ayk.02IJ8bFFPkpTREPk/QKAJJaB6jrpQtC', '123456', 1, 2, 6, 1, 1, 1, 14, NULL, '', 2, 0, 1, NULL, 1, 2, 2, '2018-02-10 00:01:04', '2018-03-07 03:22:52'),
(295, 10118060045, 0, 'Farzana sultana', 'ফারজানা সুলতানা', '10118060045@bdeducation.org.bd', 1, '$2y$10$.y9SvPoq8Si.rx5AH.qoPuqlQHJjrqh15I4vJWMf4scxsL6cayzfK', '123456', 1, 2, 6, 1, 1, 1, 15, NULL, '', 2, 0, 1, NULL, 1, 2, 2, '2018-02-10 00:09:05', '2018-03-07 03:23:26'),
(296, 10118060046, 0, 'Shuhanur rahman', 'সুহানুর রাহ্মান', '10118060046@bdeducation.org.bd', 1, '$2y$10$xn.FT4CpcH5RXtf35lr3OOdOlVKKmcpT87VOGZ6KIB4ck5iSiulsC', '123456', 1, 2, 6, 1, 1, 1, 16, NULL, '', 1, 0, 1, NULL, 1, 2, 2, '2018-02-10 00:13:02', '2018-03-07 03:24:17'),
(297, 10118060047, 0, 'Md. jakariya', 'মোঃ জাকারিয়া', '10118060047@bdeducation.org.bd', 1, '$2y$10$PILuI717.UJ8xqsBrNtfpu3qA1fUntD5R8gBkTxbJsUK.QzbWnV7m', '123456', 1, 2, 6, 1, 1, 1, 17, NULL, '', 1, 0, 1, NULL, 1, 2, 2, '2018-02-10 00:17:36', '2018-03-07 03:24:50'),
(298, 10118060018, 0, 'Tanjinul islam ', 'তানজিনুল ইসলাম ', '10118060018@bdeducation.org.bd', 1, '$2y$10$JPNFpZ8KRVEyB53CWp20H.BbkpfbxboBJkm9iNhbwP/wHXy0aaCn6', '123456', 1, 2, 6, 1, 1, 1, 18, NULL, '', 1, 0, 1, NULL, 1, 2, 2, '2018-02-10 00:22:39', '2018-03-07 03:25:51'),
(299, 10118060019, 0, 'Ismael', 'ইসমাইল', '10118060019@bdeducation.org.bd', 1, '$2y$10$BqGULD/sYwwo4EcN9sZBi.l3tTcRQugdvhhjNRO3UTFAf7rKqvPpO', '123456', 1, 2, 6, 1, 1, 1, 19, NULL, '', 1, 0, 1, NULL, 1, 2, 2, '2018-02-10 00:28:04', '2018-03-07 03:26:27'),
(300, 10118060020, 0, 'Rakibul islam', 'রাকিবুল ইসলাম ', '10118060020@bdeducation.org.bd', 1, '$2y$10$OZSLUMhUFgPcJCh.19cqj.tRAzLr19cKJS4RbYKQ4n61CvZ6KxEVe', '123456', 1, 2, 6, 1, 1, 1, 20, NULL, '', 1, 0, 1, NULL, 1, 2, 2, '2018-02-10 00:30:58', '2018-03-07 03:26:57'),
(301, 10118060021, 0, 'Mahadi hasan tuhin', 'মাহাদি হাসান তুহিন', '10118060021@bdeducation.org.bd', 1, '$2y$10$q2MiaZmmOBHppv8j7.Xt9eZ50OV34CLcvsg7mJdWFpec/ZeQL1hBK', '123456', 1, 2, 6, 1, 1, 1, 21, NULL, '', 1, 0, 1, NULL, 1, 2, 2, '2018-02-10 21:44:32', '2018-03-07 03:27:53'),
(302, 10118060022, 0, 'Labonno Akter Ome', 'লাবন্ন আক্তার অমি ', '10118060022@bdeducation.org.bd', 1, '$2y$10$zRXHQXnUfBe8Pj/kFskAOOUpK/bE.g0sRVadiASvj/BQn5sDlqdta', '123456', 1, 2, 6, 1, 1, 1, 22, NULL, '', 2, 0, 1, NULL, 1, 2, 2, '2018-02-10 21:51:19', '2018-07-02 08:21:06'),
(303, 10118060023, 0, 'Jahangir alam', 'জাহাঙ্গীর আলম', '10118060023@bdeducation.org.bd', 1, '$2y$10$0EWxLg6LK/3LwQBevvKVPuHk5i518zJ8vWYeWfgw.wu8J/mOtNb9G', '123456', 1, 2, 6, 1, 1, 1, 23, NULL, '', 1, 0, 1, NULL, 1, 2, 2, '2018-02-10 21:55:13', '2018-03-07 03:29:14'),
(304, 10118060024, 0, 'Azizunnahar ', 'আজিনুন্নাহার', '10118060024@bdeducation.org.bd', 1, '$2y$10$RKWPCOyXdB94bZIPnLgxjezvjoR4FsxlpIEjjh1fTEvSo7mOPWFIO', '123456', 1, 2, 6, 1, 1, 1, 24, NULL, '', 2, 0, 1, NULL, 1, 2, 2, '2018-02-10 21:58:55', '2018-03-07 03:29:46'),
(305, 10118060025, 0, 'Sanjana akter', 'সানজানা আক্তার', '10118060025@bdeducation.org.bd', 1, '$2y$10$8rsrSBLy/NvImuZWQK6VleS4yJYuJTCIXf4cop.No0aVEJvv6VFsm', '123456', 1, 2, 6, 1, 1, 1, 25, NULL, '', 2, 0, 1, NULL, 1, 2, 2, '2018-02-10 22:02:27', '2018-03-07 03:30:42'),
(306, 10118060026, 0, 'Md. Arafat islam', 'মোঃ আরাফাত ইসলাম ', '10118060026@bdeducation.org.bd', 1, '$2y$10$nf6AVpSrSD49NTpLvIshB.23wwb8pDDymFEExaAVtw3Ys3E1glSsC', '123456', 1, 2, 6, 1, 1, 1, 26, NULL, '', 1, 0, 1, NULL, 1, 2, 2, '2018-02-10 22:07:37', '2018-03-07 03:31:22'),
(307, 10118060027, 0, 'Anisur rahman', 'আনিসুর রাহমান ', '10118060027@bdeducation.org.bd', 1, '$2y$10$LCqhuawNaWpVLj8HerWRau6bvQ5rqChxS1XatC1Hw4kI41XiQJevi', '123456', 1, 2, 6, 1, 1, 1, 27, NULL, '', 1, 0, 1, NULL, 1, 2, 2, '2018-02-10 22:11:37', '2018-03-07 03:32:51'),
(308, 10118060028, 0, 'Anik islam abir', 'আনিক ইসলাম আবির', '10118060028@bdeducation.org.bd', 1, '$2y$10$VR4MHCCH2VwEX6NhK8HQke7fuoXyE/dfPTi.qZnrOrVJ5aLyEgVj6', '123456', 1, 2, 6, 1, 1, 1, 28, NULL, '', 1, 0, 1, NULL, 1, 2, 2, '2018-02-10 22:15:42', '2018-03-07 03:41:02'),
(309, 10118060029, 0, 'Shahriar rahman abir', 'শাহরিয়ার রাহমান আবির ', '10118060029@bdeducation.org.bd', 1, '$2y$10$Co2rx9wXbnEUcyAENoO0AecosEVmqggzWHPzVttAvKxSH3RBfnnuK', '123456', 1, 2, 6, 1, 1, 1, 29, NULL, '', 1, 0, 1, NULL, 1, 2, 2, '2018-02-10 22:21:42', '2018-03-07 03:51:13'),
(310, 10118060030, 0, 'Ashekur rahman sabbir', 'আশিকুর রাহমান আবির ', '10118060030@bdeducation.org.bd', 1, '$2y$10$53Bbgah06g80gxxiDcx.bewP3HdfnrEkd16xCZg5Dx6.F8rPAxGbO', '123456', 1, 2, 6, 1, 1, 1, 30, NULL, '', 1, 0, 1, NULL, 1, 2, 2, '2018-02-10 22:27:12', '2018-03-07 03:55:01'),
(311, 10118090062, 0, 'Sadek Hossain Labib', 'সাদেক হোসেন লাবিব', '10118090062@bdeducation.org.bd', 1, '$2y$10$.ZF3GbFSwes96i5uBkURA.FfprzYn5Fnmat091XYUOlzyPdPDALfW', '123456', 1, 2, 9, 1, 2, 4, 40, NULL, '', 1, 0, 4, NULL, 1, 2, 0, '2018-02-11 00:24:24', NULL),
(312, 10118090063, 0, 'Siful Islam Tousher', 'সাইফুল ইসলাম তুশার', '10118090063@bdeducation.org.bd', 1, '$2y$10$bxVwlxUPgVDYcf7s8700mevPGgi1ZfZ7Q/bsKZphYu8xSIxju4vZe', '123456', 1, 2, 9, 1, 2, 4, 41, NULL, '', 1, 0, 4, NULL, 1, 2, 0, '2018-02-11 00:27:40', NULL),
(313, 10118090064, 0, 'Md. Mustafizur Rahman', 'মুস্তাফিজুর রাহমান', '10118090064@bdeducation.org.bd', 1, '$2y$10$F40RZ6fMpIrhJ1xaADpg/.YQG7s9JiE/lHbsxcInJmWhKUVY0buHS', '123456', 1, 2, 9, 1, 2, 4, 42, NULL, '', 1, 0, 4, NULL, 1, 2, 2, '2018-02-11 00:30:50', '2018-03-05 04:19:31'),
(314, 10118090065, 0, 'Asfia Tasnim Munni', 'আস্ফিয়া তাসনিম মুন্নি', '10118090065@bdeducation.org.bd', 1, '$2y$10$BjHyxU7gcA4kQhmu3LzGYeklHtj6U5qS.2OAgiYkmywJFYxCHedpK', '123456', 1, 2, 9, 1, 2, 4, 43, NULL, '', 2, 0, 4, NULL, 1, 2, 2, '2018-02-11 00:34:26', '2018-03-05 04:18:38'),
(315, 10118090066, 0, 'Md. Sadman Sakib ', 'মোঃ শাদমান সাকিব', '10118090066@bdeducation.org.bd', 1, '$2y$10$Pr0fWR3UlLh9MTtvdcZO7.fm7NF2Y45B1xSoAEx5FpxR1jKfPZk/e', '123456', 1, 2, 9, 1, 2, 4, 44, NULL, '', 1, 0, 4, NULL, 1, 2, 2, '2018-02-11 00:38:35', '2018-04-24 05:12:51'),
(316, 10118090067, 0, 'Sadia Afrin ', 'সাদিয়া আফরিন', '10118090067@bdeducation.org.bd', 1, '$2y$10$Nz.2SSxktihhGhVDWol.Wu5FivyQHDJ5baPkCrffciVlR1JY8.geS', '123456', 1, 2, 9, 1, 2, 4, 45, NULL, '', 2, 0, 4, NULL, 1, 2, 2, '2018-02-11 00:41:36', '2018-03-05 04:17:09'),
(317, 10118060031, 0, 'Roven hosen', 'রভেন হোসেন', '10118060031@bdeducation.org.bd', 1, '$2y$10$mPuwEHBom3OFjiP33hhL9eh3nvNGlKHUlPaLz.U.9OguzJQkP1HTi', '123456', 1, 2, 6, 1, 1, 1, 31, NULL, '', 1, 0, 1, NULL, 1, 2, 2, '2018-02-11 01:05:35', '2018-03-07 03:59:05'),
(318, 10118060032, 0, 'Khadiza akter bristy', 'খাদিজা আক্তার বৃষ্টি ', '10118060032@bdeducation.org.bd', 1, '$2y$10$f9oFw0irrMxClbuVn7S/We1Ax38vQtUs2jkcy7X2tA4AENTK9ct62', '123456', 1, 2, 6, 1, 1, 1, 32, NULL, '', 2, 0, 1, NULL, 1, 2, 2, '2018-02-11 01:08:56', '2018-03-07 03:59:42'),
(319, 10118060033, 0, 'Mahbub rasel ', 'মাহবুব রাসেল ', '10118060033@bdeducation.org.bd', 1, '$2y$10$xipiz3i9FIdEwimr4Y9cfuLoWUn8zmreu1vGr...Guqv/riQuAjPC', '123456', 1, 2, 6, 1, 1, 1, 33, NULL, '', 1, 0, 1, NULL, 1, 2, 2, '2018-02-11 01:11:26', '2018-03-07 04:00:27'),
(320, 10118060034, 0, 'tamjid hasan shohan', 'তামজিদ হাসান সুহান ', '10118060034@bdeducation.org.bd', 1, '$2y$10$2G/70A8LatXa6oU5L8A47uklIbLnWI0f/oDKVBSjWFAVAkyYGukDC', '123456', 1, 2, 6, 1, 1, 1, 34, NULL, '', 1, 0, 1, NULL, 1, 2, 2, '2018-02-11 01:14:44', '2018-03-07 04:02:46'),
(321, 10118060035, 0, 'Farsiha nomani raida ', 'ফারসিহা নোমানি রাইদা', '10118060035@bdeducation.org.bd', 1, '$2y$10$VnpIKP2EmvZnhLdCvXzDJOGqCcs.Cy8nj3d/XgzsuyRmS74JgW1cO', '123456', 1, 2, 6, 1, 1, 1, 35, NULL, '', 2, 0, 1, NULL, 1, 2, 2, '2018-02-11 01:17:49', '2018-03-07 04:03:25'),
(322, 10118060036, 0, 'Md. megan ', 'মোঃ মেগান', '10118060036@bdeducation.org.bd', 1, '$2y$10$ooBN05bRoX1cSi6hpolrReQ.zLESR65k9LhFO2fS/F0zXpgoVaN4O', '123456', 1, 2, 6, 1, 1, 1, 36, NULL, '', 1, 0, 1, NULL, 1, 2, 2, '2018-02-11 01:20:26', '2018-03-07 04:04:06'),
(323, 10118060037, 0, 'Mashiur rahman', 'মাশিউর রাহমান', '10118060037@bdeducation.org.bd', 1, '$2y$10$B8OEDJEYLIn50j3lJLzl5O.sP2W95OmDPPzHHUQpf02sNdwGFsUui', '123456', 1, 2, 6, 1, 1, 1, 37, NULL, '', 1, 0, 1, NULL, 1, 2, 2, '2018-02-11 01:23:08', '2018-03-07 04:04:48'),
(324, 10118060038, 0, 'Minanur rahman', 'মিনানুর রাহমান ', '10118060038@bdeducation.org.bd', 1, '$2y$10$A./ORIBjz48WKsoVOCEp2ejWcXUIIMPhf7/7Nmv/AbJCmk83f/LpC', '123456', 1, 2, 6, 1, 1, 1, 38, NULL, '', 1, 0, 1, NULL, 1, 2, 2, '2018-02-11 01:26:04', '2018-03-07 04:05:15'),
(325, 10118060039, 0, 'Fahima Tasmin', 'ফাহিমা তাসমিন ', '10118060039@bdeducation.org.bd', 1, '$2y$10$2gu9OxNaXE/hq5WOUgf.e.WTgSnBobYit7b7VamBq9tlqDlctJp/G', '123456', 1, 2, 6, 1, 1, 1, 39, NULL, '', 2, 0, 1, NULL, 1, 2, 2, '2018-02-11 01:28:36', '2018-07-02 08:22:53'),
(326, 10118060040, 0, 'Mehedi haidar anadi', 'মানদি হায়দার আনাদি', '10118060040@bdeducation.org.bd', 1, '$2y$10$97GspC5gi6YBxd.DIwSIo.tfyEQkpyyYM1L3olOCfnJ1QYuW1sU12', '123456', 1, 2, 6, 1, 1, 1, 40, NULL, '', 1, 0, 1, NULL, 1, 2, 2, '2018-02-11 01:31:52', '2018-09-30 03:48:57'),
(327, 10118060041, 0, 'Nunnahar ', 'নুন্নাহার', '10118060041@bdeducation.org.bd', 1, '$2y$10$CinQzM21UsawJzSaLSr94unVxmbF8mOlrImulp8cMx2PpB9X76xym', '123456', 1, 2, 6, 1, 1, 1, 41, NULL, '', 2, 0, 1, NULL, 1, 2, 2, '2018-02-11 01:34:24', '2018-04-08 10:42:24'),
(328, 10118060042, 0, 'Taskin jahid ', 'তাসকিন জাহিদ', '10118060042@bdeducation.org.bd', 1, '$2y$10$YWVS8u5duO8uMm1ktqXd.e/TzECkz00L8wUQgkVr4LGvlLeuWLJCm', '123456', 1, 2, 6, 1, 1, 1, 42, NULL, '', 1, 0, 1, NULL, 1, 2, 2, '2018-02-11 01:36:31', '2018-03-07 04:09:57'),
(329, 10118100028, 0, 'Abdullah al mamun', 'আব্দুল্লাহ আল মামুন', '10118100028@bdeducation.org.bd', 1, '$2y$10$UJAnIFJc72ffrABLtmsJlOwwMF.kL3yZg.Rqez3CcMpPOjiv/SBrO', '123456', 1, 2, 10, 1, 2, 5, 25, NULL, '', 1, 0, 1, NULL, 1, 2, 0, '2018-02-14 23:44:13', NULL),
(334, 10118100033, 0, 'Al Sakib Hossen', 'আল সাকিব হোসেন', '10118100033@bdeducation.org.bd', 1, '$2y$10$Z6Zj2s/tI.2NcniGOSZz4ufts/Ir4Pq6GTFBCVIFwipyZQorBR3mu', '123456', 1, 2, 10, 1, 2, 5, 19, NULL, '', 1, 0, 4, NULL, 1, 2, 0, '2018-02-18 21:32:47', NULL),
(339, 10118070049, 0, 'Md. Fahad Mia', 'মহাম্মাদ ফাহাদ মিয়া', '10118070049@bdeducation.org.bd', 1, '$2y$10$ROp5BwxKYNfATYRZ5FIAh.kfh5b0rGGmFEHNkI6R8BHFXmihkOfG6', '123456', 1, 2, 7, 1, 1, 2, 49, NULL, '', 1, 0, 3, NULL, 1, 2, 0, '2018-03-05 04:35:37', NULL),
(340, 10118070050, 0, 'Sadia Hoq Tesha', 'সাদিয়া হক তিশা', '10118070050@bdeducation.org.bd', 1, '$2y$10$TSSSeEY4wIBwe8tcUe3OM.8ck7JVxzG4VD9eOGWIy/INV/TtHHjz.', '123456', 1, 2, 7, 1, 1, 2, 51, NULL, '', 2, 0, 3, NULL, 1, 2, 0, '2018-03-05 04:39:50', NULL),
(341, 10118070051, 0, 'Md.mahibullah maruf', 'মোঃ মাহবুবুল্লা মারুফ', '10118070051@bdeducation.org.bd', 1, '$2y$10$WZK9.qi4YAz5pUQWaKGD2eDCjx7qIMIlD3r.iI1dkOMGSCO8IZCNy', '123456', 1, 2, 7, 1, 1, 2, 52, NULL, '', 1, 0, 3, NULL, 1, 2, 2, '2018-03-05 04:43:18', '2018-03-05 04:47:55'),
(342, 10118070052, 0, 'Afia Nawar', 'আফিয়া নাওয়ার', '10118070052@bdeducation.org.bd', 1, '$2y$10$FVnAxs.5FDMM7/SlDku0OuqrbUKk39ox3JMSlH2ZujMfbCyVoUGAG', '123456', 1, 2, 7, 1, 1, 2, 53, NULL, '', 2, 0, 3, NULL, 1, 2, 2, '2018-03-05 04:45:02', '2018-03-05 04:48:26'),
(343, 10118070053, 0, 'Minmona islam', 'মাইমোনা ইসলাম', '10118070053@bdeducation.org.bd', 1, '$2y$10$nCY/zbFcp.53i7NZp6Yn9uF6yNqaYQEpOtsNgl0tkqtFx1GinbNCe', '123456', 1, 2, 7, 1, 1, 2, 54, NULL, '', 2, 0, 3, NULL, 1, 2, 2, '2018-03-05 04:46:52', '2018-03-05 04:48:59'),
(344, 10118090047, 0, 'Jasinul Mobin', 'জাসিনুল মবিন', '10118090047@bdeducation.org.bd', 1, '$2y$10$yqCUClJjnGayD7zFS4Mtp.xnkKbBD5tt5sTv3PWSlnDquB2yPoa.C', '123456', 1, 2, 9, 1, 2, 4, 46, NULL, '', 1, 0, 3, NULL, 1, 2, 0, '2018-03-10 03:42:51', NULL),
(345, 10118010001, 0, 'Devjit saha chowdhury', 'দেবজিৎ সাহা', '10118010001@bdeducation.org.bd', 1, '$2y$10$EYGPUMM4SeSg36RW2lovZuzj7M9UEZXxqtZHVFQaodgIySG9lS25a', '123456', 1, 2, 1, 1, 1, 7, 1, NULL, '01727561861', 1, 0, 3, NULL, 1, 2, 2, '2018-03-12 03:27:26', '2018-04-07 08:59:46'),
(346, 10118010002, 0, 'Anisujjaman Sourov', 'আনিছুজ্জামান সৌরভ', '10118010002@bdeducation.org.bd', 1, '$2y$10$eHERJXKSNxMgRUlRjMkByOznlOx0vgY5UvTZiCUpa3d6QoBOKhjhm', '123456', 1, 2, 1, 1, 1, 7, 2, NULL, '', 1, 0, 3, NULL, 1, 2, 0, '2018-03-12 03:32:34', NULL),
(347, 10118010003, 0, 'Tasmiya Akter Tisa', 'তাস্মিয়া আক্তার', '10118010003@bdeducation.org.bd', 1, '$2y$10$sqrGxnBnw4g8P.5.g4AwuuwEQHGN1lpMIPQdSfZ5hXlaGY1TX2iOi', '123456', 1, 2, 1, 1, 1, 7, 3, NULL, '', 2, 0, 3, NULL, 1, 2, 0, '2018-03-12 03:36:37', NULL),
(348, 10118010004, 0, 'Nurunnahar  Juti', 'নুরুন্নাহার জ্যোতি ', '10118010004@bdeducation.org.bd', 1, '$2y$10$hLK5icrNGVi5OH9zs6LFDOUlSTWUyPu4g7EwVVICA8CjHGiW0zFNe', '123456', 1, 2, 1, 1, 1, 7, 4, NULL, '', 2, 0, 3, NULL, 1, 2, 0, '2018-03-12 03:54:00', NULL),
(349, 10118010005, 0, 'Liya Moni', 'লিয়া মনি', '10118010005@bdeducation.org.bd', 1, '$2y$10$RxdxjgUz1EUWpK4Ru7OoyeGWq7t5YYmi/1fzzYHSp/Aq.Wn6BjNa6', '123456', 1, 2, 1, 1, 1, 7, 5, NULL, '', 2, 0, 3, NULL, 1, 2, 0, '2018-03-12 03:57:18', NULL),
(350, 10118010006, 0, 'Mahbuba Ahsan Eva', 'মাহবুবা আহসান ইভা', '10118010006@bdeducation.org.bd', 1, '$2y$10$YJEkJ5HiMQ1OpZ9D7ueh1eOQ.u.mg6ywu56qHPu4NbhPNlzUBAwja', '123456', 1, 2, 1, 1, 1, 7, 6, NULL, '', 2, 0, 3, NULL, 1, 2, 0, '2018-03-12 04:02:33', NULL),
(351, 10118010007, 0, 'Sayontika Barmon', 'শায়ন্তিকা বর্মণ ', '10118010007@bdeducation.org.bd', 1, '$2y$10$NGf27wv76lBX4wZwedNXH.kmB0MQpLWE4PZFGeDNhhthcKw2LGng.', '123456', 1, 2, 1, 1, 1, 7, 7, NULL, '', 2, 0, 3, NULL, 1, 2, 0, '2018-03-12 04:07:44', NULL),
(352, 10118010008, 0, 'Tasmia Jahan Fabiha', 'ফাবিহা', '10118010008@bdeducation.org.bd', 1, '$2y$10$1NDcPuqmp3d6Z82Hrcdi3e2jlB1k7WYuh9fxUkDYEU/DWVhQjdZ7K', '123456', 1, 2, 1, 1, 1, 7, 8, NULL, '', 2, 0, 3, NULL, 1, 2, 0, '2018-03-12 04:11:12', NULL),
(353, 10118010009, 0, 'Umme Taskin Era', 'উম্মে তাস্কিন', '10118010009@bdeducation.org.bd', 1, '$2y$10$H0Hb9mNcTxLDHWUMr2C1Nexj46IsewmCrCQSgtL1yz/xOG0Shpf0C', '123456', 1, 2, 1, 1, 1, 7, 9, NULL, '', 2, 0, 3, NULL, 1, 2, 0, '2018-03-12 04:14:31', NULL),
(354, 10118010010, 0, 'Miss. Samia', 'সামিয়া', '10118010010@bdeducation.org.bd', 1, '$2y$10$eSNQVw/hLUcdTxjVho8aWuT73e/jpWJ3kP3lot0d/1OxCaSCH0qGa', '123456', 1, 2, 1, 1, 1, 7, 10, NULL, '', 2, 0, 3, NULL, 1, 2, 0, '2018-03-12 04:21:16', NULL),
(355, 10118010011, 0, 'Adif  Farhan', 'আদিফ ফারহান ', '10118010011@bdeducation.org.bd', 1, '$2y$10$XZiXg88nzAymVI7BiE2xQe52YfE112cqr7x5aRx121w8w3j7OSEU.', '123456', 1, 2, 1, 1, 1, 7, 11, NULL, '', 1, 0, 3, NULL, 1, 2, 0, '2018-03-12 04:23:41', NULL),
(356, 10118010012, 0, 'Ismail Hossain', 'ইসমাইল হোসেন ', '10118010012@bdeducation.org.bd', 1, '$2y$10$gvmk0WjDe56MZKjv67kpues3zJQK53TlG7nepnFi7CarIokBniOHe', '123456', 1, 2, 1, 1, 1, 7, 12, NULL, '', 1, 0, 3, NULL, 1, 2, 0, '2018-03-12 04:27:13', NULL),
(357, 10118010013, 0, 'Junayed Siddeki', 'জুনায়েদ সিদ্দিকী ', '10118010013@bdeducation.org.bd', 1, '$2y$10$9BO2x0e8X0oF085PGckULONA4QtEEb79Qf3twPLDSggvEXf7/xjcC', '123456', 1, 2, 1, 1, 1, 7, 13, NULL, '', 1, 0, 3, NULL, 1, 2, 0, '2018-03-12 04:32:38', NULL),
(358, 10118010014, 0, 'Suad Hasan', 'সোয়াদ হাসান ', '10118010014@bdeducation.org.bd', 1, '$2y$10$O631zkybUw/K6Ag4yq6NOe1E8FiagPmdq59WPH4o7XxGSp0JFn5BO', '123456', 1, 2, 1, 1, 1, 7, 14, NULL, '', 1, 0, 3, NULL, 1, 2, 0, '2018-03-12 04:37:25', NULL),
(359, 10118010015, 0, 'Taspiya Sultana Moon', 'তাস্ফিয়া সুলতানা', '10118010015@bdeducation.org.bd', 1, '$2y$10$51MrGOJSUthhRP1xwX7HF.Sd.GbsPRgakPJ3wuihNUoeRTzIVcJla', '123456', 1, 2, 1, 1, 1, 7, 15, NULL, '', 2, 0, 3, NULL, 1, 2, 2, '2018-03-12 04:39:50', '2018-05-30 03:48:51'),
(360, 10118010016, 0, 'Taspria Jannat Saimoni', 'তাসপ্রিয়া জান্নাত ', '10118010016@bdeducation.org.bd', 1, '$2y$10$8j4BX3jc2z5tmey7wRNJ8.rW/kaaXtS9XkBlisFprqpg9KoTW6UrS', '123456', 1, 2, 1, 1, 1, 7, 16, NULL, '', 2, 0, 3, NULL, 1, 2, 2, '2018-03-12 04:42:51', '2018-04-07 09:17:34'),
(361, 10118010017, 0, 'Aysha Seeddeka Thore', 'আয়েশা সিদ্দিকা তরী ', '10118010017@bdeducation.org.bd', 1, '$2y$10$l.t1UKvMqGbiJmV80iwpZOpM7BJA.yQhwIqJydG4jH4OAPVZvzYa.', '123456', 1, 2, 1, 1, 1, 7, 17, NULL, '', 2, 0, 3, NULL, 1, 2, 0, '2018-03-12 04:44:59', NULL),
(362, 10118010018, 0, 'Tahmid Sharker', 'তাহমিদ সরকার ', '10118010018@bdeducation.org.bd', 1, '$2y$10$AUzFTanBRcw5OMbnOySkv.CI0T0Pw2R.UamETRpsbbSUfPVkETTu2', '123456', 1, 2, 1, 1, 1, 7, 18, NULL, '', 1, 0, 3, NULL, 1, 2, 0, '2018-03-12 04:47:50', NULL),
(363, 10118010019, 0, 'Elma Hasan', 'এলমা হাসান ', '10118010019@bdeducation.org.bd', 1, '$2y$10$l8umoI9uMCTNB6AlYPw4B.2TQoTyEEKYekeCMP6mVd4hmEn0jA9Qi', '123456', 1, 2, 1, 1, 1, 7, 19, NULL, '', 1, 0, 3, NULL, 1, 2, 2, '2018-03-12 04:49:44', '2018-05-30 03:47:01'),
(364, 10118010020, 0, 'Al Emran Shiblo', 'আল ইমরান', '10118010020@bdeducation.org.bd', 1, '$2y$10$qsNhEv48J9wvMdIBOGRZ4OXEG0AognPRhCCxR4i/sYtB2T.UzDTTu', '123456', 1, 2, 1, 1, 1, 7, 20, NULL, '', 1, 0, 3, NULL, 1, 2, 0, '2018-03-12 04:52:31', NULL),
(365, 10118010021, 0, 'Afrin Usman', 'আফরিন উসমান ', '10118010021@bdeducation.org.bd', 1, '$2y$10$uwGiJJOxtYZM30z2CSIqSuw/WgJssuWfjV5cy3tIYpF.gcN8yRMv.', '123456', 1, 2, 1, 1, 1, 7, 21, NULL, '', 2, 0, 3, NULL, 1, 2, 0, '2018-03-12 04:56:08', NULL),
(366, 10118010022, 0, 'Tasnim Jahan Eusha', 'তাসনিম জাহান ইউসা', '10118010022@bdeducation.org.bd', 1, '$2y$10$gRLGpTUWkMeuFABhc5yJk.OjoRVIOKFNmMDzUC5/34GHg1VW25pPG', '123456', 1, 2, 1, 1, 1, 7, 22, NULL, '', 2, 0, 3, NULL, 1, 2, 2, '2018-03-15 06:31:38', '2018-04-08 07:16:48'),
(367, 10118010023, 0, 'Md. Syeam', 'মহাম্মাদ সিয়াম', '10118010023@bdeducation.org.bd', 1, '$2y$10$eecZVe.9d6Qa.AO89Sj1BOGyPWDABlPMjshp1ND0L9EkZyb93DKfi', '123456', 1, 2, 1, 1, 1, 7, 23, NULL, '', 1, 0, 3, NULL, 1, 2, 2, '2018-03-15 06:32:33', '2018-04-08 07:28:44'),
(368, 10118010024, 0, 'Jannat Akanda', 'জান্নাত আকান্দ', '10118010024@bdeducation.org.bd', 1, '$2y$10$buIFBsB9O5wWwOMXFvFqDeE/Ctlgft6BLq8MRpCQtqrkTb9bKHvqa', '123456', 1, 2, 1, 1, 1, 7, 24, NULL, '', 2, 0, 3, NULL, 1, 2, 2, '2018-03-15 06:33:14', '2018-04-08 07:30:05'),
(369, 10118010025, 0, 'Miss Fatema ', 'মিস ফাতেমা', '10118010025@bdeducation.org.bd', 1, '$2y$10$NFw8mofNcNT9E2FWW0Rv8uiIJ2HohoagtT1TejnNdzpXQo621PRDS', '123456', 1, 2, 1, 1, 1, 7, 25, NULL, '', 2, 0, 3, NULL, 1, 2, 2, '2018-03-15 06:34:08', '2018-04-08 07:30:51'),
(370, 10118010026, 0, 'Saied Sadik Masfi', 'সায়েদ সাদিক মাসফি', '10118010026@bdeducation.org.bd', 1, '$2y$10$AV6LOy75eRuju73PfZ.Xoel1cEw7xv29P8gPb7yOoNqlMKfmLwtcq', '123456', 1, 2, 1, 1, 1, 7, 26, NULL, '', 1, 0, 3, NULL, 1, 2, 2, '2018-03-15 06:35:10', '2018-04-08 07:31:34'),
(371, 10118010027, 0, 'Al Rafi', 'আল রাফি', '10118010027@bdeducation.org.bd', 1, '$2y$10$Kn3j8GI.3RjjavEoywgWsulVt97ImxBUgZ3G/SojnpizG6rZBV2We', '123456', 1, 2, 1, 1, 1, 7, 27, NULL, '', 1, 0, 3, NULL, 1, 2, 2, '2018-03-15 06:35:44', '2018-04-09 05:15:51'),
(372, 10118010028, 0, 'Sadia Akter Shimo', 'সাদিয়া আক্তার শিমু', '10118010028@bdeducation.org.bd', 1, '$2y$10$qjf9Z/l48Mq0QKTmciSnx.MDR.GJLMt6m86S6hldjufUCmRlnBvyu', '123456', 1, 2, 1, 1, 1, 7, 28, NULL, '', 2, 0, 3, NULL, 1, 2, 2, '2018-03-15 06:36:38', '2018-04-09 06:12:09'),
(373, 10118010029, 0, 'Israt Jahan Tanni', 'ইসরাত জাহান তান্নি ', '10118010029@bdeducation.org.bd', 1, '$2y$10$e8QCXsmgfP70e5yRU.9ELeeGdvleZnwHryvmeYxArzgYqw..h2x9i', '123456', 1, 2, 1, 1, 1, 7, 29, NULL, '', 2, 0, 3, NULL, 1, 2, 2, '2018-03-15 06:37:23', '2018-04-09 06:13:26'),
(374, 10118010030, 0, 'Fahmida Tasnim', 'ফাহমিদা তাসনিম', '10118010030@bdeducation.org.bd', 1, '$2y$10$V8VmcelIxnhiNJpjR3hfk.uOza57KPM8w7.Bjd98yb62z0XLkSQcW', '123456', 1, 2, 1, 1, 1, 7, 30, NULL, '', 2, 0, 3, NULL, 1, 2, 2, '2018-03-15 06:38:13', '2018-04-09 06:19:03'),
(375, 10118010031, 0, 'Rakibul Hasan Abir', 'রাকিবুল হাসান', '10118010031@bdeducation.org.bd', 1, '$2y$10$wMrmDeX/LmYN0xQ0b8mGMehtO6OfQMeqjhuPMWZE1mv6C3fO2rlJe', '123456', 1, 2, 1, 1, 1, 7, 31, NULL, '', 1, 0, 3, NULL, 1, 2, 2, '2018-03-15 06:39:08', '2018-05-31 07:49:00'),
(376, 10118010032, 0, 'Tabassum Haydar Noba', 'তাবাসসুম হায়দার', '10118010032@bdeducation.org.bd', 1, '$2y$10$WMLZmfrJiSm/XMClrTvfz.RhB47H5O.WvMplbr/f.Uk4705H3oS/O', '123456', 1, 2, 1, 1, 1, 7, 32, NULL, '', 2, 0, 3, NULL, 1, 2, 2, '2018-03-15 06:39:52', '2018-04-09 06:27:20'),
(377, 10118010033, 0, 'Tabassum Haydar Tuba', 'তাবাসসুম হায়দার তোবা', '10118010033@bdeducation.org.bd', 1, '$2y$10$r0lGiFlyvfsZNoyZUlZ70OVX6CCEVBb/LZJSAlrLE7N2fspAa1z4i', '123456', 1, 2, 1, 1, 1, 7, 33, NULL, '', 2, 0, 3, NULL, 1, 2, 2, '2018-03-15 06:41:53', '2018-04-09 06:28:26'),
(378, 10118010034, 0, 'Md.Sakibul Hassan', 'সাকিবুল হাসান', '10118010034@bdeducation.org.bd', 1, '$2y$10$EPX5g5gkHgW.KagmTmLfOOv2lYbUkH30pW3Ist9gjIM4Skl4J5XJS', '123456', 1, 2, 1, 1, 1, 7, 34, NULL, '', 1, 0, 3, NULL, 1, 2, 2, '2018-03-15 06:43:39', '2018-04-09 06:33:59'),
(379, 10118010035, 0, 'Sinthiya Jaman Lamiya', 'সিনথিয়া জামান', '10118010035@bdeducation.org.bd', 1, '$2y$10$lhM88bfgWXqup9n164FdFONIRhWNHNW491l2V5eZtie0dAqYprcuC', '123456', 1, 2, 1, 1, 1, 7, 35, NULL, '', 2, 0, 3, NULL, 1, 2, 2, '2018-03-15 06:45:00', '2018-04-09 06:34:56'),
(380, 10118010036, 0, 'Papiya Sultana', 'পাপিয়া সুলতানা ', '10118010036@bdeducation.org.bd', 1, '$2y$10$N9oSfWtijtZGNKJyz6.8WO48tklSVBnrji1fOoNPv7v9Zu.nO5O3K', '123456', 1, 2, 1, 1, 1, 7, 36, NULL, '', 2, 0, 3, NULL, 1, 2, 2, '2018-03-15 06:46:08', '2018-04-09 06:35:50'),
(381, 10118010037, 0, 'Saima Islam Jui', 'সাইমা ইসলাম', '10118010037@bdeducation.org.bd', 1, '$2y$10$ZaVuPLfeVNFB5oz.ixnnfOj/oc2NDmYiHYZVHbbyyCe4oSzUBE4n2', '123456', 1, 2, 1, 1, 1, 7, 37, NULL, '', 2, 0, 3, NULL, 1, 2, 2, '2018-03-15 06:46:46', '2018-04-09 06:36:42'),
(382, 10118010038, 0, 'Sadia Jahan Etu', 'সাদিয়া জাহান', '10118010038@bdeducation.org.bd', 1, '$2y$10$UEkhyl3Z1z527UeHFcyFvuWW2DMps1oj52L77.EBhLE7hwCir9Mae', '123456', 1, 2, 1, 1, 1, 7, 38, NULL, '', 2, 0, 3, NULL, 1, 2, 2, '2018-03-15 06:47:22', '2018-04-09 06:37:44'),
(383, 10118010039, 0, 'Areyian', 'আরিয়ান ', '10118010039@bdeducation.org.bd', 1, '$2y$10$SzyDsv2HLG8WznULU0jMiOmU67d0CQT2QCER1rtOQOOuxHzX1t0XC', '123456', 1, 2, 1, 1, 1, 7, 39, NULL, '', 1, 0, 3, NULL, 1, 2, 2, '2018-03-15 06:47:56', '2018-04-09 06:39:34'),
(384, 10118040001, 0, 'Tanjimul Islam', 'তানজিমুল ইসলাম', '10118040001@bdeducation.org.bd', 1, '$2y$10$g9Jaja03ePFNmbVlIOd8yeX0NqFlwRb8780VHSpiUpeJ3.UtasHy2', '123456', 1, 2, 4, 1, 1, 10, 1, NULL, '', 1, 0, 3, NULL, 1, 2, 2, '2018-03-20 05:10:24', '2018-10-10 06:51:09'),
(385, 10118040002, 0, 'Maria Akter', 'মারিয়া আক্তার', '10118040002@bdeducation.org.bd', 1, '$2y$10$bMDPfPadRAOm.THm4AHYjeMrQO1pHx8g8lGCV9/m1V2hL5tV2ZQm.', '123456', 1, 2, 4, 1, 1, 10, 2, NULL, '', 2, 0, 3, NULL, 1, 2, 2, '2018-03-20 05:11:21', '2018-05-29 08:22:37'),
(386, 10118040003, 0, 'Humaira Tasnim', 'হুমাইরা তাসনিম', '10118040003@bdeducation.org.bd', 1, '$2y$10$3Op4RCN3fZf8/gn3EJqNpOlQrnNtvMpRaPnQvbztFwiAncI1yBoYW', '123456', 1, 2, 4, 1, 1, 10, 3, NULL, '', 2, 0, 3, NULL, 1, 2, 2, '2018-03-20 05:12:58', '2018-05-29 08:24:47'),
(387, 10118040004, 0, 'Jannatul Fardush', 'জান্নাতুল ফারদুস', '10118040004@bdeducation.org.bd', 1, '$2y$10$qorlA0D0PHwokY1K7JbSK.rdtnWIMugmQVUdLyZbGpA7.lNLNTMDO', '123456', 1, 2, 4, 1, 1, 10, 4, NULL, '', 2, 0, 3, NULL, 1, 2, 2, '2018-03-20 05:13:44', '2018-05-29 08:27:33'),
(388, 10118040005, 0, 'Sakib Al Hasan', 'সাকিবুল হাসান', '10118040005@bdeducation.org.bd', 1, '$2y$10$lJUXfu1wJmEgbvPDuuqrs.Y5./2bZEvA.rB3rUTUcKsDvwH6./81y', '123456', 1, 2, 4, 1, 1, 10, 5, NULL, '', 1, 0, 3, NULL, 1, 2, 2, '2018-03-20 05:14:35', '2018-05-29 08:29:11'),
(389, 10118040006, 0, 'Samiya Islam', 'সামিয়া ইসলাম', '10118040006@bdeducation.org.bd', 1, '$2y$10$UQUGXpoEfi8EYk7Y/iC5Xuwa9eTrA.EDe.HDCUMsDXbGAP5QRNqHa', '123456', 1, 2, 4, 1, 1, 10, 6, NULL, '', 2, 0, 3, NULL, 1, 2, 2, '2018-03-20 05:15:17', '2018-05-29 08:30:34'),
(390, 10118040007, 0, 'Jannatun Noor', 'জান্নাতুন নুর', '10118040007@bdeducation.org.bd', 1, '$2y$10$TnZ1hDrfES1L2Y60rRCBUO2IHeZXETrDOLXWL9W4ZbgibHQyyv6jK', '123456', 1, 2, 4, 1, 1, 10, 7, NULL, '', 2, 0, 3, NULL, 1, 2, 2, '2018-03-20 07:21:55', '2018-05-29 08:32:11'),
(391, 10118040008, 0, 'Shoilika Saha', 'শোলিকা সাহা', '10118040008@bdeducation.org.bd', 1, '$2y$10$ycu0ZWuCmMF/chQ0bWzZnuRryyE3QMJHOUbTyvbpvp8Kk5YnCIr2m', '123456', 1, 2, 4, 1, 1, 10, 8, NULL, '', 2, 0, 3, NULL, 1, 2, 2, '2018-03-20 07:23:41', '2018-05-29 08:34:04'),
(392, 10118040009, 0, 'Fema Akther', 'ফেমা আক্তার', '10118040009@bdeducation.org.bd', 1, '$2y$10$GHkz1iqSGvynE4fAEt/o2ujVJubh4QYtwH9mv4mEyfhe6lF6wsUNO', '123456', 1, 2, 4, 1, 1, 10, 9, NULL, '', 2, 0, 3, NULL, 1, 2, 2, '2018-03-20 09:03:00', '2018-05-29 08:35:57'),
(393, 10118040010, 0, 'Ashik Irfan', 'আশিক ইরফান', '10118040010@bdeducation.org.bd', 1, '$2y$10$cF5ShURZHoI7gjO0LoKgeOT0mxTxCnnM91Ns9Yp0jM8TvQyOOLWgq', '123456', 1, 2, 4, 1, 1, 10, 10, NULL, '', 1, 0, 3, NULL, 1, 2, 2, '2018-03-20 09:07:26', '2018-05-29 08:37:46'),
(394, 10118070054, 0, 'Haoa Akter', 'হাওয়া আক্তার', '10118070054@bdeducation.org.bd', 1, '$2y$10$DdEFJo/lz47dwUyV.g.BVuhfAHRvflKKuS62BlgJsVgYrp5ztBftC', '123456', 1, 2, 7, 1, 1, 2, 46, NULL, '', 2, 0, 3, NULL, 1, 2, 2, '2018-03-21 05:08:07', '2018-05-07 06:10:42'),
(395, 10118020001, 0, 'Aminul Islam', 'আমিনুল ইসলাম', '10118020001@bdeducation.org.bd', 1, '$2y$10$eVC0kDngcak7xMEVj79MsuYEUko7iwBCmVZqAId3MGGc5CWKxxcWe', '123456', 1, 2, 2, 1, 1, 8, 1, NULL, '', 1, 0, 3, NULL, 1, 2, 2, '2018-03-21 05:59:27', '2018-05-13 06:15:22'),
(396, 10118040011, 0, 'Sadia Afrin Diba', 'সাদিয়া আফরিন দিবা ', '10118040011@bdeducation.org.bd', 1, '$2y$10$4G9Zc4zn.Tkqk4cFT8BZye/SqFyE5HzziBfldDKlcHtsqtE6KqUmC', '123456', 1, 2, 4, 1, 1, 10, 11, NULL, '', 2, 0, 3, NULL, 1, 2, 2, '2018-03-22 03:51:50', '2018-05-29 08:39:29'),
(397, 10118040012, 0, 'Chandrica Saha', 'চান্দ্রিকা সাহা', '10118040012@bdeducation.org.bd', 1, '$2y$10$spZnYKh3o4QehrMHDW7BgOD506SK0S9ZsuW8JZ3DohxOGGVJ9Gxq6', '123456', 1, 2, 4, 1, 1, 10, 12, NULL, '', 2, 0, 3, NULL, 1, 2, 2, '2018-03-22 03:52:32', '2018-05-29 08:40:45'),
(398, 10118040013, 0, 'Mahmudul Hasan', 'মাহমুদুল হাসান ', '10118040013@bdeducation.org.bd', 1, '$2y$10$Oae2LBdsiE3HYr/L1R9RsubZm13Q1LBRfWFUqlpNAnR1zw.YEWn3m', '123456', 1, 2, 4, 1, 1, 10, 13, NULL, '', 2, 0, 3, NULL, 1, 2, 2, '2018-03-22 03:53:24', '2018-05-29 08:42:29'),
(399, 10118040014, 0, 'Omi Akter', 'অমি আক্তার', '10118040014@bdeducation.org.bd', 1, '$2y$10$M9Vnan4Uco.6XKEOQNDeOe76yQhgTTsvImvhawKEO7SFJpxzVMQnu', '123456', 1, 2, 4, 1, 1, 10, 14, NULL, '', 2, 0, 3, NULL, 1, 2, 2, '2018-03-22 03:57:58', '2018-05-29 08:44:16'),
(400, 10118040015, 0, 'Sania Akter', 'সামিয়া আক্তার ', '10118040015@bdeducation.org.bd', 1, '$2y$10$XYszCMqB219swRWp4f3vYuBdz3xPfVcVaJNToYxT2TjDpCXqwJJfi', '123456', 1, 2, 4, 1, 1, 10, 15, NULL, '', 2, 0, 3, NULL, 1, 2, 2, '2018-03-22 04:06:31', '2018-05-29 08:45:42'),
(401, 10118040016, 0, 'MD. Rakib', 'মহাম্মাদ রাকিব ', '10118040016@bdeducation.org.bd', 1, '$2y$10$/43FiCruxJ0F8bvzrC3/ge6MXUqf/rXZ3UkECFvfSx8dlvsc/NwHa', '123456', 1, 2, 4, 1, 1, 10, 16, NULL, '', 1, 0, 3, NULL, 1, 2, 2, '2018-03-22 04:09:25', '2018-05-29 08:48:10'),
(402, 10118040017, 0, 'Simanta Biswas', 'সীমান্ত বিশ্বাস ', '10118040017@bdeducation.org.bd', 1, '$2y$10$74MknST.1kvqIw64UvVrkeDO1ii6Wjhgd0XgdfOTDYjikwbW/lmEC', '123456', 1, 2, 4, 1, 1, 10, 17, NULL, '', 1, 0, 3, NULL, 1, 2, 2, '2018-03-22 04:16:40', '2018-05-29 08:49:48'),
(403, 10118040018, 0, 'Boishakhi Akter', 'বৈশাখি আক্তার', '10118040018@bdeducation.org.bd', 1, '$2y$10$iGp/eOsqt3DT8ixkKcv1e.jesBiIGTMzRkHHF0itE.tu9AT6mLM8G', '123456', 1, 2, 4, 1, 1, 10, 18, NULL, '', 2, 0, 3, NULL, 1, 2, 2, '2018-03-22 04:18:59', '2018-05-29 08:51:22'),
(404, 10118040019, 0, 'Rakib Hasan', 'রাকিব হাসান ', '10118040019@bdeducation.org.bd', 1, '$2y$10$nIn/IaIoF2uhMLbdC0otGOmSuTxpEIpF4WkCzXmy.ADKjZPzY9CPe', '123456', 1, 2, 4, 1, 1, 10, 19, NULL, '', 1, 0, 3, NULL, 1, 2, 2, '2018-03-22 04:19:43', '2018-05-29 08:53:25'),
(405, 10118040020, 0, 'Subril Jahan ', 'সুব্রিল জাহান ', '10118040020@bdeducation.org.bd', 1, '$2y$10$Z5cYFvaWX/TTuKaFRmR9tuP7Z9aiNqFYksbPBhYuZj.pv7YWj4MiK', '123456', 1, 2, 4, 1, 1, 10, 20, NULL, '', 2, 0, 3, NULL, 1, 2, 2, '2018-03-22 04:21:23', '2018-05-29 08:56:12'),
(406, 10118040021, 0, 'Najifa Akter', 'নাজিফা আক্তার ', '10118040021@bdeducation.org.bd', 1, '$2y$10$va1a9PVC5ndxqplHqtL3/.OhevRBPjJ97RDZ.FRu..9sQoh4kovsi', '123456', 1, 2, 4, 1, 1, 10, 21, NULL, '', 2, 0, 3, NULL, 1, 2, 2, '2018-03-22 04:22:47', '2018-05-29 08:58:00'),
(407, 10118040022, 0, 'Esrat Jahan', 'ইসরাত জাহান', '10118040022@bdeducation.org.bd', 1, '$2y$10$jZVGg9Bjm41yiKBLSShTD.vKLU6HchZuI1uJ7VTmwzKxD/f4buGz6', '123456', 1, 2, 4, 1, 1, 10, 22, NULL, '', 2, 0, 3, NULL, 1, 2, 2, '2018-03-22 04:23:34', '2018-05-29 09:00:40'),
(408, 10118040023, 0, 'Jannat Ara', 'জান্নাত আরা ', '10118040023@bdeducation.org.bd', 1, '$2y$10$FasEtJEQADekh.vGYWZA2uEPhJTm7PXj6rySf5q/7JOnbY6Fl5DBq', '123456', 1, 2, 4, 1, 1, 10, 23, NULL, '', 2, 0, 3, NULL, 1, 2, 2, '2018-03-22 04:24:06', '2018-05-29 09:03:20'),
(409, 10118040024, 0, 'Al Kawser Hossain', 'আল কাউসার হোসেন ', '10118040024@bdeducation.org.bd', 1, '$2y$10$FsrL/sdAGBq4z9vZgLuyteP56biu32dUqGoXhbyWJn7LSLoi2e2pO', '123456', 1, 2, 4, 1, 1, 10, 24, NULL, '', 2, 0, 3, NULL, 1, 2, 2, '2018-03-22 04:25:03', '2018-05-29 09:05:35'),
(410, 10118040025, 0, 'Halima Akter', 'হালিমা আক্তার ', '10118040025@bdeducation.org.bd', 1, '$2y$10$QIzvDC17lCl.FQf3BFpU0ePKB6AyvuKkmeEniwFknSHfvssNV76sS', '123456', 1, 2, 4, 1, 1, 10, 25, NULL, '', 2, 0, 3, NULL, 1, 2, 2, '2018-03-22 04:25:57', '2018-05-29 09:07:54'),
(411, 10118040026, 0, 'Somaiya Akter', 'সোমাইয়া আক্তার ', '10118040026@bdeducation.org.bd', 1, '$2y$10$wlPKkD3kG3ILKGNzOFeQcOI8OziwB6/FuCr0fmv0Z6xdvVM808kmK', '123456', 1, 2, 4, 1, 1, 10, 26, NULL, '', 2, 0, 3, NULL, 1, 2, 2, '2018-03-22 04:26:40', '2018-05-29 09:09:57'),
(412, 10118040027, 0, 'Sumy Akter', 'সুমি আক্তার ', '10118040027@bdeducation.org.bd', 1, '$2y$10$RNZrmu6DyN1I4Bn5A3NudO0T9t3pS6XjJBI2RxwUfiorTzltvCCai', '123456', 1, 2, 4, 1, 1, 10, 27, NULL, '', 2, 0, 3, NULL, 1, 2, 2, '2018-03-22 04:27:27', '2018-05-29 09:12:04'),
(413, 10118040028, 0, 'Junayed', 'জুনায়েদ ', '10118040028@bdeducation.org.bd', 1, '$2y$10$GMuexO06vV.7UUXOQ7FUwOFt6B3VLez3Qp1PBXvnFb6KxDioFxxA.', '123456', 1, 2, 4, 1, 1, 10, 28, NULL, '', 1, 0, 3, NULL, 1, 2, 2, '2018-03-22 04:27:57', '2018-05-29 09:13:26'),
(414, 10118040029, 0, 'Diganta', 'দিগন্ত', '10118040029@bdeducation.org.bd', 1, '$2y$10$XHqBoql4lLpJOVFzx4V0ju.vpEN7IbiTsC6oJb8.F4c2UPCyx5g/u', '123456', 1, 2, 4, 1, 1, 10, 29, NULL, '', 1, 0, 3, NULL, 1, 2, 2, '2018-03-22 04:28:27', '2018-05-29 09:14:36'),
(415, 10118040030, 0, 'Sumaiya Akter', 'সুমাইয়া আক্তার ', '10118040030@bdeducation.org.bd', 1, '$2y$10$iTH3Ol8G5KtrrgaiokJnyeSeKTGB6sYJDNrlFXP4kizz.Y0bLhQMG', '123456', 1, 2, 4, 1, 1, 10, 30, NULL, '', 2, 0, 3, NULL, 1, 2, 2, '2018-03-22 04:28:56', '2018-05-29 09:15:57'),
(416, 10118040031, 0, 'Shathy Akther', 'সাথী আক্তার', '10118040031@bdeducation.org.bd', 1, '$2y$10$vcm6TL4yzwnd6Y97p3qHw.l1u/g7czKKsLgfBOUuY.mPZzSGlzk12', '123456', 1, 2, 4, 1, 1, 10, 31, NULL, '', 2, 0, 3, NULL, 1, 2, 2, '2018-03-22 04:41:34', '2018-05-29 09:18:07');
INSERT INTO `bdedu_students` (`student_row_id`, `student_id`, `student_id_bak`, `student_name`, `student_name_bangla`, `email`, `status`, `password`, `student_password_text`, `school_row_id`, `current_session`, `current_class`, `current_shift`, `current_department`, `current_section`, `current_rollnumber`, `contact`, `student_phone`, `student_gender`, `guardian_row_id`, `guardian_login_row_id`, `remember_token`, `active_status`, `created_by`, `updated_by`, `created_at`, `updated_at`) VALUES
(417, 10118040032, 0, 'Nazifa Islam', 'নাজিফা ইসলাম ', '10118040032@bdeducation.org.bd', 1, '$2y$10$tSWJ0dh1sRexjHbja/LOMu/tuyl5EcbckSG1JVhsunJGmK7mCq5gS', '123456', 1, 2, 4, 1, 1, 10, 32, NULL, '', 2, 0, 3, NULL, 1, 2, 2, '2018-03-22 04:42:33', '2018-05-29 09:30:16'),
(418, 10118040033, 0, 'Shimanto Saha', 'সীমান্ত সাহা ', '10118040033@bdeducation.org.bd', 1, '$2y$10$6LGqf.IXff32bl0ftUH80.56.IqjTPn/UeXqydR6gK5f2yovt4/7W', '123456', 1, 2, 4, 1, 1, 10, 33, NULL, '', 1, 0, 3, NULL, 1, 2, 2, '2018-03-22 04:43:25', '2018-05-29 09:32:21'),
(419, 10118040034, 0, 'Afrin Jahan Mou', 'আফরিন জাহান ', '10118040034@bdeducation.org.bd', 1, '$2y$10$kHh94ZyOl4xWiCzZ8p1vfezHbn6Hu9fYldCs2rKaICm4.Aaqxd3wS', '123456', 1, 2, 4, 1, 1, 10, 34, NULL, '', 2, 0, 3, NULL, 1, 2, 2, '2018-03-22 04:44:30', '2018-05-29 09:37:07'),
(420, 10118040035, 0, 'Rafia Jannat', 'রাফিয়া জান্নাত ', '10118040035@bdeducation.org.bd', 1, '$2y$10$gvfz40fiRxhbVxtUlzQBEevMXJ88GNVxJsfvXjoQN11VBRcHdRqTm', '123456', 1, 2, 4, 1, 1, 10, 35, NULL, '', 2, 0, 3, NULL, 1, 2, 2, '2018-03-22 04:45:03', '2018-05-29 09:41:02'),
(421, 10118040036, 0, 'Mohssena Mitaly', 'মোহসেনা মিতালী ', '10118040036@bdeducation.org.bd', 1, '$2y$10$lYw/3CrOaho6EEK4H/7S9.e9c6H7tbjzFIgen0XeZgKvgCgPd0CEK', '123456', 1, 2, 4, 1, 1, 10, 36, NULL, '', 2, 0, 3, NULL, 1, 2, 2, '2018-03-22 04:45:46', '2018-05-29 10:07:27'),
(422, 10118040037, 0, 'Tuffatul Jannat Badhon', 'তুফফাতুল জান্নাত বাধন ', '10118040037@bdeducation.org.bd', 1, '$2y$10$X1eohXGxpvlpIP/Tcgmf0.1NYf8qdHnbUNOXbaOJGyT4aiX68ocNa', '123456', 1, 2, 4, 1, 1, 10, 37, NULL, '', 2, 0, 3, NULL, 1, 2, 2, '2018-03-22 04:46:37', '2018-05-29 10:08:41'),
(423, 10118040038, 0, 'Mojammel Hoque', 'মোজাম্মেল হক ', '10118040038@bdeducation.org.bd', 1, '$2y$10$t4UtILvdMRksLyikEC4vYu6cRPc37BNnVlwhpZPY76MESt8.vnDgS', '123456', 1, 2, 4, 1, 1, 10, 38, NULL, '', 1, 0, 3, NULL, 1, 2, 2, '2018-03-22 04:47:23', '2018-05-29 10:10:04'),
(424, 10118040039, 0, 'Shawon Mia', 'শাওন মিয়া ', '10118040039@bdeducation.org.bd', 1, '$2y$10$mz059jN8Y.UCKR45Z4MwTuXGzhJD0GN.b5Fod5awBwwaKfpdR8FJa', '123456', 1, 2, 4, 1, 1, 10, 39, NULL, '', 2, 0, 3, NULL, 1, 2, 0, '2018-03-22 04:56:50', NULL),
(425, 10118040040, 0, 'Billah Hossen', 'বিল্লাহ হোসেন ', '10118040040@bdeducation.org.bd', 1, '$2y$10$Eqqayq7STtNY7TEf1KjMe.417lDPb/TgKloD7cF/a0k0U71Pn6SpW', '123456', 1, 2, 4, 1, 1, 10, 40, NULL, '', 1, 0, 3, NULL, 1, 2, 2, '2018-03-22 04:57:36', '2018-05-29 10:11:14'),
(426, 10118050001, 0, 'Khaled Saifullah Shuvo', 'খালেদ সাইফুল্লা শুভ', '10118050001@bdeducation.org.bd', 1, '$2y$10$gLohF.EXKtObIg1lKK/e4ekJ7NFoUuzxj57OdnNSe6yrL9Yr63uQq', '123456', 1, 2, 5, 1, 1, 11, 1, NULL, '1716636815', 1, 0, 1, NULL, 1, 2, 2, '2018-03-22 05:08:00', '2018-10-11 06:40:59'),
(427, 10118050002, 0, 'Labiba Nusrat Mim', 'লাবিবা নুসরাত মিম ', '10118050002@bdeducation.org.bd', 1, '$2y$10$T7l2AVy3sMOX8rjfazin4.6d1Wjt.Uo0wHo37Xv4heZiUMVrMzHay', '123456', 1, 2, 5, 1, 1, 11, 3, NULL, '1791658268', 2, 0, 1, NULL, 1, 2, 2, '2018-03-22 05:14:52', '2018-07-12 04:45:39'),
(428, 10118050003, 0, 'Aditya Saha Chowdhury', 'আদিতিয়া সাহা চৌধুরী ', '10118050003@bdeducation.org.bd', 1, '$2y$10$cVocJqii0BTG91mskdKHOOKwyTFIqXOOC2zLKJ5YptL/OljwDWYMi', '123456', 1, 2, 5, 1, 1, 11, 4, NULL, '0179829543', 2, 0, 1, NULL, 1, 2, 2, '2018-03-22 05:16:23', '2018-06-25 18:18:53'),
(429, 10118050004, 0, 'Tanjia Akhter', 'তানজিয়া আক্তার ', '10118050004@bdeducation.org.bd', 1, '$2y$10$4Ci/OflC4SpKJet0DmtMiOkypie.X5paDwjTv5X05gjuTnc2Mu0su', '123456', 1, 2, 5, 1, 1, 11, 6, NULL, '01920457219', 2, 0, 1, NULL, 1, 2, 2, '2018-03-22 05:21:13', '2018-06-25 18:25:00'),
(430, 10118050005, 0, 'Sweety Akter', 'সুইটি আক্তার ', '10118050005@bdeducation.org.bd', 1, '$2y$10$Cs5j3lDw5u0kHny5sFK1Ge3u7FFwhEFqJRrQ1..EMImSai15scXwO', '123456', 1, 2, 5, 1, 1, 11, 7, NULL, '1725047925', 2, 0, 1, NULL, 1, 2, 2, '2018-03-22 05:22:10', '2018-06-25 18:26:47'),
(431, 10118050006, 0, 'Sanjitha Afrin ', 'সানজিতা আক্তার ', '10118050006@bdeducation.org.bd', 1, '$2y$10$TihyUWvQWeWUpD.HburN7OjEncGN.MCJYvW23TOFLL6PLbTfTn.Ce', '123456', 1, 2, 5, 1, 1, 11, 8, NULL, '01718287612', 2, 0, 1, NULL, 1, 2, 2, '2018-03-22 05:23:24', '2018-06-25 18:28:39'),
(432, 10118050007, 0, 'Khadiza Akter Rupa', 'খাদিজা আক্তার রুপা ', '10118050007@bdeducation.org.bd', 1, '$2y$10$WkyL4Xt4ca0NQy9fCocvWeT2S49fQK48t7YmYuK1umiWD1HCcesTu', '123456', 1, 2, 5, 1, 1, 11, 9, NULL, '01966968887', 2, 0, 1, NULL, 1, 2, 2, '2018-03-22 05:26:31', '2018-06-25 18:30:03'),
(433, 10118050008, 0, 'Md. Sagor Ahamed ', 'মোঃ সাগর আহমেদ', '10118050008@bdeducation.org.bd', 1, '$2y$10$RPqg36EBUhIZ2w9z7bi6Kez411qRAFTIWq0X7nbwvKNrYNJlb6Gii', '123456', 1, 2, 5, 1, 1, 11, 10, NULL, '01813382094', 1, 0, 1, NULL, 1, 2, 2, '2018-03-22 05:27:39', '2018-06-25 18:32:49'),
(434, 10118050009, 0, 'Umma Hafsa', 'উম্মে হাফসা ', '10118050009@bdeducation.org.bd', 1, '$2y$10$zoLbFN2QqYp/IytX9fqW7ujBxrHYmCFtzK/w7tJjSxQYPROWfThym', '123456', 1, 2, 5, 1, 1, 11, 11, NULL, '01753889964', 2, 0, 1, NULL, 1, 2, 2, '2018-03-22 05:28:26', '2018-07-12 04:46:46'),
(435, 10118050010, 0, 'Sree Bindon Rabidas', 'স্রী বিনদন রাবিদাশ ', '10118050010@bdeducation.org.bd', 1, '$2y$10$99lPHU/gxyoQvDHQm/yF0OqxuisGE/0CBPd6RuxOuU2tMxqtljwtK', '123456', 1, 2, 5, 1, 1, 11, 12, NULL, '01732845273', 1, 0, 1, NULL, 1, 2, 2, '2018-03-22 05:29:58', '2018-06-25 18:37:42'),
(436, 10118050011, 0, 'Sabrina Jahan Shibli', 'সাবরিনা জাহান শিবলি ', '10118050011@bdeducation.org.bd', 1, '$2y$10$xJ/JlxkyWxQJTQIi4QlenedkrKP5oTicUDDqdVR7N1pC7aXYlrjna', '123456', 1, 2, 5, 1, 1, 11, 13, NULL, '01742692168', 2, 0, 1, NULL, 1, 2, 2, '2018-03-22 05:31:26', '2018-06-25 18:39:44'),
(437, 10118050012, 0, 'Mahfuzur Rahman (Shihab)', 'মাহফুজুর রাহমান শিহাব  ', '10118050012@bdeducation.org.bd', 1, '$2y$10$hG2m4v5/z.fP7Ra5w4ApuOw.NiiTf5.VKhtcxCzW48.s6fCqmsGY2', '123456', 1, 2, 5, 1, 1, 11, 14, NULL, '1729960972', 1, 0, 1, NULL, 1, 2, 2, '2018-03-22 05:32:36', '2018-06-25 18:41:55'),
(438, 10118050013, 0, 'Sumaiya Akter', 'সুমাইয়া আক্তার ', '10118050013@bdeducation.org.bd', 1, '$2y$10$rlDHCX64tU1fE8vmi5J2Seupg0bKJu6m1/xa2eUJ1oGE6tF6dTlwi', '123456', 1, 2, 5, 1, 1, 11, 15, NULL, '1735992345', 2, 0, 1, NULL, 1, 2, 2, '2018-03-22 05:33:31', '2018-05-07 06:24:43'),
(439, 10118050014, 0, 'Tadbeer Al Wasee Purno', 'তাদবির আল ওয়াসি পুর্ন', '10118050014@bdeducation.org.bd', 1, '$2y$10$QqsiHNbfq80aTvSyK6vqNeHd0OtOiJaemh8CGPQIEtCUwDuOHTgTy', '123456', 1, 2, 5, 1, 1, 11, 16, NULL, '', 1, 0, 1, NULL, 0, 2, 2, '2018-03-22 05:38:22', '2018-09-19 04:20:18'),
(440, 10118050015, 0, 'Mst.  Afia  Anjum', 'মিস আফিয়া আনজুম', '10118050015@bdeducation.org.bd', 1, '$2y$10$LE9jGf.WUR9NLBCMprYJ6.CNEU8iv4a9lh3x5bXJVqUmIjzOAQMPS', '123456', 1, 2, 5, 1, 1, 11, 17, NULL, '1766601671', 2, 0, 1, NULL, 1, 2, 2, '2018-03-22 05:40:39', '2018-09-19 04:21:35'),
(441, 10118050016, 0, 'Sumaiya Mojib Shorna', 'সুমাইয়া মজিব সর্না', '10118050016@bdeducation.org.bd', 1, '$2y$10$tz1FlG6bbbzKPHA3km.LHeuFO0sCdqDMy3TIaqO3LEZOLzivPpJJG', '123456', 1, 2, 5, 1, 1, 11, 18, NULL, '', 2, 0, 1, NULL, 1, 2, 2, '2018-03-22 05:41:56', '2018-09-19 04:23:32'),
(442, 10118050017, 0, 'Shah Mohammad Saad', 'সাহ মোহাম্মাদ সাদ', '10118050017@bdeducation.org.bd', 1, '$2y$10$3.KWEupYyG05RkVVI8AI4.VtpqzSJL5wjlBQbVsn2wwzh7LY22YMW', '123456', 1, 2, 5, 1, 1, 11, 19, NULL, '', 1, 0, 1, NULL, 1, 2, 2, '2018-03-22 05:43:00', '2018-09-19 04:24:17'),
(443, 10118050018, 0, 'Md. Easin', 'মোঃ ইয়াসিন', '10118050018@bdeducation.org.bd', 1, '$2y$10$ENMU5/2yRTH/gdi4yFZ.m.L8kskkPe/hyg8tb3mvERIVsWcF1eiTO', '123456', 1, 2, 5, 1, 1, 11, 20, NULL, '', 1, 0, 1, NULL, 1, 2, 2, '2018-03-22 05:43:49', '2018-09-19 04:24:59'),
(444, 10118130001, 0, 'Jannatul akter Eva ', 'জান্নাতুল আক্তার ইভা', '10118130001@bdeducation.org.bd', 1, '$2y$10$o6AqZvHL09BQWjQUJa19QOvIWil7ER5ipz7w3Bac1z7qcdc000cJC', '123456', 1, 2, 13, 1, 1, 6, 1, NULL, '', 2, 0, 3, NULL, 0, 2, 2, '2018-03-22 05:45:07', '2018-05-29 08:40:20'),
(445, 10118130002, 0, 'Takibul Islam Taha', 'তকিবুল তাহা', '10118130002@bdeducation.org.bd', 1, '$2y$10$2DFvrUGu0KfhlMeQ/iX9A.kSTZcJ77C1TI3WNlRtu7lNfKtRC4Fte', '123456', 1, 2, 13, 1, 1, 6, 2, NULL, '', 1, 0, 3, NULL, 1, 2, 2, '2018-03-22 05:47:56', '2018-05-29 08:42:05'),
(446, 10118130003, 0, 'Shariya nafij', 'শাহরিয়ার নাফিস', '10118130003@bdeducation.org.bd', 1, '$2y$10$T7qHSFsnVfBsGl0dSMsXFua9VVRmdGYxi1q9tV/xlw.mXL0i0dimm', '123456', 1, 2, 13, 1, 1, 6, 3, NULL, '', 1, 0, 3, NULL, 1, 2, 2, '2018-03-22 05:48:46', '2018-05-29 08:43:05'),
(447, 10118130004, 0, 'Chowa das', 'ছোয়া দাস', '10118130004@bdeducation.org.bd', 1, '$2y$10$lqstoibm/H5XIiVb3w3VSeSu7/hCxq.PzUaJXgIi7DUXR8LGBU7VO', '123456', 1, 2, 13, 1, 1, 6, 4, NULL, '', 2, 0, 3, NULL, 1, 2, 2, '2018-03-22 05:49:21', '2018-05-29 08:44:59'),
(448, 10118130005, 0, 'Chaiti das', 'চৈতি দাস', '10118130005@bdeducation.org.bd', 1, '$2y$10$b8xlz8LqUSSR1omRDmNYNuFxKWW5cC4mHomtzetBX9LhDmew1uAyC', '123456', 1, 2, 13, 1, 1, 6, 5, NULL, '', 2, 0, 3, NULL, 1, 2, 2, '2018-03-22 05:49:55', '2018-05-29 08:54:09'),
(449, 10118130006, 0, 'Md:jubayer islam rupom', 'জোবায়ের ইসলাম ', '10118130006@bdeducation.org.bd', 1, '$2y$10$mB3RTj9P9OWMLfG0K.A5D.1iYRr1/80xMJVfqRAzuHSeoXtHkGqYG', '123456', 1, 2, 13, 1, 1, 6, 6, NULL, '', 1, 0, 3, NULL, 1, 2, 2, '2018-03-22 05:50:53', '2018-05-29 08:55:11'),
(450, 10118130007, 0, 'Tasin ahomed shan', 'তাসিন আহমেদ শান', '10118130007@bdeducation.org.bd', 1, '$2y$10$7XW2RDoLotRx.7TPOh25AeQRmsvjFzOhev747eqCum7WQjo3nDdt6', '123456', 1, 2, 13, 1, 1, 6, 7, NULL, '', 1, 0, 3, NULL, 1, 2, 2, '2018-03-22 05:51:20', '2018-05-29 08:56:19'),
(451, 10118130008, 0, 'Arika alam raisa', 'আরিকা আলম রাইসা', '10118130008@bdeducation.org.bd', 1, '$2y$10$UyCxWECCDatY07rXnSVgW.gTa5rUtgzU6wVi2iMKUyWZ0V.VUSzCO', '123456', 1, 2, 13, 1, 1, 6, 8, NULL, '', 2, 0, 3, NULL, 1, 2, 2, '2018-03-22 05:51:49', '2018-05-29 08:57:13'),
(452, 10118130009, 0, 'Mondira bonik tusho', 'মন্দিরা বণিক টুসু', '10118130009@bdeducation.org.bd', 1, '$2y$10$CkoNCLPX3Cn/hWkCN42AdOPThphn0XHaS5tNTvQ11ZCNfMEZvxOOC', '123456', 1, 2, 13, 1, 1, 6, 9, NULL, '', 2, 0, 3, NULL, 1, 2, 2, '2018-03-22 05:52:20', '2018-05-29 08:58:06'),
(453, 10118130010, 0, 'Jaif rahaman afif', 'জাইফ রহমান আফিফ', '10118130010@bdeducation.org.bd', 1, '$2y$10$PWpPGtY4YuKfUK2KTJwa5.pho7YhgdzIOyjPst5l3UYZ7LGLSIZHu', '123456', 1, 2, 13, 1, 1, 6, 10, NULL, '', 1, 0, 3, NULL, 1, 2, 2, '2018-03-22 05:53:02', '2018-05-29 08:59:12'),
(454, 10118130011, 0, 'Ashek mahmud', 'আশেক মাহমুদ', '10118130011@bdeducation.org.bd', 1, '$2y$10$y88ITX6q1TN6YMH9sb8BZOE22L9SWKIypYYTBbAcjMAJFBBNfiO62', '123456', 1, 2, 13, 1, 1, 6, 11, NULL, '', 1, 0, 3, NULL, 1, 2, 2, '2018-03-22 05:53:45', '2018-05-29 09:00:45'),
(455, 10118130012, 0, 'Nur mohammad', 'নুর মোহাম্মদ', '10118130012@bdeducation.org.bd', 1, '$2y$10$5FyDaDN0h92pUa0kXN3obukfEaVjmay34Gijw9GNhahKHxuPm1upe', '123456', 1, 2, 13, 1, 1, 6, 12, NULL, '', 1, 0, 3, NULL, 1, 2, 2, '2018-03-22 05:54:14', '2018-05-29 09:08:52'),
(456, 10118130013, 0, 'Arian Islam Rihan', 'আরিয়ান ইসলাম রিহান', '10118130013@bdeducation.org.bd', 1, '$2y$10$l30zPNRJP9ylPrDEhTuUw.N4x58iYTpdMBNwua97P.swPLFEj/ow.', '123456', 1, 2, 13, 1, 1, 6, 13, NULL, '', 1, 0, 3, NULL, 0, 2, 0, '2018-03-22 05:54:52', NULL),
(457, 10118130014, 0, 'S.M.A Muskit', 'এস এম এ মুশকিত', '10118130014@bdeducation.org.bd', 1, '$2y$10$iO02.d9455Fhh8a/fk63NeZihTpvNTSF88vZ7OETuJ6hL6nygfnr6', '123456', 1, 2, 13, 1, 1, 6, 14, NULL, '', 1, 0, 3, NULL, 1, 2, 2, '2018-03-22 05:56:24', '2018-05-29 09:20:09'),
(458, 10118130015, 0, 'Umar ', 'ওমর', '10118130015@bdeducation.org.bd', 1, '$2y$10$AepPG6dohD0m/6/vM8.xT.LdHHWISS5ylP4NIy0zrox.8H4UL5U5a', '123456', 1, 2, 13, 1, 1, 6, 15, NULL, '', 1, 0, 3, NULL, 1, 2, 2, '2018-03-22 05:58:17', '2018-05-29 09:19:20'),
(459, 10118130016, 0, 'Rafiya akter tanjina', 'রাফিয়া আক্তার তানজিনা', '10118130016@bdeducation.org.bd', 1, '$2y$10$R98FJWVvpsoNy/2PkwCStOQPZKoggUGxz1Yi21eaOpF7xo9ydlEf2', '123456', 1, 2, 13, 1, 1, 6, 16, NULL, '', 2, 0, 3, NULL, 1, 2, 2, '2018-03-22 06:47:35', '2018-05-29 09:24:05'),
(460, 10118130017, 0, 'Abir akanda', 'আবীর আকন্দ', '10118130017@bdeducation.org.bd', 1, '$2y$10$XqbSEXViiqAPzq4cNd6u6OYtXmDQXevGHq7FQhKQfwSyD9phdqfiu', '123456', 1, 2, 13, 1, 1, 6, 17, NULL, '', 1, 0, 3, NULL, 1, 2, 2, '2018-03-22 06:48:10', '2018-05-29 09:26:01'),
(461, 10118130018, 0, 'Sabiha tasnim shammi', 'সাবিহা তাসনীম শাম্মী', '10118130018@bdeducation.org.bd', 1, '$2y$10$bbp4R.EKymX6y047vjTJ6eoj.nOPlK.pkBiETD55SUUT6W/q/NOEq', '123456', 1, 2, 13, 1, 1, 6, 18, NULL, '', 2, 0, 3, NULL, 1, 2, 2, '2018-03-22 06:48:41', '2018-05-29 09:27:13'),
(462, 10118130019, 0, 'MD: Hafizul hoque tasim', 'হাফিজুল হক তাসিম', '10118130019@bdeducation.org.bd', 1, '$2y$10$x8WR7NUSq16abHVtRktRB.WKXWuFnlUXBZjl42FjNFyEAfcgjYFi2', '123456', 1, 2, 13, 1, 1, 6, 19, NULL, '', 1, 0, 3, NULL, 1, 2, 2, '2018-03-22 06:49:19', '2018-06-30 08:32:53'),
(463, 10118130020, 0, 'Samiya rahaman khoko', 'খুকু', '10118130020@bdeducation.org.bd', 1, '$2y$10$YlC1Bclvn0QS21ctu2n3x.ScuhqiHS4lgiae2wcG46omZVJxMvuNS', '123456', 1, 2, 13, 1, 1, 6, 20, NULL, '', 2, 0, 3, NULL, 1, 2, 2, '2018-03-22 06:51:28', '2018-05-29 09:29:50'),
(464, 10118130021, 0, 'Byjed hosion kioser', 'বায়েজিদ হোসাইন কাউসার', '10118130021@bdeducation.org.bd', 1, '$2y$10$H8yF2yl9Lyk/0.6TvkerF.L1v1sv5bgLcfFWHfFGeokeWRsIYiTAG', '123456', 1, 2, 13, 1, 1, 6, 21, NULL, '', 1, 0, 3, NULL, 1, 2, 2, '2018-03-22 06:53:30', '2018-05-29 09:42:34'),
(465, 10118130022, 0, 'Fatama khatun', 'ফতেমা খাতুন', '10118130022@bdeducation.org.bd', 1, '$2y$10$wTZRaFYPPULfQHqBu63lQOWNOOE9dkwV5pyP.BJBG7odEgZqfsYPW', '123456', 1, 2, 13, 1, 1, 6, 22, NULL, '', 2, 0, 3, NULL, 1, 2, 2, '2018-03-22 06:55:15', '2018-05-29 09:45:02'),
(466, 10118130023, 0, 'Tanaya saha proma', 'তনয়া সাহা প্রমা', '10118130023@bdeducation.org.bd', 1, '$2y$10$VL6A5ADbq2xPNzXrXBBuA.yy2W94Nfz3jUlA9z5HWfHpVPI00g2TS', '123456', 1, 2, 13, 1, 1, 6, 23, NULL, '', 2, 0, 3, NULL, 1, 2, 2, '2018-03-22 06:56:07', '2018-05-29 09:46:02'),
(467, 10118130024, 0, 'Afia masuda doha', 'আফিয়া মাসুদ দোহা', '10118130024@bdeducation.org.bd', 1, '$2y$10$Tw8Cz3zxcyfin9ydnspMJO3s5T3UaS/FKaiyADbrL7lL1p/mLvnJm', '123456', 1, 2, 13, 1, 1, 6, 24, NULL, '', 1, 0, 3, NULL, 1, 2, 2, '2018-03-22 06:56:48', '2018-05-29 09:47:32'),
(468, 10118130025, 0, 'Samia', 'সামিয়া', '10118130025@bdeducation.org.bd', 1, '$2y$10$RGPZMpv.rHe50F1vfdhCouZRn5E40CuWEIh9GFoTUh7hDlNJmDKa6', '123456', 1, 2, 13, 1, 1, 6, 25, NULL, '', 2, 0, 3, NULL, 1, 2, 2, '2018-03-22 06:57:26', '2018-05-29 09:48:31'),
(469, 10118130026, 0, 'Jubayed ahamad siam', 'জোবায়েদ আহমেদ সিয়াম', '10118130026@bdeducation.org.bd', 1, '$2y$10$EtNaFFrKSlN1IT0Bv7cGyekqobYwaA0Cl2bbnxn6/iJlgcumIisnu', '123456', 1, 2, 13, 1, 1, 6, 26, NULL, '', 1, 0, 3, NULL, 1, 2, 2, '2018-03-22 06:58:09', '2018-05-29 09:49:32'),
(470, 10118130027, 0, 'Hassanuzzaman rudrow', 'হাসানুজ্জামান রৌদ্র', '10118130027@bdeducation.org.bd', 1, '$2y$10$0hniBAau77vyxFTaLJpsnuwEhahJpe.Y66jBbT/FdZeg.ZVIWDXdq', '123456', 1, 2, 13, 1, 1, 6, 27, NULL, '', 1, 0, 3, NULL, 1, 2, 2, '2018-03-22 06:58:45', '2018-05-29 09:51:50'),
(471, 10118130028, 0, 'Takiya alam tuba', 'তাকিয়া আলম তোবা', '10118130028@bdeducation.org.bd', 1, '$2y$10$gQJbh4Sx8TR3N0quDmGQ/.WYW8y5GEZkLgLHPX39LYAKmqTj1vtH6', '123456', 1, 2, 13, 1, 1, 6, 28, NULL, '', 2, 0, 3, NULL, 1, 2, 2, '2018-03-22 06:59:14', '2018-05-29 09:52:55'),
(472, 10118130029, 0, 'Saif hosain', 'মোঃসাইফ হোসাইন', '10118130029@bdeducation.org.bd', 1, '$2y$10$UHy3CB45k8qLSoyD9J9dXu3iWUhnFz4hrVhvwoi55oXR2p0FvmLoW', '123456', 1, 2, 13, 1, 1, 6, 29, NULL, '', 1, 0, 3, NULL, 1, 2, 2, '2018-03-22 07:00:03', '2018-05-29 09:53:50'),
(473, 10118130030, 0, 'Fahad', 'ফাহাদ', '10118130030@bdeducation.org.bd', 1, '$2y$10$MeqGLTm3dFf1RPYd7T910OPevtCbYxKpTgPHU6kZL2L9GlpKgL8dq', '123456', 1, 2, 13, 1, 1, 6, 30, NULL, '', 1, 0, 3, NULL, 1, 2, 2, '2018-03-22 07:00:58', '2018-05-29 09:54:50'),
(474, 10118130031, 0, 'Sukanna bonik', 'সুখানা বনিক ', '10118130031@bdeducation.org.bd', 1, '$2y$10$RgjJIniDZI.y8qM1Iu6msukpZkp666dN4xLtEClxbdzWi0QSlekiS', '123456', 1, 2, 13, 1, 1, 6, 31, NULL, '', 2, 0, 3, NULL, 1, 2, 2, '2018-03-22 07:01:48', '2018-05-29 09:55:57'),
(475, 10118050019, 0, 'Md. Rahat Mia', 'মোঃ রাহাত মিয়া', '10118050019@bdeducation.org.bd', 1, '$2y$10$9CFuCWvT7JJ7UYYgSn/H6e6s0mJT8p30MP0xsUH5gXrAjDEjKb08C', '123456', 1, 2, 5, 1, 1, 11, 21, NULL, '', 1, 0, 1, NULL, 1, 2, 2, '2018-03-24 04:20:31', '2018-09-19 04:25:43'),
(476, 10118050020, 0, 'Dhruva Das', 'দ্রুব দাস', '10118050020@bdeducation.org.bd', 1, '$2y$10$7UCf0/6sVNjfoirIuztLau/qeH4hlYaZaQBsdkAxOJs0kwqJ8MYE.', '123456', 1, 2, 5, 1, 1, 11, 22, NULL, '', 1, 0, 1, NULL, 0, 2, 2, '2018-03-24 04:21:23', '2018-09-19 04:26:18'),
(477, 10118050021, 0, 'Sagor', 'সাগর', '10118050021@bdeducation.org.bd', 1, '$2y$10$XcAtWDmzukvxQeT0Er/LfOFrp1NU7vA1RwzQyC0dvLyTaEEEsF79e', '123456', 1, 2, 5, 1, 1, 11, 23, NULL, '', 1, 0, 1, NULL, 1, 2, 2, '2018-03-24 04:22:11', '2018-09-19 04:26:53'),
(478, 10118050022, 0, 'Mirajul Sifat', 'মিরাজুল সিফাত', '10118050022@bdeducation.org.bd', 1, '$2y$10$0LNCM4oaA.HsZp9dHqadfudqVBKh/yzlPgZvke4l1oD0lS7/kfTJq', '123456', 1, 2, 5, 1, 1, 11, 24, NULL, '', 1, 0, 1, NULL, 1, 2, 2, '2018-03-24 04:22:46', '2018-09-19 04:27:30'),
(479, 10118050023, 0, 'Shubarna Akter', 'সুবর্ণা আক্তার', '10118050023@bdeducation.org.bd', 1, '$2y$10$BLRpSvtKRF2cNOrELHThqejYVbaK9bVMs7Fjk.qqfP.Gt1yx.D5sS', '123456', 1, 2, 5, 1, 1, 11, 25, NULL, '1798358055', 2, 0, 1, NULL, 1, 2, 2, '2018-03-24 04:23:54', '2018-09-19 04:28:10'),
(480, 10118050024, 0, 'Al Kawsar Maruf', 'আল কাউসার মারুফ', '10118050024@bdeducation.org.bd', 1, '$2y$10$B8C/tAo8/eguFamN3lV64.a3Hr5SqMl0k/rnd2dM2quXtq3z9xsYm', '123456', 1, 2, 5, 1, 1, 11, 26, NULL, '', 1, 0, 1, NULL, 1, 2, 2, '2018-03-24 04:24:26', '2018-09-19 04:28:53'),
(481, 10118050025, 0, 'Maria Alam (Nirjona)', 'মারিয়া আলম নির্জনা', '10118050025@bdeducation.org.bd', 1, '$2y$10$QgAnW1TNCj2plQR.7BDnV.Gx4Q0LBQgsM5q0M/CpHYC0VlnpnzDwS', '123456', 1, 2, 5, 1, 1, 11, 27, NULL, '', 2, 0, 1, NULL, 1, 2, 2, '2018-03-24 04:25:20', '2018-09-19 04:29:45'),
(482, 10118050026, 0, 'Tajnuva Ara Enna', 'তাজনুভা আরা এন্না', '10118050026@bdeducation.org.bd', 1, '$2y$10$CQN1cLm.lpWiCe5HaA598uYgU6TU56IXaFdgbDN1168dgBTcdf3Wi', '123456', 1, 2, 5, 1, 1, 11, 28, NULL, '', 2, 0, 1, NULL, 1, 2, 2, '2018-03-24 04:26:03', '2018-09-19 04:30:33'),
(483, 10118050027, 0, 'Nusrat Jahan tonty', 'নুসরাত জাহান তন্তি', '10118050027@bdeducation.org.bd', 1, '$2y$10$Abxg0s4s5fROZ6XZkpnE6.IKis.1UaWjcT3DyHkmFrMOZYo7cz6YK', '123456', 1, 2, 5, 1, 1, 11, 29, NULL, '', 2, 0, 1, NULL, 1, 2, 2, '2018-03-24 04:26:55', '2018-09-19 04:31:14'),
(484, 10118050028, 0, 'Nahid', 'নাহিদ', '10118050028@bdeducation.org.bd', 1, '$2y$10$5h/VPsqHqK65oivQ38SMXOOTE3UGovIu7lbre6VWTRbz.pKopQiC2', '123456', 1, 2, 5, 1, 1, 11, 30, NULL, '', 1, 0, 1, NULL, 1, 2, 2, '2018-03-24 04:27:43', '2018-09-19 04:31:55'),
(485, 10118050029, 0, 'Tabassum Rahaman', 'তাবাসসুম রাহমান', '10118050029@bdeducation.org.bd', 1, '$2y$10$2vNYYNzP3cH3KzJbRQJ2cu9bbs5H6CmkS/ssu6bUSPqoEsu5z9tde', '123456', 1, 2, 5, 1, 1, 11, 31, NULL, '', 2, 0, 1, NULL, 1, 2, 2, '2018-03-24 04:28:44', '2018-09-19 04:32:50'),
(486, 10118050030, 0, 'Sumaiya Sorkar', 'সুমাইয়া সরকার', '10118050030@bdeducation.org.bd', 1, '$2y$10$Bhs/oy6vNleIhmZcikuFQOzww/VsJuJHj7Un00Bs9CGErr/eaPXZ6', '123456', 1, 2, 5, 1, 1, 11, 32, NULL, '', 2, 0, 1, NULL, 1, 2, 2, '2018-03-24 04:29:33', '2018-09-19 04:33:37'),
(487, 10118050031, 0, 'Tasnia Khan', 'তাসনিয়া খান', '10118050031@bdeducation.org.bd', 1, '$2y$10$A9cqilro0DdpdetFly0nZ.7a8NILItHeqB1BOKWOv0WKQOb3TEBky', '123456', 1, 2, 5, 1, 1, 11, 33, NULL, '', 2, 0, 1, NULL, 1, 2, 2, '2018-03-24 04:30:21', '2018-09-19 04:34:11'),
(488, 10118050032, 0, 'Jayed Hasan', 'জায়েদ হাসান', '10118050032@bdeducation.org.bd', 1, '$2y$10$oe8DgsxyXNIJ1oJAjDSQnepId.hDwYjsA53gjWP8oHsqPLPogIuyS', '123456', 1, 2, 5, 1, 1, 11, 34, NULL, '', 1, 0, 1, NULL, 1, 2, 2, '2018-03-24 04:31:02', '2018-09-19 04:34:52'),
(489, 10118050033, 0, 'Bushra Akter Koma ', 'বুশরা আক্তার কমা ', '10118050033@bdeducation.org.bd', 1, '$2y$10$t5JkaVAmDn3mrKCI5XbtL.DLAaolQ.dojg2PIubkun.80t5uvWwX.', '123456', 1, 2, 5, 1, 1, 11, 2, NULL, '1775066599', 2, 0, 1, NULL, 1, 2, 2, '2018-03-24 04:31:51', '2018-06-25 17:53:56'),
(490, 10118050034, 0, 'Habiba Rahman Setu', 'হাবিবা রাহমান সেতু ', '10118050034@bdeducation.org.bd', 1, '$2y$10$VWmJp25HJ7Q4Z7plalS52.scQ6q8Y66xigpSCtEzqMYI/D4fBr49a', '123456', 1, 2, 5, 1, 1, 11, 5, NULL, '1772303299', 2, 0, 1, NULL, 1, 2, 2, '2018-03-24 04:32:36', '2018-06-25 18:22:31'),
(491, 10118020002, 0, 'Mahiya Islam (Tuyamoni)', 'মাহিয়া ইসলাম ', '10118020002@bdeducation.org.bd', 1, '$2y$10$DmfDF9NU8m2d47toEI9cv.kA1pcM/N5o1Fr9GWtrM/mduMI/LiNfe', '123456', 1, 2, 2, 1, 1, 8, 2, NULL, '', 2, 0, 3, NULL, 1, 2, 2, '2018-03-24 04:40:27', '2018-05-13 06:16:58'),
(494, 10118020003, 0, 'Mahiya Siddike (Esamoni)', 'মাহিয়া সিদ্দিকি এশামনি ', '10118020003@bdeducation.org.bd', 1, '$2y$10$XKEmofT6ZA22CG6hg8DoeOGklxNz6J2HMuRLJguYnkmvrwOUr8.6i', '123456', 1, 2, 2, 1, 1, 8, 5, NULL, '', 2, 0, 3, NULL, 1, 2, 2, '2018-03-24 04:46:01', '2018-05-13 06:22:22'),
(495, 10118020004, 0, 'Rahad  Hasan', 'রাহাদ হাসান ', '10118020004@bdeducation.org.bd', 1, '$2y$10$Si7oak8.NeGZs0gPqJGZ.ecn8ITYs0W5ZphXv/gEmL6l/QwpskXzO', '123456', 1, 2, 2, 1, 1, 8, 4, NULL, '', 1, 0, 3, NULL, 1, 2, 2, '2018-03-24 04:47:36', '2018-05-13 06:20:38'),
(496, 10118020005, 0, 'Thorikull Islam (Siyam)', 'তরিকুল ইসলাম সিয়াম ', '10118020005@bdeducation.org.bd', 1, '$2y$10$ZvGHm9jet/0fkWkFDL0gNuZGUeNW78ABmJdGD24GGor3D4Arc4oye', '123456', 1, 2, 2, 1, 1, 8, 6, NULL, '', 1, 0, 3, NULL, 1, 2, 2, '2018-03-24 04:48:24', '2018-05-13 06:23:52'),
(497, 10118020006, 0, 'MahMudul Hasan Pulok', 'মাহমুদুল হাসান পুলক ', '10118020006@bdeducation.org.bd', 1, '$2y$10$YRnq2edyr385xM2z.2MkKuQXamcAsBo4JjS9V4pzpavGc4mQdy0Zi', '123456', 1, 2, 2, 1, 1, 8, 7, NULL, '', 1, 0, 3, NULL, 1, 2, 2, '2018-03-24 04:49:26', '2018-05-13 06:33:34'),
(498, 10118020007, 0, 'Israt Jahan Tanha', 'ইসরাত জাহান তানহা ', '10118020007@bdeducation.org.bd', 1, '$2y$10$VF2ED3MmzQp0Thmh4EE7Te1MtTctw5gw1iqnKqC6YS2M6gbJwxOkS', '123456', 1, 2, 2, 1, 1, 8, 8, NULL, '', 2, 0, 3, NULL, 1, 2, 2, '2018-03-24 05:10:56', '2018-05-13 06:37:20'),
(499, 10118020008, 0, 'Mahmudul Hasan ', 'মাহমুদুল হাসান ', '10118020008@bdeducation.org.bd', 1, '$2y$10$EK7Ao8ClIM3LvjICh6fo9ODnHgSm96mzLTCJ4Dgb1LSDVaE0vOdne', '123456', 1, 2, 2, 1, 1, 8, 9, NULL, '', 1, 0, 3, NULL, 1, 2, 2, '2018-03-24 05:11:41', '2018-05-29 07:37:51'),
(500, 10118020009, 0, 'Saiduzzaman Pathan', 'সাইদুজ্জামান পাঠান ', '10118020009@bdeducation.org.bd', 1, '$2y$10$SpIW54pGdRiaMJu/B/vZBeoYgqG72iR6kJ3LGexI2.jO9qpWH.Zsa', '123456', 1, 2, 2, 1, 1, 8, 10, NULL, '', 1, 0, 3, NULL, 1, 2, 2, '2018-03-24 05:12:34', '2018-07-12 04:41:51'),
(501, 10118020010, 0, 'Nahid Mia', 'নাহিদ মিয়া ', '10118020010@bdeducation.org.bd', 1, '$2y$10$.VQvMUEWjrIjtgb9DVHOheiSMHDHrqBaAXAXe1C8Gn0J.avR9u3G6', '123456', 1, 2, 2, 1, 1, 8, 11, NULL, '', 1, 0, 3, NULL, 1, 2, 2, '2018-03-24 05:12:59', '2018-05-29 07:41:44'),
(502, 10118020011, 0, 'Mubarok', 'মুবারাক ', '10118020011@bdeducation.org.bd', 1, '$2y$10$4pGYV/ZpfisVegulUsBKNeBfSWTZ92MsrpCE9663VeKtQrVGwsq1W', '123456', 1, 2, 2, 1, 1, 8, 12, NULL, '', 1, 0, 3, NULL, 1, 2, 2, '2018-03-24 05:13:41', '2018-05-29 07:44:02'),
(503, 10118020012, 0, 'Tamanna', 'তামান্না ', '10118020012@bdeducation.org.bd', 1, '$2y$10$rAoYuTqTZ/bN2TmkenEioui8pmxEAb1EwcEKeTeklfKPmY5ICigBe', '123456', 1, 2, 2, 1, 1, 8, 13, NULL, '', 2, 0, 3, NULL, 1, 2, 2, '2018-03-24 05:14:10', '2018-05-29 07:50:17'),
(504, 10118020013, 0, 'Vabona Sarker', 'ভাবনা সরকার ', '10118020013@bdeducation.org.bd', 1, '$2y$10$LwS0hL18RX.0JK0cHvwH8eHRcAZEJ05Xi2wAsm9b6AmXJ3lMC0VpW', '123456', 1, 2, 2, 1, 1, 8, 14, NULL, '', 2, 0, 3, NULL, 1, 2, 2, '2018-03-24 05:15:03', '2018-05-29 07:52:45'),
(505, 10118020014, 0, 'Tamim Rahaman', 'তামিম রহমান ', '10118020014@bdeducation.org.bd', 1, '$2y$10$egufOc.STqgPHs2tsAudsOdetnm8pfMnIW/F3O9IUOQfxxqJdUmYm', '123456', 1, 2, 2, 1, 1, 8, 15, NULL, '', 1, 0, 3, NULL, 1, 2, 2, '2018-03-24 05:16:09', '2018-05-29 07:54:05'),
(506, 10118020015, 0, 'Fahim Mia', 'ফাহিম মিয়া ', '10118020015@bdeducation.org.bd', 1, '$2y$10$Dm9ps15BkLRHMTWaqXF7uulQxWW4gkxMCmxEcrf4pNXPZhEW22e7y', '123456', 1, 2, 2, 1, 1, 8, 16, NULL, '', 1, 0, 3, NULL, 1, 2, 2, '2018-03-24 05:16:41', '2018-05-29 07:56:58'),
(507, 10118020016, 0, 'Aporna Bonik', 'অপর্না বনিক ', '10118020016@bdeducation.org.bd', 1, '$2y$10$F9fKrmdqHwejpwM1AVZT0O87t/krZJzaGsBo4JXjl8hDgEkscDJIe', '123456', 1, 2, 2, 1, 1, 8, 17, NULL, '', 2, 0, 3, NULL, 1, 2, 2, '2018-03-24 05:17:34', '2018-07-12 04:42:27'),
(508, 10118020017, 0, 'Sabbir Ahamed', 'সাব্বির আহমেদ ', '10118020017@bdeducation.org.bd', 1, '$2y$10$4iZXEyEy7N1mI9XQKSUEHe.GYTME/.hwsK2vNJiAMnXRotY4bVM3C', '123456', 1, 2, 2, 1, 1, 8, 18, NULL, '', 1, 0, 3, NULL, 1, 2, 2, '2018-03-24 05:18:18', '2018-05-29 08:02:31'),
(509, 10118020018, 0, 'Md.Mahedi Hasan Arafat', 'মোঃ মাহেদি হাসান আরাফাত ', '10118020018@bdeducation.org.bd', 1, '$2y$10$34W7GjtOJZz8pfyhXBMRbenaB68vTk1WZ1pSlrmsawDeduP4mzTEm', '123456', 1, 2, 2, 1, 1, 8, 19, NULL, '', 1, 0, 3, NULL, 1, 2, 2, '2018-03-24 05:19:14', '2018-05-29 08:04:02'),
(510, 10118020019, 0, 'Joni Haider', 'জনি হায়দার ', '10118020019@bdeducation.org.bd', 1, '$2y$10$xSXv8QG.C/B5X6Y1PW40jOt/txmv6DsJTxK.YTAuh4Bqwil.D0i.6', '123456', 1, 2, 2, 1, 1, 8, 20, NULL, '', 1, 0, 3, NULL, 1, 2, 2, '2018-03-24 05:19:55', '2018-05-29 08:05:14'),
(511, 10118030001, 0, 'Farzana Islam Diba', 'ফারজানা ইসলাম দিবা', '10118030001@bdeducation.org.bd', 1, '$2y$10$7B.HPho5rbKoDTVya5ky0eyE8rHeWr0rVTn.Ve1Sy3969wn7F4WXq', '123456', 1, 2, 3, 1, 1, 9, 1, NULL, '', 2, 0, 3, NULL, 1, 2, 2, '2018-03-25 03:26:10', '2018-10-09 07:22:45'),
(512, 10118020020, 0, 'Mahijabin', 'মেহজাবিন', '10118020020@bdeducation.org.bd', 1, '$2y$10$is9pMZVelOO3Skenwp04Euhx19Voup2x7eIOLFcIVy8TTieByFRqC', '123456', 1, 2, 2, 1, 1, 8, 21, NULL, '', 2, 0, 3, NULL, 1, 2, 2, '2018-03-25 03:35:45', '2018-05-29 08:06:42'),
(513, 10118020021, 0, 'Alamgir', 'আলমগীর ', '10118020021@bdeducation.org.bd', 1, '$2y$10$9wpjyF5XBulRQbZMguJeQ.kh57Xbrr.0xkDe92R4Fz/RQkgbZWBHq', '123456', 1, 2, 2, 1, 1, 8, 22, NULL, '', 1, 0, 3, NULL, 1, 2, 2, '2018-03-25 03:36:19', '2018-05-29 08:07:54'),
(514, 10118020022, 0, 'Tamim Ikbal', 'তামিম ইকবাল ', '10118020022@bdeducation.org.bd', 1, '$2y$10$OjegDI5taspvamQgMNl6beh0IOE1A8NKWiXyc6BHA/3CNPP4LuM46', '123456', 1, 2, 2, 1, 1, 8, 23, NULL, '', 1, 0, 3, NULL, 1, 2, 2, '2018-03-25 03:37:31', '2018-05-29 08:09:00'),
(515, 10118020023, 0, 'Tayib Ahmed', 'তায়িব আহমেদ ', '10118020023@bdeducation.org.bd', 1, '$2y$10$atRVNx5xGpCJjPRQgqKqZe25T5YAzWVY0WZ96AbAZsL.iqK/dr8KS', '123456', 1, 2, 2, 1, 1, 8, 24, NULL, '', 1, 0, 3, NULL, 1, 2, 2, '2018-03-25 03:38:23', '2018-05-29 08:10:19'),
(516, 10118020024, 0, 'Mubinur', 'মবিনুর ', '10118020024@bdeducation.org.bd', 1, '$2y$10$ohzLzlp5IbpgrYnC7aCkJuPwEUTAy1UNjQsKX7uM.ckBV9500sJm6', '123456', 1, 2, 2, 1, 1, 8, 25, NULL, '', 1, 0, 3, NULL, 1, 2, 2, '2018-03-25 03:39:44', '2018-07-12 04:42:56'),
(517, 10118020025, 0, 'Tuhin Ahmed', 'তুহিন আহমেদ ', '10118020025@bdeducation.org.bd', 1, '$2y$10$NKacuIHZj2j4NDLw4w2M1uvflRK6LSX67da39VgBg0AK0orDJ.pzi', '123456', 1, 2, 2, 1, 1, 8, 26, NULL, '', 1, 0, 3, NULL, 1, 2, 2, '2018-03-25 03:42:11', '2018-05-29 08:12:47'),
(518, 10118020026, 0, 'Lija Akter', 'লিজা আক্তার ', '10118020026@bdeducation.org.bd', 1, '$2y$10$JX8rpvRUYIwHt2cqsQ2M6Ooz/oZvdPilKaYlRbrx.3Ir.sdCVdigC', '123456', 1, 2, 2, 1, 1, 8, 27, NULL, '', 2, 0, 3, NULL, 1, 2, 2, '2018-03-25 03:42:53', '2018-05-29 08:14:35'),
(519, 10118020027, 0, 'Sumaiya Sultana Urmi', 'সুমাইয়া সুলতানা উর্মি ', '10118020027@bdeducation.org.bd', 1, '$2y$10$UpiUL5k/JcuT6rqHRa/8Se0y3v3UT9S9UcLPiTmQmJTzF35hTD02q', '123456', 1, 2, 2, 1, 1, 8, 28, NULL, '', 2, 0, 3, NULL, 1, 2, 2, '2018-03-25 03:43:44', '2018-05-29 08:17:11'),
(520, 10118020028, 0, 'Majadul Hoque Wasi', 'মাজাদুল হক ওয়াসি ', '10118020028@bdeducation.org.bd', 1, '$2y$10$F.iWUCZbmcxSPQ89TAdwTOEPME9UVyZuis08AcakASb1q0cwi4jKC', '123456', 1, 2, 2, 1, 1, 8, 29, NULL, '', 1, 0, 3, NULL, 1, 2, 2, '2018-03-25 03:44:54', '2018-05-29 08:24:16'),
(521, 10118020029, 0, 'Robel Hasan Jishan', 'রুবেল হাসান জিশান ', '10118020029@bdeducation.org.bd', 1, '$2y$10$D3lxet.40BcdMABfOnDXou5OLKlENvUjpHa0EV1YAdkJ7QnWh.Omm', '123456', 1, 2, 2, 1, 1, 8, 30, NULL, '', 1, 0, 3, NULL, 1, 2, 2, '2018-03-25 03:45:50', '2018-05-29 08:25:50'),
(522, 10118020030, 0, 'Easin Arafat Emon', 'ইয়াসিন আরাফাত ইমন ', '10118020030@bdeducation.org.bd', 1, '$2y$10$B/fExeMjzrLgYokNXMYoGu3QSM61kgln3bMQfOrAVBZOwnct/MAGO', '123456', 1, 2, 2, 1, 1, 8, 31, NULL, '', 1, 0, 3, NULL, 1, 2, 2, '2018-03-25 03:46:48', '2018-05-29 08:28:34'),
(523, 10118030002, 0, 'Srijon Kumar Saha', 'শ্রীজন কুমার সাহা', '10118030002@bdeducation.org.bd', 1, '$2y$10$9ghqWCyxZ7K87igUQFwNfOn1WSpWagopg.8ATOh2X2hMGTDBpVF.K', '123456', 1, 2, 3, 1, 1, 9, 2, NULL, '', 1, 0, 3, NULL, 1, 2, 2, '2018-03-25 03:47:02', '2018-05-29 10:29:48'),
(524, 10118020031, 0, 'Jonuaid', 'জুনায়েদ ', '10118020031@bdeducation.org.bd', 1, '$2y$10$svxGqBPIibNa7z.Z91IpT.ABQoCIRcteH/gGw72QA3rpiObzLo4NW', '123456', 1, 2, 2, 1, 1, 8, 32, NULL, '', 1, 0, 3, NULL, 1, 2, 2, '2018-03-25 03:47:49', '2018-05-29 08:29:56'),
(525, 10118020032, 0, 'Habiba Khatun', 'হাবিবা খাতুন ', '10118020032@bdeducation.org.bd', 1, '$2y$10$52W0zDvBFVr.WQVDk/l6z.CRxHF7DSAkCT1Wt9vU1fLV7l7CFtuqe', '123456', 1, 2, 2, 1, 1, 8, 33, NULL, '', 2, 0, 3, NULL, 1, 2, 2, '2018-03-25 03:48:27', '2018-05-29 08:30:59'),
(526, 10118020033, 0, 'Sadia Afrin', 'সাদিয়া আফরিন ', '10118020033@bdeducation.org.bd', 1, '$2y$10$C2/zsfxHosMkAzhmIumJ6OUX6nW44ZKrvePIp9wM/8G5ql5TTaJh6', '123456', 1, 2, 2, 1, 1, 8, 34, NULL, '', 2, 0, 3, NULL, 1, 2, 2, '2018-03-25 03:49:16', '2018-05-29 08:32:05'),
(527, 10118020034, 0, 'Sidra Hasan Sara', 'সিদ্রা হাসান সারা ', '10118020034@bdeducation.org.bd', 1, '$2y$10$uCGzZMQW57llOhC/u1u8hOftK6cMC2eXdCUyEstLTK5tRTD6vhgaW', '123456', 1, 2, 2, 1, 1, 8, 35, NULL, '', 2, 0, 3, NULL, 1, 2, 2, '2018-03-25 03:49:52', '2018-07-12 04:43:31'),
(528, 10118020035, 0, 'Md. Imtiaj', 'মোঃ ইমতিয়াজ ', '10118020035@bdeducation.org.bd', 1, '$2y$10$TdZzcRdPFA8m/KaDJomtxu8.K69BwdJ/iHsif0.z5wBuMYQ8GXVV6', '123456', 1, 2, 2, 1, 1, 8, 37, NULL, '', 1, 0, 3, NULL, 1, 2, 2, '2018-03-25 03:50:51', '2018-06-25 10:22:28'),
(529, 10118020036, 0, 'Mithila Farjana', 'মিথিলা ফারজানা ', '10118020036@bdeducation.org.bd', 1, '$2y$10$Wrj.dNVbdFX0e.P7WyYf.ui/cWjTzR2YVzny.Gib5av1opeWY2RHa', '123456', 1, 2, 2, 1, 1, 8, 3, NULL, '', 2, 0, 3, NULL, 1, 2, 2, '2018-03-25 04:21:21', '2018-05-13 06:18:38'),
(530, 10118020037, 0, 'Robiul Islam', 'রবিউল ইসলাম ', '10118020037@bdeducation.org.bd', 1, '$2y$10$HFknH6H79iraGKpAdet4HuolnLYVloTB7DyL9/WO6OerD6MZLBhfG', '123456', 1, 2, 2, 1, 1, 8, 36, NULL, '', 1, 0, 3, NULL, 1, 2, 2, '2018-03-25 04:23:30', '2018-05-29 08:34:11'),
(531, 10118030003, 0, 'Suraiya Tabassum', 'সুরাইয়া তাবাসসুম', '10118030003@bdeducation.org.bd', 1, '$2y$10$9kIDRsxNitxDG9/uKhu.VeRjoIA.xVv6MVMQM5VltgorX3/CM7DBy', '123456', 1, 2, 3, 1, 1, 9, 3, NULL, '', 2, 0, 3, NULL, 1, 2, 2, '2018-03-25 06:50:00', '2018-05-29 10:33:19'),
(532, 10118030004, 0, 'Saima Islam (Lamiya)', 'সাইমা ইসলাম', '10118030004@bdeducation.org.bd', 1, '$2y$10$GyelA6wXzzN/DLEocBmdR.nQV/B1C520bYZI.xFYZ21dYihnDT7G.', '123456', 1, 2, 3, 1, 1, 9, 4, NULL, '', 2, 0, 3, NULL, 1, 2, 2, '2018-03-25 06:51:12', '2018-05-29 10:35:57'),
(533, 10118030005, 0, 'Faysal Hossin Nirob', 'ফাইসাল হোসেন', '10118030005@bdeducation.org.bd', 1, '$2y$10$zeoRPDzb66ouj/QzhOk/LuyTfCppkpxp87sf60o0OJ3sNN1UiCGfq', '123456', 1, 2, 3, 1, 1, 9, 5, NULL, '', 1, 0, 3, NULL, 1, 2, 2, '2018-03-25 06:52:35', '2018-05-29 10:37:23'),
(534, 10118030006, 0, 'Masum Billa', 'মাসুম বিল্লা ', '10118030006@bdeducation.org.bd', 1, '$2y$10$VZ6TM9fjE33tGqOVMySxv.xRLr/7VmitssOJVCeh3VvA5EfTpmRIW', '123456', 1, 2, 3, 1, 1, 9, 6, NULL, '', 1, 0, 3, NULL, 1, 2, 2, '2018-03-25 07:00:25', '2018-05-29 10:39:03'),
(535, 10118030007, 0, 'Maliha Alam', 'মালিহা আলম', '10118030007@bdeducation.org.bd', 1, '$2y$10$Mk.C.OjtUTj..41nwGRIgeDqRQzpOyoiuP8s9as1tqSCxptKQaHX2', '123456', 1, 2, 3, 1, 1, 9, 7, NULL, '', 1, 0, 3, NULL, 1, 2, 2, '2018-03-27 05:59:33', '2018-05-29 10:40:23'),
(536, 10118030008, 0, 'Sanjida Akther', 'সানজিদা আক্তার', '10118030008@bdeducation.org.bd', 1, '$2y$10$tSPx4N/BWQFL1tnG6Ga95O97uZF8vkhyQo9HJiK0ibtr4AQzZExyC', '123456', 1, 2, 3, 1, 1, 9, 8, NULL, '', 2, 0, 3, NULL, 1, 2, 2, '2018-03-27 08:29:40', '2018-05-29 10:41:48'),
(537, 10118030009, 0, 'Abir', 'আবির', '10118030009@bdeducation.org.bd', 1, '$2y$10$.m0kZRopyrPkbn/QSmhv6eaOI/4NtpPl.84UuRGUXKzRwHlxM8iAu', '123456', 1, 2, 3, 1, 1, 9, 9, NULL, '', 1, 0, 3, NULL, 1, 2, 2, '2018-03-27 08:45:14', '2018-05-29 10:43:27'),
(538, 10118030010, 0, 'Rakibul Hasan Riyad', 'রাকিবুল ইসলাম', '10118030010@bdeducation.org.bd', 1, '$2y$10$ODe/70EOwCqW/GxJwVXZY.qZqPnSMWSid3/7p3HLaE7cq5ju3ZFQy', '123456', 1, 2, 3, 1, 1, 9, 10, NULL, '', 1, 0, 3, NULL, 1, 2, 2, '2018-03-27 08:46:29', '2018-05-31 06:21:30'),
(539, 10118030011, 0, 'Masud Ahmed', 'মাসুদ আহমেদ ', '10118030011@bdeducation.org.bd', 1, '$2y$10$ASUYdjf5SuVzndr08K79ru0XEimIg5dHfb6ApojgBmMTb53SPLzGS', '123456', 1, 2, 3, 1, 1, 9, 11, NULL, '', 1, 0, 3, NULL, 1, 2, 2, '2018-03-27 08:49:25', '2018-05-29 10:46:11'),
(540, 10118030012, 0, 'Naiymul Islam Siyam', 'নাইমুল ইসলাম ', '10118030012@bdeducation.org.bd', 1, '$2y$10$1jearx5ggfsIhjoDLpjBQ.aijBIpL5TCIgiFkP1NzpV1tyo8Go1be', '123456', 1, 2, 3, 1, 1, 9, 12, NULL, '', 1, 0, 3, NULL, 1, 2, 2, '2018-03-27 08:50:27', '2018-05-31 06:29:17'),
(541, 10118030013, 0, 'Arif Mia', 'আরিফ মিয়া ', '10118030013@bdeducation.org.bd', 1, '$2y$10$8PMFQnM3JlKoNDTxkuQQVOw7Yet5A6BVJ0jHr8TBpO6ZnNSfly9GS', '123456', 1, 2, 3, 1, 1, 9, 13, NULL, '', 1, 0, 3, NULL, 1, 2, 2, '2018-03-27 08:51:31', '2018-05-31 07:16:30'),
(542, 10118030014, 0, 'Nupur', 'নুপুর ', '10118030014@bdeducation.org.bd', 1, '$2y$10$Rf53dg6VEY2R9vbU313NWel36QmvRN9yZ7GhM.yZ8GNaNuSfh6N6C', '123456', 1, 2, 3, 1, 1, 9, 14, NULL, '', 2, 0, 3, NULL, 1, 2, 2, '2018-03-27 08:53:18', '2018-05-29 10:49:00'),
(543, 10118030015, 0, 'Junaid', 'জুনায়েদ ', '10118030015@bdeducation.org.bd', 1, '$2y$10$i.fp.XQYKxKEZneGgMyMLeVrRAXaaynVrLPx1v6a4xZ9MCpfYFBkO', '123456', 1, 2, 3, 1, 1, 9, 15, NULL, '', 2, 0, 3, NULL, 1, 2, 2, '2018-03-27 09:07:00', '2018-05-31 06:37:29'),
(544, 10118030016, 0, 'Al-Sad Labib', 'আল সাদ লাবিব', '10118030016@bdeducation.org.bd', 1, '$2y$10$GVHvxtajSNjkK9sWDxEos.JrumO/X.R.r24iGwmpEQqVNvGKEe34S', '123456', 1, 2, 3, 1, 1, 9, 16, NULL, '', 1, 0, 3, NULL, 1, 2, 2, '2018-03-27 09:07:37', '2018-05-29 10:51:12'),
(545, 10118030017, 0, 'Shamim Arman', 'শামিম আরমান ', '10118030017@bdeducation.org.bd', 1, '$2y$10$YvFmlR8hTdN7akGK5.BN8.yQ3MY002RZ9K2WMZ5361/Jl2aCcSaMy', '123456', 1, 2, 3, 1, 1, 9, 17, NULL, '', 1, 0, 3, NULL, 1, 2, 2, '2018-03-27 09:08:28', '2018-05-29 10:52:26'),
(546, 10118030018, 0, 'Lucky Akther', 'লাকি আক্তার', '10118030018@bdeducation.org.bd', 1, '$2y$10$01oXEPToFaY5K1IwwNpBfONtm8380ELZcA2kDEPOiWfCTT71FfeDW', '123456', 1, 2, 3, 1, 1, 9, 18, NULL, '', 2, 0, 3, NULL, 1, 2, 2, '2018-03-27 09:09:11', '2018-05-29 10:54:07'),
(547, 10118030019, 0, 'Arifur Rahman Jisan', 'আরিফুর রাহমান জিসান', '10118030019@bdeducation.org.bd', 1, '$2y$10$Oq4MZKAyY0DCmc1I9hEGYO7svhZ8SCk.UKBipy3.pODWmAAD4XEg.', '123456', 1, 2, 3, 1, 1, 9, 19, NULL, '', 2, 0, 3, NULL, 1, 2, 2, '2018-03-27 09:10:15', '2018-05-29 10:55:52'),
(548, 10118030020, 0, 'md. Sikatullah sani', 'সিকাতুল্লাহ সানি ', '10118030020@bdeducation.org.bd', 1, '$2y$10$upnzmT0JQzhFgLKdTagErubQ3TZpY.qcMZedN2.XfkGGrRjfXxhwq', '123456', 1, 2, 3, 1, 1, 9, 20, NULL, '', 1, 0, 3, NULL, 1, 2, 2, '2018-03-27 09:13:19', '2018-07-12 04:44:41'),
(549, 10118030021, 0, 'Tanay Kumer Sarkar', 'তানয় কুমার সরকার', '10118030021@bdeducation.org.bd', 1, '$2y$10$HBGhDpuVVHib8Hgl6i5DL.O8O16/5cjuRH6nrspWZIkh7J2OfcPVa', '123456', 1, 2, 3, 1, 1, 9, 21, NULL, '', 1, 0, 3, NULL, 1, 2, 2, '2018-03-27 09:15:21', '2018-05-29 10:58:18'),
(550, 10118030022, 0, 'jui Akter', 'জুই আক্তার', '10118030022@bdeducation.org.bd', 1, '$2y$10$7Cz/iG4Zt5/6aEQx2g7OSuKbR1hPHNiHvDko7tHP2vIos.zwtqaam', '123456', 1, 2, 3, 1, 1, 9, 22, NULL, '', 2, 0, 3, NULL, 1, 2, 2, '2018-03-27 09:15:48', '2018-05-31 07:18:30'),
(551, 10118030023, 0, 'Arju Saha', 'আরজুন সাহা', '10118030023@bdeducation.org.bd', 1, '$2y$10$QdhGZIkJs/R9n.zbFJFSyuVhkNVTU5W54tfYllhF7BgevS9HA9BMC', '123456', 1, 2, 3, 1, 1, 9, 23, NULL, '', 1, 0, 3, NULL, 1, 2, 2, '2018-03-27 09:16:15', '2018-05-29 10:59:32'),
(552, 10118030024, 0, 'Al-Rafi', 'আল রাফি ', '10118030024@bdeducation.org.bd', 1, '$2y$10$JJbcjFaIhZQw9TGeAuKaLeHyptEgIZmGz0zvQtdYO8pI6jJ7SqZMW', '123456', 1, 2, 3, 1, 1, 9, 24, NULL, '', 1, 0, 3, NULL, 1, 2, 2, '2018-03-27 09:16:52', '2018-05-29 11:01:17'),
(553, 10118030025, 0, 'Shakib Al Hassan Remon', 'শাকিব আল হাসান ', '10118030025@bdeducation.org.bd', 1, '$2y$10$7FhBiNjVF.rP3qs/OeqXSOj9CEiwm5K.ZTc99FJvFUr75SElUQfkS', '123456', 1, 2, 3, 1, 1, 9, 26, NULL, '', 1, 0, 3, NULL, 1, 2, 2, '2018-03-27 09:17:31', '2018-05-29 11:03:22'),
(554, 10118030026, 0, 'Shomiya Islam Tripty', 'শমাইয়া ইসলাম', '10118030026@bdeducation.org.bd', 1, '$2y$10$.EKtSFTarqv/OH10GbLd9OfNboFHxOqE1OzYNB8qirEqRVRQuVwn6', '123456', 1, 2, 3, 1, 1, 9, 27, NULL, '', 2, 0, 3, NULL, 1, 2, 2, '2018-03-27 09:18:17', '2018-05-29 11:04:55'),
(555, 10118030027, 0, 'Anika Tahsin', 'আনিকা তাহসিন ', '10118030027@bdeducation.org.bd', 1, '$2y$10$T0ZSLG/RjFbY9MXDWoXWUud7KJtShwYx.XYoUB9DzPlph6uRaz0dG', '123456', 1, 2, 3, 1, 1, 9, 28, NULL, '', 2, 0, 3, NULL, 1, 2, 2, '2018-03-27 09:18:44', '2018-05-29 11:06:43'),
(556, 10118030028, 0, 'Nujhatul Zara', 'নুঝাতুল জারা', '10118030028@bdeducation.org.bd', 1, '$2y$10$tBZHK51kLirzhhy5W2G.veVl.aaa9tiU/xMDWJymZHARI66BfgEoG', '123456', 1, 2, 3, 1, 1, 9, 29, NULL, '', 2, 0, 3, NULL, 1, 2, 2, '2018-03-27 09:19:42', '2018-05-29 11:08:13'),
(557, 10118030029, 0, 'Tanvin Sultana Ome', 'তানভিন সুলতানা অমি ', '10118030029@bdeducation.org.bd', 1, '$2y$10$4YwyWONZcffUl7UQVxmeguZFeGfqNsrUP7/T/szqtqjayX2R/VfRm', '123456', 1, 2, 3, 1, 1, 9, 30, NULL, '', 2, 0, 3, NULL, 1, 2, 2, '2018-03-27 09:21:05', '2018-05-29 11:09:34'),
(558, 10118030030, 0, 'Shakibul Hasan', 'শাকিবুল হাসান', '10118030030@bdeducation.org.bd', 1, '$2y$10$o78ym5NaeEcuNOKbcG0frO.gD/LcEXCZzD0IVVvHJHIUYMHKvfaKS', '123456', 1, 2, 3, 1, 1, 9, 31, NULL, '', 1, 0, 3, NULL, 1, 2, 2, '2018-03-27 09:22:08', '2018-05-29 11:11:01'),
(559, 10118030031, 0, 'Soria', 'সরিয়া', '10118030031@bdeducation.org.bd', 1, '$2y$10$UdMpws8ONoVUv.EWnOEs2e0W1JvpX9V0vqvUpO7cWVeprUB3yEzh2', '123456', 1, 2, 3, 1, 1, 9, 32, NULL, '', 2, 0, 3, NULL, 1, 2, 2, '2018-03-27 09:22:44', '2018-05-29 11:12:26'),
(560, 10118030032, 0, 'Abdullah Al Muhith', 'আব্দুল্লাহ ', '10118030032@bdeducation.org.bd', 1, '$2y$10$ucoKlnHbmnYmxruryC9SLujqjwds3RtsN7/cXQsyFHWmukMq8chL2', '123456', 1, 2, 3, 1, 1, 9, 33, NULL, '', 1, 0, 3, NULL, 1, 2, 2, '2018-03-27 09:23:10', '2018-07-12 04:44:16'),
(561, 10118030033, 0, 'Sadia', 'সাদিয়া ', '10118030033@bdeducation.org.bd', 1, '$2y$10$3oyWfd5cYlC9ZX.nXyoqUeNChkT/oXHyRZSHU4SylOhJ.YzzhfvsG', '123456', 1, 2, 3, 1, 1, 9, 34, NULL, '', 2, 0, 3, NULL, 1, 2, 2, '2018-03-27 09:23:45', '2018-05-29 11:16:18'),
(562, 10118030034, 0, 'Alve Hosin Joy', 'আল্ভি হোসিন ', '10118030034@bdeducation.org.bd', 1, '$2y$10$lizWGPif.VN3OsVO7GEUtetGeqCY4l5gT9jj0hFEVFeBYjeS39/eS', '123456', 1, 2, 3, 1, 1, 9, 35, NULL, '', 1, 0, 3, NULL, 1, 2, 2, '2018-03-27 09:24:43', '2018-05-29 11:17:42'),
(563, 10118030035, 0, 'Jannatul Maua (Prova)', 'জান্নাতুল মাওয়া', '10118030035@bdeducation.org.bd', 1, '$2y$10$2cyapR7FOu158C7u0fO4dOjXlxSHwFK6RpcUy7O7XN.oIw0DXce8q', '123456', 1, 2, 3, 1, 1, 9, 36, NULL, '', 2, 0, 3, NULL, 1, 2, 2, '2018-03-27 09:25:19', '2018-05-29 11:19:35'),
(564, 10118030036, 0, 'Najmun Naher Ritu', 'নাজমুন নাহার রিতু ', '10118030036@bdeducation.org.bd', 1, '$2y$10$m32r1uZL4AtKG8dCEo8KJem2g9f1sA8WC0lkQCWmBltvWEUbX2YKC', '123456', 1, 2, 3, 1, 1, 9, 37, NULL, '', 2, 0, 3, NULL, 1, 2, 2, '2018-03-27 09:26:02', '2018-05-29 11:21:15'),
(565, 10118030037, 0, 'Mrs. Rahnuba Jahan Juhi', 'রাহনুবা জাহান ', '10118030037@bdeducation.org.bd', 1, '$2y$10$Jbrcj/gKdSzhVm50YRbL2.laaUOuIUNRqnyvOQLM39hdHcXHHsM92', '123456', 1, 2, 3, 1, 1, 9, 38, NULL, '', 2, 0, 3, NULL, 1, 2, 2, '2018-03-27 09:26:42', '2018-05-29 11:23:14'),
(566, 10118030038, 0, 'Shohan', 'সোহান ', '10118030038@bdeducation.org.bd', 1, '$2y$10$y6jR9A5pgtSOlsWYXJ2jl.71k0bbpnveXX4yddeby04GkX3MBvyyi', '123456', 1, 2, 3, 1, 1, 9, 39, NULL, '', 1, 0, 3, NULL, 1, 2, 2, '2018-03-27 09:27:18', '2018-05-29 11:24:34'),
(567, 10118030039, 0, 'Md. Ahnaf Khan', 'আহনাফ খান ', '10118030039@bdeducation.org.bd', 1, '$2y$10$n.RbgVoTcW9JvqGEwkIBBOOo.jotGuu9jizDh.zuiulsD5qhGf5nu', '123456', 1, 2, 3, 1, 1, 9, 40, NULL, '', 1, 0, 3, NULL, 1, 2, 2, '2018-03-27 09:27:56', '2018-05-31 07:20:58'),
(568, 10118030040, 0, 'Md. Zahidul Hoque (Siam)', 'জাহিদুল হক', '10118030040@bdeducation.org.bd', 1, '$2y$10$dmqk/jjNPEUyDJhtmDpXMO1mDxSspf3lVp.g2hrwYL88rvr2IOv3O', '123456', 1, 2, 3, 1, 1, 9, 41, NULL, '', 1, 0, 3, NULL, 1, 2, 2, '2018-03-27 09:28:25', '2018-05-29 11:27:07'),
(569, 10118030041, 0, 'Tamim Haydae Ananta', 'তামিম ', '10118030041@bdeducation.org.bd', 1, '$2y$10$T33DDIaXoNgl1yaZpZr.FOejROA2iJQ95mTQh5NdLQy8M1lyZl5gC', '123456', 1, 2, 3, 1, 1, 9, 42, NULL, '', 1, 0, 3, NULL, 1, 2, 2, '2018-03-27 09:28:50', '2018-05-29 11:28:25'),
(570, 10118030042, 0, 'Roshdu ', 'রশদু ', '10118030042@bdeducation.org.bd', 1, '$2y$10$QrmXL33UeY1vGfcWdV4gA.xv.F1JGF/XifseWgEaz5.EXy6qWdn/y', '123456', 1, 2, 3, 1, 1, 9, 43, NULL, '', 1, 0, 3, NULL, 1, 2, 2, '2018-03-27 09:29:18', '2018-05-29 11:29:56'),
(571, 10118030043, 0, 'Borasha Das', 'বর্ষা দাস ', '10118030043@bdeducation.org.bd', 1, '$2y$10$7./lVdZzXYPI.RH3ZvW7KuHg0EczdZ8DJeFBvjgOCEwmdt0yMwWfy', '123456', 1, 2, 3, 1, 1, 9, 44, NULL, '', 2, 0, 3, NULL, 1, 2, 2, '2018-03-27 09:30:02', '2018-05-29 11:31:22'),
(572, 10118030044, 0, 'Nafis Hasan', 'নাফিস হাসান ', '10118030044@bdeducation.org.bd', 1, '$2y$10$lqKf/U/zpCQIRkri2Saa2.5jnwjTf9MYTU1mWv6lc0UiqF6rB5Jzm', '123456', 1, 2, 3, 1, 1, 9, 45, NULL, '', 1, 0, 3, NULL, 1, 2, 2, '2018-03-27 09:32:53', '2018-05-29 11:32:45'),
(573, 10118030045, 0, 'Miraz-ul-Kayes Porom', 'মিরায উল কায়েস ', '10118030045@bdeducation.org.bd', 1, '$2y$10$RinROXSHo.Amn87Rd/dzO.VGQ3QYZ4LLhvkr1W0XGJqcUiyg5haFy', '123456', 1, 2, 3, 1, 1, 9, 46, NULL, '', 1, 0, 3, NULL, 1, 2, 2, '2018-03-27 09:33:29', '2018-05-29 11:33:58');

-- --------------------------------------------------------

--
-- Table structure for table `bdedu_students_academic_details`
--

CREATE TABLE `bdedu_students_academic_details` (
  `student_academic_details_row_id` int(11) NOT NULL,
  `student_row_id` int(11) NOT NULL,
  `date_of_admission` date NOT NULL,
  `academic_session` int(3) NOT NULL,
  `academic_class` tinyint(1) NOT NULL,
  `academic_shift` tinyint(1) NOT NULL,
  `academic_department` tinyint(1) NOT NULL,
  `academic_section` int(11) NOT NULL,
  `academic_rollnumber` int(11) NOT NULL,
  `created_at` datetime NOT NULL DEFAULT CURRENT_TIMESTAMP,
  `updated_at` datetime NOT NULL DEFAULT CURRENT_TIMESTAMP
) ENGINE=InnoDB DEFAULT CHARSET=latin1;

--
-- Dumping data for table `bdedu_students_academic_details`
--

INSERT INTO `bdedu_students_academic_details` (`student_academic_details_row_id`, `student_row_id`, `date_of_admission`, `academic_session`, `academic_class`, `academic_shift`, `academic_department`, `academic_section`, `academic_rollnumber`, `created_at`, `updated_at`) VALUES
(1, 1, '2017-03-08', 2, 7, 1, 1, 2, 1, '2017-03-12 06:42:37', '2018-05-04 17:43:01'),
(2, 2, '2012-01-01', 2, 7, 1, 1, 2, 2, '2017-03-12 09:16:10', '2018-05-08 06:11:36'),
(3, 3, '0000-00-00', 2, 7, 1, 1, 2, 10, '2017-03-12 09:39:42', '2018-03-08 05:20:48'),
(4, 4, '0000-00-00', 2, 7, 1, 1, 2, 3, '2017-03-12 09:49:31', '2018-03-08 04:18:42'),
(5, 5, '0000-00-00', 2, 7, 1, 1, 0, 17, '2017-03-12 09:57:20', '2018-05-07 06:15:52'),
(6, 6, '0000-00-00', 2, 7, 1, 1, 0, 13, '2017-03-12 10:11:43', '2018-05-07 10:05:26'),
(7, 7, '0000-00-00', 2, 7, 1, 1, 0, 11, '2017-03-12 10:21:55', '2018-03-08 05:21:36'),
(8, 8, '2012-01-01', 2, 7, 1, 1, 2, 5, '2017-03-12 10:51:19', '2018-03-08 04:58:35'),
(9, 9, '0000-00-00', 2, 7, 1, 1, 0, 14, '2017-03-12 10:59:53', '2018-03-04 03:46:56'),
(10, 10, '2006-06-14', 2, 7, 1, 1, 0, 22, '2017-03-12 11:33:53', '2018-03-12 03:01:55'),
(11, 11, '2013-01-07', 2, 7, 1, 1, 2, 7, '2017-03-13 03:18:18', '2018-03-08 05:08:26'),
(12, 12, '0000-00-00', 2, 7, 1, 1, 0, 19, '2017-03-13 03:39:55', '2018-03-04 03:50:24'),
(13, 13, '0000-00-00', 2, 7, 1, 1, 0, 16, '2017-03-13 04:02:01', '2018-03-11 04:50:58'),
(14, 14, '0000-00-00', 2, 7, 1, 1, 2, 8, '2017-03-13 04:21:41', '2018-03-08 05:08:57'),
(15, 15, '0000-00-00', 2, 7, 1, 1, 0, 42, '2017-03-13 04:39:21', '2018-03-04 04:08:09'),
(17, 17, '0000-00-00', 2, 7, 1, 1, 0, 30, '2017-03-13 05:28:36', '2018-05-07 05:04:47'),
(18, 18, '0000-00-00', 2, 7, 1, 1, 0, 35, '2017-03-13 05:31:57', '2018-05-07 05:31:23'),
(19, 19, '0000-00-00', 2, 7, 1, 1, 0, 44, '2017-03-13 05:34:55', '2018-05-07 06:04:02'),
(20, 20, '0000-00-00', 2, 7, 1, 1, 0, 31, '2017-03-13 05:38:18', '2018-05-07 05:07:17'),
(21, 21, '0000-00-00', 2, 7, 1, 1, 0, 39, '2017-03-13 05:41:32', '2018-05-07 05:41:51'),
(22, 22, '0000-00-00', 2, 7, 1, 1, 0, 45, '2017-03-13 05:44:03', '2018-05-07 06:07:20'),
(24, 24, '0000-00-00', 2, 7, 1, 1, 0, 33, '2017-03-13 05:54:30', '2018-05-07 05:24:50'),
(28, 28, '0000-00-00', 2, 7, 1, 1, 0, 25, '2017-03-13 06:55:02', '2018-03-12 03:06:45'),
(29, 29, '0000-00-00', 2, 7, 1, 1, 0, 29, '2017-03-13 06:57:34', '2018-03-13 05:54:10'),
(31, 31, '0000-00-00', 2, 7, 1, 1, 0, 4, '2017-03-13 07:07:38', '2018-03-08 04:29:13'),
(32, 32, '0000-00-00', 2, 7, 1, 1, 0, 20, '2017-03-13 07:10:35', '2018-03-12 02:58:35'),
(33, 33, '0000-00-00', 1, 6, 1, 1, 0, 0, '2017-03-13 07:11:28', '0000-00-00 00:00:00'),
(34, 34, '0000-00-00', 2, 7, 1, 1, 0, 18, '2017-03-13 07:14:21', '2018-05-07 05:13:38'),
(35, 35, '0000-00-00', 2, 7, 1, 1, 0, 15, '2017-03-13 07:16:45', '2018-03-11 04:47:54'),
(36, 36, '0000-00-00', 2, 7, 1, 1, 0, 32, '2017-03-13 07:19:56', '2018-05-07 05:22:16'),
(37, 37, '0000-00-00', 2, 7, 1, 1, 0, 28, '2017-03-13 07:20:58', '2018-03-13 05:50:51'),
(38, 38, '0000-00-00', 2, 7, 1, 1, 0, 23, '2017-03-13 07:27:46', '2018-05-07 05:18:48'),
(39, 39, '0000-00-00', 2, 7, 1, 1, 0, 37, '2017-03-13 07:30:42', '2018-05-07 05:36:39'),
(40, 40, '0000-00-00', 2, 7, 1, 1, 0, 6, '2017-03-13 07:33:09', '2018-03-08 05:07:51'),
(41, 41, '2016-12-31', 2, 7, 1, 1, 0, 12, '2017-03-13 07:36:29', '2018-03-08 05:27:19'),
(42, 42, '0000-00-00', 2, 7, 1, 1, 0, 36, '2017-03-13 07:37:51', '2018-05-07 05:34:11'),
(43, 43, '0000-00-00', 2, 7, 1, 1, 0, 38, '2017-03-13 08:25:57', '2018-05-07 05:38:19'),
(46, 46, '0000-00-00', 2, 7, 1, 1, 0, 47, '2017-03-13 08:35:46', '2018-05-07 06:12:34'),
(47, 47, '0000-00-00', 2, 7, 1, 1, 0, 41, '2017-03-13 08:38:54', '2018-05-07 05:46:57'),
(48, 48, '0000-00-00', 2, 7, 1, 1, 0, 26, '2017-03-13 08:43:03', '2018-03-12 03:09:34'),
(49, 49, '0000-00-00', 2, 7, 1, 1, 0, 34, '2017-03-13 08:45:13', '2018-05-07 05:28:04'),
(50, 50, '0000-00-00', 2, 7, 1, 1, 0, 48, '2017-03-13 08:48:50', '2018-05-07 06:14:29'),
(52, 52, '0000-00-00', 1, 6, 1, 1, 0, 0, '2017-03-13 08:54:03', '0000-00-00 00:00:00'),
(53, 53, '0000-00-00', 2, 7, 1, 1, 0, 50, '2017-03-13 08:54:52', '2018-03-05 04:31:06'),
(56, 56, '0000-00-00', 1, 6, 1, 1, 0, 0, '2017-03-13 09:05:53', '0000-00-00 00:00:00'),
(57, 57, '0000-00-00', 2, 7, 1, 1, 0, 24, '2017-03-13 09:08:24', '2018-03-12 03:04:19'),
(58, 58, '0000-00-00', 2, 7, 1, 1, 0, 21, '2017-03-13 09:11:29', '2018-03-12 03:00:57'),
(59, 59, '0000-00-00', 2, 7, 1, 1, 0, 43, '2017-03-13 09:13:35', '2018-05-07 06:00:25'),
(60, 60, '0000-00-00', 2, 7, 1, 1, 2, 9, '2017-03-13 09:16:12', '2018-03-08 05:19:05'),
(61, 61, '0000-00-00', 2, 7, 1, 1, 0, 27, '2017-03-13 09:19:23', '2018-03-12 03:11:53'),
(62, 62, '0000-00-00', 2, 7, 1, 1, 0, 40, '2017-03-13 09:21:33', '2018-05-07 05:44:52'),
(65, 65, '0000-00-00', 2, 8, 1, 1, 0, 1, '2017-03-14 07:23:51', '2018-05-04 17:44:53'),
(66, 66, '0000-00-00', 2, 8, 1, 1, 0, 2, '2017-03-14 07:26:48', '2018-01-28 08:47:20'),
(67, 67, '0000-00-00', 2, 8, 1, 1, 0, 3, '2017-03-14 07:35:51', '2018-01-31 03:53:39'),
(68, 68, '0000-00-00', 2, 8, 1, 1, 0, 4, '2017-03-14 07:38:36', '2018-01-31 03:57:08'),
(69, 69, '0000-00-00', 2, 8, 1, 1, 0, 5, '2017-03-14 07:42:58', '2018-05-12 05:56:50'),
(70, 70, '0000-00-00', 2, 8, 1, 1, 0, 6, '2017-03-14 08:49:29', '2018-01-31 04:18:04'),
(71, 71, '0000-00-00', 2, 8, 1, 1, 0, 8, '2017-03-14 08:52:31', '2018-01-31 04:35:41'),
(72, 72, '2016-01-01', 2, 8, 1, 1, 0, 9, '2017-03-14 09:36:42', '2018-01-31 06:42:34'),
(73, 73, '2011-01-05', 2, 8, 1, 1, 0, 7, '2017-03-14 09:39:03', '2018-01-31 04:34:09'),
(74, 74, '0000-00-00', 2, 8, 1, 1, 0, 11, '2017-03-14 09:44:16', '2018-02-01 04:21:59'),
(75, 75, '0000-00-00', 2, 8, 1, 1, 0, 10, '2017-03-14 09:47:49', '2018-02-01 04:26:00'),
(76, 76, '0000-00-00', 2, 8, 1, 1, 0, 14, '2017-03-14 09:49:54', '2018-02-06 03:31:00'),
(77, 77, '0000-00-00', 2, 8, 1, 1, 0, 15, '2017-03-14 09:53:14', '2018-02-06 03:40:40'),
(78, 78, '0000-00-00', 2, 8, 1, 1, 0, 18, '2017-03-14 09:55:53', '2018-02-06 03:45:43'),
(79, 79, '0000-00-00', 2, 8, 1, 1, 0, 43, '2017-03-14 09:59:01', '2018-03-10 03:55:13'),
(80, 80, '0000-00-00', 2, 8, 1, 1, 0, 25, '2017-03-14 10:01:35', '2018-02-01 05:09:46'),
(81, 81, '0000-00-00', 2, 8, 1, 1, 0, 17, '2017-03-14 10:04:03', '2018-02-06 03:43:46'),
(82, 82, '0000-00-00', 2, 8, 1, 1, 0, 12, '2017-03-15 03:46:51', '2018-02-06 03:26:28'),
(83, 83, '0000-00-00', 2, 8, 1, 1, 0, 16, '2017-03-15 03:49:02', '2018-02-06 03:42:42'),
(84, 84, '0000-00-00', 2, 8, 1, 1, 0, 22, '2017-03-15 03:51:46', '2018-02-06 04:24:06'),
(85, 85, '0000-00-00', 2, 8, 1, 1, 0, 27, '2017-03-15 03:54:08', '2018-02-06 04:42:20'),
(86, 86, '0000-00-00', 2, 8, 1, 1, 0, 13, '2017-03-15 03:56:03', '2018-02-06 03:29:08'),
(87, 87, '0000-00-00', 2, 8, 1, 1, 0, 20, '2017-03-15 03:58:10', '2018-02-06 04:17:01'),
(88, 88, '0000-00-00', 1, 7, 1, 1, 0, 0, '2017-03-15 03:59:10', '0000-00-00 00:00:00'),
(89, 89, '0000-00-00', 2, 8, 1, 1, 0, 44, '2017-03-15 04:35:28', '2018-03-10 03:57:42'),
(90, 90, '0000-00-00', 2, 8, 1, 1, 0, 39, '2017-03-15 04:40:47', '2018-02-06 07:02:02'),
(91, 91, '0000-00-00', 2, 8, 1, 1, 0, 23, '2017-03-15 04:44:06', '2018-02-06 04:28:37'),
(92, 92, '0000-00-00', 2, 8, 1, 1, 0, 19, '2017-03-15 05:02:20', '2018-02-06 04:12:24'),
(95, 95, '2016-01-01', 2, 8, 1, 1, 0, 24, '2017-03-15 05:57:27', '2018-02-06 04:32:04'),
(96, 96, '0000-00-00', 2, 8, 1, 1, 0, 33, '2017-03-15 06:04:15', '2018-02-06 05:18:36'),
(97, 97, '0000-00-00', 2, 8, 1, 1, 0, 31, '2017-03-15 06:10:57', '2018-02-06 05:03:10'),
(98, 98, '0000-00-00', 2, 8, 1, 1, 0, 46, '2017-03-15 06:14:57', '2018-03-10 03:59:48'),
(100, 100, '0000-00-00', 2, 8, 1, 1, 0, 30, '2017-03-15 06:23:43', '2018-02-06 04:59:50'),
(101, 101, '0000-00-00', 2, 8, 1, 1, 0, 35, '2017-03-15 06:28:42', '2018-02-06 05:28:51'),
(102, 102, '0000-00-00', 2, 8, 1, 1, 0, 34, '2017-03-15 06:31:38', '2018-02-06 05:23:35'),
(104, 104, '0000-00-00', 2, 8, 1, 1, 0, 29, '2017-03-15 06:45:47', '2018-02-06 04:49:37'),
(105, 105, '0000-00-00', 2, 8, 1, 1, 0, 47, '2017-03-15 06:55:30', '2018-03-10 04:02:30'),
(106, 106, '0000-00-00', 2, 8, 1, 1, 0, 37, '2017-03-15 06:58:28', '2018-03-10 04:06:22'),
(108, 108, '0000-00-00', 2, 8, 1, 1, 0, 41, '2017-03-15 07:23:07', '2018-02-06 07:09:12'),
(109, 109, '0000-00-00', 2, 8, 1, 1, 0, 36, '2017-03-15 08:40:58', '2018-02-06 05:31:18'),
(111, 111, '0000-00-00', 2, 8, 1, 1, 0, 42, '2017-03-15 08:45:30', '2018-02-06 07:12:07'),
(112, 112, '0000-00-00', 2, 8, 1, 1, 0, 40, '2017-03-15 08:47:45', '2018-02-06 07:06:30'),
(113, 113, '0000-00-00', 2, 8, 1, 1, 0, 32, '2017-03-15 08:51:21', '2018-02-06 05:14:01'),
(116, 116, '0000-00-00', 2, 8, 1, 1, 0, 48, '2017-03-15 08:59:06', '2018-03-10 04:08:50'),
(118, 118, '0000-00-00', 1, 7, 1, 1, 0, 0, '2017-03-15 09:08:03', '0000-00-00 00:00:00'),
(120, 120, '0000-00-00', 2, 8, 1, 1, 0, 49, '2017-03-15 09:11:45', '2018-03-10 04:10:43'),
(122, 122, '0000-00-00', 2, 8, 1, 1, 0, 50, '2017-03-15 09:16:18', '2018-03-10 04:13:19'),
(123, 123, '0000-00-00', 2, 8, 1, 1, 0, 38, '2017-03-15 09:19:05', '2018-02-06 07:03:01'),
(125, 125, '0000-00-00', 2, 8, 1, 1, 0, 21, '2017-03-15 09:22:46', '2018-02-06 04:20:40'),
(126, 126, '0000-00-00', 2, 9, 1, 2, 4, 1, '2017-03-15 11:06:29', '2018-09-10 04:47:27'),
(127, 127, '0000-00-00', 2, 9, 1, 2, 4, 6, '2017-03-15 11:09:41', '2018-03-10 04:23:04'),
(128, 128, '0000-00-00', 2, 9, 1, 2, 4, 2, '2017-03-15 11:12:00', '2018-02-07 03:52:36'),
(129, 129, '0000-00-00', 2, 9, 1, 2, 4, 9, '2017-03-15 11:15:26', '2018-02-07 06:24:14'),
(130, 130, '0000-00-00', 2, 9, 1, 2, 4, 7, '2017-03-15 11:18:23', '2018-03-10 04:28:56'),
(131, 131, '0000-00-00', 2, 9, 1, 2, 4, 5, '2017-03-15 11:20:26', '2018-03-10 04:26:46'),
(132, 132, '0000-00-00', 2, 9, 1, 2, 4, 3, '2017-03-15 11:20:49', '2018-02-07 04:02:31'),
(133, 133, '0000-00-00', 2, 9, 1, 2, 0, 8, '2017-03-15 11:22:51', '2018-01-17 04:42:39'),
(134, 134, '0000-00-00', 2, 9, 1, 2, 4, 4, '2017-03-15 11:25:37', '2018-03-10 04:31:48'),
(135, 135, '0000-00-00', 2, 9, 1, 2, 4, 22, '2017-03-15 11:27:36', '2018-02-08 07:00:46'),
(136, 136, '0000-00-00', 2, 9, 1, 2, 4, 10, '2017-03-15 11:30:19', '2018-02-07 06:26:54'),
(137, 137, '0000-00-00', 2, 9, 1, 2, 4, 15, '2017-03-15 11:31:52', '2018-02-07 06:54:46'),
(138, 138, '0000-00-00', 2, 9, 1, 2, 4, 12, '2017-03-15 11:34:01', '2018-02-07 06:42:14'),
(139, 139, '0000-00-00', 2, 9, 1, 2, 0, 18, '2017-03-15 11:38:04', '2018-03-10 04:18:37'),
(140, 140, '0000-00-00', 2, 9, 1, 2, 4, 11, '2017-03-15 11:40:29', '2018-02-07 06:37:44'),
(141, 141, '0000-00-00', 2, 9, 1, 2, 4, 20, '2017-03-16 03:02:35', '2018-02-08 06:44:40'),
(142, 142, '2015-01-01', 2, 9, 1, 2, 4, 19, '2017-03-16 03:04:38', '2018-02-08 04:11:38'),
(143, 143, '0000-00-00', 2, 9, 1, 2, 4, 25, '2017-03-16 03:38:55', '2018-02-08 07:09:09'),
(144, 144, '0000-00-00', 2, 9, 1, 2, 4, 17, '2017-03-16 03:47:37', '2018-02-08 03:58:48'),
(145, 145, '0000-00-00', 2, 9, 1, 2, 4, 27, '2017-03-16 03:50:51', '2018-02-10 04:03:29'),
(146, 146, '2037-01-02', 2, 9, 1, 2, 4, 21, '2017-03-16 03:55:17', '2018-02-08 06:54:46'),
(147, 147, '0000-00-00', 2, 9, 1, 2, 4, 14, '2017-03-16 03:57:35', '2018-02-07 06:50:22'),
(148, 148, '0000-00-00', 2, 9, 1, 2, 4, 23, '2017-03-16 03:59:59', '2018-02-08 07:02:47'),
(149, 149, '0000-00-00', 2, 9, 1, 2, 4, 13, '2017-03-16 04:02:10', '2018-02-08 03:06:58'),
(150, 150, '0000-00-00', 2, 9, 1, 3, 4, 37, '2017-03-16 04:03:49', '2018-04-03 09:08:29'),
(151, 151, '0000-00-00', 2, 9, 1, 2, 4, 33, '2017-03-16 04:05:39', '2018-04-24 05:13:49'),
(153, 153, '0000-00-00', 2, 9, 1, 2, 4, 28, '2017-03-16 04:10:54', '2018-02-10 04:05:41'),
(154, 154, '0000-00-00', 2, 9, 1, 2, 4, 31, '2017-03-16 04:12:38', '2018-03-10 03:46:02'),
(155, 155, '2015-01-01', 2, 9, 1, 2, 4, 24, '2017-03-16 04:15:06', '2018-03-10 04:19:49'),
(156, 156, '0000-00-00', 2, 9, 1, 2, 4, 38, '2017-03-16 04:17:53', '2018-02-11 03:45:14'),
(157, 157, '2017-01-03', 2, 9, 1, 3, 4, 34, '2017-03-16 04:51:16', '2018-04-03 08:50:18'),
(158, 158, '0000-00-00', 2, 9, 1, 3, 4, 32, '2017-03-16 04:53:09', '2018-04-03 08:49:29'),
(159, 159, '0000-00-00', 2, 9, 1, 3, 4, 35, '2017-03-16 04:55:54', '2018-04-03 08:52:00'),
(160, 160, '0000-00-00', 1, 8, 1, 1, 0, 0, '2017-03-16 04:56:26', '0000-00-00 00:00:00'),
(161, 161, '2016-01-01', 2, 8, 1, 1, 0, 26, '2017-03-16 04:58:05', '2018-02-18 09:24:50'),
(162, 162, '0000-00-00', 2, 9, 1, 3, 4, 30, '2017-03-16 05:00:07', '2018-04-03 08:48:21'),
(163, 163, '0000-00-00', 2, 8, 1, 1, 0, 28, '2017-03-16 05:02:11', '2018-02-18 09:28:54'),
(165, 165, '2017-01-17', 2, 9, 1, 2, 4, 26, '2017-03-16 05:06:27', '2018-02-10 03:23:50'),
(168, 168, '0000-00-00', 2, 9, 1, 2, 4, 16, '2017-03-16 05:24:17', '2018-02-08 03:54:25'),
(169, 169, '0000-00-00', 2, 9, 1, 2, 4, 29, '2017-03-16 05:26:19', '2018-04-24 05:13:18'),
(170, 170, '0000-00-00', 2, 9, 1, 2, 4, 36, '2017-03-16 05:44:21', '2018-02-11 03:40:38'),
(172, 172, '0000-00-00', 2, 9, 1, 3, 4, 39, '2017-03-16 05:47:46', '2018-04-03 09:35:38'),
(173, 173, '0000-00-00', 2, 10, 1, 2, 4, 3, '2017-03-16 06:32:31', '2018-01-31 05:54:38'),
(175, 175, '0000-00-00', 2, 10, 1, 2, 0, 4, '2017-03-16 06:36:25', '2018-01-31 08:32:12'),
(176, 176, '0000-00-00', 2, 10, 1, 2, 0, 2, '2017-03-16 06:38:19', '2018-01-31 05:49:04'),
(177, 177, '0000-00-00', 2, 10, 1, 2, 0, 7, '2017-03-16 06:39:37', '2018-02-03 06:35:05'),
(178, 178, '0000-00-00', 2, 10, 1, 2, 0, 5, '2017-03-16 06:41:29', '2018-09-09 03:53:01'),
(179, 179, '0000-00-00', 2, 10, 1, 2, 0, 6, '2017-03-16 06:42:59', '2018-02-03 06:30:23'),
(180, 180, '0000-00-00', 2, 10, 1, 2, 0, 28, '2017-03-16 06:44:36', '2018-03-05 04:14:39'),
(181, 181, '0000-00-00', 2, 10, 1, 2, 0, 11, '2017-03-16 06:45:50', '2018-02-11 06:56:55'),
(182, 182, '0000-00-00', 2, 10, 1, 2, 0, 13, '2017-03-16 06:47:37', '2018-02-11 07:11:10'),
(183, 183, '0000-00-00', 2, 10, 1, 2, 0, 10, '2017-03-16 06:49:51', '2018-02-04 05:24:45'),
(184, 184, '0000-00-00', 2, 10, 1, 2, 0, 8, '2017-03-16 06:52:52', '2018-02-04 05:07:27'),
(185, 185, '0000-00-00', 2, 10, 1, 2, 0, 16, '2017-03-16 06:54:51', '2018-02-11 07:26:00'),
(186, 186, '0000-00-00', 2, 10, 1, 2, 0, 22, '2017-03-16 06:56:45', '2018-02-15 03:41:41'),
(187, 187, '0000-00-00', 2, 10, 1, 2, 0, 14, '2017-03-16 06:58:36', '2018-02-11 07:13:34'),
(188, 188, '0000-00-00', 2, 10, 1, 2, 0, 12, '2017-03-16 07:00:39', '2018-02-11 07:03:38'),
(189, 189, '0000-00-00', 2, 10, 1, 2, 0, 18, '2017-03-16 07:02:21', '2018-02-11 07:37:11'),
(190, 190, '0000-00-00', 2, 10, 1, 2, 0, 46, '2017-03-16 07:04:30', '2018-03-05 02:34:41'),
(191, 191, '0000-00-00', 2, 10, 1, 2, 0, 15, '2017-03-16 07:10:07', '2018-02-11 07:18:34'),
(192, 192, '0000-00-00', 2, 10, 1, 2, 0, 9, '2017-03-16 07:12:02', '2018-02-04 05:20:06'),
(193, 193, '0000-00-00', 2, 10, 1, 2, 0, 21, '2017-03-16 07:13:56', '2018-02-15 03:39:03'),
(194, 194, '0000-00-00', 2, 10, 1, 2, 0, 17, '2017-03-16 07:15:47', '2018-02-11 07:32:21'),
(195, 195, '0000-00-00', 2, 10, 1, 2, 0, 29, '2017-03-16 07:17:10', '2018-03-05 04:12:23'),
(196, 196, '0000-00-00', 2, 10, 1, 2, 0, 30, '2017-03-16 07:18:52', '2018-03-05 04:09:05'),
(197, 197, '0000-00-00', 2, 10, 1, 2, 0, 31, '2017-03-16 07:20:34', '2018-03-05 03:40:04'),
(198, 198, '0000-00-00', 2, 10, 1, 2, 0, 32, '2017-03-16 07:21:59', '2018-03-05 03:28:10'),
(199, 199, '0000-00-00', 2, 10, 1, 2, 0, 20, '2017-03-16 07:23:22', '2018-02-15 03:34:44'),
(200, 200, '0000-00-00', 2, 10, 1, 2, 0, 27, '2017-03-16 07:24:58', '2018-02-18 09:52:50'),
(201, 201, '0000-00-00', 2, 10, 1, 2, 0, 24, '2017-03-16 07:26:44', '2018-02-18 09:48:30'),
(202, 202, '2016-01-06', 2, 10, 1, 2, 0, 33, '2017-03-16 07:28:14', '2018-03-05 03:25:02'),
(203, 203, '0000-00-00', 2, 10, 1, 2, 0, 34, '2017-03-16 07:30:12', '2018-03-05 03:19:26'),
(204, 204, '0000-00-00', 2, 10, 1, 2, 0, 35, '2017-03-16 07:31:35', '2018-03-05 03:14:39'),
(205, 205, '0000-00-00', 2, 10, 1, 2, 0, 36, '2017-03-16 07:33:26', '2018-03-05 03:10:58'),
(207, 207, '0000-00-00', 2, 10, 1, 2, 0, 37, '2017-03-16 07:37:13', '2018-05-31 08:23:10'),
(208, 208, '0000-00-00', 2, 10, 1, 2, 0, 38, '2017-03-16 07:38:43', '2018-05-13 08:21:09'),
(209, 209, '0000-00-00', 2, 10, 1, 2, 0, 39, '2017-03-16 07:40:07', '2018-03-05 02:57:53'),
(211, 211, '0000-00-00', 1, 9, 1, 2, 0, 0, '2017-03-16 08:17:54', '0000-00-00 00:00:00'),
(212, 212, '0000-00-00', 2, 10, 1, 2, 0, 40, '2017-03-16 08:20:15', '2018-03-05 02:51:14'),
(213, 213, '0000-00-00', 2, 10, 1, 2, 0, 41, '2017-03-16 08:22:04', '2018-03-05 02:48:26'),
(214, 214, '0000-00-00', 2, 10, 1, 2, 0, 42, '2017-03-16 08:26:38', '2018-03-05 02:46:26'),
(215, 215, '0000-00-00', 2, 10, 1, 2, 0, 23, '2017-03-16 08:29:08', '2018-05-13 08:25:47'),
(216, 216, '0000-00-00', 1, 9, 1, 2, 0, 0, '2017-03-16 08:30:59', '2017-03-16 08:33:03'),
(217, 217, '0000-00-00', 2, 10, 1, 2, 0, 43, '2017-03-16 08:35:20', '2018-03-05 02:43:04'),
(218, 218, '0000-00-00', 2, 10, 1, 2, 0, 26, '2017-03-16 08:41:35', '2018-02-18 09:50:57'),
(219, 219, '0000-00-00', 2, 10, 1, 2, 0, 44, '2017-03-16 08:44:00', '2018-03-05 02:40:58'),
(220, 220, '2016-01-12', 2, 10, 1, 2, 0, 45, '2017-03-16 08:46:33', '2018-03-05 02:38:42'),
(222, 222, '0000-00-00', 1, 10, 1, 2, 0, 1, '2017-03-18 05:18:04', '2017-03-18 05:47:19'),
(223, 223, '0000-00-00', 1, 10, 1, 2, 0, 2, '2017-03-18 05:21:09', '2017-03-18 05:48:01'),
(224, 224, '0000-00-00', 1, 10, 1, 2, 0, 3, '2017-03-18 05:23:28', '2017-03-18 05:48:38'),
(225, 225, '0000-00-00', 1, 10, 1, 2, 0, 4, '2017-03-18 05:25:50', '2017-03-18 05:48:58'),
(226, 226, '0000-00-00', 1, 10, 1, 2, 0, 5, '2017-03-18 05:28:51', '2017-03-18 05:49:23'),
(227, 227, '0000-00-00', 1, 10, 1, 2, 0, 6, '2017-03-18 05:31:26', '2017-03-18 05:49:48'),
(228, 228, '0000-00-00', 1, 10, 1, 2, 0, 7, '2017-03-18 05:33:40', '2017-03-18 05:50:07'),
(229, 229, '0000-00-00', 1, 10, 1, 2, 0, 8, '2017-03-18 05:35:57', '2017-03-18 05:50:32'),
(230, 230, '0000-00-00', 1, 10, 1, 2, 0, 9, '2017-03-18 05:37:56', '2017-03-18 05:51:03'),
(231, 231, '0000-00-00', 1, 10, 1, 2, 0, 10, '2017-03-18 05:39:59', '2017-03-18 05:51:47'),
(232, 232, '0000-00-00', 1, 10, 1, 2, 0, 11, '2017-03-18 05:41:35', '2017-03-18 05:52:08'),
(233, 233, '0000-00-00', 1, 10, 1, 2, 0, 12, '2017-03-18 05:46:22', '2017-03-18 05:52:30'),
(234, 234, '0000-00-00', 1, 10, 1, 2, 0, 13, '2017-03-18 05:54:38', '2017-03-18 05:57:23'),
(235, 235, '2009-01-01', 1, 10, 1, 2, 0, 14, '2017-03-18 05:57:11', '0000-00-00 00:00:00'),
(236, 236, '0000-00-00', 1, 10, 1, 2, 0, 15, '2017-03-18 05:59:54', '0000-00-00 00:00:00'),
(237, 237, '0000-00-00', 1, 10, 1, 4, 0, 16, '2017-03-18 06:02:10', '0000-00-00 00:00:00'),
(238, 238, '0000-00-00', 1, 10, 1, 2, 0, 17, '2017-03-18 06:04:21', '0000-00-00 00:00:00'),
(239, 239, '0000-00-00', 1, 10, 1, 2, 0, 18, '2017-03-18 06:11:43', '0000-00-00 00:00:00'),
(240, 240, '0000-00-00', 1, 10, 1, 2, 0, 19, '2017-03-18 06:13:49', '0000-00-00 00:00:00'),
(241, 241, '0000-00-00', 1, 10, 1, 2, 0, 0, '2017-03-18 06:14:08', '0000-00-00 00:00:00'),
(242, 242, '0000-00-00', 1, 10, 1, 2, 0, 21, '2017-03-18 06:16:28', '0000-00-00 00:00:00'),
(243, 243, '0000-00-00', 1, 10, 1, 2, 0, 22, '2017-03-18 06:18:45', '0000-00-00 00:00:00'),
(244, 244, '0000-00-00', 1, 10, 1, 2, 0, 23, '2017-03-18 06:22:51', '0000-00-00 00:00:00'),
(245, 245, '0000-00-00', 1, 10, 1, 3, 0, 24, '2017-03-18 06:25:20', '2017-03-18 06:25:59'),
(246, 246, '0000-00-00', 1, 10, 1, 2, 0, 25, '2017-03-18 06:28:51', '0000-00-00 00:00:00'),
(247, 247, '0000-00-00', 1, 10, 1, 3, 0, 26, '2017-03-18 06:31:24', '2017-03-18 06:31:40'),
(248, 248, '0000-00-00', 1, 10, 1, 2, 0, 27, '2017-03-18 06:34:06', '0000-00-00 00:00:00'),
(249, 249, '0000-00-00', 1, 10, 1, 2, 0, 28, '2017-03-18 06:36:23', '0000-00-00 00:00:00'),
(250, 250, '0000-00-00', 1, 10, 1, 2, 0, 29, '2017-03-18 06:39:15', '2017-03-18 06:39:35'),
(251, 251, '0000-00-00', 1, 10, 1, 2, 0, 30, '2017-03-18 06:41:53', '0000-00-00 00:00:00'),
(252, 252, '0000-00-00', 1, 10, 1, 2, 0, 31, '2017-03-18 06:43:59', '0000-00-00 00:00:00'),
(253, 253, '0000-00-00', 1, 10, 1, 2, 0, 32, '2017-03-18 06:46:34', '0000-00-00 00:00:00'),
(254, 254, '0000-00-00', 1, 10, 1, 2, 0, 33, '2017-03-18 06:49:56', '2017-03-18 06:50:35'),
(255, 255, '0000-00-00', 1, 10, 1, 2, 0, 34, '2017-03-18 06:52:35', '0000-00-00 00:00:00'),
(256, 256, '0000-00-00', 1, 10, 1, 2, 0, 35, '2017-03-18 06:55:16', '2017-03-18 06:55:29'),
(257, 257, '0000-00-00', 1, 10, 1, 2, 0, 36, '2017-03-18 06:58:12', '0000-00-00 00:00:00'),
(258, 258, '0000-00-00', 1, 10, 1, 2, 0, 37, '2017-03-18 07:00:44', '2017-03-18 07:00:57'),
(259, 259, '0000-00-00', 1, 10, 1, 2, 0, 38, '2017-03-18 07:04:01', '0000-00-00 00:00:00'),
(260, 260, '0000-00-00', 1, 10, 1, 2, 0, 39, '2017-03-18 07:06:34', '2017-03-18 07:06:47'),
(261, 261, '0000-00-00', 1, 10, 1, 2, 0, 40, '2017-03-18 07:09:25', '0000-00-00 00:00:00'),
(262, 262, '0000-00-00', 1, 10, 1, 2, 0, 41, '2017-03-18 07:11:32', '0000-00-00 00:00:00'),
(263, 263, '0000-00-00', 1, 10, 1, 2, 0, 42, '2017-03-18 07:13:48', '0000-00-00 00:00:00'),
(264, 264, '0000-00-00', 1, 10, 1, 2, 0, 43, '2017-03-18 07:16:09', '0000-00-00 00:00:00'),
(265, 265, '0000-00-00', 1, 10, 1, 3, 0, 44, '2017-03-18 08:16:13', '2017-03-18 08:19:43'),
(266, 266, '0000-00-00', 1, 10, 1, 4, 0, 45, '2017-03-18 08:19:20', '0000-00-00 00:00:00'),
(267, 267, '0000-00-00', 1, 10, 1, 4, 0, 46, '2017-03-18 08:22:08', '0000-00-00 00:00:00'),
(268, 268, '0000-00-00', 1, 10, 1, 4, 0, 47, '2017-03-18 08:24:39', '2017-03-18 08:25:00'),
(271, 174, '0000-00-00', 2, 10, 1, 2, 5, 1, '0000-00-00 00:00:00', '2018-01-31 05:47:04'),
(272, 173, '0000-00-00', 2, 10, 1, 2, 5, 3, '0000-00-00 00:00:00', '0000-00-00 00:00:00'),
(273, 175, '0000-00-00', 2, 10, 1, 2, 5, 4, '0000-00-00 00:00:00', '0000-00-00 00:00:00'),
(274, 176, '0000-00-00', 2, 10, 1, 2, 5, 2, '0000-00-00 00:00:00', '0000-00-00 00:00:00'),
(275, 177, '0000-00-00', 2, 10, 1, 2, 5, 7, '0000-00-00 00:00:00', '0000-00-00 00:00:00'),
(276, 178, '0000-00-00', 2, 10, 1, 2, 5, 5, '0000-00-00 00:00:00', '0000-00-00 00:00:00'),
(277, 179, '0000-00-00', 2, 10, 1, 2, 5, 6, '0000-00-00 00:00:00', '0000-00-00 00:00:00'),
(278, 180, '0000-00-00', 2, 9, 1, 2, 4, 28, '0000-00-00 00:00:00', '0000-00-00 00:00:00'),
(279, 181, '0000-00-00', 2, 10, 1, 2, 5, 11, '0000-00-00 00:00:00', '0000-00-00 00:00:00'),
(280, 182, '0000-00-00', 2, 10, 1, 2, 5, 13, '0000-00-00 00:00:00', '0000-00-00 00:00:00'),
(281, 183, '0000-00-00', 2, 10, 1, 2, 5, 10, '0000-00-00 00:00:00', '0000-00-00 00:00:00'),
(282, 184, '0000-00-00', 2, 10, 1, 2, 5, 8, '0000-00-00 00:00:00', '0000-00-00 00:00:00'),
(283, 185, '0000-00-00', 2, 10, 1, 2, 5, 15, '0000-00-00 00:00:00', '0000-00-00 00:00:00'),
(284, 186, '0000-00-00', 2, 10, 1, 2, 5, 20, '0000-00-00 00:00:00', '0000-00-00 00:00:00'),
(285, 187, '0000-00-00', 2, 10, 1, 2, 5, 13, '0000-00-00 00:00:00', '0000-00-00 00:00:00'),
(286, 188, '0000-00-00', 2, 10, 1, 2, 5, 12, '0000-00-00 00:00:00', '0000-00-00 00:00:00'),
(287, 189, '0000-00-00', 2, 10, 1, 2, 5, 16, '0000-00-00 00:00:00', '0000-00-00 00:00:00'),
(288, 190, '0000-00-00', 2, 9, 1, 2, 4, 46, '0000-00-00 00:00:00', '0000-00-00 00:00:00'),
(289, 191, '0000-00-00', 2, 10, 1, 2, 5, 14, '0000-00-00 00:00:00', '0000-00-00 00:00:00'),
(290, 192, '0000-00-00', 2, 10, 1, 2, 5, 9, '0000-00-00 00:00:00', '0000-00-00 00:00:00'),
(291, 193, '0000-00-00', 2, 10, 1, 2, 5, 19, '0000-00-00 00:00:00', '0000-00-00 00:00:00'),
(292, 194, '0000-00-00', 2, 10, 1, 2, 5, 15, '0000-00-00 00:00:00', '0000-00-00 00:00:00'),
(293, 195, '0000-00-00', 2, 9, 1, 2, 4, 29, '0000-00-00 00:00:00', '0000-00-00 00:00:00'),
(294, 196, '0000-00-00', 2, 9, 1, 2, 4, 30, '0000-00-00 00:00:00', '0000-00-00 00:00:00'),
(295, 197, '0000-00-00', 2, 9, 1, 2, 4, 31, '0000-00-00 00:00:00', '0000-00-00 00:00:00'),
(296, 198, '0000-00-00', 2, 9, 1, 2, 4, 32, '0000-00-00 00:00:00', '0000-00-00 00:00:00'),
(297, 199, '0000-00-00', 2, 10, 1, 2, 5, 18, '0000-00-00 00:00:00', '0000-00-00 00:00:00'),
(298, 200, '0000-00-00', 2, 10, 1, 2, 5, 24, '0000-00-00 00:00:00', '0000-00-00 00:00:00'),
(299, 201, '0000-00-00', 2, 10, 1, 2, 5, 21, '0000-00-00 00:00:00', '0000-00-00 00:00:00'),
(300, 202, '0000-00-00', 2, 9, 1, 2, 4, 33, '0000-00-00 00:00:00', '0000-00-00 00:00:00'),
(301, 203, '0000-00-00', 2, 9, 1, 2, 4, 34, '0000-00-00 00:00:00', '0000-00-00 00:00:00'),
(302, 204, '0000-00-00', 2, 9, 1, 2, 4, 35, '0000-00-00 00:00:00', '0000-00-00 00:00:00'),
(303, 205, '0000-00-00', 2, 9, 1, 2, 4, 36, '0000-00-00 00:00:00', '0000-00-00 00:00:00'),
(305, 207, '0000-00-00', 2, 9, 1, 2, 4, 37, '0000-00-00 00:00:00', '0000-00-00 00:00:00'),
(306, 208, '0000-00-00', 2, 9, 1, 2, 4, 38, '0000-00-00 00:00:00', '0000-00-00 00:00:00'),
(307, 209, '0000-00-00', 2, 10, 1, 2, 5, 22, '0000-00-00 00:00:00', '0000-00-00 00:00:00'),
(309, 212, '0000-00-00', 2, 9, 1, 2, 4, 40, '0000-00-00 00:00:00', '0000-00-00 00:00:00'),
(310, 213, '0000-00-00', 2, 10, 1, 2, 5, 20, '0000-00-00 00:00:00', '0000-00-00 00:00:00'),
(311, 214, '0000-00-00', 2, 9, 1, 2, 4, 42, '0000-00-00 00:00:00', '0000-00-00 00:00:00'),
(312, 215, '0000-00-00', 2, 10, 1, 2, 5, 23, '0000-00-00 00:00:00', '0000-00-00 00:00:00'),
(313, 217, '0000-00-00', 2, 9, 1, 2, 4, 43, '0000-00-00 00:00:00', '0000-00-00 00:00:00'),
(314, 218, '0000-00-00', 2, 10, 1, 2, 5, 17, '0000-00-00 00:00:00', '0000-00-00 00:00:00'),
(315, 219, '0000-00-00', 2, 9, 1, 2, 4, 44, '0000-00-00 00:00:00', '0000-00-00 00:00:00'),
(316, 220, '0000-00-00', 2, 9, 1, 2, 4, 45, '0000-00-00 00:00:00', '0000-00-00 00:00:00'),
(318, 126, '0000-00-00', 2, 9, 1, 2, 4, 1, '0000-00-00 00:00:00', '0000-00-00 00:00:00'),
(319, 127, '0000-00-00', 2, 9, 1, 2, 4, 6, '0000-00-00 00:00:00', '0000-00-00 00:00:00'),
(320, 128, '0000-00-00', 2, 9, 1, 2, 4, 2, '0000-00-00 00:00:00', '0000-00-00 00:00:00'),
(321, 129, '0000-00-00', 2, 9, 1, 2, 4, 9, '0000-00-00 00:00:00', '0000-00-00 00:00:00'),
(322, 130, '0000-00-00', 2, 9, 1, 2, 4, 7, '0000-00-00 00:00:00', '0000-00-00 00:00:00'),
(323, 131, '0000-00-00', 2, 9, 1, 2, 4, 5, '0000-00-00 00:00:00', '0000-00-00 00:00:00'),
(324, 132, '0000-00-00', 2, 9, 1, 2, 4, 3, '0000-00-00 00:00:00', '0000-00-00 00:00:00'),
(325, 133, '0000-00-00', 2, 9, 1, 2, 4, 8, '0000-00-00 00:00:00', '0000-00-00 00:00:00'),
(326, 134, '0000-00-00', 2, 9, 1, 2, 4, 4, '0000-00-00 00:00:00', '0000-00-00 00:00:00'),
(327, 135, '0000-00-00', 2, 9, 1, 2, 4, 22, '0000-00-00 00:00:00', '0000-00-00 00:00:00'),
(328, 136, '0000-00-00', 2, 9, 1, 2, 4, 10, '0000-00-00 00:00:00', '0000-00-00 00:00:00'),
(329, 137, '0000-00-00', 2, 9, 1, 2, 4, 15, '0000-00-00 00:00:00', '0000-00-00 00:00:00'),
(330, 138, '0000-00-00', 2, 9, 1, 2, 4, 12, '0000-00-00 00:00:00', '0000-00-00 00:00:00'),
(331, 139, '0000-00-00', 2, 9, 1, 2, 4, 18, '0000-00-00 00:00:00', '0000-00-00 00:00:00'),
(332, 140, '0000-00-00', 2, 9, 1, 2, 4, 11, '0000-00-00 00:00:00', '0000-00-00 00:00:00'),
(333, 141, '0000-00-00', 2, 9, 1, 2, 4, 20, '0000-00-00 00:00:00', '0000-00-00 00:00:00'),
(334, 142, '0000-00-00', 2, 9, 1, 2, 4, 19, '0000-00-00 00:00:00', '0000-00-00 00:00:00'),
(335, 143, '0000-00-00', 2, 9, 1, 2, 4, 25, '0000-00-00 00:00:00', '0000-00-00 00:00:00'),
(336, 144, '0000-00-00', 2, 9, 1, 2, 4, 17, '0000-00-00 00:00:00', '0000-00-00 00:00:00'),
(337, 145, '0000-00-00', 2, 9, 1, 2, 4, 27, '0000-00-00 00:00:00', '0000-00-00 00:00:00'),
(338, 146, '0000-00-00', 2, 9, 1, 2, 4, 21, '0000-00-00 00:00:00', '0000-00-00 00:00:00'),
(339, 147, '0000-00-00', 2, 9, 1, 2, 4, 14, '0000-00-00 00:00:00', '0000-00-00 00:00:00'),
(340, 148, '0000-00-00', 2, 9, 1, 2, 4, 23, '0000-00-00 00:00:00', '0000-00-00 00:00:00'),
(341, 149, '0000-00-00', 2, 9, 1, 2, 4, 13, '0000-00-00 00:00:00', '0000-00-00 00:00:00'),
(342, 150, '0000-00-00', 2, 9, 1, 2, 4, 37, '0000-00-00 00:00:00', '0000-00-00 00:00:00'),
(343, 151, '0000-00-00', 2, 9, 1, 2, 4, 33, '0000-00-00 00:00:00', '0000-00-00 00:00:00'),
(345, 153, '0000-00-00', 2, 9, 1, 2, 4, 28, '0000-00-00 00:00:00', '0000-00-00 00:00:00'),
(346, 154, '0000-00-00', 2, 9, 1, 2, 4, 31, '0000-00-00 00:00:00', '0000-00-00 00:00:00'),
(347, 155, '0000-00-00', 2, 9, 1, 2, 4, 24, '0000-00-00 00:00:00', '0000-00-00 00:00:00'),
(348, 156, '0000-00-00', 2, 9, 1, 2, 4, 38, '0000-00-00 00:00:00', '0000-00-00 00:00:00'),
(349, 157, '0000-00-00', 2, 9, 1, 2, 4, 34, '0000-00-00 00:00:00', '0000-00-00 00:00:00'),
(350, 158, '0000-00-00', 2, 9, 1, 2, 4, 32, '0000-00-00 00:00:00', '0000-00-00 00:00:00'),
(351, 159, '0000-00-00', 2, 9, 1, 2, 4, 35, '0000-00-00 00:00:00', '0000-00-00 00:00:00'),
(352, 161, '0000-00-00', 2, 8, 1, 1, 3, 0, '0000-00-00 00:00:00', '0000-00-00 00:00:00'),
(353, 162, '0000-00-00', 2, 9, 1, 2, 4, 30, '0000-00-00 00:00:00', '0000-00-00 00:00:00'),
(354, 163, '0000-00-00', 2, 8, 1, 1, 3, 0, '0000-00-00 00:00:00', '0000-00-00 00:00:00'),
(356, 165, '0000-00-00', 2, 9, 1, 2, 4, 26, '0000-00-00 00:00:00', '0000-00-00 00:00:00'),
(359, 168, '0000-00-00', 2, 9, 1, 2, 4, 16, '0000-00-00 00:00:00', '0000-00-00 00:00:00'),
(360, 169, '0000-00-00', 2, 9, 1, 2, 4, 29, '0000-00-00 00:00:00', '0000-00-00 00:00:00'),
(361, 170, '0000-00-00', 2, 9, 1, 2, 4, 36, '0000-00-00 00:00:00', '0000-00-00 00:00:00'),
(363, 172, '0000-00-00', 2, 9, 1, 2, 4, 39, '0000-00-00 00:00:00', '0000-00-00 00:00:00'),
(364, 65, '0000-00-00', 2, 8, 1, 1, 3, 1, '0000-00-00 00:00:00', '0000-00-00 00:00:00'),
(365, 66, '0000-00-00', 2, 8, 1, 1, 3, 2, '0000-00-00 00:00:00', '0000-00-00 00:00:00'),
(366, 67, '0000-00-00', 2, 8, 1, 1, 3, 3, '0000-00-00 00:00:00', '0000-00-00 00:00:00'),
(367, 68, '0000-00-00', 2, 8, 1, 1, 3, 4, '0000-00-00 00:00:00', '0000-00-00 00:00:00'),
(368, 69, '0000-00-00', 2, 8, 1, 1, 3, 4, '0000-00-00 00:00:00', '0000-00-00 00:00:00'),
(369, 70, '0000-00-00', 2, 8, 1, 1, 3, 5, '0000-00-00 00:00:00', '0000-00-00 00:00:00'),
(370, 71, '0000-00-00', 2, 8, 1, 1, 3, 7, '0000-00-00 00:00:00', '0000-00-00 00:00:00'),
(371, 72, '0000-00-00', 2, 8, 1, 1, 3, 8, '0000-00-00 00:00:00', '0000-00-00 00:00:00'),
(372, 73, '0000-00-00', 2, 8, 1, 1, 3, 6, '0000-00-00 00:00:00', '0000-00-00 00:00:00'),
(373, 74, '0000-00-00', 2, 8, 1, 1, 3, 10, '0000-00-00 00:00:00', '0000-00-00 00:00:00'),
(374, 75, '0000-00-00', 2, 8, 1, 1, 3, 9, '0000-00-00 00:00:00', '0000-00-00 00:00:00'),
(375, 76, '0000-00-00', 2, 8, 1, 1, 3, 13, '0000-00-00 00:00:00', '0000-00-00 00:00:00'),
(376, 77, '0000-00-00', 2, 8, 1, 1, 3, 14, '0000-00-00 00:00:00', '0000-00-00 00:00:00'),
(377, 79, '0000-00-00', 2, 7, 1, 1, 2, 0, '0000-00-00 00:00:00', '0000-00-00 00:00:00'),
(378, 80, '0000-00-00', 2, 8, 1, 1, 3, 23, '0000-00-00 00:00:00', '0000-00-00 00:00:00'),
(379, 81, '0000-00-00', 2, 8, 1, 1, 3, 16, '0000-00-00 00:00:00', '0000-00-00 00:00:00'),
(380, 82, '0000-00-00', 2, 8, 1, 1, 3, 11, '0000-00-00 00:00:00', '0000-00-00 00:00:00'),
(381, 83, '0000-00-00', 2, 8, 1, 1, 3, 15, '0000-00-00 00:00:00', '0000-00-00 00:00:00'),
(382, 84, '0000-00-00', 2, 8, 1, 1, 3, 20, '0000-00-00 00:00:00', '0000-00-00 00:00:00'),
(383, 85, '0000-00-00', 2, 8, 1, 1, 3, 25, '0000-00-00 00:00:00', '0000-00-00 00:00:00'),
(384, 86, '0000-00-00', 2, 8, 1, 1, 3, 12, '0000-00-00 00:00:00', '0000-00-00 00:00:00'),
(385, 87, '0000-00-00', 2, 8, 1, 1, 3, 18, '0000-00-00 00:00:00', '0000-00-00 00:00:00'),
(386, 89, '0000-00-00', 2, 7, 1, 1, 2, 0, '0000-00-00 00:00:00', '0000-00-00 00:00:00'),
(387, 90, '0000-00-00', 2, 8, 1, 1, 3, 36, '0000-00-00 00:00:00', '0000-00-00 00:00:00'),
(388, 91, '0000-00-00', 2, 8, 1, 1, 3, 21, '0000-00-00 00:00:00', '0000-00-00 00:00:00'),
(389, 92, '0000-00-00', 2, 8, 1, 1, 3, 17, '0000-00-00 00:00:00', '0000-00-00 00:00:00'),
(392, 95, '0000-00-00', 2, 8, 1, 1, 3, 22, '0000-00-00 00:00:00', '0000-00-00 00:00:00'),
(393, 96, '0000-00-00', 2, 8, 1, 1, 3, 31, '0000-00-00 00:00:00', '0000-00-00 00:00:00'),
(394, 97, '0000-00-00', 2, 8, 1, 1, 3, 29, '0000-00-00 00:00:00', '0000-00-00 00:00:00'),
(395, 98, '0000-00-00', 2, 7, 1, 1, 2, 0, '0000-00-00 00:00:00', '0000-00-00 00:00:00'),
(397, 100, '0000-00-00', 2, 8, 1, 1, 3, 28, '0000-00-00 00:00:00', '0000-00-00 00:00:00'),
(398, 101, '0000-00-00', 2, 8, 1, 1, 3, 33, '0000-00-00 00:00:00', '0000-00-00 00:00:00'),
(399, 102, '0000-00-00', 2, 8, 1, 1, 3, 32, '0000-00-00 00:00:00', '0000-00-00 00:00:00'),
(401, 104, '0000-00-00', 2, 8, 1, 1, 3, 27, '0000-00-00 00:00:00', '0000-00-00 00:00:00'),
(402, 105, '0000-00-00', 2, 7, 1, 1, 2, 0, '0000-00-00 00:00:00', '0000-00-00 00:00:00'),
(403, 106, '0000-00-00', 2, 7, 1, 1, 2, 0, '0000-00-00 00:00:00', '0000-00-00 00:00:00'),
(405, 108, '0000-00-00', 2, 8, 1, 1, 3, 38, '0000-00-00 00:00:00', '0000-00-00 00:00:00'),
(406, 109, '0000-00-00', 2, 8, 1, 1, 3, 34, '0000-00-00 00:00:00', '0000-00-00 00:00:00'),
(408, 111, '0000-00-00', 2, 8, 1, 1, 3, 39, '0000-00-00 00:00:00', '0000-00-00 00:00:00'),
(409, 112, '0000-00-00', 2, 8, 1, 1, 3, 37, '0000-00-00 00:00:00', '0000-00-00 00:00:00'),
(410, 113, '0000-00-00', 2, 8, 1, 1, 3, 30, '0000-00-00 00:00:00', '0000-00-00 00:00:00'),
(413, 116, '0000-00-00', 2, 7, 1, 1, 2, 0, '0000-00-00 00:00:00', '0000-00-00 00:00:00'),
(416, 120, '0000-00-00', 2, 7, 1, 1, 2, 0, '0000-00-00 00:00:00', '0000-00-00 00:00:00'),
(418, 122, '0000-00-00', 2, 7, 1, 1, 2, 0, '0000-00-00 00:00:00', '0000-00-00 00:00:00'),
(419, 123, '0000-00-00', 2, 8, 1, 1, 3, 35, '0000-00-00 00:00:00', '0000-00-00 00:00:00'),
(421, 125, '0000-00-00', 2, 8, 1, 1, 3, 19, '0000-00-00 00:00:00', '0000-00-00 00:00:00'),
(422, 78, '0000-00-00', 2, 8, 1, 1, 3, 17, '0000-00-00 00:00:00', '0000-00-00 00:00:00'),
(423, 2, '0000-00-00', 2, 7, 1, 1, 2, 2, '0000-00-00 00:00:00', '0000-00-00 00:00:00'),
(424, 3, '0000-00-00', 2, 7, 1, 1, 2, 10, '0000-00-00 00:00:00', '0000-00-00 00:00:00'),
(425, 4, '0000-00-00', 2, 7, 1, 1, 2, 3, '0000-00-00 00:00:00', '0000-00-00 00:00:00'),
(426, 5, '0000-00-00', 2, 7, 1, 1, 2, 16, '0000-00-00 00:00:00', '0000-00-00 00:00:00'),
(427, 6, '0000-00-00', 2, 7, 1, 1, 2, 13, '0000-00-00 00:00:00', '0000-00-00 00:00:00'),
(428, 7, '0000-00-00', 2, 7, 1, 1, 2, 11, '0000-00-00 00:00:00', '0000-00-00 00:00:00'),
(429, 8, '0000-00-00', 2, 7, 1, 1, 2, 5, '0000-00-00 00:00:00', '0000-00-00 00:00:00'),
(430, 9, '0000-00-00', 2, 7, 1, 1, 2, 13, '0000-00-00 00:00:00', '0000-00-00 00:00:00'),
(431, 10, '0000-00-00', 2, 7, 1, 1, 2, 21, '0000-00-00 00:00:00', '0000-00-00 00:00:00'),
(432, 11, '0000-00-00', 2, 7, 1, 1, 2, 7, '0000-00-00 00:00:00', '0000-00-00 00:00:00'),
(433, 12, '0000-00-00', 2, 7, 1, 1, 2, 18, '0000-00-00 00:00:00', '0000-00-00 00:00:00'),
(434, 13, '0000-00-00', 2, 7, 1, 1, 2, 15, '0000-00-00 00:00:00', '0000-00-00 00:00:00'),
(435, 14, '0000-00-00', 2, 7, 1, 1, 2, 8, '0000-00-00 00:00:00', '0000-00-00 00:00:00'),
(436, 15, '0000-00-00', 2, 7, 1, 1, 2, 41, '0000-00-00 00:00:00', '0000-00-00 00:00:00'),
(438, 17, '0000-00-00', 2, 7, 1, 1, 2, 28, '0000-00-00 00:00:00', '0000-00-00 00:00:00'),
(439, 18, '0000-00-00', 2, 7, 1, 1, 2, 33, '0000-00-00 00:00:00', '0000-00-00 00:00:00'),
(440, 19, '0000-00-00', 2, 7, 1, 1, 2, 43, '0000-00-00 00:00:00', '0000-00-00 00:00:00'),
(441, 20, '0000-00-00', 2, 7, 1, 1, 2, 29, '0000-00-00 00:00:00', '0000-00-00 00:00:00'),
(442, 21, '0000-00-00', 2, 7, 1, 1, 2, 37, '0000-00-00 00:00:00', '0000-00-00 00:00:00'),
(443, 22, '0000-00-00', 2, 7, 1, 1, 2, 44, '0000-00-00 00:00:00', '0000-00-00 00:00:00'),
(445, 24, '0000-00-00', 2, 7, 1, 1, 2, 31, '0000-00-00 00:00:00', '0000-00-00 00:00:00'),
(449, 28, '0000-00-00', 2, 7, 1, 1, 2, 23, '0000-00-00 00:00:00', '0000-00-00 00:00:00'),
(450, 29, '0000-00-00', 2, 7, 1, 1, 2, 27, '0000-00-00 00:00:00', '0000-00-00 00:00:00'),
(452, 31, '0000-00-00', 2, 7, 1, 1, 2, 4, '0000-00-00 00:00:00', '0000-00-00 00:00:00'),
(453, 32, '0000-00-00', 2, 7, 1, 1, 2, 19, '0000-00-00 00:00:00', '0000-00-00 00:00:00'),
(454, 34, '0000-00-00', 2, 7, 1, 1, 2, 17, '0000-00-00 00:00:00', '0000-00-00 00:00:00'),
(455, 35, '0000-00-00', 2, 7, 1, 1, 2, 14, '0000-00-00 00:00:00', '0000-00-00 00:00:00'),
(456, 36, '0000-00-00', 2, 7, 1, 1, 2, 30, '0000-00-00 00:00:00', '0000-00-00 00:00:00'),
(457, 37, '0000-00-00', 2, 7, 1, 1, 2, 26, '0000-00-00 00:00:00', '0000-00-00 00:00:00'),
(458, 38, '0000-00-00', 2, 7, 1, 1, 2, 22, '0000-00-00 00:00:00', '0000-00-00 00:00:00'),
(459, 39, '0000-00-00', 2, 7, 1, 1, 2, 35, '0000-00-00 00:00:00', '0000-00-00 00:00:00'),
(460, 40, '0000-00-00', 2, 7, 1, 1, 2, 6, '0000-00-00 00:00:00', '0000-00-00 00:00:00'),
(461, 41, '0000-00-00', 2, 7, 1, 1, 2, 12, '0000-00-00 00:00:00', '0000-00-00 00:00:00'),
(462, 42, '0000-00-00', 2, 7, 1, 1, 2, 34, '0000-00-00 00:00:00', '0000-00-00 00:00:00'),
(463, 43, '0000-00-00', 2, 7, 1, 1, 2, 36, '0000-00-00 00:00:00', '0000-00-00 00:00:00'),
(466, 46, '0000-00-00', 2, 7, 1, 1, 2, 46, '0000-00-00 00:00:00', '0000-00-00 00:00:00'),
(467, 47, '0000-00-00', 2, 7, 1, 1, 2, 40, '0000-00-00 00:00:00', '0000-00-00 00:00:00'),
(468, 48, '0000-00-00', 2, 7, 1, 1, 2, 24, '0000-00-00 00:00:00', '0000-00-00 00:00:00'),
(469, 49, '0000-00-00', 2, 7, 1, 1, 2, 32, '0000-00-00 00:00:00', '0000-00-00 00:00:00'),
(470, 50, '0000-00-00', 2, 7, 1, 1, 2, 47, '0000-00-00 00:00:00', '0000-00-00 00:00:00'),
(472, 53, '0000-00-00', 2, 7, 1, 1, 2, 49, '0000-00-00 00:00:00', '0000-00-00 00:00:00'),
(475, 57, '0000-00-00', 2, 7, 1, 1, 2, 22, '0000-00-00 00:00:00', '0000-00-00 00:00:00'),
(476, 58, '0000-00-00', 2, 7, 1, 1, 2, 20, '0000-00-00 00:00:00', '0000-00-00 00:00:00'),
(477, 59, '0000-00-00', 2, 7, 1, 1, 2, 42, '0000-00-00 00:00:00', '0000-00-00 00:00:00'),
(478, 60, '0000-00-00', 2, 7, 1, 1, 2, 9, '0000-00-00 00:00:00', '0000-00-00 00:00:00'),
(479, 61, '0000-00-00', 2, 7, 1, 1, 2, 25, '0000-00-00 00:00:00', '0000-00-00 00:00:00'),
(480, 62, '0000-00-00', 2, 7, 1, 1, 2, 39, '0000-00-00 00:00:00', '0000-00-00 00:00:00'),
(487, 273, '0000-00-00', 2, 8, 1, 1, 0, 45, '2018-02-06 07:26:28', '0000-00-00 00:00:00'),
(493, 279, '0000-00-00', 2, 8, 1, 1, 0, 51, '2018-02-06 08:59:53', '2018-03-05 04:20:49'),
(494, 280, '0000-00-00', 2, 9, 1, 2, 4, 8, '2018-02-07 04:10:05', '2018-06-06 15:58:42'),
(495, 281, '0000-00-00', 2, 6, 1, 1, 0, 1, '2018-02-10 04:00:31', '2018-05-08 03:38:31'),
(496, 282, '0000-00-00', 2, 6, 1, 1, 0, 2, '2018-02-10 04:14:34', '2018-07-02 08:16:11'),
(497, 283, '0000-00-00', 2, 6, 1, 1, 0, 3, '2018-02-10 04:17:41', '2018-03-04 04:39:32'),
(498, 284, '0000-00-00', 2, 6, 1, 1, 0, 4, '2018-02-10 04:21:16', '2018-03-04 04:43:23'),
(499, 285, '0000-00-00', 2, 6, 1, 1, 0, 5, '2018-02-10 04:24:52', '2018-05-08 06:10:42'),
(500, 286, '0000-00-00', 2, 6, 1, 1, 0, 6, '2018-02-10 04:31:14', '2018-07-02 08:17:22'),
(501, 287, '0000-00-00', 2, 6, 1, 1, 0, 7, '2018-02-10 04:34:53', '2018-03-04 04:59:08'),
(502, 288, '0000-00-00', 2, 6, 1, 1, 0, 8, '2018-02-10 05:16:40', '2018-03-04 04:59:58'),
(503, 289, '0000-00-00', 2, 6, 1, 1, 0, 9, '2018-02-10 05:23:26', '2018-03-04 05:02:00'),
(504, 290, '0000-00-00', 2, 6, 1, 1, 0, 10, '2018-02-10 05:27:57', '2018-07-02 08:17:58'),
(505, 291, '0000-00-00', 2, 6, 1, 1, 0, 11, '2018-02-10 05:33:05', '2018-03-07 03:20:51'),
(506, 292, '0000-00-00', 2, 6, 1, 1, 0, 12, '2018-02-10 05:36:33', '2018-03-07 03:21:53'),
(507, 293, '0000-00-00', 2, 6, 1, 1, 0, 13, '2018-02-10 05:42:36', '2018-03-07 03:22:21'),
(508, 294, '0000-00-00', 2, 6, 1, 1, 0, 14, '2018-02-10 06:01:04', '2018-03-07 03:22:52'),
(509, 295, '0000-00-00', 2, 6, 1, 1, 0, 15, '2018-02-10 06:09:05', '2018-03-07 03:23:26'),
(510, 296, '0000-00-00', 2, 6, 1, 1, 0, 16, '2018-02-10 06:13:02', '2018-03-07 03:24:17'),
(511, 297, '0000-00-00', 2, 6, 1, 1, 0, 17, '2018-02-10 06:17:36', '2018-03-07 03:24:50'),
(512, 298, '0000-00-00', 2, 6, 1, 1, 0, 18, '2018-02-10 06:22:39', '2018-03-07 03:25:51'),
(513, 299, '0000-00-00', 2, 6, 1, 1, 0, 19, '2018-02-10 06:28:04', '2018-03-07 03:26:27'),
(514, 300, '0000-00-00', 2, 6, 1, 1, 0, 20, '2018-02-10 06:30:58', '2018-03-07 03:26:57'),
(515, 301, '0000-00-00', 2, 6, 1, 1, 0, 21, '2018-02-11 03:44:32', '2018-03-07 03:27:53'),
(516, 302, '0000-00-00', 2, 6, 1, 1, 0, 22, '2018-02-11 03:51:20', '2018-07-02 08:21:06'),
(517, 303, '0000-00-00', 2, 6, 1, 1, 0, 23, '2018-02-11 03:55:13', '2018-03-07 03:29:14'),
(518, 304, '0000-00-00', 2, 6, 1, 1, 0, 24, '2018-02-11 03:58:55', '2018-03-07 03:29:46'),
(519, 305, '0000-00-00', 2, 6, 1, 1, 0, 25, '2018-02-11 04:02:27', '2018-03-07 03:30:42'),
(520, 306, '0000-00-00', 2, 6, 1, 1, 0, 26, '2018-02-11 04:07:37', '2018-03-07 03:31:22'),
(521, 307, '0000-00-00', 2, 6, 1, 1, 0, 27, '2018-02-11 04:11:37', '2018-03-07 03:32:51'),
(522, 308, '0000-00-00', 2, 6, 1, 1, 0, 28, '2018-02-11 04:15:42', '2018-03-07 03:41:02'),
(523, 309, '0000-00-00', 2, 6, 1, 1, 0, 29, '2018-02-11 04:21:42', '2018-03-07 03:51:13'),
(524, 310, '0000-00-00', 2, 6, 1, 1, 0, 30, '2018-02-11 04:27:12', '2018-03-07 03:55:01'),
(525, 311, '0000-00-00', 2, 9, 1, 2, 4, 40, '2018-02-11 06:24:24', '0000-00-00 00:00:00'),
(526, 312, '0000-00-00', 2, 9, 1, 2, 4, 41, '2018-02-11 06:27:40', '0000-00-00 00:00:00'),
(527, 313, '0000-00-00', 2, 9, 1, 2, 4, 42, '2018-02-11 06:30:50', '2018-03-05 04:19:31'),
(528, 314, '0000-00-00', 2, 9, 1, 2, 4, 43, '2018-02-11 06:34:26', '2018-03-05 04:18:38'),
(529, 315, '0000-00-00', 2, 9, 1, 2, 4, 44, '2018-02-11 06:38:35', '2018-04-24 05:12:51'),
(530, 316, '0000-00-00', 2, 9, 1, 2, 4, 45, '2018-02-11 06:41:36', '2018-03-05 04:17:09'),
(531, 317, '0000-00-00', 2, 6, 1, 1, 0, 31, '2018-02-11 07:05:35', '2018-03-07 03:59:05'),
(532, 318, '0000-00-00', 2, 6, 1, 1, 0, 32, '2018-02-11 07:08:56', '2018-03-07 03:59:42'),
(533, 319, '0000-00-00', 2, 6, 1, 1, 0, 33, '2018-02-11 07:11:26', '2018-03-07 04:00:27'),
(534, 320, '0000-00-00', 2, 6, 1, 1, 0, 34, '2018-02-11 07:14:44', '2018-03-07 04:02:46'),
(535, 321, '0000-00-00', 2, 6, 1, 1, 0, 35, '2018-02-11 07:17:49', '2018-03-07 04:03:25'),
(536, 322, '0000-00-00', 2, 6, 1, 1, 0, 36, '2018-02-11 07:20:26', '2018-03-07 04:04:06'),
(537, 323, '0000-00-00', 2, 6, 1, 1, 0, 37, '2018-02-11 07:23:09', '2018-03-07 04:04:48'),
(538, 324, '0000-00-00', 2, 6, 1, 1, 0, 38, '2018-02-11 07:26:04', '2018-03-07 04:05:15'),
(539, 325, '0000-00-00', 2, 6, 1, 1, 0, 39, '2018-02-11 07:28:36', '2018-07-02 08:22:53'),
(540, 326, '0000-00-00', 2, 6, 1, 1, 0, 40, '2018-02-11 07:31:52', '2018-09-30 03:48:57'),
(541, 327, '0000-00-00', 2, 6, 1, 1, 0, 41, '2018-02-11 07:34:24', '2018-04-08 10:42:24'),
(542, 328, '0000-00-00', 2, 6, 1, 1, 0, 42, '2018-02-11 07:36:31', '2018-03-07 04:09:57'),
(543, 329, '0000-00-00', 2, 10, 1, 2, 0, 25, '2018-02-15 05:44:13', '0000-00-00 00:00:00'),
(548, 334, '0000-00-00', 2, 10, 1, 2, 0, 19, '2018-02-19 03:32:47', '0000-00-00 00:00:00'),
(552, 338, '0000-00-00', 2, 8, 1, 1, 0, 31, '2018-02-27 06:38:13', '2018-02-27 06:51:49'),
(553, 339, '0000-00-00', 2, 7, 1, 1, 0, 49, '2018-03-05 04:35:37', '0000-00-00 00:00:00'),
(554, 340, '0000-00-00', 2, 7, 1, 1, 0, 51, '2018-03-05 04:39:50', '0000-00-00 00:00:00'),
(555, 341, '0000-00-00', 2, 7, 1, 1, 0, 52, '2018-03-05 04:43:18', '2018-03-05 04:47:55'),
(556, 342, '0000-00-00', 2, 7, 1, 1, 0, 53, '2018-03-05 04:45:02', '2018-03-05 04:48:26'),
(557, 343, '0000-00-00', 2, 7, 1, 1, 0, 54, '2018-03-05 04:46:52', '2018-03-05 04:48:59'),
(558, 344, '0000-00-00', 2, 9, 1, 2, 0, 46, '2018-03-10 03:42:51', '0000-00-00 00:00:00'),
(559, 345, '0000-00-00', 2, 1, 1, 1, 0, 1, '2018-03-12 03:27:26', '2018-04-07 08:59:46'),
(560, 346, '0000-00-00', 2, 1, 1, 1, 0, 2, '2018-03-12 03:32:34', '0000-00-00 00:00:00'),
(561, 347, '0000-00-00', 2, 1, 1, 1, 0, 3, '2018-03-12 03:36:37', '0000-00-00 00:00:00'),
(562, 348, '0000-00-00', 2, 1, 1, 1, 0, 4, '2018-03-12 03:54:00', '0000-00-00 00:00:00'),
(563, 349, '0000-00-00', 2, 1, 1, 1, 0, 5, '2018-03-12 03:57:18', '0000-00-00 00:00:00'),
(564, 350, '0000-00-00', 2, 1, 1, 1, 0, 6, '2018-03-12 04:02:33', '0000-00-00 00:00:00'),
(565, 351, '0000-00-00', 2, 1, 1, 1, 0, 7, '2018-03-12 04:07:44', '0000-00-00 00:00:00'),
(566, 352, '0000-00-00', 2, 1, 1, 1, 0, 8, '2018-03-12 04:11:12', '0000-00-00 00:00:00'),
(567, 353, '0000-00-00', 2, 1, 1, 1, 0, 9, '2018-03-12 04:14:31', '0000-00-00 00:00:00'),
(568, 354, '0000-00-00', 2, 1, 1, 1, 0, 10, '2018-03-12 04:21:16', '0000-00-00 00:00:00'),
(569, 355, '0000-00-00', 2, 1, 1, 1, 0, 11, '2018-03-12 04:23:41', '0000-00-00 00:00:00'),
(570, 356, '0000-00-00', 2, 1, 1, 1, 0, 12, '2018-03-12 04:27:13', '0000-00-00 00:00:00'),
(571, 357, '0000-00-00', 2, 1, 1, 1, 0, 13, '2018-03-12 04:32:38', '0000-00-00 00:00:00'),
(572, 358, '0000-00-00', 2, 1, 1, 1, 0, 14, '2018-03-12 04:37:25', '0000-00-00 00:00:00'),
(573, 359, '0000-00-00', 2, 1, 1, 1, 0, 15, '2018-03-12 04:39:50', '2018-05-30 03:48:51'),
(574, 360, '0000-00-00', 2, 1, 1, 1, 0, 16, '2018-03-12 04:42:51', '2018-04-07 09:17:34'),
(575, 361, '0000-00-00', 2, 1, 1, 1, 0, 17, '2018-03-12 04:44:59', '0000-00-00 00:00:00'),
(576, 362, '0000-00-00', 2, 1, 1, 1, 0, 18, '2018-03-12 04:47:50', '0000-00-00 00:00:00'),
(577, 363, '0000-00-00', 2, 1, 1, 1, 0, 19, '2018-03-12 04:49:44', '2018-05-30 03:47:01'),
(578, 364, '0000-00-00', 2, 1, 1, 1, 0, 20, '2018-03-12 04:52:31', '0000-00-00 00:00:00'),
(579, 365, '0000-00-00', 2, 1, 1, 1, 0, 21, '2018-03-12 04:56:08', '0000-00-00 00:00:00'),
(580, 366, '0000-00-00', 2, 1, 1, 1, 0, 22, '2018-03-15 06:31:38', '2018-04-08 07:16:48'),
(581, 367, '0000-00-00', 2, 1, 1, 1, 0, 23, '2018-03-15 06:32:33', '2018-04-08 07:28:44'),
(582, 368, '0000-00-00', 2, 1, 1, 1, 0, 24, '2018-03-15 06:33:14', '2018-04-08 07:30:05'),
(583, 369, '0000-00-00', 2, 1, 1, 1, 0, 25, '2018-03-15 06:34:08', '2018-04-08 07:30:51'),
(584, 370, '0000-00-00', 2, 1, 1, 1, 0, 26, '2018-03-15 06:35:10', '2018-04-08 07:31:34'),
(585, 371, '0000-00-00', 2, 1, 1, 1, 0, 27, '2018-03-15 06:35:44', '2018-04-09 05:15:51'),
(586, 372, '0000-00-00', 2, 1, 1, 1, 0, 28, '2018-03-15 06:36:38', '2018-04-09 06:12:09'),
(587, 373, '0000-00-00', 2, 1, 1, 1, 0, 29, '2018-03-15 06:37:23', '2018-04-09 06:13:26'),
(588, 374, '0000-00-00', 2, 1, 1, 1, 0, 30, '2018-03-15 06:38:13', '2018-04-09 06:19:03'),
(589, 375, '0000-00-00', 2, 1, 1, 1, 0, 31, '2018-03-15 06:39:08', '2018-05-31 07:49:00'),
(590, 376, '0000-00-00', 2, 1, 1, 1, 0, 32, '2018-03-15 06:39:52', '2018-04-09 06:27:20'),
(591, 377, '0000-00-00', 2, 1, 1, 1, 0, 33, '2018-03-15 06:41:53', '2018-04-09 06:28:26'),
(592, 378, '0000-00-00', 2, 1, 1, 1, 0, 34, '2018-03-15 06:43:39', '2018-04-09 06:33:59'),
(593, 379, '0000-00-00', 2, 1, 1, 1, 0, 35, '2018-03-15 06:45:00', '2018-04-09 06:34:56'),
(594, 380, '0000-00-00', 2, 1, 1, 1, 0, 36, '2018-03-15 06:46:08', '2018-04-09 06:35:50'),
(595, 381, '0000-00-00', 2, 1, 1, 1, 0, 37, '2018-03-15 06:46:46', '2018-04-09 06:36:42'),
(596, 382, '0000-00-00', 2, 1, 1, 1, 0, 38, '2018-03-15 06:47:22', '2018-04-09 06:37:44'),
(597, 383, '0000-00-00', 2, 1, 1, 1, 0, 39, '2018-03-15 06:47:56', '2018-04-09 06:39:34'),
(598, 384, '0000-00-00', 2, 4, 1, 1, 0, 1, '2018-03-20 05:10:24', '2018-10-10 06:51:09'),
(599, 385, '0000-00-00', 2, 4, 1, 1, 0, 2, '2018-03-20 05:11:21', '2018-05-29 08:22:37'),
(600, 386, '0000-00-00', 2, 4, 1, 1, 0, 3, '2018-03-20 05:12:58', '2018-05-29 08:24:47'),
(601, 387, '0000-00-00', 2, 4, 1, 1, 0, 4, '2018-03-20 05:13:44', '2018-05-29 08:27:33'),
(602, 388, '0000-00-00', 2, 4, 1, 1, 0, 5, '2018-03-20 05:14:35', '2018-05-29 08:29:11'),
(603, 389, '0000-00-00', 2, 4, 1, 1, 0, 6, '2018-03-20 05:15:17', '2018-05-29 08:30:34'),
(604, 390, '0000-00-00', 2, 4, 1, 1, 0, 7, '2018-03-20 07:21:55', '2018-05-29 08:32:11'),
(605, 391, '0000-00-00', 2, 4, 1, 1, 0, 8, '2018-03-20 07:23:41', '2018-05-29 08:34:04'),
(606, 392, '0000-00-00', 2, 4, 1, 1, 0, 9, '2018-03-20 09:03:00', '2018-05-29 08:35:57'),
(607, 393, '0000-00-00', 2, 4, 1, 1, 0, 10, '2018-03-20 09:07:26', '2018-05-29 08:37:46'),
(608, 394, '0000-00-00', 2, 7, 1, 1, 0, 46, '2018-03-21 05:08:07', '2018-05-07 06:10:42'),
(609, 395, '0000-00-00', 2, 2, 1, 1, 0, 1, '2018-03-21 05:59:27', '2018-05-13 06:15:22'),
(610, 396, '0000-00-00', 2, 4, 1, 1, 0, 11, '2018-03-22 03:51:50', '2018-05-29 08:39:29'),
(611, 397, '0000-00-00', 2, 4, 1, 1, 0, 12, '2018-03-22 03:52:32', '2018-05-29 08:40:45'),
(612, 398, '0000-00-00', 2, 4, 1, 1, 0, 13, '2018-03-22 03:53:24', '2018-05-29 08:42:29'),
(613, 399, '0000-00-00', 2, 4, 1, 1, 0, 14, '2018-03-22 03:57:58', '2018-05-29 08:44:16'),
(614, 400, '0000-00-00', 2, 4, 1, 1, 0, 15, '2018-03-22 04:06:31', '2018-05-29 08:45:42'),
(615, 401, '0000-00-00', 2, 4, 1, 1, 0, 16, '2018-03-22 04:09:25', '2018-05-29 08:48:10'),
(616, 402, '0000-00-00', 2, 4, 1, 1, 0, 17, '2018-03-22 04:16:40', '2018-05-29 08:49:48'),
(617, 403, '0000-00-00', 2, 4, 1, 1, 0, 18, '2018-03-22 04:18:59', '2018-05-29 08:51:22'),
(618, 404, '0000-00-00', 2, 4, 1, 1, 0, 19, '2018-03-22 04:19:43', '2018-05-29 08:53:25'),
(619, 405, '0000-00-00', 2, 4, 1, 1, 0, 20, '2018-03-22 04:21:23', '2018-05-29 08:56:12'),
(620, 406, '0000-00-00', 2, 4, 1, 1, 0, 21, '2018-03-22 04:22:47', '2018-05-29 08:58:00'),
(621, 407, '0000-00-00', 2, 4, 1, 1, 0, 22, '2018-03-22 04:23:34', '2018-05-29 09:00:40'),
(622, 408, '0000-00-00', 2, 4, 1, 1, 0, 23, '2018-03-22 04:24:06', '2018-05-29 09:03:20'),
(623, 409, '0000-00-00', 2, 4, 1, 1, 0, 24, '2018-03-22 04:25:03', '2018-05-29 09:05:35'),
(624, 410, '0000-00-00', 2, 4, 1, 1, 0, 25, '2018-03-22 04:25:57', '2018-05-29 09:07:54'),
(625, 411, '0000-00-00', 2, 4, 1, 1, 0, 26, '2018-03-22 04:26:40', '2018-05-29 09:09:57'),
(626, 412, '0000-00-00', 2, 4, 1, 1, 0, 27, '2018-03-22 04:27:27', '2018-05-29 09:12:04'),
(627, 413, '0000-00-00', 2, 4, 1, 1, 0, 28, '2018-03-22 04:27:57', '2018-05-29 09:13:26'),
(628, 414, '0000-00-00', 2, 4, 1, 1, 0, 29, '2018-03-22 04:28:27', '2018-05-29 09:14:36'),
(629, 415, '0000-00-00', 2, 4, 1, 1, 0, 30, '2018-03-22 04:28:56', '2018-05-29 09:15:57'),
(630, 416, '0000-00-00', 2, 4, 1, 1, 0, 31, '2018-03-22 04:41:34', '2018-05-29 09:18:07'),
(631, 417, '0000-00-00', 2, 4, 1, 1, 0, 32, '2018-03-22 04:42:33', '2018-05-29 09:30:16'),
(632, 418, '0000-00-00', 2, 4, 1, 1, 0, 33, '2018-03-22 04:43:25', '2018-05-29 09:32:21'),
(633, 419, '0000-00-00', 2, 4, 1, 1, 0, 34, '2018-03-22 04:44:30', '2018-05-29 09:37:07'),
(634, 420, '0000-00-00', 2, 4, 1, 1, 0, 35, '2018-03-22 04:45:03', '2018-05-29 09:41:02'),
(635, 421, '0000-00-00', 2, 4, 1, 1, 0, 36, '2018-03-22 04:45:46', '2018-05-29 10:07:27'),
(636, 422, '0000-00-00', 2, 4, 1, 1, 0, 37, '2018-03-22 04:46:37', '2018-05-29 10:08:41'),
(637, 423, '0000-00-00', 2, 4, 1, 1, 0, 38, '2018-03-22 04:47:23', '2018-05-29 10:10:04'),
(638, 424, '0000-00-00', 2, 4, 1, 1, 0, 39, '2018-03-22 04:56:50', '0000-00-00 00:00:00'),
(639, 425, '0000-00-00', 2, 4, 1, 1, 0, 40, '2018-03-22 04:57:36', '2018-05-29 10:11:14'),
(640, 426, '0000-00-00', 2, 5, 1, 1, 0, 1, '2018-03-22 05:08:00', '2018-10-11 06:40:59'),
(641, 427, '0000-00-00', 2, 5, 1, 1, 0, 3, '2018-03-22 05:14:53', '2018-07-12 04:45:39'),
(642, 428, '0000-00-00', 2, 5, 1, 1, 0, 4, '2018-03-22 05:16:24', '2018-06-25 18:18:53'),
(643, 429, '0000-00-00', 2, 5, 1, 1, 0, 6, '2018-03-22 05:21:13', '2018-06-25 18:25:00'),
(644, 430, '0000-00-00', 2, 5, 1, 1, 0, 7, '2018-03-22 05:22:10', '2018-06-25 18:26:47'),
(645, 431, '0000-00-00', 2, 5, 1, 1, 0, 8, '2018-03-22 05:23:24', '2018-06-25 18:28:39'),
(646, 432, '0000-00-00', 2, 5, 1, 1, 0, 9, '2018-03-22 05:26:31', '2018-06-25 18:30:03');
INSERT INTO `bdedu_students_academic_details` (`student_academic_details_row_id`, `student_row_id`, `date_of_admission`, `academic_session`, `academic_class`, `academic_shift`, `academic_department`, `academic_section`, `academic_rollnumber`, `created_at`, `updated_at`) VALUES
(647, 433, '0000-00-00', 2, 5, 1, 1, 0, 10, '2018-03-22 05:27:39', '2018-06-25 18:32:49'),
(648, 434, '0000-00-00', 2, 5, 1, 1, 0, 11, '2018-03-22 05:28:26', '2018-07-12 04:46:46'),
(649, 435, '0000-00-00', 2, 5, 1, 1, 0, 12, '2018-03-22 05:29:58', '2018-06-25 18:37:42'),
(650, 436, '0000-00-00', 2, 5, 1, 1, 0, 13, '2018-03-22 05:31:26', '2018-06-25 18:39:44'),
(651, 437, '0000-00-00', 2, 5, 1, 1, 0, 14, '2018-03-22 05:32:36', '2018-06-25 18:41:55'),
(652, 438, '0000-00-00', 2, 5, 1, 1, 0, 15, '2018-03-22 05:33:31', '2018-05-07 06:24:43'),
(653, 439, '0000-00-00', 2, 5, 1, 1, 0, 16, '2018-03-22 05:38:22', '2018-09-19 04:20:18'),
(654, 440, '0000-00-00', 2, 5, 1, 1, 0, 17, '2018-03-22 05:40:40', '2018-09-19 04:21:35'),
(655, 441, '0000-00-00', 2, 5, 1, 1, 0, 18, '2018-03-22 05:41:56', '2018-09-19 04:23:32'),
(656, 442, '0000-00-00', 2, 5, 1, 1, 0, 19, '2018-03-22 05:43:00', '2018-09-19 04:24:17'),
(657, 443, '0000-00-00', 2, 5, 1, 1, 0, 20, '2018-03-22 05:43:49', '2018-09-19 04:24:59'),
(658, 444, '0000-00-00', 2, 13, 1, 1, 0, 1, '2018-03-22 05:45:07', '2018-05-29 08:40:20'),
(659, 445, '0000-00-00', 2, 13, 1, 1, 0, 2, '2018-03-22 05:47:56', '2018-05-29 08:42:05'),
(660, 446, '0000-00-00', 2, 13, 1, 1, 0, 3, '2018-03-22 05:48:46', '2018-05-29 08:43:05'),
(661, 447, '0000-00-00', 2, 13, 1, 1, 0, 4, '2018-03-22 05:49:21', '2018-05-29 08:44:59'),
(662, 448, '0000-00-00', 2, 13, 1, 1, 0, 5, '2018-03-22 05:49:55', '2018-05-29 08:54:09'),
(663, 449, '0000-00-00', 2, 13, 1, 1, 0, 6, '2018-03-22 05:50:53', '2018-05-29 08:55:11'),
(664, 450, '0000-00-00', 2, 13, 1, 1, 0, 7, '2018-03-22 05:51:20', '2018-05-29 08:56:19'),
(665, 451, '0000-00-00', 2, 13, 1, 1, 0, 8, '2018-03-22 05:51:49', '2018-05-29 08:57:13'),
(666, 452, '0000-00-00', 2, 13, 1, 1, 0, 9, '2018-03-22 05:52:20', '2018-05-29 08:58:06'),
(667, 453, '0000-00-00', 2, 13, 1, 1, 0, 10, '2018-03-22 05:53:02', '2018-05-29 08:59:12'),
(668, 454, '0000-00-00', 2, 13, 1, 1, 0, 11, '2018-03-22 05:53:45', '2018-05-29 09:00:45'),
(669, 455, '0000-00-00', 2, 13, 1, 1, 0, 12, '2018-03-22 05:54:14', '2018-05-29 09:08:52'),
(670, 456, '0000-00-00', 2, 13, 1, 1, 0, 13, '2018-03-22 05:54:52', '0000-00-00 00:00:00'),
(671, 457, '0000-00-00', 2, 13, 1, 1, 0, 14, '2018-03-22 05:56:24', '2018-05-29 09:20:09'),
(672, 458, '0000-00-00', 2, 13, 1, 1, 0, 15, '2018-03-22 05:58:17', '2018-05-29 09:19:20'),
(673, 459, '0000-00-00', 2, 13, 1, 1, 0, 16, '2018-03-22 06:47:35', '2018-05-29 09:24:05'),
(674, 460, '0000-00-00', 2, 13, 1, 1, 0, 17, '2018-03-22 06:48:10', '2018-05-29 09:26:01'),
(675, 461, '0000-00-00', 2, 13, 1, 1, 0, 18, '2018-03-22 06:48:41', '2018-05-29 09:27:13'),
(676, 462, '0000-00-00', 2, 13, 1, 1, 0, 19, '2018-03-22 06:49:19', '2018-06-30 08:32:53'),
(677, 463, '0000-00-00', 2, 13, 1, 1, 0, 20, '2018-03-22 06:51:28', '2018-05-29 09:29:50'),
(678, 464, '0000-00-00', 2, 13, 1, 1, 0, 21, '2018-03-22 06:53:30', '2018-05-29 09:42:34'),
(679, 465, '0000-00-00', 2, 13, 1, 1, 0, 22, '2018-03-22 06:55:15', '2018-05-29 09:45:02'),
(680, 466, '0000-00-00', 2, 13, 1, 1, 0, 23, '2018-03-22 06:56:07', '2018-05-29 09:46:02'),
(681, 467, '0000-00-00', 2, 13, 1, 1, 0, 24, '2018-03-22 06:56:48', '2018-05-29 09:47:32'),
(682, 468, '0000-00-00', 2, 13, 1, 1, 0, 25, '2018-03-22 06:57:26', '2018-05-29 09:48:31'),
(683, 469, '0000-00-00', 2, 13, 1, 1, 0, 26, '2018-03-22 06:58:09', '2018-05-29 09:49:32'),
(684, 470, '0000-00-00', 2, 13, 1, 1, 0, 27, '2018-03-22 06:58:45', '2018-05-29 09:51:50'),
(685, 471, '0000-00-00', 2, 13, 1, 1, 0, 28, '2018-03-22 06:59:14', '2018-05-29 09:52:55'),
(686, 472, '0000-00-00', 2, 13, 1, 1, 0, 29, '2018-03-22 07:00:03', '2018-05-29 09:53:50'),
(687, 473, '0000-00-00', 2, 13, 1, 1, 0, 30, '2018-03-22 07:00:58', '2018-05-29 09:54:50'),
(688, 474, '0000-00-00', 2, 13, 1, 1, 0, 31, '2018-03-22 07:01:48', '2018-05-29 09:55:57'),
(689, 475, '0000-00-00', 2, 5, 1, 1, 0, 21, '2018-03-24 04:20:31', '2018-09-19 04:25:43'),
(690, 476, '0000-00-00', 2, 5, 1, 1, 0, 22, '2018-03-24 04:21:23', '2018-09-19 04:26:18'),
(691, 477, '0000-00-00', 2, 5, 1, 1, 0, 23, '2018-03-24 04:22:11', '2018-09-19 04:26:53'),
(692, 478, '0000-00-00', 2, 5, 1, 1, 0, 24, '2018-03-24 04:22:46', '2018-09-19 04:27:30'),
(693, 479, '0000-00-00', 2, 5, 1, 1, 0, 25, '2018-03-24 04:23:54', '2018-09-19 04:28:10'),
(694, 480, '0000-00-00', 2, 5, 1, 1, 0, 26, '2018-03-24 04:24:26', '2018-09-19 04:28:53'),
(695, 481, '0000-00-00', 2, 5, 1, 1, 0, 27, '2018-03-24 04:25:20', '2018-09-19 04:29:45'),
(696, 482, '0000-00-00', 2, 5, 1, 1, 0, 28, '2018-03-24 04:26:03', '2018-09-19 04:30:33'),
(697, 483, '0000-00-00', 2, 5, 1, 1, 0, 29, '2018-03-24 04:26:55', '2018-09-19 04:31:14'),
(698, 484, '0000-00-00', 2, 5, 1, 1, 0, 30, '2018-03-24 04:27:43', '2018-09-19 04:31:55'),
(699, 485, '0000-00-00', 2, 5, 1, 1, 0, 31, '2018-03-24 04:28:44', '2018-09-19 04:32:50'),
(700, 486, '0000-00-00', 2, 5, 1, 1, 0, 32, '2018-03-24 04:29:33', '2018-09-19 04:33:37'),
(701, 487, '0000-00-00', 2, 5, 1, 1, 0, 33, '2018-03-24 04:30:21', '2018-09-19 04:34:11'),
(702, 488, '0000-00-00', 2, 5, 1, 1, 0, 34, '2018-03-24 04:31:02', '2018-09-19 04:34:52'),
(703, 489, '0000-00-00', 2, 5, 1, 1, 0, 2, '2018-03-24 04:31:51', '2018-06-25 17:53:56'),
(704, 490, '0000-00-00', 2, 5, 1, 1, 0, 5, '2018-03-24 04:32:36', '2018-06-25 18:22:31'),
(705, 491, '0000-00-00', 2, 2, 1, 1, 0, 2, '2018-03-24 04:40:27', '2018-05-13 06:16:58'),
(708, 494, '0000-00-00', 2, 2, 1, 1, 0, 5, '2018-03-24 04:46:01', '2018-05-13 06:22:22'),
(709, 495, '0000-00-00', 2, 2, 1, 1, 0, 4, '2018-03-24 04:47:36', '2018-05-13 06:20:38'),
(710, 496, '0000-00-00', 2, 2, 1, 1, 0, 6, '2018-03-24 04:48:24', '2018-05-13 06:23:52'),
(711, 497, '0000-00-00', 2, 2, 1, 1, 0, 7, '2018-03-24 04:49:26', '2018-05-13 06:33:34'),
(712, 498, '0000-00-00', 2, 2, 1, 1, 0, 8, '2018-03-24 05:10:56', '2018-05-13 06:37:20'),
(713, 499, '0000-00-00', 2, 2, 1, 1, 0, 9, '2018-03-24 05:11:41', '2018-05-29 07:37:51'),
(714, 500, '0000-00-00', 2, 2, 1, 1, 0, 10, '2018-03-24 05:12:34', '2018-07-12 04:41:51'),
(715, 501, '0000-00-00', 2, 2, 1, 1, 0, 11, '2018-03-24 05:12:59', '2018-05-29 07:41:44'),
(716, 502, '0000-00-00', 2, 2, 1, 1, 0, 12, '2018-03-24 05:13:41', '2018-05-29 07:44:02'),
(717, 503, '0000-00-00', 2, 2, 1, 1, 0, 13, '2018-03-24 05:14:10', '2018-05-29 07:50:17'),
(718, 504, '0000-00-00', 2, 2, 1, 1, 0, 14, '2018-03-24 05:15:03', '2018-05-29 07:52:45'),
(719, 505, '0000-00-00', 2, 2, 1, 1, 0, 15, '2018-03-24 05:16:09', '2018-05-29 07:54:05'),
(720, 506, '0000-00-00', 2, 2, 1, 1, 0, 16, '2018-03-24 05:16:41', '2018-05-29 07:56:58'),
(721, 507, '0000-00-00', 2, 2, 1, 1, 0, 17, '2018-03-24 05:17:34', '2018-07-12 04:42:27'),
(722, 508, '0000-00-00', 2, 2, 1, 1, 0, 18, '2018-03-24 05:18:18', '2018-05-29 08:02:31'),
(723, 509, '0000-00-00', 2, 2, 1, 1, 0, 19, '2018-03-24 05:19:14', '2018-05-29 08:04:02'),
(724, 510, '0000-00-00', 2, 2, 1, 1, 0, 20, '2018-03-24 05:19:55', '2018-05-29 08:05:14'),
(725, 511, '0000-00-00', 2, 3, 1, 1, 0, 1, '2018-03-25 03:26:10', '2018-10-09 07:22:45'),
(726, 512, '0000-00-00', 2, 2, 1, 1, 0, 21, '2018-03-25 03:35:45', '2018-05-29 08:06:42'),
(727, 513, '0000-00-00', 2, 2, 1, 1, 0, 22, '2018-03-25 03:36:19', '2018-05-29 08:07:54'),
(728, 514, '0000-00-00', 2, 2, 1, 1, 0, 23, '2018-03-25 03:37:31', '2018-05-29 08:09:00'),
(729, 515, '0000-00-00', 2, 2, 1, 1, 0, 24, '2018-03-25 03:38:23', '2018-05-29 08:10:19'),
(730, 516, '0000-00-00', 2, 2, 1, 1, 0, 25, '2018-03-25 03:39:44', '2018-07-12 04:42:56'),
(731, 517, '0000-00-00', 2, 2, 1, 1, 0, 26, '2018-03-25 03:42:11', '2018-05-29 08:12:47'),
(732, 518, '0000-00-00', 2, 2, 1, 1, 0, 27, '2018-03-25 03:42:53', '2018-05-29 08:14:35'),
(733, 519, '0000-00-00', 2, 2, 1, 1, 0, 28, '2018-03-25 03:43:44', '2018-05-29 08:17:11'),
(734, 520, '0000-00-00', 2, 2, 1, 1, 0, 29, '2018-03-25 03:44:54', '2018-05-29 08:24:16'),
(735, 521, '0000-00-00', 2, 2, 1, 1, 0, 30, '2018-03-25 03:45:50', '2018-05-29 08:25:50'),
(736, 522, '0000-00-00', 2, 2, 1, 1, 0, 31, '2018-03-25 03:46:48', '2018-05-29 08:28:34'),
(737, 523, '0000-00-00', 2, 3, 1, 1, 0, 2, '2018-03-25 03:47:02', '2018-05-29 10:29:48'),
(738, 524, '0000-00-00', 2, 2, 1, 1, 0, 32, '2018-03-25 03:47:49', '2018-05-29 08:29:56'),
(739, 525, '0000-00-00', 2, 2, 1, 1, 0, 33, '2018-03-25 03:48:27', '2018-05-29 08:30:59'),
(740, 526, '0000-00-00', 2, 2, 1, 1, 0, 34, '2018-03-25 03:49:16', '2018-05-29 08:32:05'),
(741, 527, '0000-00-00', 2, 2, 1, 1, 0, 35, '2018-03-25 03:49:52', '2018-07-12 04:43:31'),
(742, 528, '0000-00-00', 2, 2, 1, 1, 0, 37, '2018-03-25 03:50:51', '2018-06-25 10:22:28'),
(743, 529, '0000-00-00', 2, 2, 1, 1, 0, 3, '2018-03-25 04:21:21', '2018-05-13 06:18:38'),
(744, 530, '0000-00-00', 2, 2, 1, 1, 0, 36, '2018-03-25 04:23:30', '2018-05-29 08:34:11'),
(745, 531, '0000-00-00', 2, 3, 1, 1, 0, 3, '2018-03-25 06:50:00', '2018-05-29 10:33:19'),
(746, 532, '0000-00-00', 2, 3, 1, 1, 0, 4, '2018-03-25 06:51:12', '2018-05-29 10:35:57'),
(747, 533, '0000-00-00', 2, 3, 1, 1, 0, 5, '2018-03-25 06:52:35', '2018-05-29 10:37:23'),
(748, 534, '0000-00-00', 2, 3, 1, 1, 0, 6, '2018-03-25 07:00:25', '2018-05-29 10:39:03'),
(749, 535, '0000-00-00', 2, 3, 1, 1, 0, 7, '2018-03-27 05:59:33', '2018-05-29 10:40:23'),
(750, 536, '0000-00-00', 2, 3, 1, 1, 0, 8, '2018-03-27 08:29:40', '2018-05-29 10:41:48'),
(751, 537, '0000-00-00', 2, 3, 1, 1, 0, 9, '2018-03-27 08:45:14', '2018-05-29 10:43:27'),
(752, 538, '0000-00-00', 2, 3, 1, 1, 0, 10, '2018-03-27 08:46:29', '2018-05-31 06:21:30'),
(753, 539, '0000-00-00', 2, 3, 1, 1, 0, 11, '2018-03-27 08:49:25', '2018-05-29 10:46:11'),
(754, 540, '0000-00-00', 2, 3, 1, 1, 0, 12, '2018-03-27 08:50:27', '2018-05-31 06:29:17'),
(755, 541, '0000-00-00', 2, 3, 1, 1, 0, 13, '2018-03-27 08:51:31', '2018-05-31 07:16:30'),
(756, 542, '0000-00-00', 2, 3, 1, 1, 0, 14, '2018-03-27 08:53:18', '2018-05-29 10:49:00'),
(757, 543, '0000-00-00', 2, 3, 1, 1, 0, 15, '2018-03-27 09:07:00', '2018-05-31 06:37:29'),
(758, 544, '0000-00-00', 2, 3, 1, 1, 0, 16, '2018-03-27 09:07:37', '2018-05-29 10:51:12'),
(759, 545, '0000-00-00', 2, 3, 1, 1, 0, 17, '2018-03-27 09:08:28', '2018-05-29 10:52:26'),
(760, 546, '0000-00-00', 2, 3, 1, 1, 0, 18, '2018-03-27 09:09:11', '2018-05-29 10:54:07'),
(761, 547, '0000-00-00', 2, 3, 1, 1, 0, 19, '2018-03-27 09:10:15', '2018-05-29 10:55:52'),
(762, 548, '0000-00-00', 2, 3, 1, 1, 0, 20, '2018-03-27 09:13:19', '2018-07-12 04:44:41'),
(763, 549, '0000-00-00', 2, 3, 1, 1, 0, 21, '2018-03-27 09:15:21', '2018-05-29 10:58:18'),
(764, 550, '0000-00-00', 2, 3, 1, 1, 0, 22, '2018-03-27 09:15:48', '2018-05-31 07:18:30'),
(765, 551, '0000-00-00', 2, 3, 1, 1, 0, 23, '2018-03-27 09:16:15', '2018-05-29 10:59:32'),
(766, 552, '0000-00-00', 2, 3, 1, 1, 0, 24, '2018-03-27 09:16:52', '2018-05-29 11:01:17'),
(767, 553, '0000-00-00', 2, 3, 1, 1, 0, 26, '2018-03-27 09:17:31', '2018-05-29 11:03:22'),
(768, 554, '0000-00-00', 2, 3, 1, 1, 0, 27, '2018-03-27 09:18:18', '2018-05-29 11:04:55'),
(769, 555, '0000-00-00', 2, 3, 1, 1, 0, 28, '2018-03-27 09:18:44', '2018-05-29 11:06:43'),
(770, 556, '0000-00-00', 2, 3, 1, 1, 0, 29, '2018-03-27 09:19:42', '2018-05-29 11:08:13'),
(771, 557, '0000-00-00', 2, 3, 1, 1, 0, 30, '2018-03-27 09:21:05', '2018-05-29 11:09:34'),
(772, 558, '0000-00-00', 2, 3, 1, 1, 0, 31, '2018-03-27 09:22:08', '2018-05-29 11:11:01'),
(773, 559, '0000-00-00', 2, 3, 1, 1, 0, 32, '2018-03-27 09:22:44', '2018-05-29 11:12:26'),
(774, 560, '0000-00-00', 2, 3, 1, 1, 0, 33, '2018-03-27 09:23:10', '2018-07-12 04:44:16'),
(775, 561, '0000-00-00', 2, 3, 1, 1, 0, 34, '2018-03-27 09:23:45', '2018-05-29 11:16:18'),
(776, 562, '0000-00-00', 2, 3, 1, 1, 0, 35, '2018-03-27 09:24:44', '2018-05-29 11:17:42'),
(777, 563, '0000-00-00', 2, 3, 1, 1, 0, 36, '2018-03-27 09:25:19', '2018-05-29 11:19:35'),
(778, 564, '0000-00-00', 2, 3, 1, 1, 0, 37, '2018-03-27 09:26:02', '2018-05-29 11:21:15'),
(779, 565, '0000-00-00', 2, 3, 1, 1, 0, 38, '2018-03-27 09:26:42', '2018-05-29 11:23:14'),
(780, 566, '0000-00-00', 2, 3, 1, 1, 0, 39, '2018-03-27 09:27:18', '2018-05-29 11:24:34'),
(781, 567, '0000-00-00', 2, 3, 1, 1, 0, 40, '2018-03-27 09:27:56', '2018-05-31 07:20:58'),
(782, 568, '0000-00-00', 2, 3, 1, 1, 0, 41, '2018-03-27 09:28:25', '2018-05-29 11:27:07'),
(783, 569, '0000-00-00', 2, 3, 1, 1, 0, 42, '2018-03-27 09:28:50', '2018-05-29 11:28:25'),
(784, 570, '0000-00-00', 2, 3, 1, 1, 0, 43, '2018-03-27 09:29:18', '2018-05-29 11:29:56'),
(785, 571, '0000-00-00', 2, 3, 1, 1, 0, 44, '2018-03-27 09:30:02', '2018-05-29 11:31:22'),
(786, 572, '0000-00-00', 2, 3, 1, 1, 0, 45, '2018-03-27 09:32:53', '2018-05-29 11:32:45'),
(787, 573, '0000-00-00', 2, 3, 1, 1, 0, 46, '2018-03-27 09:33:29', '2018-05-29 11:33:58');

-- --------------------------------------------------------

--
